{"id":210450,"date":"2024-05-29T15:29:26","date_gmt":"2024-05-29T13:29:26","guid":{"rendered":"https:\/\/marktxxl.de\/markt\/produkt\/auoplus-solar-lichterkette-aussen-mit-typ-c-ladeanschluss30m-300-led-kupferdraht-solarlichterkette-fuer-aussen-mit-13-modifernbedienungtimerip65-wasserdicht-solar-lichterkette-aussen\/"},"modified":"2024-05-29T15:29:26","modified_gmt":"2024-05-29T13:29:26","slug":"auoplus-solar-lichterkette-aussen-mit-typ-c-ladeanschluss30m-300-led-kupferdraht-solarlichterkette-fuer-aussen-mit-13-modifernbedienungtimerip65-wasserdicht-solar-lichterkette-aussen","status":"publish","type":"product","link":"https:\/\/marktxxl.de\/markt\/produkt\/auoplus-solar-lichterkette-aussen-mit-typ-c-ladeanschluss30m-300-led-kupferdraht-solarlichterkette-fuer-aussen-mit-13-modifernbedienungtimerip65-wasserdicht-solar-lichterkette-aussen\/","title":{"rendered":"AUOPLUS Solar Lichterkette Aussen mit Typ-C-Ladeanschluss,30M 300 LED Kupferdraht Solarlichterkette f\u00fcr Au\u00dfen mit 13 Modi,Fernbedienung&amp;Timer,IP65 Wasserdicht Solar Lichterkette Au\u00dfen"},"content":{"rendered":"<p>\ud83d\udca1[Hochwertige solar weihnachtsbeleuchtung au\u00dfen] Solarlichterkette au\u00dfen wetterfest besteht aus 30 Metern biegbarem Kupferdraht und 300 leuchtenden Mini-LEDs. Der Kupferdraht ist super d\u00fcnn und flexibel, sie diese au\u00dfenlichterkette solar beliebig biegen und verdrehen und in die gew\u00fcnschte Form bringen. Einsetzbar als: solar lichterkette aussen, solarlichterkette f\u00fcr au\u00dfen, led lichterkette au\u00dfen, outdoor lichterkette, solar lichterkette au\u00dfen, led lichterkette innen.<br \/>\n\ud83d\udca1[Verbessertes Solarpanel] Das AUOPLUS-Team hat das Solarpanel um einen Typ-C-Ladeanschluss erweitert, der zwei Arten der Stromspeicherung erm\u00f6glicht (Solarstromspeicherung und USB-Laden). Wenn es schneit, regnet oder bew\u00f6lkt ist, kann das Solarpanel abgenommen und \u00fcber den USB-Anschluss aufgeladen werden. Das hocheffiziente Solarmodul wandelt Sonnenlicht in Strom um, mit einer vollen Ladung von 6-8 Stunden und einer Betriebszeit von ca. 10-12 Stunden.<br \/>\n\ud83d\udca1[Fernbedienung und Timer] LED lichterkette au\u00dfen k\u00f6nnen nicht nur \u00fcber das Solarpanel, sondern auch \u00fcber die Fernbedienung gesteuert werden. Sie k\u00f6nnen den Schalter, 13 Lichtmodi, 4 einstellbare Helligkeitsstufen und das Timer-Modus per Fernbedienung steuern, sehr bequem zu bedienen. Die lichterkette solar bietet au\u00dferdem 4 Timer-Einstellungen (3H\/5H\/8H\/Stunden und kein Timer). Hinweis: Die Reichweite der Fernbedienung betr\u00e4gt ca. 8 Meter (ohne Hindernisse).<br \/>\n\ud83d\udca1[13 Beleuchtungsmodi] AUOPLUS lichterkette au\u00dfen solar mit 13 beleuchtungsmodi. Wundersch\u00f6ne Beleuchtungsmodi, einschlie\u00dflich Kombination, Gl\u00fchw\u00fcrmchenblitzen, Wellen, sequentiellem, Slo-Glo, Blitz, langsamem Fade, Funkeln und konstantem Gl\u00fchen. LED lichterkette au\u00dfen die verschiedene Atmosph\u00e4ren f\u00fcr Ihr Leben schaffen k\u00f6nnen.<br \/>\n\ud83d\udca1[IP65 Wasserdichte Ausf\u00fchrung] Sowoh die solar outdoor lichterkette als auch das solarpanel sind IP65 wasserdicht, perfekt f\u00fcr den Innen- und Au\u00dfenbereich eignet, ohne sich um Feuchtigkeit oder schlechtes Wetter zu sorgen. Und \u00fcberhitzen die weihnachtsbeleuchtung au\u00dfen solar nicht, nachdem sie viele Stunden lang verwendet wurden, weil es mit Low-Temperatur LED-Lampen und keine Sorge \u00fcber elektrische Leckagen, da dieser mit einem Isolierlack bedeckt ist.<br \/>\n\ud83d\udca1[Mehrfachanwendungsszenarien] Diese solar lichterkette aussen sind ein gro\u00dfartiges dekoratives Accessoire zur Beleuchtung von Innen-und Au\u00dfenbereichen. Ideal f\u00fcr die Dekoration Ihrer Garten, Balkon, Terrasse, Tor, Fenster, Weihnachtsb\u00e4umen, Hof, Hochzeit, Party, Weihnachten, Halloween und Hausdekoration. Dank des Betrachtungswinkels von 360 Grad leuchten sie in jede Richtung, was jede Nacht zu einer sternenklaren Nacht macht!<br \/>\n<div class=\"main-cross-sell\" data-asin=\"B0D1YDRV1V\">\n\n\t<div class=\"WooZone-cross-sell-loader\">\n\t\t<div>\n\t\t\t<div id=\"floatingBarsG\">\n\t\t\t\t<div class=\"blockG\" id=\"rotateG_01\"><\/div>\n\t\t\t\t<div class=\"blockG\" id=\"rotateG_02\"><\/div>\n\t\t\t\t<div class=\"blockG\" id=\"rotateG_03\"><\/div>\n\t\t\t\t<div class=\"blockG\" id=\"rotateG_04\"><\/div>\n\t\t\t\t<div class=\"blockG\" id=\"rotateG_05\"><\/div>\n\t\t\t\t<div class=\"blockG\" id=\"rotateG_06\"><\/div>\n\t\t\t\t<div class=\"blockG\" id=\"rotateG_07\"><\/div>\n\t\t\t\t<div class=\"blockG\" id=\"rotateG_08\"><\/div>\n\t\t\t<\/div>\n\t\t\t<div class=\"WooZone-cross-sell-loader-text\"><\/div>\n\t\t<\/div>\n\t<\/div>\n\n\t\t\n<\/div>\n<div style=\"clear:both;\"><\/div><\/p>\n","protected":false},"excerpt":{"rendered":"<p>\ud83d\udca1[Hochwertige solar weihnachtsbeleuchtung au\u00dfen] Solarlichterkette au\u00dfen wetterfest besteht aus 30 Metern biegbarem Kupferdraht und 300 leuchtenden Mini-LEDs. Der Kupferdraht ist super d\u00fcnn und flexibel, sie diese au\u00dfenlichterkette solar beliebig biegen und verdrehen und in die gew\u00fcnschte Form bringen. Einsetzbar als: solar lichterkette aussen, solarlichterkette f\u00fcr au\u00dfen, led lichterkette au\u00dfen, outdoor lichterkette, solar lichterkette au\u00dfen, led lichterkette innen.<br \/>\n\ud83d\udca1[Verbessertes Solarpanel] Das AUOPLUS-Team hat das Solarpanel um einen Typ-C-Ladeanschluss erweitert, der zwei Arten der Stromspeicherung erm\u00f6glicht (Solarstromspeicherung und USB-Laden). Wenn es schneit, regnet oder bew\u00f6lkt ist, kann das Solarpanel abgenommen und \u00fcber den USB-Anschluss aufgeladen werden. Das hocheffiziente Solarmodul wandelt Sonnenlicht in Strom um, mit einer vollen Ladung von 6-8 Stunden und einer Betriebszeit von ca. 10-12 Stunden.<br \/>\n\ud83d\udca1[Fernbedienung und Timer] LED lichterkette au\u00dfen k\u00f6nnen nicht nur \u00fcber das Solarpanel, sondern auch \u00fcber die Fernbedienung gesteuert werden. Sie k\u00f6nnen den Schalter, 13 Lichtmodi, 4 einstellbare Helligkeitsstufen und das Timer-Modus per Fernbedienung steuern, sehr bequem zu bedienen. Die lichterkette solar bietet au\u00dferdem 4 Timer-Einstellungen (3H\/5H\/8H\/Stunden und kein Timer). Hinweis: Die Reichweite der Fernbedienung betr\u00e4gt ca. 8 Meter (ohne Hindernisse).<\/p>\n","protected":false},"featured_media":210451,"comment_status":"open","ping_status":"closed","template":"","meta":[],"product_brand":[],"product_cat":[2108,15624],"product_tag":[],"class_list":{"0":"post-210450","1":"product","2":"type-product","3":"status-publish","4":"has-post-thumbnail","6":"product_cat-beleuchtung","7":"product_cat-weihnachtsbeleuchtung","8":"pa_brand-auoplus","9":"pa_manufacturer-auoplus","10":"pa_model-25199","11":"pa_model-23us-solar","12":"pa_size-1-stueck","14":"first","15":"instock","16":"shipping-taxable","17":"product-type-simple","18":"customify-col","19":"product-has-gallery"},"yoast_head":"<!-- This site is optimized with the Yoast SEO plugin v27.3 - https:\/\/yoast.com\/product\/yoast-seo-wordpress\/ -->\n<title>AUOPLUS Solar Lichterkette Aussen mit Typ-C-Ladeanschluss,30M 300 LED Kupferdraht Solarlichterkette f\u00fcr Au\u00dfen mit 13 Modi,Fernbedienung&amp;Timer,IP65 Wasserdicht Solar Lichterkette Au\u00dfen - Markt-XXL<\/title>\n<meta name=\"description\" content=\"Markt-XXL AUOPLUS Solar Lichterkette Aussen mit Typ-C-Ladeanschluss,30M 300 LED Kupferdraht Solarlichterkette f\u00fcr Au\u00dfen mit 13 Modi,Fernbedienung&amp;Timer,IP65 Wasserdicht Solar Lichterkette Au\u00dfen\" \/>\n<meta name=\"robots\" content=\"index, follow, max-snippet:-1, max-image-preview:large, max-video-preview:-1\" \/>\n<link rel=\"canonical\" href=\"https:\/\/marktxxl.de\/markt\/produkt\/auoplus-solar-lichterkette-aussen-mit-typ-c-ladeanschluss30m-300-led-kupferdraht-solarlichterkette-fuer-aussen-mit-13-modifernbedienungtimerip65-wasserdicht-solar-lichterkette-aussen\/\" \/>\n<meta property=\"og:locale\" content=\"de_DE\" \/>\n<meta property=\"og:type\" content=\"article\" \/>\n<meta property=\"og:title\" content=\"AUOPLUS Solar Lichterkette Aussen mit Typ-C-Ladeanschluss,30M 300 LED Kupferdraht Solarlichterkette f\u00fcr Au\u00dfen mit 13 Modi,Fernbedienung&amp;Timer,IP65 Wasserdicht Solar Lichterkette Au\u00dfen - Markt-XXL\" \/>\n<meta property=\"og:description\" content=\"Markt-XXL AUOPLUS Solar Lichterkette Aussen mit Typ-C-Ladeanschluss,30M 300 LED Kupferdraht Solarlichterkette f\u00fcr Au\u00dfen mit 13 Modi,Fernbedienung&amp;Timer,IP65 Wasserdicht Solar Lichterkette Au\u00dfen\" \/>\n<meta property=\"og:url\" content=\"https:\/\/marktxxl.de\/markt\/produkt\/auoplus-solar-lichterkette-aussen-mit-typ-c-ladeanschluss30m-300-led-kupferdraht-solarlichterkette-fuer-aussen-mit-13-modifernbedienungtimerip65-wasserdicht-solar-lichterkette-aussen\/\" \/>\n<meta property=\"og:site_name\" content=\"Markt-XXL\" \/>\n<meta name=\"twitter:card\" content=\"summary_large_image\" \/>\n<meta name=\"twitter:label1\" content=\"Gesch\u00e4tzte Lesezeit\" \/>\n\t<meta name=\"twitter:data1\" content=\"2\u00a0Minuten\" \/>\n<script type=\"application\/ld+json\" class=\"yoast-schema-graph\">{\"@context\":\"https:\\\/\\\/schema.org\",\"@graph\":[{\"@type\":\"WebPage\",\"@id\":\"https:\\\/\\\/marktxxl.de\\\/markt\\\/produkt\\\/auoplus-solar-lichterkette-aussen-mit-typ-c-ladeanschluss30m-300-led-kupferdraht-solarlichterkette-fuer-aussen-mit-13-modifernbedienungtimerip65-wasserdicht-solar-lichterkette-aussen\\\/\",\"url\":\"https:\\\/\\\/marktxxl.de\\\/markt\\\/produkt\\\/auoplus-solar-lichterkette-aussen-mit-typ-c-ladeanschluss30m-300-led-kupferdraht-solarlichterkette-fuer-aussen-mit-13-modifernbedienungtimerip65-wasserdicht-solar-lichterkette-aussen\\\/\",\"name\":\"AUOPLUS Solar Lichterkette Aussen mit Typ-C-Ladeanschluss,30M 300 LED Kupferdraht Solarlichterkette f\u00fcr Au\u00dfen mit 13 Modi,Fernbedienung&amp;Timer,IP65 Wasserdicht Solar Lichterkette Au\u00dfen - Markt-XXL\",\"isPartOf\":{\"@id\":\"https:\\\/\\\/marktxxl.de\\\/markt\\\/#website\"},\"primaryImageOfPage\":{\"@id\":\"https:\\\/\\\/marktxxl.de\\\/markt\\\/produkt\\\/auoplus-solar-lichterkette-aussen-mit-typ-c-ladeanschluss30m-300-led-kupferdraht-solarlichterkette-fuer-aussen-mit-13-modifernbedienungtimerip65-wasserdicht-solar-lichterkette-aussen\\\/#primaryimage\"},\"image\":{\"@id\":\"https:\\\/\\\/marktxxl.de\\\/markt\\\/produkt\\\/auoplus-solar-lichterkette-aussen-mit-typ-c-ladeanschluss30m-300-led-kupferdraht-solarlichterkette-fuer-aussen-mit-13-modifernbedienungtimerip65-wasserdicht-solar-lichterkette-aussen\\\/#primaryimage\"},\"thumbnailUrl\":\"https:\\\/\\\/m.media-amazon.com\\\/images\\\/I\\\/51ZWHY4OYVL._SL500_.jpg\",\"datePublished\":\"2024-05-29T13:29:26+00:00\",\"description\":\"Markt-XXL AUOPLUS Solar Lichterkette Aussen mit Typ-C-Ladeanschluss,30M 300 LED Kupferdraht Solarlichterkette f\u00fcr Au\u00dfen mit 13 Modi,Fernbedienung&amp;Timer,IP65 Wasserdicht Solar Lichterkette Au\u00dfen\",\"breadcrumb\":{\"@id\":\"https:\\\/\\\/marktxxl.de\\\/markt\\\/produkt\\\/auoplus-solar-lichterkette-aussen-mit-typ-c-ladeanschluss30m-300-led-kupferdraht-solarlichterkette-fuer-aussen-mit-13-modifernbedienungtimerip65-wasserdicht-solar-lichterkette-aussen\\\/#breadcrumb\"},\"inLanguage\":\"de\",\"potentialAction\":[{\"@type\":\"ReadAction\",\"target\":[\"https:\\\/\\\/marktxxl.de\\\/markt\\\/produkt\\\/auoplus-solar-lichterkette-aussen-mit-typ-c-ladeanschluss30m-300-led-kupferdraht-solarlichterkette-fuer-aussen-mit-13-modifernbedienungtimerip65-wasserdicht-solar-lichterkette-aussen\\\/\"]}]},{\"@type\":\"ImageObject\",\"inLanguage\":\"de\",\"@id\":\"https:\\\/\\\/marktxxl.de\\\/markt\\\/produkt\\\/auoplus-solar-lichterkette-aussen-mit-typ-c-ladeanschluss30m-300-led-kupferdraht-solarlichterkette-fuer-aussen-mit-13-modifernbedienungtimerip65-wasserdicht-solar-lichterkette-aussen\\\/#primaryimage\",\"url\":\"https:\\\/\\\/m.media-amazon.com\\\/images\\\/I\\\/51ZWHY4OYVL._SL500_.jpg\",\"contentUrl\":\"https:\\\/\\\/m.media-amazon.com\\\/images\\\/I\\\/51ZWHY4OYVL._SL500_.jpg\",\"width\":500,\"height\":500},{\"@type\":\"BreadcrumbList\",\"@id\":\"https:\\\/\\\/marktxxl.de\\\/markt\\\/produkt\\\/auoplus-solar-lichterkette-aussen-mit-typ-c-ladeanschluss30m-300-led-kupferdraht-solarlichterkette-fuer-aussen-mit-13-modifernbedienungtimerip65-wasserdicht-solar-lichterkette-aussen\\\/#breadcrumb\",\"itemListElement\":[{\"@type\":\"ListItem\",\"position\":1,\"name\":\"Startseite\",\"item\":\"https:\\\/\\\/marktxxl.de\\\/markt\\\/\"},{\"@type\":\"ListItem\",\"position\":2,\"name\":\"Markt\",\"item\":\"https:\\\/\\\/marktxxl.de\\\/markt\\\/\"},{\"@type\":\"ListItem\",\"position\":3,\"name\":\"AUOPLUS Solar Lichterkette Aussen mit Typ-C-Ladeanschluss,30M 300 LED Kupferdraht Solarlichterkette f\u00fcr Au\u00dfen mit 13 Modi,Fernbedienung&amp;Timer,IP65 Wasserdicht Solar Lichterkette Au\u00dfen\"}]},{\"@type\":\"WebSite\",\"@id\":\"https:\\\/\\\/marktxxl.de\\\/markt\\\/#website\",\"url\":\"https:\\\/\\\/marktxxl.de\\\/markt\\\/\",\"name\":\"Markt-XXL\",\"description\":\"Ihr Markt Online\",\"publisher\":{\"@id\":\"https:\\\/\\\/marktxxl.de\\\/markt\\\/#organization\"},\"potentialAction\":[{\"@type\":\"SearchAction\",\"target\":{\"@type\":\"EntryPoint\",\"urlTemplate\":\"https:\\\/\\\/marktxxl.de\\\/markt\\\/?s={search_term_string}\"},\"query-input\":{\"@type\":\"PropertyValueSpecification\",\"valueRequired\":true,\"valueName\":\"search_term_string\"}}],\"inLanguage\":\"de\"},{\"@type\":\"Organization\",\"@id\":\"https:\\\/\\\/marktxxl.de\\\/markt\\\/#organization\",\"name\":\"Markt-XXL\",\"url\":\"https:\\\/\\\/marktxxl.de\\\/markt\\\/\",\"logo\":{\"@type\":\"ImageObject\",\"inLanguage\":\"de\",\"@id\":\"https:\\\/\\\/marktxxl.de\\\/markt\\\/#\\\/schema\\\/logo\\\/image\\\/\",\"url\":\"https:\\\/\\\/marktxxl.de\\\/markt\\\/wp-content\\\/uploads\\\/sites\\\/3\\\/2020\\\/12\\\/logo.png\",\"contentUrl\":\"https:\\\/\\\/marktxxl.de\\\/markt\\\/wp-content\\\/uploads\\\/sites\\\/3\\\/2020\\\/12\\\/logo.png\",\"width\":200,\"height\":70,\"caption\":\"Markt-XXL\"},\"image\":{\"@id\":\"https:\\\/\\\/marktxxl.de\\\/markt\\\/#\\\/schema\\\/logo\\\/image\\\/\"}}]}<\/script>\n<!-- \/ Yoast SEO plugin. -->","yoast_head_json":{"title":"AUOPLUS Solar Lichterkette Aussen mit Typ-C-Ladeanschluss,30M 300 LED Kupferdraht Solarlichterkette f\u00fcr Au\u00dfen mit 13 Modi,Fernbedienung&amp;Timer,IP65 Wasserdicht Solar Lichterkette Au\u00dfen - Markt-XXL","description":"Markt-XXL AUOPLUS Solar Lichterkette Aussen mit Typ-C-Ladeanschluss,30M 300 LED Kupferdraht Solarlichterkette f\u00fcr Au\u00dfen mit 13 Modi,Fernbedienung&amp;Timer,IP65 Wasserdicht Solar Lichterkette Au\u00dfen","robots":{"index":"index","follow":"follow","max-snippet":"max-snippet:-1","max-image-preview":"max-image-preview:large","max-video-preview":"max-video-preview:-1"},"canonical":"https:\/\/marktxxl.de\/markt\/produkt\/auoplus-solar-lichterkette-aussen-mit-typ-c-ladeanschluss30m-300-led-kupferdraht-solarlichterkette-fuer-aussen-mit-13-modifernbedienungtimerip65-wasserdicht-solar-lichterkette-aussen\/","og_locale":"de_DE","og_type":"article","og_title":"AUOPLUS Solar Lichterkette Aussen mit Typ-C-Ladeanschluss,30M 300 LED Kupferdraht Solarlichterkette f\u00fcr Au\u00dfen mit 13 Modi,Fernbedienung&amp;Timer,IP65 Wasserdicht Solar Lichterkette Au\u00dfen - Markt-XXL","og_description":"Markt-XXL AUOPLUS Solar Lichterkette Aussen mit Typ-C-Ladeanschluss,30M 300 LED Kupferdraht Solarlichterkette f\u00fcr Au\u00dfen mit 13 Modi,Fernbedienung&amp;Timer,IP65 Wasserdicht Solar Lichterkette Au\u00dfen","og_url":"https:\/\/marktxxl.de\/markt\/produkt\/auoplus-solar-lichterkette-aussen-mit-typ-c-ladeanschluss30m-300-led-kupferdraht-solarlichterkette-fuer-aussen-mit-13-modifernbedienungtimerip65-wasserdicht-solar-lichterkette-aussen\/","og_site_name":"Markt-XXL","twitter_card":"summary_large_image","twitter_misc":{"Gesch\u00e4tzte Lesezeit":"2\u00a0Minuten"},"schema":{"@context":"https:\/\/schema.org","@graph":[{"@type":"WebPage","@id":"https:\/\/marktxxl.de\/markt\/produkt\/auoplus-solar-lichterkette-aussen-mit-typ-c-ladeanschluss30m-300-led-kupferdraht-solarlichterkette-fuer-aussen-mit-13-modifernbedienungtimerip65-wasserdicht-solar-lichterkette-aussen\/","url":"https:\/\/marktxxl.de\/markt\/produkt\/auoplus-solar-lichterkette-aussen-mit-typ-c-ladeanschluss30m-300-led-kupferdraht-solarlichterkette-fuer-aussen-mit-13-modifernbedienungtimerip65-wasserdicht-solar-lichterkette-aussen\/","name":"AUOPLUS Solar Lichterkette Aussen mit Typ-C-Ladeanschluss,30M 300 LED Kupferdraht Solarlichterkette f\u00fcr Au\u00dfen mit 13 Modi,Fernbedienung&amp;Timer,IP65 Wasserdicht Solar Lichterkette Au\u00dfen - Markt-XXL","isPartOf":{"@id":"https:\/\/marktxxl.de\/markt\/#website"},"primaryImageOfPage":{"@id":"https:\/\/marktxxl.de\/markt\/produkt\/auoplus-solar-lichterkette-aussen-mit-typ-c-ladeanschluss30m-300-led-kupferdraht-solarlichterkette-fuer-aussen-mit-13-modifernbedienungtimerip65-wasserdicht-solar-lichterkette-aussen\/#primaryimage"},"image":{"@id":"https:\/\/marktxxl.de\/markt\/produkt\/auoplus-solar-lichterkette-aussen-mit-typ-c-ladeanschluss30m-300-led-kupferdraht-solarlichterkette-fuer-aussen-mit-13-modifernbedienungtimerip65-wasserdicht-solar-lichterkette-aussen\/#primaryimage"},"thumbnailUrl":"https:\/\/m.media-amazon.com\/images\/I\/51ZWHY4OYVL._SL500_.jpg","datePublished":"2024-05-29T13:29:26+00:00","description":"Markt-XXL AUOPLUS Solar Lichterkette Aussen mit Typ-C-Ladeanschluss,30M 300 LED Kupferdraht Solarlichterkette f\u00fcr Au\u00dfen mit 13 Modi,Fernbedienung&amp;Timer,IP65 Wasserdicht Solar Lichterkette Au\u00dfen","breadcrumb":{"@id":"https:\/\/marktxxl.de\/markt\/produkt\/auoplus-solar-lichterkette-aussen-mit-typ-c-ladeanschluss30m-300-led-kupferdraht-solarlichterkette-fuer-aussen-mit-13-modifernbedienungtimerip65-wasserdicht-solar-lichterkette-aussen\/#breadcrumb"},"inLanguage":"de","potentialAction":[{"@type":"ReadAction","target":["https:\/\/marktxxl.de\/markt\/produkt\/auoplus-solar-lichterkette-aussen-mit-typ-c-ladeanschluss30m-300-led-kupferdraht-solarlichterkette-fuer-aussen-mit-13-modifernbedienungtimerip65-wasserdicht-solar-lichterkette-aussen\/"]}]},{"@type":"ImageObject","inLanguage":"de","@id":"https:\/\/marktxxl.de\/markt\/produkt\/auoplus-solar-lichterkette-aussen-mit-typ-c-ladeanschluss30m-300-led-kupferdraht-solarlichterkette-fuer-aussen-mit-13-modifernbedienungtimerip65-wasserdicht-solar-lichterkette-aussen\/#primaryimage","url":"https:\/\/m.media-amazon.com\/images\/I\/51ZWHY4OYVL._SL500_.jpg","contentUrl":"https:\/\/m.media-amazon.com\/images\/I\/51ZWHY4OYVL._SL500_.jpg","width":500,"height":500},{"@type":"BreadcrumbList","@id":"https:\/\/marktxxl.de\/markt\/produkt\/auoplus-solar-lichterkette-aussen-mit-typ-c-ladeanschluss30m-300-led-kupferdraht-solarlichterkette-fuer-aussen-mit-13-modifernbedienungtimerip65-wasserdicht-solar-lichterkette-aussen\/#breadcrumb","itemListElement":[{"@type":"ListItem","position":1,"name":"Startseite","item":"https:\/\/marktxxl.de\/markt\/"},{"@type":"ListItem","position":2,"name":"Markt","item":"https:\/\/marktxxl.de\/markt\/"},{"@type":"ListItem","position":3,"name":"AUOPLUS Solar Lichterkette Aussen mit Typ-C-Ladeanschluss,30M 300 LED Kupferdraht Solarlichterkette f\u00fcr Au\u00dfen mit 13 Modi,Fernbedienung&amp;Timer,IP65 Wasserdicht Solar Lichterkette Au\u00dfen"}]},{"@type":"WebSite","@id":"https:\/\/marktxxl.de\/markt\/#website","url":"https:\/\/marktxxl.de\/markt\/","name":"Markt-XXL","description":"Ihr Markt Online","publisher":{"@id":"https:\/\/marktxxl.de\/markt\/#organization"},"potentialAction":[{"@type":"SearchAction","target":{"@type":"EntryPoint","urlTemplate":"https:\/\/marktxxl.de\/markt\/?s={search_term_string}"},"query-input":{"@type":"PropertyValueSpecification","valueRequired":true,"valueName":"search_term_string"}}],"inLanguage":"de"},{"@type":"Organization","@id":"https:\/\/marktxxl.de\/markt\/#organization","name":"Markt-XXL","url":"https:\/\/marktxxl.de\/markt\/","logo":{"@type":"ImageObject","inLanguage":"de","@id":"https:\/\/marktxxl.de\/markt\/#\/schema\/logo\/image\/","url":"https:\/\/marktxxl.de\/markt\/wp-content\/uploads\/sites\/3\/2020\/12\/logo.png","contentUrl":"https:\/\/marktxxl.de\/markt\/wp-content\/uploads\/sites\/3\/2020\/12\/logo.png","width":200,"height":70,"caption":"Markt-XXL"},"image":{"@id":"https:\/\/marktxxl.de\/markt\/#\/schema\/logo\/image\/"}}]}},"_links":{"self":[{"href":"https:\/\/marktxxl.de\/markt\/wp-json\/wp\/v2\/product\/210450","targetHints":{"allow":["GET"]}}],"collection":[{"href":"https:\/\/marktxxl.de\/markt\/wp-json\/wp\/v2\/product"}],"about":[{"href":"https:\/\/marktxxl.de\/markt\/wp-json\/wp\/v2\/types\/product"}],"replies":[{"embeddable":true,"href":"https:\/\/marktxxl.de\/markt\/wp-json\/wp\/v2\/comments?post=210450"}],"wp:featuredmedia":[{"embeddable":true,"href":"https:\/\/marktxxl.de\/markt\/wp-json\/wp\/v2\/media\/210451"}],"wp:attachment":[{"href":"https:\/\/marktxxl.de\/markt\/wp-json\/wp\/v2\/media?parent=210450"}],"wp:term":[{"taxonomy":"product_brand","embeddable":true,"href":"https:\/\/marktxxl.de\/markt\/wp-json\/wp\/v2\/product_brand?post=210450"},{"taxonomy":"product_cat","embeddable":true,"href":"https:\/\/marktxxl.de\/markt\/wp-json\/wp\/v2\/product_cat?post=210450"},{"taxonomy":"product_tag","embeddable":true,"href":"https:\/\/marktxxl.de\/markt\/wp-json\/wp\/v2\/product_tag?post=210450"}],"curies":[{"name":"wp","href":"https:\/\/api.w.org\/{rel}","templated":true}]}}