{"id":210426,"date":"2024-05-29T15:28:42","date_gmt":"2024-05-29T13:28:42","guid":{"rendered":"https:\/\/marktxxl.de\/markt\/produkt\/qing-weihnachtsbaum-santa-hund-pfote-strumpf-kinder-spielzeug-geschenke-tasche-gefaelschte-blumen-weihnachtsbaum-ornament-neujahr-led-hut-3\/"},"modified":"2024-05-29T15:28:42","modified_gmt":"2024-05-29T13:28:42","slug":"qing-weihnachtsbaum-santa-hund-pfote-strumpf-kinder-spielzeug-geschenke-tasche-gefaelschte-blumen-weihnachtsbaum-ornament-neujahr-led-hut-3","status":"publish","type":"product","link":"https:\/\/marktxxl.de\/markt\/produkt\/qing-weihnachtsbaum-santa-hund-pfote-strumpf-kinder-spielzeug-geschenke-tasche-gefaelschte-blumen-weihnachtsbaum-ornament-neujahr-led-hut-3\/","title":{"rendered":"Qing Weihnachtsbaum Santa Hund Pfote Strumpf Kinder Spielzeug Geschenke Tasche Gef\u00e4lschte Blumen Weihnachtsbaum Ornament Neujahr LED Hut 3"},"content":{"rendered":"<p>Einfach zu montieren: Jeder Weihnachtsbaum wird mit einer detaillierten Montageanleitung geliefert, sodass Sie sich keine Sorgen machen m\u00fcssen, wenn Sie ihn nicht montieren. Einfach zusammenzubauen, leicht, sch\u00f6n und flauschig. Bitte haben Sie nach Erhalt der Montage etwas Geduld, die Zweige \u00f6ffnen sich, damit der Weihnachtsbaum voll aussieht.<br \/>\nK\u00fcnstlicher Weihnachtsbaum mit Dekorations-Verzierungen. Wir bieten hochwertige Kunstb\u00e4ume mit vielen Ornamenten an, um Ihnen das Dekorieren zu erleichtern. Sie k\u00f6nnen mehr Zeit mit Ihren Familien verbringen, anstatt sich tonnenweise Dekorationen zu kaufen. Ideal auch f\u00fcr Familien, Schulen, Kinderg\u00e4rten, Gewerbefl\u00e4chen, B\u00fcros und andere Gesch\u00e4ftsr\u00e4ume.<br \/>\nDieser sch\u00f6ne k\u00fcnstliche Weihnachtsbaum hat einen sicheren und stabilen Stand. Seine kr\u00e4ftige gr\u00fcne Farbe und die leichte Schneedecke wirken t\u00e4uschend echt. Genie\u00dfen Sie Ihren Urlaub mit dieser herrlichen Tanne und bringen Sie das Weihnachtsgef\u00fchl nach Hause.<br \/>\nDer Weihnachtsbaum l\u00e4sst sich aufgrund seines praktischen Steckersystems sehr einfach aufstellen. Sobald die Tanne positioniert ist, sieht sie gleichm\u00e4\u00dfig symmetrisch aus. Dieser sch\u00f6ne k\u00fcnstliche Weihnachtsbaum bringt Tradition und Klasse in Ihre Weihnachtsdekoration.<br \/>\nVoller und Pump-Effekt: Der immergr\u00fcne Baum besitzt viele \u00c4ste mit insgesamt 700 Spitzen, was zu einem vollen und prallen Effekt f\u00fchrt, der super echt und echt aussieht. Es half, die Atmosph\u00e4re f\u00fcr die Ferienzeit aufzuhellen.<br \/>\n<div class=\"main-cross-sell\" data-asin=\"B00HTJNPJS\">\n\n\t<div class=\"WooZone-cross-sell-loader\">\n\t\t<div>\n\t\t\t<div id=\"floatingBarsG\">\n\t\t\t\t<div class=\"blockG\" id=\"rotateG_01\"><\/div>\n\t\t\t\t<div class=\"blockG\" id=\"rotateG_02\"><\/div>\n\t\t\t\t<div class=\"blockG\" id=\"rotateG_03\"><\/div>\n\t\t\t\t<div class=\"blockG\" id=\"rotateG_04\"><\/div>\n\t\t\t\t<div class=\"blockG\" id=\"rotateG_05\"><\/div>\n\t\t\t\t<div class=\"blockG\" id=\"rotateG_06\"><\/div>\n\t\t\t\t<div class=\"blockG\" id=\"rotateG_07\"><\/div>\n\t\t\t\t<div class=\"blockG\" id=\"rotateG_08\"><\/div>\n\t\t\t<\/div>\n\t\t\t<div class=\"WooZone-cross-sell-loader-text\"><\/div>\n\t\t<\/div>\n\t<\/div>\n\n\t\t\n<\/div>\n<div style=\"clear:both;\"><\/div><\/p>\n","protected":false},"excerpt":{"rendered":"<p>Einfach zu montieren: Jeder Weihnachtsbaum wird mit einer detaillierten Montageanleitung geliefert, sodass Sie sich keine Sorgen machen m\u00fcssen, wenn Sie ihn nicht montieren. Einfach zusammenzubauen, leicht, sch\u00f6n und flauschig. Bitte haben Sie nach Erhalt der Montage etwas Geduld, die Zweige \u00f6ffnen sich, damit der Weihnachtsbaum voll aussieht.<br \/>\nK\u00fcnstlicher Weihnachtsbaum mit Dekorations-Verzierungen. Wir bieten hochwertige Kunstb\u00e4ume mit vielen Ornamenten an, um Ihnen das Dekorieren zu erleichtern. Sie k\u00f6nnen mehr Zeit mit Ihren Familien verbringen, anstatt sich tonnenweise Dekorationen zu kaufen. Ideal auch f\u00fcr Familien, Schulen, Kinderg\u00e4rten, Gewerbefl\u00e4chen, B\u00fcros und andere Gesch\u00e4ftsr\u00e4ume.<br \/>\nDieser sch\u00f6ne k\u00fcnstliche Weihnachtsbaum hat einen sicheren und stabilen Stand. Seine kr\u00e4ftige gr\u00fcne Farbe und die leichte Schneedecke wirken t\u00e4uschend echt. Genie\u00dfen Sie Ihren Urlaub mit dieser herrlichen Tanne und bringen Sie das Weihnachtsgef\u00fchl nach Hause.<\/p>\n","protected":false},"featured_media":210427,"comment_status":"open","ping_status":"closed","template":"","meta":[],"product_brand":[],"product_cat":[2108,15624],"product_tag":[],"class_list":{"0":"post-210426","1":"product","2":"type-product","3":"status-publish","4":"has-post-thumbnail","6":"product_cat-beleuchtung","7":"product_cat-weihnachtsbeleuchtung","8":"pa_binding-taschenbuch","9":"pa_brand-zondervan","10":"pa_color-led-hut-3","11":"pa_manufacturer-qing","12":"pa_size-one","14":"first","15":"instock","16":"shipping-taxable","17":"purchasable","18":"product-type-simple","19":"customify-col","20":"product-has-gallery"},"yoast_head":"<!-- This site is optimized with the Yoast SEO plugin v27.4 - https:\/\/yoast.com\/product\/yoast-seo-wordpress\/ -->\n<title>Qing Weihnachtsbaum Santa Hund Pfote Strumpf Kinder Spielzeug Geschenke Tasche Gef\u00e4lschte Blumen Weihnachtsbaum Ornament Neujahr LED Hut 3 - Markt-XXL<\/title>\n<meta name=\"description\" content=\"Markt-XXL Qing Weihnachtsbaum Santa Hund Pfote Strumpf Kinder Spielzeug Geschenke Tasche Gef\u00e4lschte Blumen Weihnachtsbaum Ornament Neujahr LED Hut 3\" \/>\n<meta name=\"robots\" content=\"index, follow, max-snippet:-1, max-image-preview:large, max-video-preview:-1\" \/>\n<link rel=\"canonical\" href=\"https:\/\/marktxxl.de\/markt\/produkt\/qing-weihnachtsbaum-santa-hund-pfote-strumpf-kinder-spielzeug-geschenke-tasche-gefaelschte-blumen-weihnachtsbaum-ornament-neujahr-led-hut-3\/\" \/>\n<meta property=\"og:locale\" content=\"de_DE\" \/>\n<meta property=\"og:type\" content=\"article\" \/>\n<meta property=\"og:title\" content=\"Qing Weihnachtsbaum Santa Hund Pfote Strumpf Kinder Spielzeug Geschenke Tasche Gef\u00e4lschte Blumen Weihnachtsbaum Ornament Neujahr LED Hut 3 - Markt-XXL\" \/>\n<meta property=\"og:description\" content=\"Markt-XXL Qing Weihnachtsbaum Santa Hund Pfote Strumpf Kinder Spielzeug Geschenke Tasche Gef\u00e4lschte Blumen Weihnachtsbaum Ornament Neujahr LED Hut 3\" \/>\n<meta property=\"og:url\" content=\"https:\/\/marktxxl.de\/markt\/produkt\/qing-weihnachtsbaum-santa-hund-pfote-strumpf-kinder-spielzeug-geschenke-tasche-gefaelschte-blumen-weihnachtsbaum-ornament-neujahr-led-hut-3\/\" \/>\n<meta property=\"og:site_name\" content=\"Markt-XXL\" \/>\n<meta name=\"twitter:card\" content=\"summary_large_image\" \/>\n<meta name=\"twitter:label1\" content=\"Gesch\u00e4tzte Lesezeit\" \/>\n\t<meta name=\"twitter:data1\" content=\"1\u00a0Minute\" \/>\n<script type=\"application\/ld+json\" class=\"yoast-schema-graph\">{\"@context\":\"https:\\\/\\\/schema.org\",\"@graph\":[{\"@type\":\"WebPage\",\"@id\":\"https:\\\/\\\/marktxxl.de\\\/markt\\\/produkt\\\/qing-weihnachtsbaum-santa-hund-pfote-strumpf-kinder-spielzeug-geschenke-tasche-gefaelschte-blumen-weihnachtsbaum-ornament-neujahr-led-hut-3\\\/\",\"url\":\"https:\\\/\\\/marktxxl.de\\\/markt\\\/produkt\\\/qing-weihnachtsbaum-santa-hund-pfote-strumpf-kinder-spielzeug-geschenke-tasche-gefaelschte-blumen-weihnachtsbaum-ornament-neujahr-led-hut-3\\\/\",\"name\":\"Qing Weihnachtsbaum Santa Hund Pfote Strumpf Kinder Spielzeug Geschenke Tasche Gef\u00e4lschte Blumen Weihnachtsbaum Ornament Neujahr LED Hut 3 - Markt-XXL\",\"isPartOf\":{\"@id\":\"https:\\\/\\\/marktxxl.de\\\/markt\\\/#website\"},\"primaryImageOfPage\":{\"@id\":\"https:\\\/\\\/marktxxl.de\\\/markt\\\/produkt\\\/qing-weihnachtsbaum-santa-hund-pfote-strumpf-kinder-spielzeug-geschenke-tasche-gefaelschte-blumen-weihnachtsbaum-ornament-neujahr-led-hut-3\\\/#primaryimage\"},\"image\":{\"@id\":\"https:\\\/\\\/marktxxl.de\\\/markt\\\/produkt\\\/qing-weihnachtsbaum-santa-hund-pfote-strumpf-kinder-spielzeug-geschenke-tasche-gefaelschte-blumen-weihnachtsbaum-ornament-neujahr-led-hut-3\\\/#primaryimage\"},\"thumbnailUrl\":\"https:\\\/\\\/m.media-amazon.com\\\/images\\\/I\\\/41kKTkn77OL._SL500_.jpg\",\"datePublished\":\"2024-05-29T13:28:42+00:00\",\"description\":\"Markt-XXL Qing Weihnachtsbaum Santa Hund Pfote Strumpf Kinder Spielzeug Geschenke Tasche Gef\u00e4lschte Blumen Weihnachtsbaum Ornament Neujahr LED Hut 3\",\"breadcrumb\":{\"@id\":\"https:\\\/\\\/marktxxl.de\\\/markt\\\/produkt\\\/qing-weihnachtsbaum-santa-hund-pfote-strumpf-kinder-spielzeug-geschenke-tasche-gefaelschte-blumen-weihnachtsbaum-ornament-neujahr-led-hut-3\\\/#breadcrumb\"},\"inLanguage\":\"de\",\"potentialAction\":[{\"@type\":\"ReadAction\",\"target\":[\"https:\\\/\\\/marktxxl.de\\\/markt\\\/produkt\\\/qing-weihnachtsbaum-santa-hund-pfote-strumpf-kinder-spielzeug-geschenke-tasche-gefaelschte-blumen-weihnachtsbaum-ornament-neujahr-led-hut-3\\\/\"]}]},{\"@type\":\"ImageObject\",\"inLanguage\":\"de\",\"@id\":\"https:\\\/\\\/marktxxl.de\\\/markt\\\/produkt\\\/qing-weihnachtsbaum-santa-hund-pfote-strumpf-kinder-spielzeug-geschenke-tasche-gefaelschte-blumen-weihnachtsbaum-ornament-neujahr-led-hut-3\\\/#primaryimage\",\"url\":\"https:\\\/\\\/m.media-amazon.com\\\/images\\\/I\\\/41kKTkn77OL._SL500_.jpg\",\"contentUrl\":\"https:\\\/\\\/m.media-amazon.com\\\/images\\\/I\\\/41kKTkn77OL._SL500_.jpg\",\"width\":500,\"height\":500},{\"@type\":\"BreadcrumbList\",\"@id\":\"https:\\\/\\\/marktxxl.de\\\/markt\\\/produkt\\\/qing-weihnachtsbaum-santa-hund-pfote-strumpf-kinder-spielzeug-geschenke-tasche-gefaelschte-blumen-weihnachtsbaum-ornament-neujahr-led-hut-3\\\/#breadcrumb\",\"itemListElement\":[{\"@type\":\"ListItem\",\"position\":1,\"name\":\"Startseite\",\"item\":\"https:\\\/\\\/marktxxl.de\\\/markt\\\/\"},{\"@type\":\"ListItem\",\"position\":2,\"name\":\"Markt\",\"item\":\"https:\\\/\\\/marktxxl.de\\\/markt\\\/\"},{\"@type\":\"ListItem\",\"position\":3,\"name\":\"Qing Weihnachtsbaum Santa Hund Pfote Strumpf Kinder Spielzeug Geschenke Tasche Gef\u00e4lschte Blumen Weihnachtsbaum Ornament Neujahr LED Hut 3\"}]},{\"@type\":\"WebSite\",\"@id\":\"https:\\\/\\\/marktxxl.de\\\/markt\\\/#website\",\"url\":\"https:\\\/\\\/marktxxl.de\\\/markt\\\/\",\"name\":\"Markt-XXL\",\"description\":\"Ihr Markt Online\",\"publisher\":{\"@id\":\"https:\\\/\\\/marktxxl.de\\\/markt\\\/#organization\"},\"potentialAction\":[{\"@type\":\"SearchAction\",\"target\":{\"@type\":\"EntryPoint\",\"urlTemplate\":\"https:\\\/\\\/marktxxl.de\\\/markt\\\/?s={search_term_string}\"},\"query-input\":{\"@type\":\"PropertyValueSpecification\",\"valueRequired\":true,\"valueName\":\"search_term_string\"}}],\"inLanguage\":\"de\"},{\"@type\":\"Organization\",\"@id\":\"https:\\\/\\\/marktxxl.de\\\/markt\\\/#organization\",\"name\":\"Markt-XXL\",\"url\":\"https:\\\/\\\/marktxxl.de\\\/markt\\\/\",\"logo\":{\"@type\":\"ImageObject\",\"inLanguage\":\"de\",\"@id\":\"https:\\\/\\\/marktxxl.de\\\/markt\\\/#\\\/schema\\\/logo\\\/image\\\/\",\"url\":\"https:\\\/\\\/marktxxl.de\\\/markt\\\/wp-content\\\/uploads\\\/sites\\\/3\\\/2020\\\/12\\\/logo.png\",\"contentUrl\":\"https:\\\/\\\/marktxxl.de\\\/markt\\\/wp-content\\\/uploads\\\/sites\\\/3\\\/2020\\\/12\\\/logo.png\",\"width\":200,\"height\":70,\"caption\":\"Markt-XXL\"},\"image\":{\"@id\":\"https:\\\/\\\/marktxxl.de\\\/markt\\\/#\\\/schema\\\/logo\\\/image\\\/\"}}]}<\/script>\n<!-- \/ Yoast SEO plugin. -->","yoast_head_json":{"title":"Qing Weihnachtsbaum Santa Hund Pfote Strumpf Kinder Spielzeug Geschenke Tasche Gef\u00e4lschte Blumen Weihnachtsbaum Ornament Neujahr LED Hut 3 - Markt-XXL","description":"Markt-XXL Qing Weihnachtsbaum Santa Hund Pfote Strumpf Kinder Spielzeug Geschenke Tasche Gef\u00e4lschte Blumen Weihnachtsbaum Ornament Neujahr LED Hut 3","robots":{"index":"index","follow":"follow","max-snippet":"max-snippet:-1","max-image-preview":"max-image-preview:large","max-video-preview":"max-video-preview:-1"},"canonical":"https:\/\/marktxxl.de\/markt\/produkt\/qing-weihnachtsbaum-santa-hund-pfote-strumpf-kinder-spielzeug-geschenke-tasche-gefaelschte-blumen-weihnachtsbaum-ornament-neujahr-led-hut-3\/","og_locale":"de_DE","og_type":"article","og_title":"Qing Weihnachtsbaum Santa Hund Pfote Strumpf Kinder Spielzeug Geschenke Tasche Gef\u00e4lschte Blumen Weihnachtsbaum Ornament Neujahr LED Hut 3 - Markt-XXL","og_description":"Markt-XXL Qing Weihnachtsbaum Santa Hund Pfote Strumpf Kinder Spielzeug Geschenke Tasche Gef\u00e4lschte Blumen Weihnachtsbaum Ornament Neujahr LED Hut 3","og_url":"https:\/\/marktxxl.de\/markt\/produkt\/qing-weihnachtsbaum-santa-hund-pfote-strumpf-kinder-spielzeug-geschenke-tasche-gefaelschte-blumen-weihnachtsbaum-ornament-neujahr-led-hut-3\/","og_site_name":"Markt-XXL","twitter_card":"summary_large_image","twitter_misc":{"Gesch\u00e4tzte Lesezeit":"1\u00a0Minute"},"schema":{"@context":"https:\/\/schema.org","@graph":[{"@type":"WebPage","@id":"https:\/\/marktxxl.de\/markt\/produkt\/qing-weihnachtsbaum-santa-hund-pfote-strumpf-kinder-spielzeug-geschenke-tasche-gefaelschte-blumen-weihnachtsbaum-ornament-neujahr-led-hut-3\/","url":"https:\/\/marktxxl.de\/markt\/produkt\/qing-weihnachtsbaum-santa-hund-pfote-strumpf-kinder-spielzeug-geschenke-tasche-gefaelschte-blumen-weihnachtsbaum-ornament-neujahr-led-hut-3\/","name":"Qing Weihnachtsbaum Santa Hund Pfote Strumpf Kinder Spielzeug Geschenke Tasche Gef\u00e4lschte Blumen Weihnachtsbaum Ornament Neujahr LED Hut 3 - Markt-XXL","isPartOf":{"@id":"https:\/\/marktxxl.de\/markt\/#website"},"primaryImageOfPage":{"@id":"https:\/\/marktxxl.de\/markt\/produkt\/qing-weihnachtsbaum-santa-hund-pfote-strumpf-kinder-spielzeug-geschenke-tasche-gefaelschte-blumen-weihnachtsbaum-ornament-neujahr-led-hut-3\/#primaryimage"},"image":{"@id":"https:\/\/marktxxl.de\/markt\/produkt\/qing-weihnachtsbaum-santa-hund-pfote-strumpf-kinder-spielzeug-geschenke-tasche-gefaelschte-blumen-weihnachtsbaum-ornament-neujahr-led-hut-3\/#primaryimage"},"thumbnailUrl":"https:\/\/m.media-amazon.com\/images\/I\/41kKTkn77OL._SL500_.jpg","datePublished":"2024-05-29T13:28:42+00:00","description":"Markt-XXL Qing Weihnachtsbaum Santa Hund Pfote Strumpf Kinder Spielzeug Geschenke Tasche Gef\u00e4lschte Blumen Weihnachtsbaum Ornament Neujahr LED Hut 3","breadcrumb":{"@id":"https:\/\/marktxxl.de\/markt\/produkt\/qing-weihnachtsbaum-santa-hund-pfote-strumpf-kinder-spielzeug-geschenke-tasche-gefaelschte-blumen-weihnachtsbaum-ornament-neujahr-led-hut-3\/#breadcrumb"},"inLanguage":"de","potentialAction":[{"@type":"ReadAction","target":["https:\/\/marktxxl.de\/markt\/produkt\/qing-weihnachtsbaum-santa-hund-pfote-strumpf-kinder-spielzeug-geschenke-tasche-gefaelschte-blumen-weihnachtsbaum-ornament-neujahr-led-hut-3\/"]}]},{"@type":"ImageObject","inLanguage":"de","@id":"https:\/\/marktxxl.de\/markt\/produkt\/qing-weihnachtsbaum-santa-hund-pfote-strumpf-kinder-spielzeug-geschenke-tasche-gefaelschte-blumen-weihnachtsbaum-ornament-neujahr-led-hut-3\/#primaryimage","url":"https:\/\/m.media-amazon.com\/images\/I\/41kKTkn77OL._SL500_.jpg","contentUrl":"https:\/\/m.media-amazon.com\/images\/I\/41kKTkn77OL._SL500_.jpg","width":500,"height":500},{"@type":"BreadcrumbList","@id":"https:\/\/marktxxl.de\/markt\/produkt\/qing-weihnachtsbaum-santa-hund-pfote-strumpf-kinder-spielzeug-geschenke-tasche-gefaelschte-blumen-weihnachtsbaum-ornament-neujahr-led-hut-3\/#breadcrumb","itemListElement":[{"@type":"ListItem","position":1,"name":"Startseite","item":"https:\/\/marktxxl.de\/markt\/"},{"@type":"ListItem","position":2,"name":"Markt","item":"https:\/\/marktxxl.de\/markt\/"},{"@type":"ListItem","position":3,"name":"Qing Weihnachtsbaum Santa Hund Pfote Strumpf Kinder Spielzeug Geschenke Tasche Gef\u00e4lschte Blumen Weihnachtsbaum Ornament Neujahr LED Hut 3"}]},{"@type":"WebSite","@id":"https:\/\/marktxxl.de\/markt\/#website","url":"https:\/\/marktxxl.de\/markt\/","name":"Markt-XXL","description":"Ihr Markt Online","publisher":{"@id":"https:\/\/marktxxl.de\/markt\/#organization"},"potentialAction":[{"@type":"SearchAction","target":{"@type":"EntryPoint","urlTemplate":"https:\/\/marktxxl.de\/markt\/?s={search_term_string}"},"query-input":{"@type":"PropertyValueSpecification","valueRequired":true,"valueName":"search_term_string"}}],"inLanguage":"de"},{"@type":"Organization","@id":"https:\/\/marktxxl.de\/markt\/#organization","name":"Markt-XXL","url":"https:\/\/marktxxl.de\/markt\/","logo":{"@type":"ImageObject","inLanguage":"de","@id":"https:\/\/marktxxl.de\/markt\/#\/schema\/logo\/image\/","url":"https:\/\/marktxxl.de\/markt\/wp-content\/uploads\/sites\/3\/2020\/12\/logo.png","contentUrl":"https:\/\/marktxxl.de\/markt\/wp-content\/uploads\/sites\/3\/2020\/12\/logo.png","width":200,"height":70,"caption":"Markt-XXL"},"image":{"@id":"https:\/\/marktxxl.de\/markt\/#\/schema\/logo\/image\/"}}]}},"_links":{"self":[{"href":"https:\/\/marktxxl.de\/markt\/wp-json\/wp\/v2\/product\/210426","targetHints":{"allow":["GET"]}}],"collection":[{"href":"https:\/\/marktxxl.de\/markt\/wp-json\/wp\/v2\/product"}],"about":[{"href":"https:\/\/marktxxl.de\/markt\/wp-json\/wp\/v2\/types\/product"}],"replies":[{"embeddable":true,"href":"https:\/\/marktxxl.de\/markt\/wp-json\/wp\/v2\/comments?post=210426"}],"wp:featuredmedia":[{"embeddable":true,"href":"https:\/\/marktxxl.de\/markt\/wp-json\/wp\/v2\/media\/210427"}],"wp:attachment":[{"href":"https:\/\/marktxxl.de\/markt\/wp-json\/wp\/v2\/media?parent=210426"}],"wp:term":[{"taxonomy":"product_brand","embeddable":true,"href":"https:\/\/marktxxl.de\/markt\/wp-json\/wp\/v2\/product_brand?post=210426"},{"taxonomy":"product_cat","embeddable":true,"href":"https:\/\/marktxxl.de\/markt\/wp-json\/wp\/v2\/product_cat?post=210426"},{"taxonomy":"product_tag","embeddable":true,"href":"https:\/\/marktxxl.de\/markt\/wp-json\/wp\/v2\/product_tag?post=210426"}],"curies":[{"name":"wp","href":"https:\/\/api.w.org\/{rel}","templated":true}]}}