{"id":210234,"date":"2024-05-29T14:40:06","date_gmt":"2024-05-29T12:40:06","guid":{"rendered":"https:\/\/marktxxl.de\/markt\/produkt\/bluey-nachthemd-maedchen-kurzarm-nachthemden-fuer-kinder\/"},"modified":"2024-05-29T14:40:06","modified_gmt":"2024-05-29T12:40:06","slug":"bluey-nachthemd-maedchen-kurzarm-nachthemden-fuer-kinder","status":"publish","type":"product","link":"https:\/\/marktxxl.de\/markt\/produkt\/bluey-nachthemd-maedchen-kurzarm-nachthemden-fuer-kinder\/","title":{"rendered":"Bluey Nachthemd M\u00e4dchen Kurzarm | Nachthemden f\u00fcr Kinder"},"content":{"rendered":"<p>Offiziell Lizenzierte Bluey Fanartikel: Machen Sie sich bereit f\u00fcr Tr\u00e4ume voller Abenteuer! Dies offiziell lizenzierte Bluey Nachthemd M\u00e4dchen bringt die Heeler-Familie direkt ins Bett.<br \/>\nVerspieltes Design: Tauchen Sie ein in eine Welt voller Farben und Aufregung! Ihr kleiner Liebling wird das lebhafte Design lieben, das Bluey, Bingo, Bandit und Chilli zeigt, mit einem Hauch von &#8220;Bluey&#8221; \u00fcber der Brust in cooler wei\u00dfer Schrift.<br \/>\nGem\u00fctliche Abenteuer Warten: Verabschieden Sie sich von stickigen N\u00e4chten! Hergestellt aus weichen Materialien und mit einem labellosen Ausschnitt versehen, ist dieses Nachthemd Kinder die ultimative Wahl f\u00fcr warme Schlummerpartys!<br \/>\nBluey Geschenke: Suchen Sie nach perfekten Bluey Geschenken? Suchen Sie nicht weiter! Ein Muss f\u00fcr alle Bluey Fanatiker, das die Bettzeit in aufregende Abenteuer verwandelt!<br \/>\nEinfache W\u00e4sche: Sagen Sie Hallo zu m\u00fcheloser Reinigung! Entworfen f\u00fcr besch\u00e4ftigte Eltern, kommt dieses maschinenwaschbare Nachthemd f\u00fcr M\u00e4dchen mit einfachen Pflegeanweisungen, die sowohl Kinder als auch Erwachsene l\u00e4cheln lassen!<br \/>\n<div class=\"main-cross-sell\" data-asin=\"B0BVVXW8XV\">\n\n\t<div class=\"WooZone-cross-sell-loader\">\n\t\t<div>\n\t\t\t<div id=\"floatingBarsG\">\n\t\t\t\t<div class=\"blockG\" id=\"rotateG_01\"><\/div>\n\t\t\t\t<div class=\"blockG\" id=\"rotateG_02\"><\/div>\n\t\t\t\t<div class=\"blockG\" id=\"rotateG_03\"><\/div>\n\t\t\t\t<div class=\"blockG\" id=\"rotateG_04\"><\/div>\n\t\t\t\t<div class=\"blockG\" id=\"rotateG_05\"><\/div>\n\t\t\t\t<div class=\"blockG\" id=\"rotateG_06\"><\/div>\n\t\t\t\t<div class=\"blockG\" id=\"rotateG_07\"><\/div>\n\t\t\t\t<div class=\"blockG\" id=\"rotateG_08\"><\/div>\n\t\t\t<\/div>\n\t\t\t<div class=\"WooZone-cross-sell-loader-text\"><\/div>\n\t\t<\/div>\n\t<\/div>\n\n\t\t\n<\/div>\n<div style=\"clear:both;\"><\/div><\/p>\n","protected":false},"excerpt":{"rendered":"<p>Offiziell Lizenzierte Bluey Fanartikel: Machen Sie sich bereit f\u00fcr Tr\u00e4ume voller Abenteuer! Dies offiziell lizenzierte Bluey Nachthemd M\u00e4dchen bringt die Heeler-Familie direkt ins Bett.<br \/>\nVerspieltes Design: Tauchen Sie ein in eine Welt voller Farben und Aufregung! Ihr kleiner Liebling wird das lebhafte Design lieben, das Bluey, Bingo, Bandit und Chilli zeigt, mit einem Hauch von &#8220;Bluey&#8221; \u00fcber der Brust in cooler wei\u00dfer Schrift.<br \/>\nGem\u00fctliche Abenteuer Warten: Verabschieden Sie sich von stickigen N\u00e4chten! Hergestellt aus weichen Materialien und mit einem labellosen Ausschnitt versehen, ist dieses Nachthemd Kinder die ultimative Wahl f\u00fcr warme Schlummerpartys!<\/p>\n","protected":false},"featured_media":210235,"comment_status":"open","ping_status":"closed","template":"","meta":[],"product_brand":[],"product_cat":[1186],"product_tag":[],"class_list":{"0":"post-210234","1":"product","2":"type-product","3":"status-publish","4":"has-post-thumbnail","6":"product_cat-bekleidung","7":"pa_brand-bluey","9":"first","10":"instock","11":"shipping-taxable","12":"product-type-simple","13":"customify-col","14":"product-has-gallery"},"yoast_head":"<!-- This site is optimized with the Yoast SEO plugin v27.3 - https:\/\/yoast.com\/product\/yoast-seo-wordpress\/ -->\n<title>Bluey Nachthemd M\u00e4dchen Kurzarm | Nachthemden f\u00fcr Kinder - Markt-XXL<\/title>\n<meta name=\"description\" content=\"Markt-XXL Bluey Nachthemd M\u00e4dchen Kurzarm | Nachthemden f\u00fcr Kinder\" \/>\n<meta name=\"robots\" content=\"index, follow, max-snippet:-1, max-image-preview:large, max-video-preview:-1\" \/>\n<link rel=\"canonical\" href=\"https:\/\/marktxxl.de\/markt\/produkt\/bluey-nachthemd-maedchen-kurzarm-nachthemden-fuer-kinder\/\" \/>\n<meta property=\"og:locale\" content=\"de_DE\" \/>\n<meta property=\"og:type\" content=\"article\" \/>\n<meta property=\"og:title\" content=\"Bluey Nachthemd M\u00e4dchen Kurzarm | Nachthemden f\u00fcr Kinder - Markt-XXL\" \/>\n<meta property=\"og:description\" content=\"Markt-XXL Bluey Nachthemd M\u00e4dchen Kurzarm | Nachthemden f\u00fcr Kinder\" \/>\n<meta property=\"og:url\" content=\"https:\/\/marktxxl.de\/markt\/produkt\/bluey-nachthemd-maedchen-kurzarm-nachthemden-fuer-kinder\/\" \/>\n<meta property=\"og:site_name\" content=\"Markt-XXL\" \/>\n<meta name=\"twitter:card\" content=\"summary_large_image\" \/>\n<meta name=\"twitter:label1\" content=\"Gesch\u00e4tzte Lesezeit\" \/>\n\t<meta name=\"twitter:data1\" content=\"1\u00a0Minute\" \/>\n<script type=\"application\/ld+json\" class=\"yoast-schema-graph\">{\"@context\":\"https:\\\/\\\/schema.org\",\"@graph\":[{\"@type\":\"WebPage\",\"@id\":\"https:\\\/\\\/marktxxl.de\\\/markt\\\/produkt\\\/bluey-nachthemd-maedchen-kurzarm-nachthemden-fuer-kinder\\\/\",\"url\":\"https:\\\/\\\/marktxxl.de\\\/markt\\\/produkt\\\/bluey-nachthemd-maedchen-kurzarm-nachthemden-fuer-kinder\\\/\",\"name\":\"Bluey Nachthemd M\u00e4dchen Kurzarm | Nachthemden f\u00fcr Kinder - Markt-XXL\",\"isPartOf\":{\"@id\":\"https:\\\/\\\/marktxxl.de\\\/markt\\\/#website\"},\"primaryImageOfPage\":{\"@id\":\"https:\\\/\\\/marktxxl.de\\\/markt\\\/produkt\\\/bluey-nachthemd-maedchen-kurzarm-nachthemden-fuer-kinder\\\/#primaryimage\"},\"image\":{\"@id\":\"https:\\\/\\\/marktxxl.de\\\/markt\\\/produkt\\\/bluey-nachthemd-maedchen-kurzarm-nachthemden-fuer-kinder\\\/#primaryimage\"},\"thumbnailUrl\":\"https:\\\/\\\/m.media-amazon.com\\\/images\\\/I\\\/41jSmflyZ+L._SL500_.jpg\",\"datePublished\":\"2024-05-29T12:40:06+00:00\",\"description\":\"Markt-XXL Bluey Nachthemd M\u00e4dchen Kurzarm | Nachthemden f\u00fcr Kinder\",\"breadcrumb\":{\"@id\":\"https:\\\/\\\/marktxxl.de\\\/markt\\\/produkt\\\/bluey-nachthemd-maedchen-kurzarm-nachthemden-fuer-kinder\\\/#breadcrumb\"},\"inLanguage\":\"de\",\"potentialAction\":[{\"@type\":\"ReadAction\",\"target\":[\"https:\\\/\\\/marktxxl.de\\\/markt\\\/produkt\\\/bluey-nachthemd-maedchen-kurzarm-nachthemden-fuer-kinder\\\/\"]}]},{\"@type\":\"ImageObject\",\"inLanguage\":\"de\",\"@id\":\"https:\\\/\\\/marktxxl.de\\\/markt\\\/produkt\\\/bluey-nachthemd-maedchen-kurzarm-nachthemden-fuer-kinder\\\/#primaryimage\",\"url\":\"https:\\\/\\\/m.media-amazon.com\\\/images\\\/I\\\/41jSmflyZ+L._SL500_.jpg\",\"contentUrl\":\"https:\\\/\\\/m.media-amazon.com\\\/images\\\/I\\\/41jSmflyZ+L._SL500_.jpg\",\"width\":375,\"height\":500},{\"@type\":\"BreadcrumbList\",\"@id\":\"https:\\\/\\\/marktxxl.de\\\/markt\\\/produkt\\\/bluey-nachthemd-maedchen-kurzarm-nachthemden-fuer-kinder\\\/#breadcrumb\",\"itemListElement\":[{\"@type\":\"ListItem\",\"position\":1,\"name\":\"Startseite\",\"item\":\"https:\\\/\\\/marktxxl.de\\\/markt\\\/\"},{\"@type\":\"ListItem\",\"position\":2,\"name\":\"Markt\",\"item\":\"https:\\\/\\\/marktxxl.de\\\/markt\\\/\"},{\"@type\":\"ListItem\",\"position\":3,\"name\":\"Bluey Nachthemd M\u00e4dchen Kurzarm | Nachthemden f\u00fcr Kinder\"}]},{\"@type\":\"WebSite\",\"@id\":\"https:\\\/\\\/marktxxl.de\\\/markt\\\/#website\",\"url\":\"https:\\\/\\\/marktxxl.de\\\/markt\\\/\",\"name\":\"Markt-XXL\",\"description\":\"Ihr Markt Online\",\"publisher\":{\"@id\":\"https:\\\/\\\/marktxxl.de\\\/markt\\\/#organization\"},\"potentialAction\":[{\"@type\":\"SearchAction\",\"target\":{\"@type\":\"EntryPoint\",\"urlTemplate\":\"https:\\\/\\\/marktxxl.de\\\/markt\\\/?s={search_term_string}\"},\"query-input\":{\"@type\":\"PropertyValueSpecification\",\"valueRequired\":true,\"valueName\":\"search_term_string\"}}],\"inLanguage\":\"de\"},{\"@type\":\"Organization\",\"@id\":\"https:\\\/\\\/marktxxl.de\\\/markt\\\/#organization\",\"name\":\"Markt-XXL\",\"url\":\"https:\\\/\\\/marktxxl.de\\\/markt\\\/\",\"logo\":{\"@type\":\"ImageObject\",\"inLanguage\":\"de\",\"@id\":\"https:\\\/\\\/marktxxl.de\\\/markt\\\/#\\\/schema\\\/logo\\\/image\\\/\",\"url\":\"https:\\\/\\\/marktxxl.de\\\/markt\\\/wp-content\\\/uploads\\\/sites\\\/3\\\/2020\\\/12\\\/logo.png\",\"contentUrl\":\"https:\\\/\\\/marktxxl.de\\\/markt\\\/wp-content\\\/uploads\\\/sites\\\/3\\\/2020\\\/12\\\/logo.png\",\"width\":200,\"height\":70,\"caption\":\"Markt-XXL\"},\"image\":{\"@id\":\"https:\\\/\\\/marktxxl.de\\\/markt\\\/#\\\/schema\\\/logo\\\/image\\\/\"}}]}<\/script>\n<!-- \/ Yoast SEO plugin. -->","yoast_head_json":{"title":"Bluey Nachthemd M\u00e4dchen Kurzarm | Nachthemden f\u00fcr Kinder - Markt-XXL","description":"Markt-XXL Bluey Nachthemd M\u00e4dchen Kurzarm | Nachthemden f\u00fcr Kinder","robots":{"index":"index","follow":"follow","max-snippet":"max-snippet:-1","max-image-preview":"max-image-preview:large","max-video-preview":"max-video-preview:-1"},"canonical":"https:\/\/marktxxl.de\/markt\/produkt\/bluey-nachthemd-maedchen-kurzarm-nachthemden-fuer-kinder\/","og_locale":"de_DE","og_type":"article","og_title":"Bluey Nachthemd M\u00e4dchen Kurzarm | Nachthemden f\u00fcr Kinder - Markt-XXL","og_description":"Markt-XXL Bluey Nachthemd M\u00e4dchen Kurzarm | Nachthemden f\u00fcr Kinder","og_url":"https:\/\/marktxxl.de\/markt\/produkt\/bluey-nachthemd-maedchen-kurzarm-nachthemden-fuer-kinder\/","og_site_name":"Markt-XXL","twitter_card":"summary_large_image","twitter_misc":{"Gesch\u00e4tzte Lesezeit":"1\u00a0Minute"},"schema":{"@context":"https:\/\/schema.org","@graph":[{"@type":"WebPage","@id":"https:\/\/marktxxl.de\/markt\/produkt\/bluey-nachthemd-maedchen-kurzarm-nachthemden-fuer-kinder\/","url":"https:\/\/marktxxl.de\/markt\/produkt\/bluey-nachthemd-maedchen-kurzarm-nachthemden-fuer-kinder\/","name":"Bluey Nachthemd M\u00e4dchen Kurzarm | Nachthemden f\u00fcr Kinder - Markt-XXL","isPartOf":{"@id":"https:\/\/marktxxl.de\/markt\/#website"},"primaryImageOfPage":{"@id":"https:\/\/marktxxl.de\/markt\/produkt\/bluey-nachthemd-maedchen-kurzarm-nachthemden-fuer-kinder\/#primaryimage"},"image":{"@id":"https:\/\/marktxxl.de\/markt\/produkt\/bluey-nachthemd-maedchen-kurzarm-nachthemden-fuer-kinder\/#primaryimage"},"thumbnailUrl":"https:\/\/m.media-amazon.com\/images\/I\/41jSmflyZ+L._SL500_.jpg","datePublished":"2024-05-29T12:40:06+00:00","description":"Markt-XXL Bluey Nachthemd M\u00e4dchen Kurzarm | Nachthemden f\u00fcr Kinder","breadcrumb":{"@id":"https:\/\/marktxxl.de\/markt\/produkt\/bluey-nachthemd-maedchen-kurzarm-nachthemden-fuer-kinder\/#breadcrumb"},"inLanguage":"de","potentialAction":[{"@type":"ReadAction","target":["https:\/\/marktxxl.de\/markt\/produkt\/bluey-nachthemd-maedchen-kurzarm-nachthemden-fuer-kinder\/"]}]},{"@type":"ImageObject","inLanguage":"de","@id":"https:\/\/marktxxl.de\/markt\/produkt\/bluey-nachthemd-maedchen-kurzarm-nachthemden-fuer-kinder\/#primaryimage","url":"https:\/\/m.media-amazon.com\/images\/I\/41jSmflyZ+L._SL500_.jpg","contentUrl":"https:\/\/m.media-amazon.com\/images\/I\/41jSmflyZ+L._SL500_.jpg","width":375,"height":500},{"@type":"BreadcrumbList","@id":"https:\/\/marktxxl.de\/markt\/produkt\/bluey-nachthemd-maedchen-kurzarm-nachthemden-fuer-kinder\/#breadcrumb","itemListElement":[{"@type":"ListItem","position":1,"name":"Startseite","item":"https:\/\/marktxxl.de\/markt\/"},{"@type":"ListItem","position":2,"name":"Markt","item":"https:\/\/marktxxl.de\/markt\/"},{"@type":"ListItem","position":3,"name":"Bluey Nachthemd M\u00e4dchen Kurzarm | Nachthemden f\u00fcr Kinder"}]},{"@type":"WebSite","@id":"https:\/\/marktxxl.de\/markt\/#website","url":"https:\/\/marktxxl.de\/markt\/","name":"Markt-XXL","description":"Ihr Markt Online","publisher":{"@id":"https:\/\/marktxxl.de\/markt\/#organization"},"potentialAction":[{"@type":"SearchAction","target":{"@type":"EntryPoint","urlTemplate":"https:\/\/marktxxl.de\/markt\/?s={search_term_string}"},"query-input":{"@type":"PropertyValueSpecification","valueRequired":true,"valueName":"search_term_string"}}],"inLanguage":"de"},{"@type":"Organization","@id":"https:\/\/marktxxl.de\/markt\/#organization","name":"Markt-XXL","url":"https:\/\/marktxxl.de\/markt\/","logo":{"@type":"ImageObject","inLanguage":"de","@id":"https:\/\/marktxxl.de\/markt\/#\/schema\/logo\/image\/","url":"https:\/\/marktxxl.de\/markt\/wp-content\/uploads\/sites\/3\/2020\/12\/logo.png","contentUrl":"https:\/\/marktxxl.de\/markt\/wp-content\/uploads\/sites\/3\/2020\/12\/logo.png","width":200,"height":70,"caption":"Markt-XXL"},"image":{"@id":"https:\/\/marktxxl.de\/markt\/#\/schema\/logo\/image\/"}}]}},"_links":{"self":[{"href":"https:\/\/marktxxl.de\/markt\/wp-json\/wp\/v2\/product\/210234","targetHints":{"allow":["GET"]}}],"collection":[{"href":"https:\/\/marktxxl.de\/markt\/wp-json\/wp\/v2\/product"}],"about":[{"href":"https:\/\/marktxxl.de\/markt\/wp-json\/wp\/v2\/types\/product"}],"replies":[{"embeddable":true,"href":"https:\/\/marktxxl.de\/markt\/wp-json\/wp\/v2\/comments?post=210234"}],"wp:featuredmedia":[{"embeddable":true,"href":"https:\/\/marktxxl.de\/markt\/wp-json\/wp\/v2\/media\/210235"}],"wp:attachment":[{"href":"https:\/\/marktxxl.de\/markt\/wp-json\/wp\/v2\/media?parent=210234"}],"wp:term":[{"taxonomy":"product_brand","embeddable":true,"href":"https:\/\/marktxxl.de\/markt\/wp-json\/wp\/v2\/product_brand?post=210234"},{"taxonomy":"product_cat","embeddable":true,"href":"https:\/\/marktxxl.de\/markt\/wp-json\/wp\/v2\/product_cat?post=210234"},{"taxonomy":"product_tag","embeddable":true,"href":"https:\/\/marktxxl.de\/markt\/wp-json\/wp\/v2\/product_tag?post=210234"}],"curies":[{"name":"wp","href":"https:\/\/api.w.org\/{rel}","templated":true}]}}