{"id":210143,"date":"2024-05-29T14:35:27","date_gmt":"2024-05-29T12:35:27","guid":{"rendered":"https:\/\/marktxxl.de\/markt\/produkt\/justyit-20-stueck-haarspangen-maedchen-ripsband-baby-haarspangen-haarschmuck-maedchen-haarspangen-kinder-fuer-babys-kinder-kleinkinder-teenager-geschenke-in-paaren\/"},"modified":"2024-05-29T14:35:27","modified_gmt":"2024-05-29T12:35:27","slug":"justyit-20-stueck-haarspangen-maedchen-ripsband-baby-haarspangen-haarschmuck-maedchen-haarspangen-kinder-fuer-babys-kinder-kleinkinder-teenager-geschenke-in-paaren","status":"publish","type":"product","link":"https:\/\/marktxxl.de\/markt\/produkt\/justyit-20-stueck-haarspangen-maedchen-ripsband-baby-haarspangen-haarschmuck-maedchen-haarspangen-kinder-fuer-babys-kinder-kleinkinder-teenager-geschenke-in-paaren\/","title":{"rendered":"JustYit 20 St\u00fcck Haarspangen M\u00e4dchen Ripsband Baby Haarspangen Haarschmuck M\u00e4dchen Haarspangen Kinder f\u00fcr Babys Kinder Kleinkinder Teenager Geschenke in Paaren"},"content":{"rendered":"<p>\u265b Sicheres und Rutschfestes Design: Haarspangen m\u00e4dchen klein aus hochwertigem Ripsband, umweltfreundlich und harmlos. B\u00fcgelclips halten Babys Haar fest, ohne es zu rei\u00dfen oder zu schmerzen. Das Herausrutschen der Haare ist nicht einfach. Die Frisur kann den ganzen Tag \u00fcber aufbewahrt werden.<br \/>\n\u265b Ideales Geschenk: Diese farbenfrohen haarspangen m\u00e4dchen sind das perfekte Geschenk f\u00fcr jeden Anlass! Geburtstage, Babyparty, Babygeschenke, Weihnachten und mehr!<br \/>\n\u265b Verschiedene Anl\u00e4sse: Diese haarspangen kinder f\u00fcr die Haare sind wunderbare Fotost\u00fctze f\u00fcr Fotografen, Kinderfotoshooting; verkleiden sich Babys f\u00fcr ihr erstes Fotoshooting. Und sie sind gut verpackt und perfekt als Geschenk f\u00fcr Ihr Baby oder Ihren Freund, der ein Baby hat.<br \/>\n\u265b Mehrere Farben: 20 Farben werden zuf\u00e4llig gesendet, Es gibt 20 Farben, die zu einer Vielzahl von Kleidungsst\u00fccken passen. Sie k\u00f6nnen die Farbe entsprechend der t\u00e4glichen Abnutzung und der Szene ausw\u00e4hlen, sodass Sie in jeder Situation die richtige Mischung finden und Ihr Baby in jeder Hinsicht sch\u00f6n ist Tag.<br \/>\n\u265b Tipps: Haarspangen baby sind angenehm zu tragen und k\u00f6nnen fest auf dem Haar bleiben. Halten Sie diese Haarspangen jedoch vom Mund Ihres Babys fern, um Verletzungen zu vermeiden.<br \/>\n<div class=\"main-cross-sell\" data-asin=\"B08PFF63YP\">\n\n\t<div class=\"WooZone-cross-sell-loader\">\n\t\t<div>\n\t\t\t<div id=\"floatingBarsG\">\n\t\t\t\t<div class=\"blockG\" id=\"rotateG_01\"><\/div>\n\t\t\t\t<div class=\"blockG\" id=\"rotateG_02\"><\/div>\n\t\t\t\t<div class=\"blockG\" id=\"rotateG_03\"><\/div>\n\t\t\t\t<div class=\"blockG\" id=\"rotateG_04\"><\/div>\n\t\t\t\t<div class=\"blockG\" id=\"rotateG_05\"><\/div>\n\t\t\t\t<div class=\"blockG\" id=\"rotateG_06\"><\/div>\n\t\t\t\t<div class=\"blockG\" id=\"rotateG_07\"><\/div>\n\t\t\t\t<div class=\"blockG\" id=\"rotateG_08\"><\/div>\n\t\t\t<\/div>\n\t\t\t<div class=\"WooZone-cross-sell-loader-text\"><\/div>\n\t\t<\/div>\n\t<\/div>\n\n\t\t\n<\/div>\n<div style=\"clear:both;\"><\/div><\/p>\n","protected":false},"excerpt":{"rendered":"<p>\u265b Sicheres und Rutschfestes Design: Haarspangen m\u00e4dchen klein aus hochwertigem Ripsband, umweltfreundlich und harmlos. B\u00fcgelclips halten Babys Haar fest, ohne es zu rei\u00dfen oder zu schmerzen. Das Herausrutschen der Haare ist nicht einfach. Die Frisur kann den ganzen Tag \u00fcber aufbewahrt werden.<br \/>\n\u265b Ideales Geschenk: Diese farbenfrohen haarspangen m\u00e4dchen sind das perfekte Geschenk f\u00fcr jeden Anlass! Geburtstage, Babyparty, Babygeschenke, Weihnachten und mehr!<br \/>\n\u265b Verschiedene Anl\u00e4sse: Diese haarspangen kinder f\u00fcr die Haare sind wunderbare Fotost\u00fctze f\u00fcr Fotografen, Kinderfotoshooting; verkleiden sich Babys f\u00fcr ihr erstes Fotoshooting. Und sie sind gut verpackt und perfekt als Geschenk f\u00fcr Ihr Baby oder Ihren Freund, der ein Baby hat.<\/p>\n","protected":false},"featured_media":210144,"comment_status":"open","ping_status":"closed","template":"","meta":[],"product_brand":[],"product_cat":[2858,6994],"product_tag":[],"class_list":{"0":"post-210143","1":"product","2":"type-product","3":"status-publish","4":"has-post-thumbnail","6":"product_cat-beauty","7":"product_cat-haarpflege-styling","8":"pa_binding-badartikel","9":"pa_brand-justyit","10":"pa_brand-thames-hudson","11":"pa_height-0-0003937-zoll","12":"pa_length-2-95275-zoll","13":"pa_manufacturer-justyit","14":"pa_size-20-stueck-1er-pack","15":"pa_width-0-00295275-zoll","17":"first","18":"instock","19":"shipping-taxable","20":"purchasable","21":"product-type-simple","22":"customify-col","23":"product-has-gallery"},"yoast_head":"<!-- This site is optimized with the Yoast SEO plugin v27.3 - https:\/\/yoast.com\/product\/yoast-seo-wordpress\/ -->\n<title>JustYit 20 St\u00fcck Haarspangen M\u00e4dchen Ripsband Baby Haarspangen Haarschmuck M\u00e4dchen Haarspangen Kinder f\u00fcr Babys Kinder Kleinkinder Teenager Geschenke in Paaren - Markt-XXL<\/title>\n<meta name=\"description\" content=\"Markt-XXL JustYit 20 St\u00fcck Haarspangen M\u00e4dchen Ripsband Baby Haarspangen Haarschmuck M\u00e4dchen Haarspangen Kinder f\u00fcr Babys Kinder Kleinkinder Teenager Geschenke in Paaren\" \/>\n<meta name=\"robots\" content=\"index, follow, max-snippet:-1, max-image-preview:large, max-video-preview:-1\" \/>\n<link rel=\"canonical\" href=\"https:\/\/marktxxl.de\/markt\/produkt\/justyit-20-stueck-haarspangen-maedchen-ripsband-baby-haarspangen-haarschmuck-maedchen-haarspangen-kinder-fuer-babys-kinder-kleinkinder-teenager-geschenke-in-paaren\/\" \/>\n<meta property=\"og:locale\" content=\"de_DE\" \/>\n<meta property=\"og:type\" content=\"article\" \/>\n<meta property=\"og:title\" content=\"JustYit 20 St\u00fcck Haarspangen M\u00e4dchen Ripsband Baby Haarspangen Haarschmuck M\u00e4dchen Haarspangen Kinder f\u00fcr Babys Kinder Kleinkinder Teenager Geschenke in Paaren - Markt-XXL\" \/>\n<meta property=\"og:description\" content=\"Markt-XXL JustYit 20 St\u00fcck Haarspangen M\u00e4dchen Ripsband Baby Haarspangen Haarschmuck M\u00e4dchen Haarspangen Kinder f\u00fcr Babys Kinder Kleinkinder Teenager Geschenke in Paaren\" \/>\n<meta property=\"og:url\" content=\"https:\/\/marktxxl.de\/markt\/produkt\/justyit-20-stueck-haarspangen-maedchen-ripsband-baby-haarspangen-haarschmuck-maedchen-haarspangen-kinder-fuer-babys-kinder-kleinkinder-teenager-geschenke-in-paaren\/\" \/>\n<meta property=\"og:site_name\" content=\"Markt-XXL\" \/>\n<meta name=\"twitter:card\" content=\"summary_large_image\" \/>\n<meta name=\"twitter:label1\" content=\"Gesch\u00e4tzte Lesezeit\" \/>\n\t<meta name=\"twitter:data1\" content=\"1\u00a0Minute\" \/>\n<script type=\"application\/ld+json\" class=\"yoast-schema-graph\">{\"@context\":\"https:\\\/\\\/schema.org\",\"@graph\":[{\"@type\":\"WebPage\",\"@id\":\"https:\\\/\\\/marktxxl.de\\\/markt\\\/produkt\\\/justyit-20-stueck-haarspangen-maedchen-ripsband-baby-haarspangen-haarschmuck-maedchen-haarspangen-kinder-fuer-babys-kinder-kleinkinder-teenager-geschenke-in-paaren\\\/\",\"url\":\"https:\\\/\\\/marktxxl.de\\\/markt\\\/produkt\\\/justyit-20-stueck-haarspangen-maedchen-ripsband-baby-haarspangen-haarschmuck-maedchen-haarspangen-kinder-fuer-babys-kinder-kleinkinder-teenager-geschenke-in-paaren\\\/\",\"name\":\"JustYit 20 St\u00fcck Haarspangen M\u00e4dchen Ripsband Baby Haarspangen Haarschmuck M\u00e4dchen Haarspangen Kinder f\u00fcr Babys Kinder Kleinkinder Teenager Geschenke in Paaren - Markt-XXL\",\"isPartOf\":{\"@id\":\"https:\\\/\\\/marktxxl.de\\\/markt\\\/#website\"},\"primaryImageOfPage\":{\"@id\":\"https:\\\/\\\/marktxxl.de\\\/markt\\\/produkt\\\/justyit-20-stueck-haarspangen-maedchen-ripsband-baby-haarspangen-haarschmuck-maedchen-haarspangen-kinder-fuer-babys-kinder-kleinkinder-teenager-geschenke-in-paaren\\\/#primaryimage\"},\"image\":{\"@id\":\"https:\\\/\\\/marktxxl.de\\\/markt\\\/produkt\\\/justyit-20-stueck-haarspangen-maedchen-ripsband-baby-haarspangen-haarschmuck-maedchen-haarspangen-kinder-fuer-babys-kinder-kleinkinder-teenager-geschenke-in-paaren\\\/#primaryimage\"},\"thumbnailUrl\":\"https:\\\/\\\/m.media-amazon.com\\\/images\\\/I\\\/51zRgieTElL._SL500_.jpg\",\"datePublished\":\"2024-05-29T12:35:27+00:00\",\"description\":\"Markt-XXL JustYit 20 St\u00fcck Haarspangen M\u00e4dchen Ripsband Baby Haarspangen Haarschmuck M\u00e4dchen Haarspangen Kinder f\u00fcr Babys Kinder Kleinkinder Teenager Geschenke in Paaren\",\"breadcrumb\":{\"@id\":\"https:\\\/\\\/marktxxl.de\\\/markt\\\/produkt\\\/justyit-20-stueck-haarspangen-maedchen-ripsband-baby-haarspangen-haarschmuck-maedchen-haarspangen-kinder-fuer-babys-kinder-kleinkinder-teenager-geschenke-in-paaren\\\/#breadcrumb\"},\"inLanguage\":\"de\",\"potentialAction\":[{\"@type\":\"ReadAction\",\"target\":[\"https:\\\/\\\/marktxxl.de\\\/markt\\\/produkt\\\/justyit-20-stueck-haarspangen-maedchen-ripsband-baby-haarspangen-haarschmuck-maedchen-haarspangen-kinder-fuer-babys-kinder-kleinkinder-teenager-geschenke-in-paaren\\\/\"]}]},{\"@type\":\"ImageObject\",\"inLanguage\":\"de\",\"@id\":\"https:\\\/\\\/marktxxl.de\\\/markt\\\/produkt\\\/justyit-20-stueck-haarspangen-maedchen-ripsband-baby-haarspangen-haarschmuck-maedchen-haarspangen-kinder-fuer-babys-kinder-kleinkinder-teenager-geschenke-in-paaren\\\/#primaryimage\",\"url\":\"https:\\\/\\\/m.media-amazon.com\\\/images\\\/I\\\/51zRgieTElL._SL500_.jpg\",\"contentUrl\":\"https:\\\/\\\/m.media-amazon.com\\\/images\\\/I\\\/51zRgieTElL._SL500_.jpg\",\"width\":500,\"height\":500},{\"@type\":\"BreadcrumbList\",\"@id\":\"https:\\\/\\\/marktxxl.de\\\/markt\\\/produkt\\\/justyit-20-stueck-haarspangen-maedchen-ripsband-baby-haarspangen-haarschmuck-maedchen-haarspangen-kinder-fuer-babys-kinder-kleinkinder-teenager-geschenke-in-paaren\\\/#breadcrumb\",\"itemListElement\":[{\"@type\":\"ListItem\",\"position\":1,\"name\":\"Startseite\",\"item\":\"https:\\\/\\\/marktxxl.de\\\/markt\\\/\"},{\"@type\":\"ListItem\",\"position\":2,\"name\":\"Markt\",\"item\":\"https:\\\/\\\/marktxxl.de\\\/markt\\\/\"},{\"@type\":\"ListItem\",\"position\":3,\"name\":\"JustYit 20 St\u00fcck Haarspangen M\u00e4dchen Ripsband Baby Haarspangen Haarschmuck M\u00e4dchen Haarspangen Kinder f\u00fcr Babys Kinder Kleinkinder Teenager Geschenke in Paaren\"}]},{\"@type\":\"WebSite\",\"@id\":\"https:\\\/\\\/marktxxl.de\\\/markt\\\/#website\",\"url\":\"https:\\\/\\\/marktxxl.de\\\/markt\\\/\",\"name\":\"Markt-XXL\",\"description\":\"Ihr Markt Online\",\"publisher\":{\"@id\":\"https:\\\/\\\/marktxxl.de\\\/markt\\\/#organization\"},\"potentialAction\":[{\"@type\":\"SearchAction\",\"target\":{\"@type\":\"EntryPoint\",\"urlTemplate\":\"https:\\\/\\\/marktxxl.de\\\/markt\\\/?s={search_term_string}\"},\"query-input\":{\"@type\":\"PropertyValueSpecification\",\"valueRequired\":true,\"valueName\":\"search_term_string\"}}],\"inLanguage\":\"de\"},{\"@type\":\"Organization\",\"@id\":\"https:\\\/\\\/marktxxl.de\\\/markt\\\/#organization\",\"name\":\"Markt-XXL\",\"url\":\"https:\\\/\\\/marktxxl.de\\\/markt\\\/\",\"logo\":{\"@type\":\"ImageObject\",\"inLanguage\":\"de\",\"@id\":\"https:\\\/\\\/marktxxl.de\\\/markt\\\/#\\\/schema\\\/logo\\\/image\\\/\",\"url\":\"https:\\\/\\\/marktxxl.de\\\/markt\\\/wp-content\\\/uploads\\\/sites\\\/3\\\/2020\\\/12\\\/logo.png\",\"contentUrl\":\"https:\\\/\\\/marktxxl.de\\\/markt\\\/wp-content\\\/uploads\\\/sites\\\/3\\\/2020\\\/12\\\/logo.png\",\"width\":200,\"height\":70,\"caption\":\"Markt-XXL\"},\"image\":{\"@id\":\"https:\\\/\\\/marktxxl.de\\\/markt\\\/#\\\/schema\\\/logo\\\/image\\\/\"}}]}<\/script>\n<!-- \/ Yoast SEO plugin. -->","yoast_head_json":{"title":"JustYit 20 St\u00fcck Haarspangen M\u00e4dchen Ripsband Baby Haarspangen Haarschmuck M\u00e4dchen Haarspangen Kinder f\u00fcr Babys Kinder Kleinkinder Teenager Geschenke in Paaren - Markt-XXL","description":"Markt-XXL JustYit 20 St\u00fcck Haarspangen M\u00e4dchen Ripsband Baby Haarspangen Haarschmuck M\u00e4dchen Haarspangen Kinder f\u00fcr Babys Kinder Kleinkinder Teenager Geschenke in Paaren","robots":{"index":"index","follow":"follow","max-snippet":"max-snippet:-1","max-image-preview":"max-image-preview:large","max-video-preview":"max-video-preview:-1"},"canonical":"https:\/\/marktxxl.de\/markt\/produkt\/justyit-20-stueck-haarspangen-maedchen-ripsband-baby-haarspangen-haarschmuck-maedchen-haarspangen-kinder-fuer-babys-kinder-kleinkinder-teenager-geschenke-in-paaren\/","og_locale":"de_DE","og_type":"article","og_title":"JustYit 20 St\u00fcck Haarspangen M\u00e4dchen Ripsband Baby Haarspangen Haarschmuck M\u00e4dchen Haarspangen Kinder f\u00fcr Babys Kinder Kleinkinder Teenager Geschenke in Paaren - Markt-XXL","og_description":"Markt-XXL JustYit 20 St\u00fcck Haarspangen M\u00e4dchen Ripsband Baby Haarspangen Haarschmuck M\u00e4dchen Haarspangen Kinder f\u00fcr Babys Kinder Kleinkinder Teenager Geschenke in Paaren","og_url":"https:\/\/marktxxl.de\/markt\/produkt\/justyit-20-stueck-haarspangen-maedchen-ripsband-baby-haarspangen-haarschmuck-maedchen-haarspangen-kinder-fuer-babys-kinder-kleinkinder-teenager-geschenke-in-paaren\/","og_site_name":"Markt-XXL","twitter_card":"summary_large_image","twitter_misc":{"Gesch\u00e4tzte Lesezeit":"1\u00a0Minute"},"schema":{"@context":"https:\/\/schema.org","@graph":[{"@type":"WebPage","@id":"https:\/\/marktxxl.de\/markt\/produkt\/justyit-20-stueck-haarspangen-maedchen-ripsband-baby-haarspangen-haarschmuck-maedchen-haarspangen-kinder-fuer-babys-kinder-kleinkinder-teenager-geschenke-in-paaren\/","url":"https:\/\/marktxxl.de\/markt\/produkt\/justyit-20-stueck-haarspangen-maedchen-ripsband-baby-haarspangen-haarschmuck-maedchen-haarspangen-kinder-fuer-babys-kinder-kleinkinder-teenager-geschenke-in-paaren\/","name":"JustYit 20 St\u00fcck Haarspangen M\u00e4dchen Ripsband Baby Haarspangen Haarschmuck M\u00e4dchen Haarspangen Kinder f\u00fcr Babys Kinder Kleinkinder Teenager Geschenke in Paaren - Markt-XXL","isPartOf":{"@id":"https:\/\/marktxxl.de\/markt\/#website"},"primaryImageOfPage":{"@id":"https:\/\/marktxxl.de\/markt\/produkt\/justyit-20-stueck-haarspangen-maedchen-ripsband-baby-haarspangen-haarschmuck-maedchen-haarspangen-kinder-fuer-babys-kinder-kleinkinder-teenager-geschenke-in-paaren\/#primaryimage"},"image":{"@id":"https:\/\/marktxxl.de\/markt\/produkt\/justyit-20-stueck-haarspangen-maedchen-ripsband-baby-haarspangen-haarschmuck-maedchen-haarspangen-kinder-fuer-babys-kinder-kleinkinder-teenager-geschenke-in-paaren\/#primaryimage"},"thumbnailUrl":"https:\/\/m.media-amazon.com\/images\/I\/51zRgieTElL._SL500_.jpg","datePublished":"2024-05-29T12:35:27+00:00","description":"Markt-XXL JustYit 20 St\u00fcck Haarspangen M\u00e4dchen Ripsband Baby Haarspangen Haarschmuck M\u00e4dchen Haarspangen Kinder f\u00fcr Babys Kinder Kleinkinder Teenager Geschenke in Paaren","breadcrumb":{"@id":"https:\/\/marktxxl.de\/markt\/produkt\/justyit-20-stueck-haarspangen-maedchen-ripsband-baby-haarspangen-haarschmuck-maedchen-haarspangen-kinder-fuer-babys-kinder-kleinkinder-teenager-geschenke-in-paaren\/#breadcrumb"},"inLanguage":"de","potentialAction":[{"@type":"ReadAction","target":["https:\/\/marktxxl.de\/markt\/produkt\/justyit-20-stueck-haarspangen-maedchen-ripsband-baby-haarspangen-haarschmuck-maedchen-haarspangen-kinder-fuer-babys-kinder-kleinkinder-teenager-geschenke-in-paaren\/"]}]},{"@type":"ImageObject","inLanguage":"de","@id":"https:\/\/marktxxl.de\/markt\/produkt\/justyit-20-stueck-haarspangen-maedchen-ripsband-baby-haarspangen-haarschmuck-maedchen-haarspangen-kinder-fuer-babys-kinder-kleinkinder-teenager-geschenke-in-paaren\/#primaryimage","url":"https:\/\/m.media-amazon.com\/images\/I\/51zRgieTElL._SL500_.jpg","contentUrl":"https:\/\/m.media-amazon.com\/images\/I\/51zRgieTElL._SL500_.jpg","width":500,"height":500},{"@type":"BreadcrumbList","@id":"https:\/\/marktxxl.de\/markt\/produkt\/justyit-20-stueck-haarspangen-maedchen-ripsband-baby-haarspangen-haarschmuck-maedchen-haarspangen-kinder-fuer-babys-kinder-kleinkinder-teenager-geschenke-in-paaren\/#breadcrumb","itemListElement":[{"@type":"ListItem","position":1,"name":"Startseite","item":"https:\/\/marktxxl.de\/markt\/"},{"@type":"ListItem","position":2,"name":"Markt","item":"https:\/\/marktxxl.de\/markt\/"},{"@type":"ListItem","position":3,"name":"JustYit 20 St\u00fcck Haarspangen M\u00e4dchen Ripsband Baby Haarspangen Haarschmuck M\u00e4dchen Haarspangen Kinder f\u00fcr Babys Kinder Kleinkinder Teenager Geschenke in Paaren"}]},{"@type":"WebSite","@id":"https:\/\/marktxxl.de\/markt\/#website","url":"https:\/\/marktxxl.de\/markt\/","name":"Markt-XXL","description":"Ihr Markt Online","publisher":{"@id":"https:\/\/marktxxl.de\/markt\/#organization"},"potentialAction":[{"@type":"SearchAction","target":{"@type":"EntryPoint","urlTemplate":"https:\/\/marktxxl.de\/markt\/?s={search_term_string}"},"query-input":{"@type":"PropertyValueSpecification","valueRequired":true,"valueName":"search_term_string"}}],"inLanguage":"de"},{"@type":"Organization","@id":"https:\/\/marktxxl.de\/markt\/#organization","name":"Markt-XXL","url":"https:\/\/marktxxl.de\/markt\/","logo":{"@type":"ImageObject","inLanguage":"de","@id":"https:\/\/marktxxl.de\/markt\/#\/schema\/logo\/image\/","url":"https:\/\/marktxxl.de\/markt\/wp-content\/uploads\/sites\/3\/2020\/12\/logo.png","contentUrl":"https:\/\/marktxxl.de\/markt\/wp-content\/uploads\/sites\/3\/2020\/12\/logo.png","width":200,"height":70,"caption":"Markt-XXL"},"image":{"@id":"https:\/\/marktxxl.de\/markt\/#\/schema\/logo\/image\/"}}]}},"_links":{"self":[{"href":"https:\/\/marktxxl.de\/markt\/wp-json\/wp\/v2\/product\/210143","targetHints":{"allow":["GET"]}}],"collection":[{"href":"https:\/\/marktxxl.de\/markt\/wp-json\/wp\/v2\/product"}],"about":[{"href":"https:\/\/marktxxl.de\/markt\/wp-json\/wp\/v2\/types\/product"}],"replies":[{"embeddable":true,"href":"https:\/\/marktxxl.de\/markt\/wp-json\/wp\/v2\/comments?post=210143"}],"wp:featuredmedia":[{"embeddable":true,"href":"https:\/\/marktxxl.de\/markt\/wp-json\/wp\/v2\/media\/210144"}],"wp:attachment":[{"href":"https:\/\/marktxxl.de\/markt\/wp-json\/wp\/v2\/media?parent=210143"}],"wp:term":[{"taxonomy":"product_brand","embeddable":true,"href":"https:\/\/marktxxl.de\/markt\/wp-json\/wp\/v2\/product_brand?post=210143"},{"taxonomy":"product_cat","embeddable":true,"href":"https:\/\/marktxxl.de\/markt\/wp-json\/wp\/v2\/product_cat?post=210143"},{"taxonomy":"product_tag","embeddable":true,"href":"https:\/\/marktxxl.de\/markt\/wp-json\/wp\/v2\/product_tag?post=210143"}],"curies":[{"name":"wp","href":"https:\/\/api.w.org\/{rel}","templated":true}]}}