{"id":209404,"date":"2024-05-29T13:46:48","date_gmt":"2024-05-29T11:46:48","guid":{"rendered":"https:\/\/marktxxl.de\/markt\/produkt\/led-spiegelleuchte-hollywood-schminklicht-fuer-spiegel-mit-usb-kabel-10-dimmbar-make-up-licht-beauty-leuchte-beleuchtung-led-spiegellampe-fuer-schminktisch-kosmetikspiegel-badzimmer-spiegel\/"},"modified":"2024-05-29T13:46:48","modified_gmt":"2024-05-29T11:46:48","slug":"led-spiegelleuchte-hollywood-schminklicht-fuer-spiegel-mit-usb-kabel-10-dimmbar-make-up-licht-beauty-leuchte-beleuchtung-led-spiegellampe-fuer-schminktisch-kosmetikspiegel-badzimmer-spiegel","status":"publish","type":"product","link":"https:\/\/marktxxl.de\/markt\/produkt\/led-spiegelleuchte-hollywood-schminklicht-fuer-spiegel-mit-usb-kabel-10-dimmbar-make-up-licht-beauty-leuchte-beleuchtung-led-spiegellampe-fuer-schminktisch-kosmetikspiegel-badzimmer-spiegel\/","title":{"rendered":"Led Spiegelleuchte, Hollywood Schminklicht f\u00fcr Spiegel mit USB Kabel, 10 Dimmbar Make Up Licht Beauty Leuchte Beleuchtung LED Spiegellampe f\u00fcr Schminktisch Kosmetikspiegel Badzimmer Spiegel"},"content":{"rendered":"<p>Einstellbarer L\u00e4nge: 16,4 Fu\u00df langes Beleuchtungsset. Der Draht ist einziehbar, wodurch der freie Abstand zwischen zwei Leuchten eingestellt wird (0\u201333 cm). Der zus\u00e4tzliche Draht kann durch Drehen des Lampenschirms im Sockel der Gl\u00fchbirne versteckt werden, um Ihrem beleuchteten Kosmetikspiegel ein sch\u00f6nes und ordentliches Aussehen zu verleihen.<br \/>\nFarbtemperatur und Helligkeit Einstellbar: Dimmbare LED Spiegellampe mit Schalter. Drei Farbtemperaturen verf\u00fcgbar: Warmwei\u00df\/Neutral\/Kaltwei\u00df. 10 Helligkeitsstufen optional 10%\u2013100%, um den Beleuchtungsbed\u00fcrfnissen verschiedener Umgebungen gerecht zu werden. Entspannen Sie sich beim Schminken unter der idealen Lichtfarbe und pr\u00e4sentieren Sie ein perfektes Make-up.<br \/>\nPassend f\u00fcr Meisten Spiegel: Kann auf Glasoberfl\u00e4chen, Holz- oder Metallrahmen haften. Die Gesamtl\u00e4nge betr\u00e4gt 5 Meter und Sie k\u00f6nnen die Gl\u00fchbirnen drehen, um den Draht anzupassen. Jedes Set enth\u00e4lt 10 Gl\u00fchbirnen, aber Sie k\u00f6nnen die zus\u00e4tzlichen Gl\u00fchbirnen abschneiden, wenn Sie sie nicht ben\u00f6tigen.<br \/>\nEinfache und Stressfreie Installation: Keine Montage. Mit stark haftenden doppelseitigen Klebeb\u00e4ndern kleben Sie die Spiegellampe in wenigen Minuten auf den Spiegel. USB-Anschluss, es kann \u00fcber einen Adapter oder eine Powerbank (nicht im Lieferumfang enthalten) an die Stromversorgung angeschlossen werden.<br \/>\nPerfektes Geschenk: Hollywood Spiegelleuchten in einer Box sind das beste Geschenk f\u00fcr ein besonderes Festival f\u00fcr Familie oder Freunde. Schminkspiegel Makeup Lampe f\u00fcr Make-up, Fotoshooting, Selfies machen, F\u00fclllicht, Stimmungslichter, Wandbeleuchtung und Selfies sowie zur Dekoration Ihres Wohnzimmers, Ihrer Veranda, Ihres Flurs, Ihres Ankleidezimmers und Ihres Badezimmers.<br \/>\n<div class=\"main-cross-sell\" data-asin=\"B0CHS482DY\">\n\n\t<div class=\"WooZone-cross-sell-loader\">\n\t\t<div>\n\t\t\t<div id=\"floatingBarsG\">\n\t\t\t\t<div class=\"blockG\" id=\"rotateG_01\"><\/div>\n\t\t\t\t<div class=\"blockG\" id=\"rotateG_02\"><\/div>\n\t\t\t\t<div class=\"blockG\" id=\"rotateG_03\"><\/div>\n\t\t\t\t<div class=\"blockG\" id=\"rotateG_04\"><\/div>\n\t\t\t\t<div class=\"blockG\" id=\"rotateG_05\"><\/div>\n\t\t\t\t<div class=\"blockG\" id=\"rotateG_06\"><\/div>\n\t\t\t\t<div class=\"blockG\" id=\"rotateG_07\"><\/div>\n\t\t\t\t<div class=\"blockG\" id=\"rotateG_08\"><\/div>\n\t\t\t<\/div>\n\t\t\t<div class=\"WooZone-cross-sell-loader-text\"><\/div>\n\t\t<\/div>\n\t<\/div>\n\n\t\t\n<\/div>\n<div style=\"clear:both;\"><\/div><\/p>\n","protected":false},"excerpt":{"rendered":"<p>Einstellbarer L\u00e4nge: 16,4 Fu\u00df langes Beleuchtungsset. Der Draht ist einziehbar, wodurch der freie Abstand zwischen zwei Leuchten eingestellt wird (0\u201333 cm). Der zus\u00e4tzliche Draht kann durch Drehen des Lampenschirms im Sockel der Gl\u00fchbirne versteckt werden, um Ihrem beleuchteten Kosmetikspiegel ein sch\u00f6nes und ordentliches Aussehen zu verleihen.<br \/>\nFarbtemperatur und Helligkeit Einstellbar: Dimmbare LED Spiegellampe mit Schalter. Drei Farbtemperaturen verf\u00fcgbar: Warmwei\u00df\/Neutral\/Kaltwei\u00df. 10 Helligkeitsstufen optional 10%\u2013100%, um den Beleuchtungsbed\u00fcrfnissen verschiedener Umgebungen gerecht zu werden. Entspannen Sie sich beim Schminken unter der idealen Lichtfarbe und pr\u00e4sentieren Sie ein perfektes Make-up.<br \/>\nPassend f\u00fcr Meisten Spiegel: Kann auf Glasoberfl\u00e4chen, Holz- oder Metallrahmen haften. Die Gesamtl\u00e4nge betr\u00e4gt 5 Meter und Sie k\u00f6nnen die Gl\u00fchbirnen drehen, um den Draht anzupassen. Jedes Set enth\u00e4lt 10 Gl\u00fchbirnen, aber Sie k\u00f6nnen die zus\u00e4tzlichen Gl\u00fchbirnen abschneiden, wenn Sie sie nicht ben\u00f6tigen.<\/p>\n","protected":false},"featured_media":209405,"comment_status":"open","ping_status":"closed","template":"","meta":[],"product_brand":[],"product_cat":[11474,2108],"product_tag":[],"class_list":{"0":"post-209404","1":"product","2":"type-product","3":"status-publish","4":"has-post-thumbnail","6":"product_cat-bad-beleuchtung","7":"product_cat-beleuchtung","8":"pa_binding-haushaltswaren","9":"pa_brand-unisun","10":"pa_color-weiss","11":"pa_height-2-2047244072-zoll","12":"pa_length-7-87401574-zoll","13":"pa_manufacturer-unisun","14":"pa_model-jm-dn520","15":"pa_weight-0-5291094288-pounds","16":"pa_width-5-511811018-zoll","18":"first","19":"instock","20":"sale","21":"shipping-taxable","22":"purchasable","23":"product-type-simple","24":"customify-col","25":"product-has-gallery"},"yoast_head":"<!-- This site is optimized with the Yoast SEO plugin v27.4 - https:\/\/yoast.com\/product\/yoast-seo-wordpress\/ -->\n<title>Led Spiegelleuchte, Hollywood Schminklicht f\u00fcr Spiegel mit USB Kabel, 10 Dimmbar Make Up Licht Beauty Leuchte Beleuchtung LED Spiegellampe f\u00fcr Schminktisch Kosmetikspiegel Badzimmer Spiegel - Markt-XXL<\/title>\n<meta name=\"description\" content=\"Markt-XXL Led Spiegelleuchte, Hollywood Schminklicht f\u00fcr Spiegel mit USB Kabel, 10 Dimmbar Make Up Licht Beauty Leuchte Beleuchtung LED Spiegellampe f\u00fcr Schminktisch Kosmetikspiegel Badzimmer Spiegel\" \/>\n<meta name=\"robots\" content=\"index, follow, max-snippet:-1, max-image-preview:large, max-video-preview:-1\" \/>\n<link rel=\"canonical\" href=\"https:\/\/marktxxl.de\/markt\/produkt\/led-spiegelleuchte-hollywood-schminklicht-fuer-spiegel-mit-usb-kabel-10-dimmbar-make-up-licht-beauty-leuchte-beleuchtung-led-spiegellampe-fuer-schminktisch-kosmetikspiegel-badzimmer-spiegel\/\" \/>\n<meta property=\"og:locale\" content=\"de_DE\" \/>\n<meta property=\"og:type\" content=\"article\" \/>\n<meta property=\"og:title\" content=\"Led Spiegelleuchte, Hollywood Schminklicht f\u00fcr Spiegel mit USB Kabel, 10 Dimmbar Make Up Licht Beauty Leuchte Beleuchtung LED Spiegellampe f\u00fcr Schminktisch Kosmetikspiegel Badzimmer Spiegel - Markt-XXL\" \/>\n<meta property=\"og:description\" content=\"Markt-XXL Led Spiegelleuchte, Hollywood Schminklicht f\u00fcr Spiegel mit USB Kabel, 10 Dimmbar Make Up Licht Beauty Leuchte Beleuchtung LED Spiegellampe f\u00fcr Schminktisch Kosmetikspiegel Badzimmer Spiegel\" \/>\n<meta property=\"og:url\" content=\"https:\/\/marktxxl.de\/markt\/produkt\/led-spiegelleuchte-hollywood-schminklicht-fuer-spiegel-mit-usb-kabel-10-dimmbar-make-up-licht-beauty-leuchte-beleuchtung-led-spiegellampe-fuer-schminktisch-kosmetikspiegel-badzimmer-spiegel\/\" \/>\n<meta property=\"og:site_name\" content=\"Markt-XXL\" \/>\n<meta name=\"twitter:card\" content=\"summary_large_image\" \/>\n<meta name=\"twitter:label1\" content=\"Gesch\u00e4tzte Lesezeit\" \/>\n\t<meta name=\"twitter:data1\" content=\"1\u00a0Minute\" \/>\n<script type=\"application\/ld+json\" class=\"yoast-schema-graph\">{\"@context\":\"https:\\\/\\\/schema.org\",\"@graph\":[{\"@type\":\"WebPage\",\"@id\":\"https:\\\/\\\/marktxxl.de\\\/markt\\\/produkt\\\/led-spiegelleuchte-hollywood-schminklicht-fuer-spiegel-mit-usb-kabel-10-dimmbar-make-up-licht-beauty-leuchte-beleuchtung-led-spiegellampe-fuer-schminktisch-kosmetikspiegel-badzimmer-spiegel\\\/\",\"url\":\"https:\\\/\\\/marktxxl.de\\\/markt\\\/produkt\\\/led-spiegelleuchte-hollywood-schminklicht-fuer-spiegel-mit-usb-kabel-10-dimmbar-make-up-licht-beauty-leuchte-beleuchtung-led-spiegellampe-fuer-schminktisch-kosmetikspiegel-badzimmer-spiegel\\\/\",\"name\":\"Led Spiegelleuchte, Hollywood Schminklicht f\u00fcr Spiegel mit USB Kabel, 10 Dimmbar Make Up Licht Beauty Leuchte Beleuchtung LED Spiegellampe f\u00fcr Schminktisch Kosmetikspiegel Badzimmer Spiegel - Markt-XXL\",\"isPartOf\":{\"@id\":\"https:\\\/\\\/marktxxl.de\\\/markt\\\/#website\"},\"primaryImageOfPage\":{\"@id\":\"https:\\\/\\\/marktxxl.de\\\/markt\\\/produkt\\\/led-spiegelleuchte-hollywood-schminklicht-fuer-spiegel-mit-usb-kabel-10-dimmbar-make-up-licht-beauty-leuchte-beleuchtung-led-spiegellampe-fuer-schminktisch-kosmetikspiegel-badzimmer-spiegel\\\/#primaryimage\"},\"image\":{\"@id\":\"https:\\\/\\\/marktxxl.de\\\/markt\\\/produkt\\\/led-spiegelleuchte-hollywood-schminklicht-fuer-spiegel-mit-usb-kabel-10-dimmbar-make-up-licht-beauty-leuchte-beleuchtung-led-spiegellampe-fuer-schminktisch-kosmetikspiegel-badzimmer-spiegel\\\/#primaryimage\"},\"thumbnailUrl\":\"https:\\\/\\\/m.media-amazon.com\\\/images\\\/I\\\/41VzLJe5XxL._SL500_.jpg\",\"datePublished\":\"2024-05-29T11:46:48+00:00\",\"description\":\"Markt-XXL Led Spiegelleuchte, Hollywood Schminklicht f\u00fcr Spiegel mit USB Kabel, 10 Dimmbar Make Up Licht Beauty Leuchte Beleuchtung LED Spiegellampe f\u00fcr Schminktisch Kosmetikspiegel Badzimmer Spiegel\",\"breadcrumb\":{\"@id\":\"https:\\\/\\\/marktxxl.de\\\/markt\\\/produkt\\\/led-spiegelleuchte-hollywood-schminklicht-fuer-spiegel-mit-usb-kabel-10-dimmbar-make-up-licht-beauty-leuchte-beleuchtung-led-spiegellampe-fuer-schminktisch-kosmetikspiegel-badzimmer-spiegel\\\/#breadcrumb\"},\"inLanguage\":\"de\",\"potentialAction\":[{\"@type\":\"ReadAction\",\"target\":[\"https:\\\/\\\/marktxxl.de\\\/markt\\\/produkt\\\/led-spiegelleuchte-hollywood-schminklicht-fuer-spiegel-mit-usb-kabel-10-dimmbar-make-up-licht-beauty-leuchte-beleuchtung-led-spiegellampe-fuer-schminktisch-kosmetikspiegel-badzimmer-spiegel\\\/\"]}]},{\"@type\":\"ImageObject\",\"inLanguage\":\"de\",\"@id\":\"https:\\\/\\\/marktxxl.de\\\/markt\\\/produkt\\\/led-spiegelleuchte-hollywood-schminklicht-fuer-spiegel-mit-usb-kabel-10-dimmbar-make-up-licht-beauty-leuchte-beleuchtung-led-spiegellampe-fuer-schminktisch-kosmetikspiegel-badzimmer-spiegel\\\/#primaryimage\",\"url\":\"https:\\\/\\\/m.media-amazon.com\\\/images\\\/I\\\/41VzLJe5XxL._SL500_.jpg\",\"contentUrl\":\"https:\\\/\\\/m.media-amazon.com\\\/images\\\/I\\\/41VzLJe5XxL._SL500_.jpg\",\"width\":500,\"height\":500},{\"@type\":\"BreadcrumbList\",\"@id\":\"https:\\\/\\\/marktxxl.de\\\/markt\\\/produkt\\\/led-spiegelleuchte-hollywood-schminklicht-fuer-spiegel-mit-usb-kabel-10-dimmbar-make-up-licht-beauty-leuchte-beleuchtung-led-spiegellampe-fuer-schminktisch-kosmetikspiegel-badzimmer-spiegel\\\/#breadcrumb\",\"itemListElement\":[{\"@type\":\"ListItem\",\"position\":1,\"name\":\"Startseite\",\"item\":\"https:\\\/\\\/marktxxl.de\\\/markt\\\/\"},{\"@type\":\"ListItem\",\"position\":2,\"name\":\"Markt\",\"item\":\"https:\\\/\\\/marktxxl.de\\\/markt\\\/\"},{\"@type\":\"ListItem\",\"position\":3,\"name\":\"Led Spiegelleuchte, Hollywood Schminklicht f\u00fcr Spiegel mit USB Kabel, 10 Dimmbar Make Up Licht Beauty Leuchte Beleuchtung LED Spiegellampe f\u00fcr Schminktisch Kosmetikspiegel Badzimmer Spiegel\"}]},{\"@type\":\"WebSite\",\"@id\":\"https:\\\/\\\/marktxxl.de\\\/markt\\\/#website\",\"url\":\"https:\\\/\\\/marktxxl.de\\\/markt\\\/\",\"name\":\"Markt-XXL\",\"description\":\"Ihr Markt Online\",\"publisher\":{\"@id\":\"https:\\\/\\\/marktxxl.de\\\/markt\\\/#organization\"},\"potentialAction\":[{\"@type\":\"SearchAction\",\"target\":{\"@type\":\"EntryPoint\",\"urlTemplate\":\"https:\\\/\\\/marktxxl.de\\\/markt\\\/?s={search_term_string}\"},\"query-input\":{\"@type\":\"PropertyValueSpecification\",\"valueRequired\":true,\"valueName\":\"search_term_string\"}}],\"inLanguage\":\"de\"},{\"@type\":\"Organization\",\"@id\":\"https:\\\/\\\/marktxxl.de\\\/markt\\\/#organization\",\"name\":\"Markt-XXL\",\"url\":\"https:\\\/\\\/marktxxl.de\\\/markt\\\/\",\"logo\":{\"@type\":\"ImageObject\",\"inLanguage\":\"de\",\"@id\":\"https:\\\/\\\/marktxxl.de\\\/markt\\\/#\\\/schema\\\/logo\\\/image\\\/\",\"url\":\"https:\\\/\\\/marktxxl.de\\\/markt\\\/wp-content\\\/uploads\\\/sites\\\/3\\\/2020\\\/12\\\/logo.png\",\"contentUrl\":\"https:\\\/\\\/marktxxl.de\\\/markt\\\/wp-content\\\/uploads\\\/sites\\\/3\\\/2020\\\/12\\\/logo.png\",\"width\":200,\"height\":70,\"caption\":\"Markt-XXL\"},\"image\":{\"@id\":\"https:\\\/\\\/marktxxl.de\\\/markt\\\/#\\\/schema\\\/logo\\\/image\\\/\"}}]}<\/script>\n<!-- \/ Yoast SEO plugin. -->","yoast_head_json":{"title":"Led Spiegelleuchte, Hollywood Schminklicht f\u00fcr Spiegel mit USB Kabel, 10 Dimmbar Make Up Licht Beauty Leuchte Beleuchtung LED Spiegellampe f\u00fcr Schminktisch Kosmetikspiegel Badzimmer Spiegel - Markt-XXL","description":"Markt-XXL Led Spiegelleuchte, Hollywood Schminklicht f\u00fcr Spiegel mit USB Kabel, 10 Dimmbar Make Up Licht Beauty Leuchte Beleuchtung LED Spiegellampe f\u00fcr Schminktisch Kosmetikspiegel Badzimmer Spiegel","robots":{"index":"index","follow":"follow","max-snippet":"max-snippet:-1","max-image-preview":"max-image-preview:large","max-video-preview":"max-video-preview:-1"},"canonical":"https:\/\/marktxxl.de\/markt\/produkt\/led-spiegelleuchte-hollywood-schminklicht-fuer-spiegel-mit-usb-kabel-10-dimmbar-make-up-licht-beauty-leuchte-beleuchtung-led-spiegellampe-fuer-schminktisch-kosmetikspiegel-badzimmer-spiegel\/","og_locale":"de_DE","og_type":"article","og_title":"Led Spiegelleuchte, Hollywood Schminklicht f\u00fcr Spiegel mit USB Kabel, 10 Dimmbar Make Up Licht Beauty Leuchte Beleuchtung LED Spiegellampe f\u00fcr Schminktisch Kosmetikspiegel Badzimmer Spiegel - Markt-XXL","og_description":"Markt-XXL Led Spiegelleuchte, Hollywood Schminklicht f\u00fcr Spiegel mit USB Kabel, 10 Dimmbar Make Up Licht Beauty Leuchte Beleuchtung LED Spiegellampe f\u00fcr Schminktisch Kosmetikspiegel Badzimmer Spiegel","og_url":"https:\/\/marktxxl.de\/markt\/produkt\/led-spiegelleuchte-hollywood-schminklicht-fuer-spiegel-mit-usb-kabel-10-dimmbar-make-up-licht-beauty-leuchte-beleuchtung-led-spiegellampe-fuer-schminktisch-kosmetikspiegel-badzimmer-spiegel\/","og_site_name":"Markt-XXL","twitter_card":"summary_large_image","twitter_misc":{"Gesch\u00e4tzte Lesezeit":"1\u00a0Minute"},"schema":{"@context":"https:\/\/schema.org","@graph":[{"@type":"WebPage","@id":"https:\/\/marktxxl.de\/markt\/produkt\/led-spiegelleuchte-hollywood-schminklicht-fuer-spiegel-mit-usb-kabel-10-dimmbar-make-up-licht-beauty-leuchte-beleuchtung-led-spiegellampe-fuer-schminktisch-kosmetikspiegel-badzimmer-spiegel\/","url":"https:\/\/marktxxl.de\/markt\/produkt\/led-spiegelleuchte-hollywood-schminklicht-fuer-spiegel-mit-usb-kabel-10-dimmbar-make-up-licht-beauty-leuchte-beleuchtung-led-spiegellampe-fuer-schminktisch-kosmetikspiegel-badzimmer-spiegel\/","name":"Led Spiegelleuchte, Hollywood Schminklicht f\u00fcr Spiegel mit USB Kabel, 10 Dimmbar Make Up Licht Beauty Leuchte Beleuchtung LED Spiegellampe f\u00fcr Schminktisch Kosmetikspiegel Badzimmer Spiegel - Markt-XXL","isPartOf":{"@id":"https:\/\/marktxxl.de\/markt\/#website"},"primaryImageOfPage":{"@id":"https:\/\/marktxxl.de\/markt\/produkt\/led-spiegelleuchte-hollywood-schminklicht-fuer-spiegel-mit-usb-kabel-10-dimmbar-make-up-licht-beauty-leuchte-beleuchtung-led-spiegellampe-fuer-schminktisch-kosmetikspiegel-badzimmer-spiegel\/#primaryimage"},"image":{"@id":"https:\/\/marktxxl.de\/markt\/produkt\/led-spiegelleuchte-hollywood-schminklicht-fuer-spiegel-mit-usb-kabel-10-dimmbar-make-up-licht-beauty-leuchte-beleuchtung-led-spiegellampe-fuer-schminktisch-kosmetikspiegel-badzimmer-spiegel\/#primaryimage"},"thumbnailUrl":"https:\/\/m.media-amazon.com\/images\/I\/41VzLJe5XxL._SL500_.jpg","datePublished":"2024-05-29T11:46:48+00:00","description":"Markt-XXL Led Spiegelleuchte, Hollywood Schminklicht f\u00fcr Spiegel mit USB Kabel, 10 Dimmbar Make Up Licht Beauty Leuchte Beleuchtung LED Spiegellampe f\u00fcr Schminktisch Kosmetikspiegel Badzimmer Spiegel","breadcrumb":{"@id":"https:\/\/marktxxl.de\/markt\/produkt\/led-spiegelleuchte-hollywood-schminklicht-fuer-spiegel-mit-usb-kabel-10-dimmbar-make-up-licht-beauty-leuchte-beleuchtung-led-spiegellampe-fuer-schminktisch-kosmetikspiegel-badzimmer-spiegel\/#breadcrumb"},"inLanguage":"de","potentialAction":[{"@type":"ReadAction","target":["https:\/\/marktxxl.de\/markt\/produkt\/led-spiegelleuchte-hollywood-schminklicht-fuer-spiegel-mit-usb-kabel-10-dimmbar-make-up-licht-beauty-leuchte-beleuchtung-led-spiegellampe-fuer-schminktisch-kosmetikspiegel-badzimmer-spiegel\/"]}]},{"@type":"ImageObject","inLanguage":"de","@id":"https:\/\/marktxxl.de\/markt\/produkt\/led-spiegelleuchte-hollywood-schminklicht-fuer-spiegel-mit-usb-kabel-10-dimmbar-make-up-licht-beauty-leuchte-beleuchtung-led-spiegellampe-fuer-schminktisch-kosmetikspiegel-badzimmer-spiegel\/#primaryimage","url":"https:\/\/m.media-amazon.com\/images\/I\/41VzLJe5XxL._SL500_.jpg","contentUrl":"https:\/\/m.media-amazon.com\/images\/I\/41VzLJe5XxL._SL500_.jpg","width":500,"height":500},{"@type":"BreadcrumbList","@id":"https:\/\/marktxxl.de\/markt\/produkt\/led-spiegelleuchte-hollywood-schminklicht-fuer-spiegel-mit-usb-kabel-10-dimmbar-make-up-licht-beauty-leuchte-beleuchtung-led-spiegellampe-fuer-schminktisch-kosmetikspiegel-badzimmer-spiegel\/#breadcrumb","itemListElement":[{"@type":"ListItem","position":1,"name":"Startseite","item":"https:\/\/marktxxl.de\/markt\/"},{"@type":"ListItem","position":2,"name":"Markt","item":"https:\/\/marktxxl.de\/markt\/"},{"@type":"ListItem","position":3,"name":"Led Spiegelleuchte, Hollywood Schminklicht f\u00fcr Spiegel mit USB Kabel, 10 Dimmbar Make Up Licht Beauty Leuchte Beleuchtung LED Spiegellampe f\u00fcr Schminktisch Kosmetikspiegel Badzimmer Spiegel"}]},{"@type":"WebSite","@id":"https:\/\/marktxxl.de\/markt\/#website","url":"https:\/\/marktxxl.de\/markt\/","name":"Markt-XXL","description":"Ihr Markt Online","publisher":{"@id":"https:\/\/marktxxl.de\/markt\/#organization"},"potentialAction":[{"@type":"SearchAction","target":{"@type":"EntryPoint","urlTemplate":"https:\/\/marktxxl.de\/markt\/?s={search_term_string}"},"query-input":{"@type":"PropertyValueSpecification","valueRequired":true,"valueName":"search_term_string"}}],"inLanguage":"de"},{"@type":"Organization","@id":"https:\/\/marktxxl.de\/markt\/#organization","name":"Markt-XXL","url":"https:\/\/marktxxl.de\/markt\/","logo":{"@type":"ImageObject","inLanguage":"de","@id":"https:\/\/marktxxl.de\/markt\/#\/schema\/logo\/image\/","url":"https:\/\/marktxxl.de\/markt\/wp-content\/uploads\/sites\/3\/2020\/12\/logo.png","contentUrl":"https:\/\/marktxxl.de\/markt\/wp-content\/uploads\/sites\/3\/2020\/12\/logo.png","width":200,"height":70,"caption":"Markt-XXL"},"image":{"@id":"https:\/\/marktxxl.de\/markt\/#\/schema\/logo\/image\/"}}]}},"_links":{"self":[{"href":"https:\/\/marktxxl.de\/markt\/wp-json\/wp\/v2\/product\/209404","targetHints":{"allow":["GET"]}}],"collection":[{"href":"https:\/\/marktxxl.de\/markt\/wp-json\/wp\/v2\/product"}],"about":[{"href":"https:\/\/marktxxl.de\/markt\/wp-json\/wp\/v2\/types\/product"}],"replies":[{"embeddable":true,"href":"https:\/\/marktxxl.de\/markt\/wp-json\/wp\/v2\/comments?post=209404"}],"wp:featuredmedia":[{"embeddable":true,"href":"https:\/\/marktxxl.de\/markt\/wp-json\/wp\/v2\/media\/209405"}],"wp:attachment":[{"href":"https:\/\/marktxxl.de\/markt\/wp-json\/wp\/v2\/media?parent=209404"}],"wp:term":[{"taxonomy":"product_brand","embeddable":true,"href":"https:\/\/marktxxl.de\/markt\/wp-json\/wp\/v2\/product_brand?post=209404"},{"taxonomy":"product_cat","embeddable":true,"href":"https:\/\/marktxxl.de\/markt\/wp-json\/wp\/v2\/product_cat?post=209404"},{"taxonomy":"product_tag","embeddable":true,"href":"https:\/\/marktxxl.de\/markt\/wp-json\/wp\/v2\/product_tag?post=209404"}],"curies":[{"name":"wp","href":"https:\/\/api.w.org\/{rel}","templated":true}]}}