{"id":209064,"date":"2024-05-29T11:20:13","date_gmt":"2024-05-29T09:20:13","guid":{"rendered":"https:\/\/marktxxl.de\/markt\/produkt\/beard-roller-0-5-mm-derma-roller-beard-roller-beard-growth-micro-needle-roller-for-skin-and-hair-care-for-men-and-women\/"},"modified":"2024-05-29T11:20:13","modified_gmt":"2024-05-29T09:20:13","slug":"beard-roller-0-5-mm-derma-roller-beard-roller-beard-growth-micro-needle-roller-for-skin-and-hair-care-for-men-and-women","status":"publish","type":"product","link":"https:\/\/marktxxl.de\/markt\/produkt\/beard-roller-0-5-mm-derma-roller-beard-roller-beard-growth-micro-needle-roller-for-skin-and-hair-care-for-men-and-women\/","title":{"rendered":"Beard Roller 0.5 mm, Derma Roller, Beard Roller, Beard Growth, Micro Needle Roller for Skin and Hair Care for Men and Women"},"content":{"rendered":"<p>\u3010Effektiv f\u00fcr Haarwachstum\u3011\uff1aMicroneedling kann in kurzer Zeit die winzigen Kan\u00e4le der Haut \u00f6ffnen, N\u00e4hrstoffe effektiv in die Haut einbringen, den nat\u00fcrlichen Heilungsprozess des K\u00f6rpers aktivieren und Kollagen produzieren, das f\u00fcr das Haarwachstum wichtig ist. Diese mikroskopisch kleinen Kan\u00e4le tragen auch dazu bei, die Absorption von Haut- und Bartwachstumsprodukten zu verbessern.<br \/>\n\u3010EFFEKTIVE DERMAROLLEN GR\u00d6SSE\u3011\uff1a0,5 MM OPTIMAL DermaRoller f\u00fcr Haare und Kopfhaut gegen Haarausfall sowie die Behandlung von Narben, Akne, Falten, Pigmentflecken in den Bereichen Arme, R\u00fccken und Dekollet\u00e9. Unser gesichts nadelroller dazu beigetragen hat, die Poren zu verkleinern, Akne aufzur\u00e4umen, falten, dehnungsstreifen, Ausbr\u00fcche zu verhindern und das Auftreten von Aknenarben zu minimieren &#8211; die Haut strahlt stolz ein ges\u00fcnderes Aussehen aus, das gl\u00e4nzt.<br \/>\n\u3010Sicher und schmerzlos\u3011\uff1aDank der 0,5 mm feinen Nadelspitze kann sie Hautsch\u00e4den minimieren und die Aufnahme des Produkts durch die Haut f\u00f6rdern, geeignet f\u00fcr den Heimgebrauch.<br \/>\n\u3010Anwendung\u3011\uff1aVor Gebrauch desinfizieren, mit Hautpflegeprodukten kombinieren und die Mikronadelrolle etwa 4 bis 5 Mal sanft auf dem Gesicht rollen. Kann auf allen Bereichen von Gesicht, Hals und Kopfhaut jederzeit angewendet werden.<br \/>\n\u3010Leicht zu reinigen\u3011\uff1aEs muss vor und nach dem Gebrauch desinfiziert, der Alkohol mit Wasser abgesp\u00fclt und nach der Reinigung im mitgelieferten Beh\u00e4lter aufbewahrt werden. Es wird empfohlen, es alle 7-10 Tage zu verwenden.<br \/>\n<div class=\"main-cross-sell\" data-asin=\"B0BZR7YJL9\">\n\n\t<div class=\"WooZone-cross-sell-loader\">\n\t\t<div>\n\t\t\t<div id=\"floatingBarsG\">\n\t\t\t\t<div class=\"blockG\" id=\"rotateG_01\"><\/div>\n\t\t\t\t<div class=\"blockG\" id=\"rotateG_02\"><\/div>\n\t\t\t\t<div class=\"blockG\" id=\"rotateG_03\"><\/div>\n\t\t\t\t<div class=\"blockG\" id=\"rotateG_04\"><\/div>\n\t\t\t\t<div class=\"blockG\" id=\"rotateG_05\"><\/div>\n\t\t\t\t<div class=\"blockG\" id=\"rotateG_06\"><\/div>\n\t\t\t\t<div class=\"blockG\" id=\"rotateG_07\"><\/div>\n\t\t\t\t<div class=\"blockG\" id=\"rotateG_08\"><\/div>\n\t\t\t<\/div>\n\t\t\t<div class=\"WooZone-cross-sell-loader-text\"><\/div>\n\t\t<\/div>\n\t<\/div>\n\n\t\t\n<\/div>\n<div style=\"clear:both;\"><\/div><\/p>\n","protected":false},"excerpt":{"rendered":"<p>\u3010Effektiv f\u00fcr Haarwachstum\u3011\uff1aMicroneedling kann in kurzer Zeit die winzigen Kan\u00e4le der Haut \u00f6ffnen, N\u00e4hrstoffe effektiv in die Haut einbringen, den nat\u00fcrlichen Heilungsprozess des K\u00f6rpers aktivieren und Kollagen produzieren, das f\u00fcr das Haarwachstum wichtig ist. Diese mikroskopisch kleinen Kan\u00e4le tragen auch dazu bei, die Absorption von Haut- und Bartwachstumsprodukten zu verbessern.<br \/>\n\u3010EFFEKTIVE DERMAROLLEN GR\u00d6SSE\u3011\uff1a0,5 MM OPTIMAL DermaRoller f\u00fcr Haare und Kopfhaut gegen Haarausfall sowie die Behandlung von Narben, Akne, Falten, Pigmentflecken in den Bereichen Arme, R\u00fccken und Dekollet\u00e9. Unser gesichts nadelroller dazu beigetragen hat, die Poren zu verkleinern, Akne aufzur\u00e4umen, falten, dehnungsstreifen, Ausbr\u00fcche zu verhindern und das Auftreten von Aknenarben zu minimieren &#8211; die Haut strahlt stolz ein ges\u00fcnderes Aussehen aus, das gl\u00e4nzt.<br \/>\n\u3010Sicher und schmerzlos\u3011\uff1aDank der 0,5 mm feinen Nadelspitze kann sie Hautsch\u00e4den minimieren und die Aufnahme des Produkts durch die Haut f\u00f6rdern, geeignet f\u00fcr den Heimgebrauch.<\/p>\n","protected":false},"featured_media":209065,"comment_status":"open","ping_status":"closed","template":"","meta":[],"product_brand":[],"product_cat":[2858,7726],"product_tag":[],"class_list":{"0":"post-209064","1":"product","2":"type-product","3":"status-publish","4":"has-post-thumbnail","6":"product_cat-beauty","7":"product_cat-zubehoer-beauty","8":"pa_binding-misc","9":"pa_brand-dorzu","10":"pa_color-black","11":"pa_manufacturer-dorzu","12":"pa_size-black2","14":"first","15":"instock","16":"shipping-taxable","17":"purchasable","18":"product-type-simple","19":"customify-col","20":"product-has-gallery"},"yoast_head":"<!-- This site is optimized with the Yoast SEO plugin v27.4 - https:\/\/yoast.com\/product\/yoast-seo-wordpress\/ -->\n<title>Beard Roller 0.5 mm, Derma Roller, Beard Roller, Beard Growth, Micro Needle Roller for Skin and Hair Care for Men and Women - Markt-XXL<\/title>\n<meta name=\"description\" content=\"Markt-XXL Beard Roller 0.5 mm, Derma Roller, Beard Roller, Beard Growth, Micro Needle Roller for Skin and Hair Care for Men and Women\" \/>\n<meta name=\"robots\" content=\"index, follow, max-snippet:-1, max-image-preview:large, max-video-preview:-1\" \/>\n<link rel=\"canonical\" href=\"https:\/\/marktxxl.de\/markt\/produkt\/beard-roller-0-5-mm-derma-roller-beard-roller-beard-growth-micro-needle-roller-for-skin-and-hair-care-for-men-and-women\/\" \/>\n<meta property=\"og:locale\" content=\"de_DE\" \/>\n<meta property=\"og:type\" content=\"article\" \/>\n<meta property=\"og:title\" content=\"Beard Roller 0.5 mm, Derma Roller, Beard Roller, Beard Growth, Micro Needle Roller for Skin and Hair Care for Men and Women - Markt-XXL\" \/>\n<meta property=\"og:description\" content=\"Markt-XXL Beard Roller 0.5 mm, Derma Roller, Beard Roller, Beard Growth, Micro Needle Roller for Skin and Hair Care for Men and Women\" \/>\n<meta property=\"og:url\" content=\"https:\/\/marktxxl.de\/markt\/produkt\/beard-roller-0-5-mm-derma-roller-beard-roller-beard-growth-micro-needle-roller-for-skin-and-hair-care-for-men-and-women\/\" \/>\n<meta property=\"og:site_name\" content=\"Markt-XXL\" \/>\n<meta name=\"twitter:card\" content=\"summary_large_image\" \/>\n<meta name=\"twitter:label1\" content=\"Gesch\u00e4tzte Lesezeit\" \/>\n\t<meta name=\"twitter:data1\" content=\"1\u00a0Minute\" \/>\n<script type=\"application\/ld+json\" class=\"yoast-schema-graph\">{\"@context\":\"https:\\\/\\\/schema.org\",\"@graph\":[{\"@type\":\"WebPage\",\"@id\":\"https:\\\/\\\/marktxxl.de\\\/markt\\\/produkt\\\/beard-roller-0-5-mm-derma-roller-beard-roller-beard-growth-micro-needle-roller-for-skin-and-hair-care-for-men-and-women\\\/\",\"url\":\"https:\\\/\\\/marktxxl.de\\\/markt\\\/produkt\\\/beard-roller-0-5-mm-derma-roller-beard-roller-beard-growth-micro-needle-roller-for-skin-and-hair-care-for-men-and-women\\\/\",\"name\":\"Beard Roller 0.5 mm, Derma Roller, Beard Roller, Beard Growth, Micro Needle Roller for Skin and Hair Care for Men and Women - Markt-XXL\",\"isPartOf\":{\"@id\":\"https:\\\/\\\/marktxxl.de\\\/markt\\\/#website\"},\"primaryImageOfPage\":{\"@id\":\"https:\\\/\\\/marktxxl.de\\\/markt\\\/produkt\\\/beard-roller-0-5-mm-derma-roller-beard-roller-beard-growth-micro-needle-roller-for-skin-and-hair-care-for-men-and-women\\\/#primaryimage\"},\"image\":{\"@id\":\"https:\\\/\\\/marktxxl.de\\\/markt\\\/produkt\\\/beard-roller-0-5-mm-derma-roller-beard-roller-beard-growth-micro-needle-roller-for-skin-and-hair-care-for-men-and-women\\\/#primaryimage\"},\"thumbnailUrl\":\"https:\\\/\\\/m.media-amazon.com\\\/images\\\/I\\\/31RHEPrfOBL._SL500_.jpg\",\"datePublished\":\"2024-05-29T09:20:13+00:00\",\"description\":\"Markt-XXL Beard Roller 0.5 mm, Derma Roller, Beard Roller, Beard Growth, Micro Needle Roller for Skin and Hair Care for Men and Women\",\"breadcrumb\":{\"@id\":\"https:\\\/\\\/marktxxl.de\\\/markt\\\/produkt\\\/beard-roller-0-5-mm-derma-roller-beard-roller-beard-growth-micro-needle-roller-for-skin-and-hair-care-for-men-and-women\\\/#breadcrumb\"},\"inLanguage\":\"de\",\"potentialAction\":[{\"@type\":\"ReadAction\",\"target\":[\"https:\\\/\\\/marktxxl.de\\\/markt\\\/produkt\\\/beard-roller-0-5-mm-derma-roller-beard-roller-beard-growth-micro-needle-roller-for-skin-and-hair-care-for-men-and-women\\\/\"]}]},{\"@type\":\"ImageObject\",\"inLanguage\":\"de\",\"@id\":\"https:\\\/\\\/marktxxl.de\\\/markt\\\/produkt\\\/beard-roller-0-5-mm-derma-roller-beard-roller-beard-growth-micro-needle-roller-for-skin-and-hair-care-for-men-and-women\\\/#primaryimage\",\"url\":\"https:\\\/\\\/m.media-amazon.com\\\/images\\\/I\\\/31RHEPrfOBL._SL500_.jpg\",\"contentUrl\":\"https:\\\/\\\/m.media-amazon.com\\\/images\\\/I\\\/31RHEPrfOBL._SL500_.jpg\",\"width\":500,\"height\":500},{\"@type\":\"BreadcrumbList\",\"@id\":\"https:\\\/\\\/marktxxl.de\\\/markt\\\/produkt\\\/beard-roller-0-5-mm-derma-roller-beard-roller-beard-growth-micro-needle-roller-for-skin-and-hair-care-for-men-and-women\\\/#breadcrumb\",\"itemListElement\":[{\"@type\":\"ListItem\",\"position\":1,\"name\":\"Startseite\",\"item\":\"https:\\\/\\\/marktxxl.de\\\/markt\\\/\"},{\"@type\":\"ListItem\",\"position\":2,\"name\":\"Markt\",\"item\":\"https:\\\/\\\/marktxxl.de\\\/markt\\\/\"},{\"@type\":\"ListItem\",\"position\":3,\"name\":\"Beard Roller 0.5 mm, Derma Roller, Beard Roller, Beard Growth, Micro Needle Roller for Skin and Hair Care for Men and Women\"}]},{\"@type\":\"WebSite\",\"@id\":\"https:\\\/\\\/marktxxl.de\\\/markt\\\/#website\",\"url\":\"https:\\\/\\\/marktxxl.de\\\/markt\\\/\",\"name\":\"Markt-XXL\",\"description\":\"Ihr Markt Online\",\"publisher\":{\"@id\":\"https:\\\/\\\/marktxxl.de\\\/markt\\\/#organization\"},\"potentialAction\":[{\"@type\":\"SearchAction\",\"target\":{\"@type\":\"EntryPoint\",\"urlTemplate\":\"https:\\\/\\\/marktxxl.de\\\/markt\\\/?s={search_term_string}\"},\"query-input\":{\"@type\":\"PropertyValueSpecification\",\"valueRequired\":true,\"valueName\":\"search_term_string\"}}],\"inLanguage\":\"de\"},{\"@type\":\"Organization\",\"@id\":\"https:\\\/\\\/marktxxl.de\\\/markt\\\/#organization\",\"name\":\"Markt-XXL\",\"url\":\"https:\\\/\\\/marktxxl.de\\\/markt\\\/\",\"logo\":{\"@type\":\"ImageObject\",\"inLanguage\":\"de\",\"@id\":\"https:\\\/\\\/marktxxl.de\\\/markt\\\/#\\\/schema\\\/logo\\\/image\\\/\",\"url\":\"https:\\\/\\\/marktxxl.de\\\/markt\\\/wp-content\\\/uploads\\\/sites\\\/3\\\/2020\\\/12\\\/logo.png\",\"contentUrl\":\"https:\\\/\\\/marktxxl.de\\\/markt\\\/wp-content\\\/uploads\\\/sites\\\/3\\\/2020\\\/12\\\/logo.png\",\"width\":200,\"height\":70,\"caption\":\"Markt-XXL\"},\"image\":{\"@id\":\"https:\\\/\\\/marktxxl.de\\\/markt\\\/#\\\/schema\\\/logo\\\/image\\\/\"}}]}<\/script>\n<!-- \/ Yoast SEO plugin. -->","yoast_head_json":{"title":"Beard Roller 0.5 mm, Derma Roller, Beard Roller, Beard Growth, Micro Needle Roller for Skin and Hair Care for Men and Women - Markt-XXL","description":"Markt-XXL Beard Roller 0.5 mm, Derma Roller, Beard Roller, Beard Growth, Micro Needle Roller for Skin and Hair Care for Men and Women","robots":{"index":"index","follow":"follow","max-snippet":"max-snippet:-1","max-image-preview":"max-image-preview:large","max-video-preview":"max-video-preview:-1"},"canonical":"https:\/\/marktxxl.de\/markt\/produkt\/beard-roller-0-5-mm-derma-roller-beard-roller-beard-growth-micro-needle-roller-for-skin-and-hair-care-for-men-and-women\/","og_locale":"de_DE","og_type":"article","og_title":"Beard Roller 0.5 mm, Derma Roller, Beard Roller, Beard Growth, Micro Needle Roller for Skin and Hair Care for Men and Women - Markt-XXL","og_description":"Markt-XXL Beard Roller 0.5 mm, Derma Roller, Beard Roller, Beard Growth, Micro Needle Roller for Skin and Hair Care for Men and Women","og_url":"https:\/\/marktxxl.de\/markt\/produkt\/beard-roller-0-5-mm-derma-roller-beard-roller-beard-growth-micro-needle-roller-for-skin-and-hair-care-for-men-and-women\/","og_site_name":"Markt-XXL","twitter_card":"summary_large_image","twitter_misc":{"Gesch\u00e4tzte Lesezeit":"1\u00a0Minute"},"schema":{"@context":"https:\/\/schema.org","@graph":[{"@type":"WebPage","@id":"https:\/\/marktxxl.de\/markt\/produkt\/beard-roller-0-5-mm-derma-roller-beard-roller-beard-growth-micro-needle-roller-for-skin-and-hair-care-for-men-and-women\/","url":"https:\/\/marktxxl.de\/markt\/produkt\/beard-roller-0-5-mm-derma-roller-beard-roller-beard-growth-micro-needle-roller-for-skin-and-hair-care-for-men-and-women\/","name":"Beard Roller 0.5 mm, Derma Roller, Beard Roller, Beard Growth, Micro Needle Roller for Skin and Hair Care for Men and Women - Markt-XXL","isPartOf":{"@id":"https:\/\/marktxxl.de\/markt\/#website"},"primaryImageOfPage":{"@id":"https:\/\/marktxxl.de\/markt\/produkt\/beard-roller-0-5-mm-derma-roller-beard-roller-beard-growth-micro-needle-roller-for-skin-and-hair-care-for-men-and-women\/#primaryimage"},"image":{"@id":"https:\/\/marktxxl.de\/markt\/produkt\/beard-roller-0-5-mm-derma-roller-beard-roller-beard-growth-micro-needle-roller-for-skin-and-hair-care-for-men-and-women\/#primaryimage"},"thumbnailUrl":"https:\/\/m.media-amazon.com\/images\/I\/31RHEPrfOBL._SL500_.jpg","datePublished":"2024-05-29T09:20:13+00:00","description":"Markt-XXL Beard Roller 0.5 mm, Derma Roller, Beard Roller, Beard Growth, Micro Needle Roller for Skin and Hair Care for Men and Women","breadcrumb":{"@id":"https:\/\/marktxxl.de\/markt\/produkt\/beard-roller-0-5-mm-derma-roller-beard-roller-beard-growth-micro-needle-roller-for-skin-and-hair-care-for-men-and-women\/#breadcrumb"},"inLanguage":"de","potentialAction":[{"@type":"ReadAction","target":["https:\/\/marktxxl.de\/markt\/produkt\/beard-roller-0-5-mm-derma-roller-beard-roller-beard-growth-micro-needle-roller-for-skin-and-hair-care-for-men-and-women\/"]}]},{"@type":"ImageObject","inLanguage":"de","@id":"https:\/\/marktxxl.de\/markt\/produkt\/beard-roller-0-5-mm-derma-roller-beard-roller-beard-growth-micro-needle-roller-for-skin-and-hair-care-for-men-and-women\/#primaryimage","url":"https:\/\/m.media-amazon.com\/images\/I\/31RHEPrfOBL._SL500_.jpg","contentUrl":"https:\/\/m.media-amazon.com\/images\/I\/31RHEPrfOBL._SL500_.jpg","width":500,"height":500},{"@type":"BreadcrumbList","@id":"https:\/\/marktxxl.de\/markt\/produkt\/beard-roller-0-5-mm-derma-roller-beard-roller-beard-growth-micro-needle-roller-for-skin-and-hair-care-for-men-and-women\/#breadcrumb","itemListElement":[{"@type":"ListItem","position":1,"name":"Startseite","item":"https:\/\/marktxxl.de\/markt\/"},{"@type":"ListItem","position":2,"name":"Markt","item":"https:\/\/marktxxl.de\/markt\/"},{"@type":"ListItem","position":3,"name":"Beard Roller 0.5 mm, Derma Roller, Beard Roller, Beard Growth, Micro Needle Roller for Skin and Hair Care for Men and Women"}]},{"@type":"WebSite","@id":"https:\/\/marktxxl.de\/markt\/#website","url":"https:\/\/marktxxl.de\/markt\/","name":"Markt-XXL","description":"Ihr Markt Online","publisher":{"@id":"https:\/\/marktxxl.de\/markt\/#organization"},"potentialAction":[{"@type":"SearchAction","target":{"@type":"EntryPoint","urlTemplate":"https:\/\/marktxxl.de\/markt\/?s={search_term_string}"},"query-input":{"@type":"PropertyValueSpecification","valueRequired":true,"valueName":"search_term_string"}}],"inLanguage":"de"},{"@type":"Organization","@id":"https:\/\/marktxxl.de\/markt\/#organization","name":"Markt-XXL","url":"https:\/\/marktxxl.de\/markt\/","logo":{"@type":"ImageObject","inLanguage":"de","@id":"https:\/\/marktxxl.de\/markt\/#\/schema\/logo\/image\/","url":"https:\/\/marktxxl.de\/markt\/wp-content\/uploads\/sites\/3\/2020\/12\/logo.png","contentUrl":"https:\/\/marktxxl.de\/markt\/wp-content\/uploads\/sites\/3\/2020\/12\/logo.png","width":200,"height":70,"caption":"Markt-XXL"},"image":{"@id":"https:\/\/marktxxl.de\/markt\/#\/schema\/logo\/image\/"}}]}},"_links":{"self":[{"href":"https:\/\/marktxxl.de\/markt\/wp-json\/wp\/v2\/product\/209064","targetHints":{"allow":["GET"]}}],"collection":[{"href":"https:\/\/marktxxl.de\/markt\/wp-json\/wp\/v2\/product"}],"about":[{"href":"https:\/\/marktxxl.de\/markt\/wp-json\/wp\/v2\/types\/product"}],"replies":[{"embeddable":true,"href":"https:\/\/marktxxl.de\/markt\/wp-json\/wp\/v2\/comments?post=209064"}],"wp:featuredmedia":[{"embeddable":true,"href":"https:\/\/marktxxl.de\/markt\/wp-json\/wp\/v2\/media\/209065"}],"wp:attachment":[{"href":"https:\/\/marktxxl.de\/markt\/wp-json\/wp\/v2\/media?parent=209064"}],"wp:term":[{"taxonomy":"product_brand","embeddable":true,"href":"https:\/\/marktxxl.de\/markt\/wp-json\/wp\/v2\/product_brand?post=209064"},{"taxonomy":"product_cat","embeddable":true,"href":"https:\/\/marktxxl.de\/markt\/wp-json\/wp\/v2\/product_cat?post=209064"},{"taxonomy":"product_tag","embeddable":true,"href":"https:\/\/marktxxl.de\/markt\/wp-json\/wp\/v2\/product_tag?post=209064"}],"curies":[{"name":"wp","href":"https:\/\/api.w.org\/{rel}","templated":true}]}}