{"id":208948,"date":"2024-05-29T11:13:13","date_gmt":"2024-05-29T09:13:13","guid":{"rendered":"https:\/\/marktxxl.de\/markt\/produkt\/buradia-badewannenkissen-ultimativer-komfort-und-entspannung-mit-neuester-4d-air-mesh-technologie-badekissen-fuer-badewanne-mit-7-extra-starken-saugnaepfen-sowie-aufhaengehaken-gepruefte-qualita\/"},"modified":"2024-05-29T11:13:13","modified_gmt":"2024-05-29T09:13:13","slug":"buradia-badewannenkissen-ultimativer-komfort-und-entspannung-mit-neuester-4d-air-mesh-technologie-badekissen-fuer-badewanne-mit-7-extra-starken-saugnaepfen-sowie-aufhaengehaken-gepruefte-qualita","status":"publish","type":"product","link":"https:\/\/marktxxl.de\/markt\/produkt\/buradia-badewannenkissen-ultimativer-komfort-und-entspannung-mit-neuester-4d-air-mesh-technologie-badekissen-fuer-badewanne-mit-7-extra-starken-saugnaepfen-sowie-aufhaengehaken-gepruefte-qualita\/","title":{"rendered":"BURADIA Badewannenkissen &#8211; Ultimativer Komfort und Entspannung mit neuester 4D Air Mesh Technologie &#8211; Badekissen f\u00fcr Badewanne mit 7 extra starken Saugn\u00e4pfen sowie Aufh\u00e4ngehaken &#8211; Gepr\u00fcfte Qualit\u00e4t!"},"content":{"rendered":"<p>\u2705ERSTKLASSIGES MATERIAL: Unser Badewannen Kissen besteht aus neuester 4D Air Mesh Technologie, die f\u00fcr hervorragende Atmungsaktivit\u00e4t und weichen Komfort sorgt. Der Stoff ist langlebig und pflegeleicht, um sicherzustellen, dass Ihr Nackenkissen lange h\u00e4lt<br \/>\n\u27057 EXTRA STARKE SAUGN\u00c4PFE: Das Badewannenkissen Nacken verf\u00fcgt \u00fcber sieben extra starke Saugn\u00e4pfe auf der R\u00fcckseite, die ein Verrutschen in der Badewanne verhindern und Ihnen eine stabile Unterst\u00fctzung f\u00fcr Kopf, Nacken und R\u00fccken bieten.<br \/>\n\u2705AUFH\u00c4NGEHAKEN: Das Badewannenkissen mit Saugn\u00e4pfen verf\u00fcgt \u00fcber einen integrierten Aufh\u00e4ngehaken, der es Ihnen erm\u00f6glicht, es nach dem Waschen bequem zum Trocknen aufzuh\u00e4ngen.<br \/>\n\u2705QUALIT\u00c4TSGEPR\u00dcFT: Unser Nackenkissen Badewanne wurde sorgf\u00e4ltig auf Qualit\u00e4t gepr\u00fcft, um sicherzustellen, dass es den h\u00f6chsten Standards entspricht. Sie ist f\u00fcr absolut jede Haut geeignet, sodass sie sich vollkommen entspannen und Ihr Bad genie\u00dfen k\u00f6nnen<br \/>\n\u2705PERFEKTES GESCHENK: Das BURADIA Badewannenkissen wei\u00df eignet sich hervorragend als Geschenk f\u00fcr Ihre Liebsten oder als pers\u00f6nliche Verw\u00f6hnung. Machen Sie Badezeit zu Ihrer pers\u00f6nlichen Wohlf\u00fchlzeit.<br \/>\n\ud83c\udf81GRATIS Aufbewahrungstasche + W\u00e4schenetz<br \/>\n<div class=\"main-cross-sell\" data-asin=\"B0CKC16PFL\">\n\n\t<div class=\"WooZone-cross-sell-loader\">\n\t\t<div>\n\t\t\t<div id=\"floatingBarsG\">\n\t\t\t\t<div class=\"blockG\" id=\"rotateG_01\"><\/div>\n\t\t\t\t<div class=\"blockG\" id=\"rotateG_02\"><\/div>\n\t\t\t\t<div class=\"blockG\" id=\"rotateG_03\"><\/div>\n\t\t\t\t<div class=\"blockG\" id=\"rotateG_04\"><\/div>\n\t\t\t\t<div class=\"blockG\" id=\"rotateG_05\"><\/div>\n\t\t\t\t<div class=\"blockG\" id=\"rotateG_06\"><\/div>\n\t\t\t\t<div class=\"blockG\" id=\"rotateG_07\"><\/div>\n\t\t\t\t<div class=\"blockG\" id=\"rotateG_08\"><\/div>\n\t\t\t<\/div>\n\t\t\t<div class=\"WooZone-cross-sell-loader-text\"><\/div>\n\t\t<\/div>\n\t<\/div>\n\n\t\t\n<\/div>\n<div style=\"clear:both;\"><\/div><\/p>\n","protected":false},"excerpt":{"rendered":"<p>\u2705ERSTKLASSIGES MATERIAL: Unser Badewannen Kissen besteht aus neuester 4D Air Mesh Technologie, die f\u00fcr hervorragende Atmungsaktivit\u00e4t und weichen Komfort sorgt. Der Stoff ist langlebig und pflegeleicht, um sicherzustellen, dass Ihr Nackenkissen lange h\u00e4lt<br \/>\n\u27057 EXTRA STARKE SAUGN\u00c4PFE: Das Badewannenkissen Nacken verf\u00fcgt \u00fcber sieben extra starke Saugn\u00e4pfe auf der R\u00fcckseite, die ein Verrutschen in der Badewanne verhindern und Ihnen eine stabile Unterst\u00fctzung f\u00fcr Kopf, Nacken und R\u00fccken bieten.<br \/>\n\u2705AUFH\u00c4NGEHAKEN: Das Badewannenkissen mit Saugn\u00e4pfen verf\u00fcgt \u00fcber einen integrierten Aufh\u00e4ngehaken, der es Ihnen erm\u00f6glicht, es nach dem Waschen bequem zum Trocknen aufzuh\u00e4ngen.<\/p>\n","protected":false},"featured_media":208949,"comment_status":"open","ping_status":"closed","template":"","meta":[],"product_brand":[],"product_cat":[6565,2858],"product_tag":[],"class_list":{"0":"post-208948","1":"product","2":"type-product","3":"status-publish","4":"has-post-thumbnail","6":"product_cat-baden-koerperpflege-beauty","7":"product_cat-beauty","8":"pa_brand-buradia","9":"pa_color-weiss","10":"pa_manufacturer-buradia","11":"pa_model-52674","12":"pa_size-37-x-35-x-9","14":"first","15":"instock","16":"shipping-taxable","17":"purchasable","18":"product-type-simple","19":"customify-col","20":"product-has-gallery"},"yoast_head":"<!-- This site is optimized with the Yoast SEO plugin v27.4 - https:\/\/yoast.com\/product\/yoast-seo-wordpress\/ -->\n<title>BURADIA Badewannenkissen - Ultimativer Komfort und Entspannung mit neuester 4D Air Mesh Technologie - Badekissen f\u00fcr Badewanne mit 7 extra starken Saugn\u00e4pfen sowie Aufh\u00e4ngehaken - Gepr\u00fcfte Qualit\u00e4t! - Markt-XXL<\/title>\n<meta name=\"description\" content=\"Markt-XXL BURADIA Badewannenkissen - Ultimativer Komfort und Entspannung mit neuester 4D Air Mesh Technologie - Badekissen f\u00fcr Badewanne mit 7 extra starken Saugn\u00e4pfen sowie Aufh\u00e4ngehaken - Gepr\u00fcfte Qualit\u00e4t!\" \/>\n<meta name=\"robots\" content=\"index, follow, max-snippet:-1, max-image-preview:large, max-video-preview:-1\" \/>\n<link rel=\"canonical\" href=\"https:\/\/marktxxl.de\/markt\/produkt\/buradia-badewannenkissen-ultimativer-komfort-und-entspannung-mit-neuester-4d-air-mesh-technologie-badekissen-fuer-badewanne-mit-7-extra-starken-saugnaepfen-sowie-aufhaengehaken-gepruefte-qualita\/\" \/>\n<meta property=\"og:locale\" content=\"de_DE\" \/>\n<meta property=\"og:type\" content=\"article\" \/>\n<meta property=\"og:title\" content=\"BURADIA Badewannenkissen - Ultimativer Komfort und Entspannung mit neuester 4D Air Mesh Technologie - Badekissen f\u00fcr Badewanne mit 7 extra starken Saugn\u00e4pfen sowie Aufh\u00e4ngehaken - Gepr\u00fcfte Qualit\u00e4t! - Markt-XXL\" \/>\n<meta property=\"og:description\" content=\"Markt-XXL BURADIA Badewannenkissen - Ultimativer Komfort und Entspannung mit neuester 4D Air Mesh Technologie - Badekissen f\u00fcr Badewanne mit 7 extra starken Saugn\u00e4pfen sowie Aufh\u00e4ngehaken - Gepr\u00fcfte Qualit\u00e4t!\" \/>\n<meta property=\"og:url\" content=\"https:\/\/marktxxl.de\/markt\/produkt\/buradia-badewannenkissen-ultimativer-komfort-und-entspannung-mit-neuester-4d-air-mesh-technologie-badekissen-fuer-badewanne-mit-7-extra-starken-saugnaepfen-sowie-aufhaengehaken-gepruefte-qualita\/\" \/>\n<meta property=\"og:site_name\" content=\"Markt-XXL\" \/>\n<meta name=\"twitter:card\" content=\"summary_large_image\" \/>\n<meta name=\"twitter:label1\" content=\"Gesch\u00e4tzte Lesezeit\" \/>\n\t<meta name=\"twitter:data1\" content=\"1\u00a0Minute\" \/>\n<script type=\"application\/ld+json\" class=\"yoast-schema-graph\">{\"@context\":\"https:\\\/\\\/schema.org\",\"@graph\":[{\"@type\":\"WebPage\",\"@id\":\"https:\\\/\\\/marktxxl.de\\\/markt\\\/produkt\\\/buradia-badewannenkissen-ultimativer-komfort-und-entspannung-mit-neuester-4d-air-mesh-technologie-badekissen-fuer-badewanne-mit-7-extra-starken-saugnaepfen-sowie-aufhaengehaken-gepruefte-qualita\\\/\",\"url\":\"https:\\\/\\\/marktxxl.de\\\/markt\\\/produkt\\\/buradia-badewannenkissen-ultimativer-komfort-und-entspannung-mit-neuester-4d-air-mesh-technologie-badekissen-fuer-badewanne-mit-7-extra-starken-saugnaepfen-sowie-aufhaengehaken-gepruefte-qualita\\\/\",\"name\":\"BURADIA Badewannenkissen - Ultimativer Komfort und Entspannung mit neuester 4D Air Mesh Technologie - Badekissen f\u00fcr Badewanne mit 7 extra starken Saugn\u00e4pfen sowie Aufh\u00e4ngehaken - Gepr\u00fcfte Qualit\u00e4t! - Markt-XXL\",\"isPartOf\":{\"@id\":\"https:\\\/\\\/marktxxl.de\\\/markt\\\/#website\"},\"primaryImageOfPage\":{\"@id\":\"https:\\\/\\\/marktxxl.de\\\/markt\\\/produkt\\\/buradia-badewannenkissen-ultimativer-komfort-und-entspannung-mit-neuester-4d-air-mesh-technologie-badekissen-fuer-badewanne-mit-7-extra-starken-saugnaepfen-sowie-aufhaengehaken-gepruefte-qualita\\\/#primaryimage\"},\"image\":{\"@id\":\"https:\\\/\\\/marktxxl.de\\\/markt\\\/produkt\\\/buradia-badewannenkissen-ultimativer-komfort-und-entspannung-mit-neuester-4d-air-mesh-technologie-badekissen-fuer-badewanne-mit-7-extra-starken-saugnaepfen-sowie-aufhaengehaken-gepruefte-qualita\\\/#primaryimage\"},\"thumbnailUrl\":\"https:\\\/\\\/m.media-amazon.com\\\/images\\\/I\\\/41P8nl4iO7L._SL500_.jpg\",\"datePublished\":\"2024-05-29T09:13:13+00:00\",\"description\":\"Markt-XXL BURADIA Badewannenkissen - Ultimativer Komfort und Entspannung mit neuester 4D Air Mesh Technologie - Badekissen f\u00fcr Badewanne mit 7 extra starken Saugn\u00e4pfen sowie Aufh\u00e4ngehaken - Gepr\u00fcfte Qualit\u00e4t!\",\"breadcrumb\":{\"@id\":\"https:\\\/\\\/marktxxl.de\\\/markt\\\/produkt\\\/buradia-badewannenkissen-ultimativer-komfort-und-entspannung-mit-neuester-4d-air-mesh-technologie-badekissen-fuer-badewanne-mit-7-extra-starken-saugnaepfen-sowie-aufhaengehaken-gepruefte-qualita\\\/#breadcrumb\"},\"inLanguage\":\"de\",\"potentialAction\":[{\"@type\":\"ReadAction\",\"target\":[\"https:\\\/\\\/marktxxl.de\\\/markt\\\/produkt\\\/buradia-badewannenkissen-ultimativer-komfort-und-entspannung-mit-neuester-4d-air-mesh-technologie-badekissen-fuer-badewanne-mit-7-extra-starken-saugnaepfen-sowie-aufhaengehaken-gepruefte-qualita\\\/\"]}]},{\"@type\":\"ImageObject\",\"inLanguage\":\"de\",\"@id\":\"https:\\\/\\\/marktxxl.de\\\/markt\\\/produkt\\\/buradia-badewannenkissen-ultimativer-komfort-und-entspannung-mit-neuester-4d-air-mesh-technologie-badekissen-fuer-badewanne-mit-7-extra-starken-saugnaepfen-sowie-aufhaengehaken-gepruefte-qualita\\\/#primaryimage\",\"url\":\"https:\\\/\\\/m.media-amazon.com\\\/images\\\/I\\\/41P8nl4iO7L._SL500_.jpg\",\"contentUrl\":\"https:\\\/\\\/m.media-amazon.com\\\/images\\\/I\\\/41P8nl4iO7L._SL500_.jpg\",\"width\":500,\"height\":500},{\"@type\":\"BreadcrumbList\",\"@id\":\"https:\\\/\\\/marktxxl.de\\\/markt\\\/produkt\\\/buradia-badewannenkissen-ultimativer-komfort-und-entspannung-mit-neuester-4d-air-mesh-technologie-badekissen-fuer-badewanne-mit-7-extra-starken-saugnaepfen-sowie-aufhaengehaken-gepruefte-qualita\\\/#breadcrumb\",\"itemListElement\":[{\"@type\":\"ListItem\",\"position\":1,\"name\":\"Startseite\",\"item\":\"https:\\\/\\\/marktxxl.de\\\/markt\\\/\"},{\"@type\":\"ListItem\",\"position\":2,\"name\":\"Markt\",\"item\":\"https:\\\/\\\/marktxxl.de\\\/markt\\\/\"},{\"@type\":\"ListItem\",\"position\":3,\"name\":\"BURADIA Badewannenkissen &#8211; Ultimativer Komfort und Entspannung mit neuester 4D Air Mesh Technologie &#8211; Badekissen f\u00fcr Badewanne mit 7 extra starken Saugn\u00e4pfen sowie Aufh\u00e4ngehaken &#8211; Gepr\u00fcfte Qualit\u00e4t!\"}]},{\"@type\":\"WebSite\",\"@id\":\"https:\\\/\\\/marktxxl.de\\\/markt\\\/#website\",\"url\":\"https:\\\/\\\/marktxxl.de\\\/markt\\\/\",\"name\":\"Markt-XXL\",\"description\":\"Ihr Markt Online\",\"publisher\":{\"@id\":\"https:\\\/\\\/marktxxl.de\\\/markt\\\/#organization\"},\"potentialAction\":[{\"@type\":\"SearchAction\",\"target\":{\"@type\":\"EntryPoint\",\"urlTemplate\":\"https:\\\/\\\/marktxxl.de\\\/markt\\\/?s={search_term_string}\"},\"query-input\":{\"@type\":\"PropertyValueSpecification\",\"valueRequired\":true,\"valueName\":\"search_term_string\"}}],\"inLanguage\":\"de\"},{\"@type\":\"Organization\",\"@id\":\"https:\\\/\\\/marktxxl.de\\\/markt\\\/#organization\",\"name\":\"Markt-XXL\",\"url\":\"https:\\\/\\\/marktxxl.de\\\/markt\\\/\",\"logo\":{\"@type\":\"ImageObject\",\"inLanguage\":\"de\",\"@id\":\"https:\\\/\\\/marktxxl.de\\\/markt\\\/#\\\/schema\\\/logo\\\/image\\\/\",\"url\":\"https:\\\/\\\/marktxxl.de\\\/markt\\\/wp-content\\\/uploads\\\/sites\\\/3\\\/2020\\\/12\\\/logo.png\",\"contentUrl\":\"https:\\\/\\\/marktxxl.de\\\/markt\\\/wp-content\\\/uploads\\\/sites\\\/3\\\/2020\\\/12\\\/logo.png\",\"width\":200,\"height\":70,\"caption\":\"Markt-XXL\"},\"image\":{\"@id\":\"https:\\\/\\\/marktxxl.de\\\/markt\\\/#\\\/schema\\\/logo\\\/image\\\/\"}}]}<\/script>\n<!-- \/ Yoast SEO plugin. -->","yoast_head_json":{"title":"BURADIA Badewannenkissen - Ultimativer Komfort und Entspannung mit neuester 4D Air Mesh Technologie - Badekissen f\u00fcr Badewanne mit 7 extra starken Saugn\u00e4pfen sowie Aufh\u00e4ngehaken - Gepr\u00fcfte Qualit\u00e4t! - Markt-XXL","description":"Markt-XXL BURADIA Badewannenkissen - Ultimativer Komfort und Entspannung mit neuester 4D Air Mesh Technologie - Badekissen f\u00fcr Badewanne mit 7 extra starken Saugn\u00e4pfen sowie Aufh\u00e4ngehaken - Gepr\u00fcfte Qualit\u00e4t!","robots":{"index":"index","follow":"follow","max-snippet":"max-snippet:-1","max-image-preview":"max-image-preview:large","max-video-preview":"max-video-preview:-1"},"canonical":"https:\/\/marktxxl.de\/markt\/produkt\/buradia-badewannenkissen-ultimativer-komfort-und-entspannung-mit-neuester-4d-air-mesh-technologie-badekissen-fuer-badewanne-mit-7-extra-starken-saugnaepfen-sowie-aufhaengehaken-gepruefte-qualita\/","og_locale":"de_DE","og_type":"article","og_title":"BURADIA Badewannenkissen - Ultimativer Komfort und Entspannung mit neuester 4D Air Mesh Technologie - Badekissen f\u00fcr Badewanne mit 7 extra starken Saugn\u00e4pfen sowie Aufh\u00e4ngehaken - Gepr\u00fcfte Qualit\u00e4t! - Markt-XXL","og_description":"Markt-XXL BURADIA Badewannenkissen - Ultimativer Komfort und Entspannung mit neuester 4D Air Mesh Technologie - Badekissen f\u00fcr Badewanne mit 7 extra starken Saugn\u00e4pfen sowie Aufh\u00e4ngehaken - Gepr\u00fcfte Qualit\u00e4t!","og_url":"https:\/\/marktxxl.de\/markt\/produkt\/buradia-badewannenkissen-ultimativer-komfort-und-entspannung-mit-neuester-4d-air-mesh-technologie-badekissen-fuer-badewanne-mit-7-extra-starken-saugnaepfen-sowie-aufhaengehaken-gepruefte-qualita\/","og_site_name":"Markt-XXL","twitter_card":"summary_large_image","twitter_misc":{"Gesch\u00e4tzte Lesezeit":"1\u00a0Minute"},"schema":{"@context":"https:\/\/schema.org","@graph":[{"@type":"WebPage","@id":"https:\/\/marktxxl.de\/markt\/produkt\/buradia-badewannenkissen-ultimativer-komfort-und-entspannung-mit-neuester-4d-air-mesh-technologie-badekissen-fuer-badewanne-mit-7-extra-starken-saugnaepfen-sowie-aufhaengehaken-gepruefte-qualita\/","url":"https:\/\/marktxxl.de\/markt\/produkt\/buradia-badewannenkissen-ultimativer-komfort-und-entspannung-mit-neuester-4d-air-mesh-technologie-badekissen-fuer-badewanne-mit-7-extra-starken-saugnaepfen-sowie-aufhaengehaken-gepruefte-qualita\/","name":"BURADIA Badewannenkissen - Ultimativer Komfort und Entspannung mit neuester 4D Air Mesh Technologie - Badekissen f\u00fcr Badewanne mit 7 extra starken Saugn\u00e4pfen sowie Aufh\u00e4ngehaken - Gepr\u00fcfte Qualit\u00e4t! - Markt-XXL","isPartOf":{"@id":"https:\/\/marktxxl.de\/markt\/#website"},"primaryImageOfPage":{"@id":"https:\/\/marktxxl.de\/markt\/produkt\/buradia-badewannenkissen-ultimativer-komfort-und-entspannung-mit-neuester-4d-air-mesh-technologie-badekissen-fuer-badewanne-mit-7-extra-starken-saugnaepfen-sowie-aufhaengehaken-gepruefte-qualita\/#primaryimage"},"image":{"@id":"https:\/\/marktxxl.de\/markt\/produkt\/buradia-badewannenkissen-ultimativer-komfort-und-entspannung-mit-neuester-4d-air-mesh-technologie-badekissen-fuer-badewanne-mit-7-extra-starken-saugnaepfen-sowie-aufhaengehaken-gepruefte-qualita\/#primaryimage"},"thumbnailUrl":"https:\/\/m.media-amazon.com\/images\/I\/41P8nl4iO7L._SL500_.jpg","datePublished":"2024-05-29T09:13:13+00:00","description":"Markt-XXL BURADIA Badewannenkissen - Ultimativer Komfort und Entspannung mit neuester 4D Air Mesh Technologie - Badekissen f\u00fcr Badewanne mit 7 extra starken Saugn\u00e4pfen sowie Aufh\u00e4ngehaken - Gepr\u00fcfte Qualit\u00e4t!","breadcrumb":{"@id":"https:\/\/marktxxl.de\/markt\/produkt\/buradia-badewannenkissen-ultimativer-komfort-und-entspannung-mit-neuester-4d-air-mesh-technologie-badekissen-fuer-badewanne-mit-7-extra-starken-saugnaepfen-sowie-aufhaengehaken-gepruefte-qualita\/#breadcrumb"},"inLanguage":"de","potentialAction":[{"@type":"ReadAction","target":["https:\/\/marktxxl.de\/markt\/produkt\/buradia-badewannenkissen-ultimativer-komfort-und-entspannung-mit-neuester-4d-air-mesh-technologie-badekissen-fuer-badewanne-mit-7-extra-starken-saugnaepfen-sowie-aufhaengehaken-gepruefte-qualita\/"]}]},{"@type":"ImageObject","inLanguage":"de","@id":"https:\/\/marktxxl.de\/markt\/produkt\/buradia-badewannenkissen-ultimativer-komfort-und-entspannung-mit-neuester-4d-air-mesh-technologie-badekissen-fuer-badewanne-mit-7-extra-starken-saugnaepfen-sowie-aufhaengehaken-gepruefte-qualita\/#primaryimage","url":"https:\/\/m.media-amazon.com\/images\/I\/41P8nl4iO7L._SL500_.jpg","contentUrl":"https:\/\/m.media-amazon.com\/images\/I\/41P8nl4iO7L._SL500_.jpg","width":500,"height":500},{"@type":"BreadcrumbList","@id":"https:\/\/marktxxl.de\/markt\/produkt\/buradia-badewannenkissen-ultimativer-komfort-und-entspannung-mit-neuester-4d-air-mesh-technologie-badekissen-fuer-badewanne-mit-7-extra-starken-saugnaepfen-sowie-aufhaengehaken-gepruefte-qualita\/#breadcrumb","itemListElement":[{"@type":"ListItem","position":1,"name":"Startseite","item":"https:\/\/marktxxl.de\/markt\/"},{"@type":"ListItem","position":2,"name":"Markt","item":"https:\/\/marktxxl.de\/markt\/"},{"@type":"ListItem","position":3,"name":"BURADIA Badewannenkissen &#8211; Ultimativer Komfort und Entspannung mit neuester 4D Air Mesh Technologie &#8211; Badekissen f\u00fcr Badewanne mit 7 extra starken Saugn\u00e4pfen sowie Aufh\u00e4ngehaken &#8211; Gepr\u00fcfte Qualit\u00e4t!"}]},{"@type":"WebSite","@id":"https:\/\/marktxxl.de\/markt\/#website","url":"https:\/\/marktxxl.de\/markt\/","name":"Markt-XXL","description":"Ihr Markt Online","publisher":{"@id":"https:\/\/marktxxl.de\/markt\/#organization"},"potentialAction":[{"@type":"SearchAction","target":{"@type":"EntryPoint","urlTemplate":"https:\/\/marktxxl.de\/markt\/?s={search_term_string}"},"query-input":{"@type":"PropertyValueSpecification","valueRequired":true,"valueName":"search_term_string"}}],"inLanguage":"de"},{"@type":"Organization","@id":"https:\/\/marktxxl.de\/markt\/#organization","name":"Markt-XXL","url":"https:\/\/marktxxl.de\/markt\/","logo":{"@type":"ImageObject","inLanguage":"de","@id":"https:\/\/marktxxl.de\/markt\/#\/schema\/logo\/image\/","url":"https:\/\/marktxxl.de\/markt\/wp-content\/uploads\/sites\/3\/2020\/12\/logo.png","contentUrl":"https:\/\/marktxxl.de\/markt\/wp-content\/uploads\/sites\/3\/2020\/12\/logo.png","width":200,"height":70,"caption":"Markt-XXL"},"image":{"@id":"https:\/\/marktxxl.de\/markt\/#\/schema\/logo\/image\/"}}]}},"_links":{"self":[{"href":"https:\/\/marktxxl.de\/markt\/wp-json\/wp\/v2\/product\/208948","targetHints":{"allow":["GET"]}}],"collection":[{"href":"https:\/\/marktxxl.de\/markt\/wp-json\/wp\/v2\/product"}],"about":[{"href":"https:\/\/marktxxl.de\/markt\/wp-json\/wp\/v2\/types\/product"}],"replies":[{"embeddable":true,"href":"https:\/\/marktxxl.de\/markt\/wp-json\/wp\/v2\/comments?post=208948"}],"wp:featuredmedia":[{"embeddable":true,"href":"https:\/\/marktxxl.de\/markt\/wp-json\/wp\/v2\/media\/208949"}],"wp:attachment":[{"href":"https:\/\/marktxxl.de\/markt\/wp-json\/wp\/v2\/media?parent=208948"}],"wp:term":[{"taxonomy":"product_brand","embeddable":true,"href":"https:\/\/marktxxl.de\/markt\/wp-json\/wp\/v2\/product_brand?post=208948"},{"taxonomy":"product_cat","embeddable":true,"href":"https:\/\/marktxxl.de\/markt\/wp-json\/wp\/v2\/product_cat?post=208948"},{"taxonomy":"product_tag","embeddable":true,"href":"https:\/\/marktxxl.de\/markt\/wp-json\/wp\/v2\/product_tag?post=208948"}],"curies":[{"name":"wp","href":"https:\/\/api.w.org\/{rel}","templated":true}]}}