{"id":208795,"date":"2024-05-29T10:44:47","date_gmt":"2024-05-29T08:44:47","guid":{"rendered":"https:\/\/marktxxl.de\/markt\/produkt\/mehrschichtverbundrohr-werkzeug-zum-auswaehlen-16x2-20x2-26x3-32x3-mm-laenge-1-m-bis-100-m-rot-blau-isoliert-sorte-einfach-auswaehlen\/"},"modified":"2024-05-29T10:44:47","modified_gmt":"2024-05-29T08:44:47","slug":"mehrschichtverbundrohr-werkzeug-zum-auswaehlen-16x2-20x2-26x3-32x3-mm-laenge-1-m-bis-100-m-rot-blau-isoliert-sorte-einfach-auswaehlen","status":"publish","type":"product","link":"https:\/\/marktxxl.de\/markt\/produkt\/mehrschichtverbundrohr-werkzeug-zum-auswaehlen-16x2-20x2-26x3-32x3-mm-laenge-1-m-bis-100-m-rot-blau-isoliert-sorte-einfach-auswaehlen\/","title":{"rendered":"Mehrschichtverbundrohr &amp; Werkzeug ZUM AUSW\u00c4HLEN &#8211; 16&#215;2-20&#215;2-26&#215;3-32&#215;3 mm &#8211; L\u00e4nge 1 m bis 100 m &#8211; Rot\/Blau isoliert &#8211; SORTE einfach ausw\u00e4hlen"},"content":{"rendered":"<p>Einfach gew\u00fcnschte Sorte und Gr\u00f6\u00dfe f\u00fcr Rohr und das Werkzeug selbst und einzeln ausw\u00e4hlen. Alle Gr\u00f6\u00dfen, alle L\u00e4ngen mit Rabatt.<br \/>\nProfi-Qualit\u00e4t f\u00fcr Handwerker und anspruchsvolle Heimwerker. Ohne oder mit Isolierung, rot oder blau (6mm).<br \/>\nGeeignet f\u00fcr Trinkwasser, Heizung, Fu\u00dfbodenheizung, Wasser, Warmwasser, Heizk\u00f6rper, Druckluft, K\u00fchlung.<br \/>\nRohr-Au\u00dfendurchmesser und Rohr-Wandst\u00e4rke wegen Rohr-Innendurchmesser f\u00fcr die verwendeten Fittings genau beachten! Perfekt passende g\u00fcnstige Qualit\u00e4ts-Fittings in unserem Angeboten.<br \/>\nPE-Xb \/al\/ PE-Xb Aluminium-Mehrschichtverbundrohr. Hohe Temperatur max. 95\u00b0C und Druckbest\u00e4ndigkeit max. 10 bar &#8211; ISO 21003-1:2009 class 2<br \/>\n<div class=\"main-cross-sell\" data-asin=\"B08PVX6D84\">\n\n\t<div class=\"WooZone-cross-sell-loader\">\n\t\t<div>\n\t\t\t<div id=\"floatingBarsG\">\n\t\t\t\t<div class=\"blockG\" id=\"rotateG_01\"><\/div>\n\t\t\t\t<div class=\"blockG\" id=\"rotateG_02\"><\/div>\n\t\t\t\t<div class=\"blockG\" id=\"rotateG_03\"><\/div>\n\t\t\t\t<div class=\"blockG\" id=\"rotateG_04\"><\/div>\n\t\t\t\t<div class=\"blockG\" id=\"rotateG_05\"><\/div>\n\t\t\t\t<div class=\"blockG\" id=\"rotateG_06\"><\/div>\n\t\t\t\t<div class=\"blockG\" id=\"rotateG_07\"><\/div>\n\t\t\t\t<div class=\"blockG\" id=\"rotateG_08\"><\/div>\n\t\t\t<\/div>\n\t\t\t<div class=\"WooZone-cross-sell-loader-text\"><\/div>\n\t\t<\/div>\n\t<\/div>\n\n\t\t\n<\/div>\n<div style=\"clear:both;\"><\/div><\/p>\n","protected":false},"excerpt":{"rendered":"<p>Einfach gew\u00fcnschte Sorte und Gr\u00f6\u00dfe f\u00fcr Rohr und das Werkzeug selbst und einzeln ausw\u00e4hlen. Alle Gr\u00f6\u00dfen, alle L\u00e4ngen mit Rabatt.<br \/>\nProfi-Qualit\u00e4t f\u00fcr Handwerker und anspruchsvolle Heimwerker. Ohne oder mit Isolierung, rot oder blau (6mm).<br \/>\nGeeignet f\u00fcr Trinkwasser, Heizung, Fu\u00dfbodenheizung, Wasser, Warmwasser, Heizk\u00f6rper, Druckluft, K\u00fchlung.<\/p>\n","protected":false},"featured_media":208796,"comment_status":"open","ping_status":"closed","template":"","meta":[],"product_brand":[],"product_cat":[1983,11319],"product_tag":[],"class_list":{"0":"post-208795","1":"product","2":"type-product","3":"status-publish","4":"has-post-thumbnail","6":"product_cat-baumarkt","7":"product_cat-sanitaer","8":"pa_brand-megahaustechnik","9":"pa_manufacturer-megahaustechnik","11":"first","12":"instock","13":"shipping-taxable","14":"product-type-simple","15":"customify-col","16":"product-has-gallery"},"yoast_head":"<!-- This site is optimized with the Yoast SEO plugin v27.4 - https:\/\/yoast.com\/product\/yoast-seo-wordpress\/ -->\n<title>Mehrschichtverbundrohr &amp; Werkzeug ZUM AUSW\u00c4HLEN - 16x2-20x2-26x3-32x3 mm - L\u00e4nge 1 m bis 100 m - Rot\/Blau isoliert - SORTE einfach ausw\u00e4hlen - Markt-XXL<\/title>\n<meta name=\"description\" content=\"Markt-XXL Mehrschichtverbundrohr &amp; Werkzeug ZUM AUSW\u00c4HLEN - 16x2-20x2-26x3-32x3 mm - L\u00e4nge 1 m bis 100 m - Rot\/Blau isoliert - SORTE einfach ausw\u00e4hlen\" \/>\n<meta name=\"robots\" content=\"index, follow, max-snippet:-1, max-image-preview:large, max-video-preview:-1\" \/>\n<link rel=\"canonical\" href=\"https:\/\/marktxxl.de\/markt\/produkt\/mehrschichtverbundrohr-werkzeug-zum-auswaehlen-16x2-20x2-26x3-32x3-mm-laenge-1-m-bis-100-m-rot-blau-isoliert-sorte-einfach-auswaehlen\/\" \/>\n<meta property=\"og:locale\" content=\"de_DE\" \/>\n<meta property=\"og:type\" content=\"article\" \/>\n<meta property=\"og:title\" content=\"Mehrschichtverbundrohr &amp; Werkzeug ZUM AUSW\u00c4HLEN - 16x2-20x2-26x3-32x3 mm - L\u00e4nge 1 m bis 100 m - Rot\/Blau isoliert - SORTE einfach ausw\u00e4hlen - Markt-XXL\" \/>\n<meta property=\"og:description\" content=\"Markt-XXL Mehrschichtverbundrohr &amp; Werkzeug ZUM AUSW\u00c4HLEN - 16x2-20x2-26x3-32x3 mm - L\u00e4nge 1 m bis 100 m - Rot\/Blau isoliert - SORTE einfach ausw\u00e4hlen\" \/>\n<meta property=\"og:url\" content=\"https:\/\/marktxxl.de\/markt\/produkt\/mehrschichtverbundrohr-werkzeug-zum-auswaehlen-16x2-20x2-26x3-32x3-mm-laenge-1-m-bis-100-m-rot-blau-isoliert-sorte-einfach-auswaehlen\/\" \/>\n<meta property=\"og:site_name\" content=\"Markt-XXL\" \/>\n<meta name=\"twitter:card\" content=\"summary_large_image\" \/>\n<meta name=\"twitter:label1\" content=\"Gesch\u00e4tzte Lesezeit\" \/>\n\t<meta name=\"twitter:data1\" content=\"1\u00a0Minute\" \/>\n<script type=\"application\/ld+json\" class=\"yoast-schema-graph\">{\"@context\":\"https:\\\/\\\/schema.org\",\"@graph\":[{\"@type\":\"WebPage\",\"@id\":\"https:\\\/\\\/marktxxl.de\\\/markt\\\/produkt\\\/mehrschichtverbundrohr-werkzeug-zum-auswaehlen-16x2-20x2-26x3-32x3-mm-laenge-1-m-bis-100-m-rot-blau-isoliert-sorte-einfach-auswaehlen\\\/\",\"url\":\"https:\\\/\\\/marktxxl.de\\\/markt\\\/produkt\\\/mehrschichtverbundrohr-werkzeug-zum-auswaehlen-16x2-20x2-26x3-32x3-mm-laenge-1-m-bis-100-m-rot-blau-isoliert-sorte-einfach-auswaehlen\\\/\",\"name\":\"Mehrschichtverbundrohr &amp; Werkzeug ZUM AUSW\u00c4HLEN - 16x2-20x2-26x3-32x3 mm - L\u00e4nge 1 m bis 100 m - Rot\\\/Blau isoliert - SORTE einfach ausw\u00e4hlen - Markt-XXL\",\"isPartOf\":{\"@id\":\"https:\\\/\\\/marktxxl.de\\\/markt\\\/#website\"},\"primaryImageOfPage\":{\"@id\":\"https:\\\/\\\/marktxxl.de\\\/markt\\\/produkt\\\/mehrschichtverbundrohr-werkzeug-zum-auswaehlen-16x2-20x2-26x3-32x3-mm-laenge-1-m-bis-100-m-rot-blau-isoliert-sorte-einfach-auswaehlen\\\/#primaryimage\"},\"image\":{\"@id\":\"https:\\\/\\\/marktxxl.de\\\/markt\\\/produkt\\\/mehrschichtverbundrohr-werkzeug-zum-auswaehlen-16x2-20x2-26x3-32x3-mm-laenge-1-m-bis-100-m-rot-blau-isoliert-sorte-einfach-auswaehlen\\\/#primaryimage\"},\"thumbnailUrl\":\"https:\\\/\\\/m.media-amazon.com\\\/images\\\/I\\\/515v2KEbdyL._SL500_.jpg\",\"datePublished\":\"2024-05-29T08:44:47+00:00\",\"description\":\"Markt-XXL Mehrschichtverbundrohr &amp; Werkzeug ZUM AUSW\u00c4HLEN - 16x2-20x2-26x3-32x3 mm - L\u00e4nge 1 m bis 100 m - Rot\\\/Blau isoliert - SORTE einfach ausw\u00e4hlen\",\"breadcrumb\":{\"@id\":\"https:\\\/\\\/marktxxl.de\\\/markt\\\/produkt\\\/mehrschichtverbundrohr-werkzeug-zum-auswaehlen-16x2-20x2-26x3-32x3-mm-laenge-1-m-bis-100-m-rot-blau-isoliert-sorte-einfach-auswaehlen\\\/#breadcrumb\"},\"inLanguage\":\"de\",\"potentialAction\":[{\"@type\":\"ReadAction\",\"target\":[\"https:\\\/\\\/marktxxl.de\\\/markt\\\/produkt\\\/mehrschichtverbundrohr-werkzeug-zum-auswaehlen-16x2-20x2-26x3-32x3-mm-laenge-1-m-bis-100-m-rot-blau-isoliert-sorte-einfach-auswaehlen\\\/\"]}]},{\"@type\":\"ImageObject\",\"inLanguage\":\"de\",\"@id\":\"https:\\\/\\\/marktxxl.de\\\/markt\\\/produkt\\\/mehrschichtverbundrohr-werkzeug-zum-auswaehlen-16x2-20x2-26x3-32x3-mm-laenge-1-m-bis-100-m-rot-blau-isoliert-sorte-einfach-auswaehlen\\\/#primaryimage\",\"url\":\"https:\\\/\\\/m.media-amazon.com\\\/images\\\/I\\\/515v2KEbdyL._SL500_.jpg\",\"contentUrl\":\"https:\\\/\\\/m.media-amazon.com\\\/images\\\/I\\\/515v2KEbdyL._SL500_.jpg\",\"width\":496,\"height\":500},{\"@type\":\"BreadcrumbList\",\"@id\":\"https:\\\/\\\/marktxxl.de\\\/markt\\\/produkt\\\/mehrschichtverbundrohr-werkzeug-zum-auswaehlen-16x2-20x2-26x3-32x3-mm-laenge-1-m-bis-100-m-rot-blau-isoliert-sorte-einfach-auswaehlen\\\/#breadcrumb\",\"itemListElement\":[{\"@type\":\"ListItem\",\"position\":1,\"name\":\"Startseite\",\"item\":\"https:\\\/\\\/marktxxl.de\\\/markt\\\/\"},{\"@type\":\"ListItem\",\"position\":2,\"name\":\"Markt\",\"item\":\"https:\\\/\\\/marktxxl.de\\\/markt\\\/\"},{\"@type\":\"ListItem\",\"position\":3,\"name\":\"Mehrschichtverbundrohr &amp; Werkzeug ZUM AUSW\u00c4HLEN &#8211; 16&#215;2-20&#215;2-26&#215;3-32&#215;3 mm &#8211; L\u00e4nge 1 m bis 100 m &#8211; Rot\\\/Blau isoliert &#8211; SORTE einfach ausw\u00e4hlen\"}]},{\"@type\":\"WebSite\",\"@id\":\"https:\\\/\\\/marktxxl.de\\\/markt\\\/#website\",\"url\":\"https:\\\/\\\/marktxxl.de\\\/markt\\\/\",\"name\":\"Markt-XXL\",\"description\":\"Ihr Markt Online\",\"publisher\":{\"@id\":\"https:\\\/\\\/marktxxl.de\\\/markt\\\/#organization\"},\"potentialAction\":[{\"@type\":\"SearchAction\",\"target\":{\"@type\":\"EntryPoint\",\"urlTemplate\":\"https:\\\/\\\/marktxxl.de\\\/markt\\\/?s={search_term_string}\"},\"query-input\":{\"@type\":\"PropertyValueSpecification\",\"valueRequired\":true,\"valueName\":\"search_term_string\"}}],\"inLanguage\":\"de\"},{\"@type\":\"Organization\",\"@id\":\"https:\\\/\\\/marktxxl.de\\\/markt\\\/#organization\",\"name\":\"Markt-XXL\",\"url\":\"https:\\\/\\\/marktxxl.de\\\/markt\\\/\",\"logo\":{\"@type\":\"ImageObject\",\"inLanguage\":\"de\",\"@id\":\"https:\\\/\\\/marktxxl.de\\\/markt\\\/#\\\/schema\\\/logo\\\/image\\\/\",\"url\":\"https:\\\/\\\/marktxxl.de\\\/markt\\\/wp-content\\\/uploads\\\/sites\\\/3\\\/2020\\\/12\\\/logo.png\",\"contentUrl\":\"https:\\\/\\\/marktxxl.de\\\/markt\\\/wp-content\\\/uploads\\\/sites\\\/3\\\/2020\\\/12\\\/logo.png\",\"width\":200,\"height\":70,\"caption\":\"Markt-XXL\"},\"image\":{\"@id\":\"https:\\\/\\\/marktxxl.de\\\/markt\\\/#\\\/schema\\\/logo\\\/image\\\/\"}}]}<\/script>\n<!-- \/ Yoast SEO plugin. -->","yoast_head_json":{"title":"Mehrschichtverbundrohr &amp; Werkzeug ZUM AUSW\u00c4HLEN - 16x2-20x2-26x3-32x3 mm - L\u00e4nge 1 m bis 100 m - Rot\/Blau isoliert - SORTE einfach ausw\u00e4hlen - Markt-XXL","description":"Markt-XXL Mehrschichtverbundrohr &amp; Werkzeug ZUM AUSW\u00c4HLEN - 16x2-20x2-26x3-32x3 mm - L\u00e4nge 1 m bis 100 m - Rot\/Blau isoliert - SORTE einfach ausw\u00e4hlen","robots":{"index":"index","follow":"follow","max-snippet":"max-snippet:-1","max-image-preview":"max-image-preview:large","max-video-preview":"max-video-preview:-1"},"canonical":"https:\/\/marktxxl.de\/markt\/produkt\/mehrschichtverbundrohr-werkzeug-zum-auswaehlen-16x2-20x2-26x3-32x3-mm-laenge-1-m-bis-100-m-rot-blau-isoliert-sorte-einfach-auswaehlen\/","og_locale":"de_DE","og_type":"article","og_title":"Mehrschichtverbundrohr &amp; Werkzeug ZUM AUSW\u00c4HLEN - 16x2-20x2-26x3-32x3 mm - L\u00e4nge 1 m bis 100 m - Rot\/Blau isoliert - SORTE einfach ausw\u00e4hlen - Markt-XXL","og_description":"Markt-XXL Mehrschichtverbundrohr &amp; Werkzeug ZUM AUSW\u00c4HLEN - 16x2-20x2-26x3-32x3 mm - L\u00e4nge 1 m bis 100 m - Rot\/Blau isoliert - SORTE einfach ausw\u00e4hlen","og_url":"https:\/\/marktxxl.de\/markt\/produkt\/mehrschichtverbundrohr-werkzeug-zum-auswaehlen-16x2-20x2-26x3-32x3-mm-laenge-1-m-bis-100-m-rot-blau-isoliert-sorte-einfach-auswaehlen\/","og_site_name":"Markt-XXL","twitter_card":"summary_large_image","twitter_misc":{"Gesch\u00e4tzte Lesezeit":"1\u00a0Minute"},"schema":{"@context":"https:\/\/schema.org","@graph":[{"@type":"WebPage","@id":"https:\/\/marktxxl.de\/markt\/produkt\/mehrschichtverbundrohr-werkzeug-zum-auswaehlen-16x2-20x2-26x3-32x3-mm-laenge-1-m-bis-100-m-rot-blau-isoliert-sorte-einfach-auswaehlen\/","url":"https:\/\/marktxxl.de\/markt\/produkt\/mehrschichtverbundrohr-werkzeug-zum-auswaehlen-16x2-20x2-26x3-32x3-mm-laenge-1-m-bis-100-m-rot-blau-isoliert-sorte-einfach-auswaehlen\/","name":"Mehrschichtverbundrohr &amp; Werkzeug ZUM AUSW\u00c4HLEN - 16x2-20x2-26x3-32x3 mm - L\u00e4nge 1 m bis 100 m - Rot\/Blau isoliert - SORTE einfach ausw\u00e4hlen - Markt-XXL","isPartOf":{"@id":"https:\/\/marktxxl.de\/markt\/#website"},"primaryImageOfPage":{"@id":"https:\/\/marktxxl.de\/markt\/produkt\/mehrschichtverbundrohr-werkzeug-zum-auswaehlen-16x2-20x2-26x3-32x3-mm-laenge-1-m-bis-100-m-rot-blau-isoliert-sorte-einfach-auswaehlen\/#primaryimage"},"image":{"@id":"https:\/\/marktxxl.de\/markt\/produkt\/mehrschichtverbundrohr-werkzeug-zum-auswaehlen-16x2-20x2-26x3-32x3-mm-laenge-1-m-bis-100-m-rot-blau-isoliert-sorte-einfach-auswaehlen\/#primaryimage"},"thumbnailUrl":"https:\/\/m.media-amazon.com\/images\/I\/515v2KEbdyL._SL500_.jpg","datePublished":"2024-05-29T08:44:47+00:00","description":"Markt-XXL Mehrschichtverbundrohr &amp; Werkzeug ZUM AUSW\u00c4HLEN - 16x2-20x2-26x3-32x3 mm - L\u00e4nge 1 m bis 100 m - Rot\/Blau isoliert - SORTE einfach ausw\u00e4hlen","breadcrumb":{"@id":"https:\/\/marktxxl.de\/markt\/produkt\/mehrschichtverbundrohr-werkzeug-zum-auswaehlen-16x2-20x2-26x3-32x3-mm-laenge-1-m-bis-100-m-rot-blau-isoliert-sorte-einfach-auswaehlen\/#breadcrumb"},"inLanguage":"de","potentialAction":[{"@type":"ReadAction","target":["https:\/\/marktxxl.de\/markt\/produkt\/mehrschichtverbundrohr-werkzeug-zum-auswaehlen-16x2-20x2-26x3-32x3-mm-laenge-1-m-bis-100-m-rot-blau-isoliert-sorte-einfach-auswaehlen\/"]}]},{"@type":"ImageObject","inLanguage":"de","@id":"https:\/\/marktxxl.de\/markt\/produkt\/mehrschichtverbundrohr-werkzeug-zum-auswaehlen-16x2-20x2-26x3-32x3-mm-laenge-1-m-bis-100-m-rot-blau-isoliert-sorte-einfach-auswaehlen\/#primaryimage","url":"https:\/\/m.media-amazon.com\/images\/I\/515v2KEbdyL._SL500_.jpg","contentUrl":"https:\/\/m.media-amazon.com\/images\/I\/515v2KEbdyL._SL500_.jpg","width":496,"height":500},{"@type":"BreadcrumbList","@id":"https:\/\/marktxxl.de\/markt\/produkt\/mehrschichtverbundrohr-werkzeug-zum-auswaehlen-16x2-20x2-26x3-32x3-mm-laenge-1-m-bis-100-m-rot-blau-isoliert-sorte-einfach-auswaehlen\/#breadcrumb","itemListElement":[{"@type":"ListItem","position":1,"name":"Startseite","item":"https:\/\/marktxxl.de\/markt\/"},{"@type":"ListItem","position":2,"name":"Markt","item":"https:\/\/marktxxl.de\/markt\/"},{"@type":"ListItem","position":3,"name":"Mehrschichtverbundrohr &amp; Werkzeug ZUM AUSW\u00c4HLEN &#8211; 16&#215;2-20&#215;2-26&#215;3-32&#215;3 mm &#8211; L\u00e4nge 1 m bis 100 m &#8211; Rot\/Blau isoliert &#8211; SORTE einfach ausw\u00e4hlen"}]},{"@type":"WebSite","@id":"https:\/\/marktxxl.de\/markt\/#website","url":"https:\/\/marktxxl.de\/markt\/","name":"Markt-XXL","description":"Ihr Markt Online","publisher":{"@id":"https:\/\/marktxxl.de\/markt\/#organization"},"potentialAction":[{"@type":"SearchAction","target":{"@type":"EntryPoint","urlTemplate":"https:\/\/marktxxl.de\/markt\/?s={search_term_string}"},"query-input":{"@type":"PropertyValueSpecification","valueRequired":true,"valueName":"search_term_string"}}],"inLanguage":"de"},{"@type":"Organization","@id":"https:\/\/marktxxl.de\/markt\/#organization","name":"Markt-XXL","url":"https:\/\/marktxxl.de\/markt\/","logo":{"@type":"ImageObject","inLanguage":"de","@id":"https:\/\/marktxxl.de\/markt\/#\/schema\/logo\/image\/","url":"https:\/\/marktxxl.de\/markt\/wp-content\/uploads\/sites\/3\/2020\/12\/logo.png","contentUrl":"https:\/\/marktxxl.de\/markt\/wp-content\/uploads\/sites\/3\/2020\/12\/logo.png","width":200,"height":70,"caption":"Markt-XXL"},"image":{"@id":"https:\/\/marktxxl.de\/markt\/#\/schema\/logo\/image\/"}}]}},"_links":{"self":[{"href":"https:\/\/marktxxl.de\/markt\/wp-json\/wp\/v2\/product\/208795","targetHints":{"allow":["GET"]}}],"collection":[{"href":"https:\/\/marktxxl.de\/markt\/wp-json\/wp\/v2\/product"}],"about":[{"href":"https:\/\/marktxxl.de\/markt\/wp-json\/wp\/v2\/types\/product"}],"replies":[{"embeddable":true,"href":"https:\/\/marktxxl.de\/markt\/wp-json\/wp\/v2\/comments?post=208795"}],"wp:featuredmedia":[{"embeddable":true,"href":"https:\/\/marktxxl.de\/markt\/wp-json\/wp\/v2\/media\/208796"}],"wp:attachment":[{"href":"https:\/\/marktxxl.de\/markt\/wp-json\/wp\/v2\/media?parent=208795"}],"wp:term":[{"taxonomy":"product_brand","embeddable":true,"href":"https:\/\/marktxxl.de\/markt\/wp-json\/wp\/v2\/product_brand?post=208795"},{"taxonomy":"product_cat","embeddable":true,"href":"https:\/\/marktxxl.de\/markt\/wp-json\/wp\/v2\/product_cat?post=208795"},{"taxonomy":"product_tag","embeddable":true,"href":"https:\/\/marktxxl.de\/markt\/wp-json\/wp\/v2\/product_tag?post=208795"}],"curies":[{"name":"wp","href":"https:\/\/api.w.org\/{rel}","templated":true}]}}