{"id":208685,"date":"2024-05-29T10:38:02","date_gmt":"2024-05-29T08:38:02","guid":{"rendered":"https:\/\/marktxxl.de\/markt\/produkt\/amagabeli-kaminholzregal-mit-4-kaminwerkzeug-90cmx78cmx33cm-grosses-breites-brennholzregal-kaminwerkzeugregal-fuer-innen-aussen-anzuendholzhalter-holzlager-staender-werkzeuge-herdzubehoer-schwarz\/"},"modified":"2024-05-29T10:38:02","modified_gmt":"2024-05-29T08:38:02","slug":"amagabeli-kaminholzregal-mit-4-kaminwerkzeug-90cmx78cmx33cm-grosses-breites-brennholzregal-kaminwerkzeugregal-fuer-innen-aussen-anzuendholzhalter-holzlager-staender-werkzeuge-herdzubehoer-schwarz","status":"publish","type":"product","link":"https:\/\/marktxxl.de\/markt\/produkt\/amagabeli-kaminholzregal-mit-4-kaminwerkzeug-90cmx78cmx33cm-grosses-breites-brennholzregal-kaminwerkzeugregal-fuer-innen-aussen-anzuendholzhalter-holzlager-staender-werkzeuge-herdzubehoer-schwarz\/","title":{"rendered":"Amagabeli Kaminholzregal mit 4 Kaminwerkzeug 90cmx78cmx33cm Gro\u00dfes breites Brennholzregal Kaminwerkzeugregal f\u00fcr Innen Au\u00dfen Anz\u00fcndholzhalter Holzlager St\u00e4nder Werkzeuge Herdzubeh\u00f6r Schwarz"},"content":{"rendered":"<p>Gro\u00dfes Fassungs- und Funktionsregal: Kaminholzregal das fasst ca. 1\/4 Brennholz, 450 LBS oder mehr, das sich ideal zum Aufbewahren, Trocknen oder Ausstellen von Brennholz eignet.<br \/>\nRobuste Schmiedeeisen:Kaminholzregal Aus strapazierf\u00e4higem Schmiedeeisen mit schwarzer Pulverbeschichtung.Und alle 4 Werkzeuge wurden aus Stahlstangen mit doppelter Pulverbeschichtung hergestellt.<br \/>\nDas Kaminset wird mit 4 St\u00fcck Brennholzwerkzeugen geliefert: Enth\u00e4lt eine Schaufel, eine B\u00fcrste, eine Zange und einen Sch\u00fcrhaken zum sicheren Bewegen und Reinigen von Brennholz. Kaminholzregal der Rahmen misst 90cm x 33 cm Breite und 78 cm H\u00f6he. Das Gewicht von 26,6 kg verspricht ausgezeichnete Stabilit\u00e4t.<br \/>\nAnz\u00fcndholzhalter: Kaminholzregal wird in 2 beweglichen St\u00fcckhaltern geliefert, die der Gr\u00f6\u00dfe Ihres Anz\u00fcndholzes entsprechen. Integrierte Haken am St\u00e4nder schaffen Platz zum Aufh\u00e4ngen der Werkzeugsets.<br \/>\nGeeignet f\u00fcr den Innen- und Au\u00dfenbereich: Amagabeli Kaminholzregal.Die 10cm erh\u00f6hte Basis \u00fcber dem Boden sorgt daf\u00fcr, dass der Windfluss trocken bleibt. Lager\/Verf\u00fcgbarkeit in unmittelbarer N\u00e4he und widerstehen effektiv Rost, Abplatzungen und Korrosion, insbesondere unter Holzstapelabdeckung und normalem \u00d6l nach Sonneneinstrahlung, Regen und Schnee.<br \/>\n<div class=\"main-cross-sell\" data-asin=\"B08996MT43\">\n\n\t<div class=\"WooZone-cross-sell-loader\">\n\t\t<div>\n\t\t\t<div id=\"floatingBarsG\">\n\t\t\t\t<div class=\"blockG\" id=\"rotateG_01\"><\/div>\n\t\t\t\t<div class=\"blockG\" id=\"rotateG_02\"><\/div>\n\t\t\t\t<div class=\"blockG\" id=\"rotateG_03\"><\/div>\n\t\t\t\t<div class=\"blockG\" id=\"rotateG_04\"><\/div>\n\t\t\t\t<div class=\"blockG\" id=\"rotateG_05\"><\/div>\n\t\t\t\t<div class=\"blockG\" id=\"rotateG_06\"><\/div>\n\t\t\t\t<div class=\"blockG\" id=\"rotateG_07\"><\/div>\n\t\t\t\t<div class=\"blockG\" id=\"rotateG_08\"><\/div>\n\t\t\t<\/div>\n\t\t\t<div class=\"WooZone-cross-sell-loader-text\"><\/div>\n\t\t<\/div>\n\t<\/div>\n\n\t\t\n<\/div>\n<div style=\"clear:both;\"><\/div><\/p>\n","protected":false},"excerpt":{"rendered":"<p>Gro\u00dfes Fassungs- und Funktionsregal: Kaminholzregal das fasst ca. 1\/4 Brennholz, 450 LBS oder mehr, das sich ideal zum Aufbewahren, Trocknen oder Ausstellen von Brennholz eignet.<br \/>\nRobuste Schmiedeeisen:Kaminholzregal Aus strapazierf\u00e4higem Schmiedeeisen mit schwarzer Pulverbeschichtung.Und alle 4 Werkzeuge wurden aus Stahlstangen mit doppelter Pulverbeschichtung hergestellt.<br \/>\nDas Kaminset wird mit 4 St\u00fcck Brennholzwerkzeugen geliefert: Enth\u00e4lt eine Schaufel, eine B\u00fcrste, eine Zange und einen Sch\u00fcrhaken zum sicheren Bewegen und Reinigen von Brennholz. Kaminholzregal der Rahmen misst 90cm x 33 cm Breite und 78 cm H\u00f6he. Das Gewicht von 26,6 kg verspricht ausgezeichnete Stabilit\u00e4t.<\/p>\n","protected":false},"featured_media":208686,"comment_status":"open","ping_status":"closed","template":"","meta":[],"product_brand":[],"product_cat":[1983,11036],"product_tag":[],"class_list":{"0":"post-208685","1":"product","2":"type-product","3":"status-publish","4":"has-post-thumbnail","6":"product_cat-baumarkt","7":"product_cat-kamine","8":"pa_binding-gartenartikel","9":"pa_brand-amagabeli-garden-home","10":"pa_color-schwarz","11":"pa_height-10-zoll","12":"pa_length-36-zoll","13":"pa_manufacturer-amagabeli-garden-home","14":"pa_model-fireplace205","15":"pa_size-33-5d-x-12-9w-x-30-7h","16":"pa_weight-26-45547144-pfund","17":"pa_width-10-zoll","19":"first","20":"instock","21":"shipping-taxable","22":"purchasable","23":"product-type-simple","24":"customify-col","25":"product-has-gallery"},"yoast_head":"<!-- This site is optimized with the Yoast SEO plugin v27.3 - https:\/\/yoast.com\/product\/yoast-seo-wordpress\/ -->\n<title>Amagabeli Kaminholzregal mit 4 Kaminwerkzeug 90cmx78cmx33cm Gro\u00dfes breites Brennholzregal Kaminwerkzeugregal f\u00fcr Innen Au\u00dfen Anz\u00fcndholzhalter Holzlager St\u00e4nder Werkzeuge Herdzubeh\u00f6r Schwarz - Markt-XXL<\/title>\n<meta name=\"description\" content=\"Markt-XXL Amagabeli Kaminholzregal mit 4 Kaminwerkzeug 90cmx78cmx33cm Gro\u00dfes breites Brennholzregal Kaminwerkzeugregal f\u00fcr Innen Au\u00dfen Anz\u00fcndholzhalter Holzlager St\u00e4nder Werkzeuge Herdzubeh\u00f6r Schwarz\" \/>\n<meta name=\"robots\" content=\"index, follow, max-snippet:-1, max-image-preview:large, max-video-preview:-1\" \/>\n<link rel=\"canonical\" href=\"https:\/\/marktxxl.de\/markt\/produkt\/amagabeli-kaminholzregal-mit-4-kaminwerkzeug-90cmx78cmx33cm-grosses-breites-brennholzregal-kaminwerkzeugregal-fuer-innen-aussen-anzuendholzhalter-holzlager-staender-werkzeuge-herdzubehoer-schwarz\/\" \/>\n<meta property=\"og:locale\" content=\"de_DE\" \/>\n<meta property=\"og:type\" content=\"article\" \/>\n<meta property=\"og:title\" content=\"Amagabeli Kaminholzregal mit 4 Kaminwerkzeug 90cmx78cmx33cm Gro\u00dfes breites Brennholzregal Kaminwerkzeugregal f\u00fcr Innen Au\u00dfen Anz\u00fcndholzhalter Holzlager St\u00e4nder Werkzeuge Herdzubeh\u00f6r Schwarz - Markt-XXL\" \/>\n<meta property=\"og:description\" content=\"Markt-XXL Amagabeli Kaminholzregal mit 4 Kaminwerkzeug 90cmx78cmx33cm Gro\u00dfes breites Brennholzregal Kaminwerkzeugregal f\u00fcr Innen Au\u00dfen Anz\u00fcndholzhalter Holzlager St\u00e4nder Werkzeuge Herdzubeh\u00f6r Schwarz\" \/>\n<meta property=\"og:url\" content=\"https:\/\/marktxxl.de\/markt\/produkt\/amagabeli-kaminholzregal-mit-4-kaminwerkzeug-90cmx78cmx33cm-grosses-breites-brennholzregal-kaminwerkzeugregal-fuer-innen-aussen-anzuendholzhalter-holzlager-staender-werkzeuge-herdzubehoer-schwarz\/\" \/>\n<meta property=\"og:site_name\" content=\"Markt-XXL\" \/>\n<meta name=\"twitter:card\" content=\"summary_large_image\" \/>\n<meta name=\"twitter:label1\" content=\"Gesch\u00e4tzte Lesezeit\" \/>\n\t<meta name=\"twitter:data1\" content=\"1\u00a0Minute\" \/>\n<script type=\"application\/ld+json\" class=\"yoast-schema-graph\">{\"@context\":\"https:\\\/\\\/schema.org\",\"@graph\":[{\"@type\":\"WebPage\",\"@id\":\"https:\\\/\\\/marktxxl.de\\\/markt\\\/produkt\\\/amagabeli-kaminholzregal-mit-4-kaminwerkzeug-90cmx78cmx33cm-grosses-breites-brennholzregal-kaminwerkzeugregal-fuer-innen-aussen-anzuendholzhalter-holzlager-staender-werkzeuge-herdzubehoer-schwarz\\\/\",\"url\":\"https:\\\/\\\/marktxxl.de\\\/markt\\\/produkt\\\/amagabeli-kaminholzregal-mit-4-kaminwerkzeug-90cmx78cmx33cm-grosses-breites-brennholzregal-kaminwerkzeugregal-fuer-innen-aussen-anzuendholzhalter-holzlager-staender-werkzeuge-herdzubehoer-schwarz\\\/\",\"name\":\"Amagabeli Kaminholzregal mit 4 Kaminwerkzeug 90cmx78cmx33cm Gro\u00dfes breites Brennholzregal Kaminwerkzeugregal f\u00fcr Innen Au\u00dfen Anz\u00fcndholzhalter Holzlager St\u00e4nder Werkzeuge Herdzubeh\u00f6r Schwarz - Markt-XXL\",\"isPartOf\":{\"@id\":\"https:\\\/\\\/marktxxl.de\\\/markt\\\/#website\"},\"primaryImageOfPage\":{\"@id\":\"https:\\\/\\\/marktxxl.de\\\/markt\\\/produkt\\\/amagabeli-kaminholzregal-mit-4-kaminwerkzeug-90cmx78cmx33cm-grosses-breites-brennholzregal-kaminwerkzeugregal-fuer-innen-aussen-anzuendholzhalter-holzlager-staender-werkzeuge-herdzubehoer-schwarz\\\/#primaryimage\"},\"image\":{\"@id\":\"https:\\\/\\\/marktxxl.de\\\/markt\\\/produkt\\\/amagabeli-kaminholzregal-mit-4-kaminwerkzeug-90cmx78cmx33cm-grosses-breites-brennholzregal-kaminwerkzeugregal-fuer-innen-aussen-anzuendholzhalter-holzlager-staender-werkzeuge-herdzubehoer-schwarz\\\/#primaryimage\"},\"thumbnailUrl\":\"https:\\\/\\\/m.media-amazon.com\\\/images\\\/I\\\/51d8Lsae4hL._SL500_.jpg\",\"datePublished\":\"2024-05-29T08:38:02+00:00\",\"description\":\"Markt-XXL Amagabeli Kaminholzregal mit 4 Kaminwerkzeug 90cmx78cmx33cm Gro\u00dfes breites Brennholzregal Kaminwerkzeugregal f\u00fcr Innen Au\u00dfen Anz\u00fcndholzhalter Holzlager St\u00e4nder Werkzeuge Herdzubeh\u00f6r Schwarz\",\"breadcrumb\":{\"@id\":\"https:\\\/\\\/marktxxl.de\\\/markt\\\/produkt\\\/amagabeli-kaminholzregal-mit-4-kaminwerkzeug-90cmx78cmx33cm-grosses-breites-brennholzregal-kaminwerkzeugregal-fuer-innen-aussen-anzuendholzhalter-holzlager-staender-werkzeuge-herdzubehoer-schwarz\\\/#breadcrumb\"},\"inLanguage\":\"de\",\"potentialAction\":[{\"@type\":\"ReadAction\",\"target\":[\"https:\\\/\\\/marktxxl.de\\\/markt\\\/produkt\\\/amagabeli-kaminholzregal-mit-4-kaminwerkzeug-90cmx78cmx33cm-grosses-breites-brennholzregal-kaminwerkzeugregal-fuer-innen-aussen-anzuendholzhalter-holzlager-staender-werkzeuge-herdzubehoer-schwarz\\\/\"]}]},{\"@type\":\"ImageObject\",\"inLanguage\":\"de\",\"@id\":\"https:\\\/\\\/marktxxl.de\\\/markt\\\/produkt\\\/amagabeli-kaminholzregal-mit-4-kaminwerkzeug-90cmx78cmx33cm-grosses-breites-brennholzregal-kaminwerkzeugregal-fuer-innen-aussen-anzuendholzhalter-holzlager-staender-werkzeuge-herdzubehoer-schwarz\\\/#primaryimage\",\"url\":\"https:\\\/\\\/m.media-amazon.com\\\/images\\\/I\\\/51d8Lsae4hL._SL500_.jpg\",\"contentUrl\":\"https:\\\/\\\/m.media-amazon.com\\\/images\\\/I\\\/51d8Lsae4hL._SL500_.jpg\",\"width\":500,\"height\":500},{\"@type\":\"BreadcrumbList\",\"@id\":\"https:\\\/\\\/marktxxl.de\\\/markt\\\/produkt\\\/amagabeli-kaminholzregal-mit-4-kaminwerkzeug-90cmx78cmx33cm-grosses-breites-brennholzregal-kaminwerkzeugregal-fuer-innen-aussen-anzuendholzhalter-holzlager-staender-werkzeuge-herdzubehoer-schwarz\\\/#breadcrumb\",\"itemListElement\":[{\"@type\":\"ListItem\",\"position\":1,\"name\":\"Startseite\",\"item\":\"https:\\\/\\\/marktxxl.de\\\/markt\\\/\"},{\"@type\":\"ListItem\",\"position\":2,\"name\":\"Markt\",\"item\":\"https:\\\/\\\/marktxxl.de\\\/markt\\\/\"},{\"@type\":\"ListItem\",\"position\":3,\"name\":\"Amagabeli Kaminholzregal mit 4 Kaminwerkzeug 90cmx78cmx33cm Gro\u00dfes breites Brennholzregal Kaminwerkzeugregal f\u00fcr Innen Au\u00dfen Anz\u00fcndholzhalter Holzlager St\u00e4nder Werkzeuge Herdzubeh\u00f6r Schwarz\"}]},{\"@type\":\"WebSite\",\"@id\":\"https:\\\/\\\/marktxxl.de\\\/markt\\\/#website\",\"url\":\"https:\\\/\\\/marktxxl.de\\\/markt\\\/\",\"name\":\"Markt-XXL\",\"description\":\"Ihr Markt Online\",\"publisher\":{\"@id\":\"https:\\\/\\\/marktxxl.de\\\/markt\\\/#organization\"},\"potentialAction\":[{\"@type\":\"SearchAction\",\"target\":{\"@type\":\"EntryPoint\",\"urlTemplate\":\"https:\\\/\\\/marktxxl.de\\\/markt\\\/?s={search_term_string}\"},\"query-input\":{\"@type\":\"PropertyValueSpecification\",\"valueRequired\":true,\"valueName\":\"search_term_string\"}}],\"inLanguage\":\"de\"},{\"@type\":\"Organization\",\"@id\":\"https:\\\/\\\/marktxxl.de\\\/markt\\\/#organization\",\"name\":\"Markt-XXL\",\"url\":\"https:\\\/\\\/marktxxl.de\\\/markt\\\/\",\"logo\":{\"@type\":\"ImageObject\",\"inLanguage\":\"de\",\"@id\":\"https:\\\/\\\/marktxxl.de\\\/markt\\\/#\\\/schema\\\/logo\\\/image\\\/\",\"url\":\"https:\\\/\\\/marktxxl.de\\\/markt\\\/wp-content\\\/uploads\\\/sites\\\/3\\\/2020\\\/12\\\/logo.png\",\"contentUrl\":\"https:\\\/\\\/marktxxl.de\\\/markt\\\/wp-content\\\/uploads\\\/sites\\\/3\\\/2020\\\/12\\\/logo.png\",\"width\":200,\"height\":70,\"caption\":\"Markt-XXL\"},\"image\":{\"@id\":\"https:\\\/\\\/marktxxl.de\\\/markt\\\/#\\\/schema\\\/logo\\\/image\\\/\"}}]}<\/script>\n<!-- \/ Yoast SEO plugin. -->","yoast_head_json":{"title":"Amagabeli Kaminholzregal mit 4 Kaminwerkzeug 90cmx78cmx33cm Gro\u00dfes breites Brennholzregal Kaminwerkzeugregal f\u00fcr Innen Au\u00dfen Anz\u00fcndholzhalter Holzlager St\u00e4nder Werkzeuge Herdzubeh\u00f6r Schwarz - Markt-XXL","description":"Markt-XXL Amagabeli Kaminholzregal mit 4 Kaminwerkzeug 90cmx78cmx33cm Gro\u00dfes breites Brennholzregal Kaminwerkzeugregal f\u00fcr Innen Au\u00dfen Anz\u00fcndholzhalter Holzlager St\u00e4nder Werkzeuge Herdzubeh\u00f6r Schwarz","robots":{"index":"index","follow":"follow","max-snippet":"max-snippet:-1","max-image-preview":"max-image-preview:large","max-video-preview":"max-video-preview:-1"},"canonical":"https:\/\/marktxxl.de\/markt\/produkt\/amagabeli-kaminholzregal-mit-4-kaminwerkzeug-90cmx78cmx33cm-grosses-breites-brennholzregal-kaminwerkzeugregal-fuer-innen-aussen-anzuendholzhalter-holzlager-staender-werkzeuge-herdzubehoer-schwarz\/","og_locale":"de_DE","og_type":"article","og_title":"Amagabeli Kaminholzregal mit 4 Kaminwerkzeug 90cmx78cmx33cm Gro\u00dfes breites Brennholzregal Kaminwerkzeugregal f\u00fcr Innen Au\u00dfen Anz\u00fcndholzhalter Holzlager St\u00e4nder Werkzeuge Herdzubeh\u00f6r Schwarz - Markt-XXL","og_description":"Markt-XXL Amagabeli Kaminholzregal mit 4 Kaminwerkzeug 90cmx78cmx33cm Gro\u00dfes breites Brennholzregal Kaminwerkzeugregal f\u00fcr Innen Au\u00dfen Anz\u00fcndholzhalter Holzlager St\u00e4nder Werkzeuge Herdzubeh\u00f6r Schwarz","og_url":"https:\/\/marktxxl.de\/markt\/produkt\/amagabeli-kaminholzregal-mit-4-kaminwerkzeug-90cmx78cmx33cm-grosses-breites-brennholzregal-kaminwerkzeugregal-fuer-innen-aussen-anzuendholzhalter-holzlager-staender-werkzeuge-herdzubehoer-schwarz\/","og_site_name":"Markt-XXL","twitter_card":"summary_large_image","twitter_misc":{"Gesch\u00e4tzte Lesezeit":"1\u00a0Minute"},"schema":{"@context":"https:\/\/schema.org","@graph":[{"@type":"WebPage","@id":"https:\/\/marktxxl.de\/markt\/produkt\/amagabeli-kaminholzregal-mit-4-kaminwerkzeug-90cmx78cmx33cm-grosses-breites-brennholzregal-kaminwerkzeugregal-fuer-innen-aussen-anzuendholzhalter-holzlager-staender-werkzeuge-herdzubehoer-schwarz\/","url":"https:\/\/marktxxl.de\/markt\/produkt\/amagabeli-kaminholzregal-mit-4-kaminwerkzeug-90cmx78cmx33cm-grosses-breites-brennholzregal-kaminwerkzeugregal-fuer-innen-aussen-anzuendholzhalter-holzlager-staender-werkzeuge-herdzubehoer-schwarz\/","name":"Amagabeli Kaminholzregal mit 4 Kaminwerkzeug 90cmx78cmx33cm Gro\u00dfes breites Brennholzregal Kaminwerkzeugregal f\u00fcr Innen Au\u00dfen Anz\u00fcndholzhalter Holzlager St\u00e4nder Werkzeuge Herdzubeh\u00f6r Schwarz - Markt-XXL","isPartOf":{"@id":"https:\/\/marktxxl.de\/markt\/#website"},"primaryImageOfPage":{"@id":"https:\/\/marktxxl.de\/markt\/produkt\/amagabeli-kaminholzregal-mit-4-kaminwerkzeug-90cmx78cmx33cm-grosses-breites-brennholzregal-kaminwerkzeugregal-fuer-innen-aussen-anzuendholzhalter-holzlager-staender-werkzeuge-herdzubehoer-schwarz\/#primaryimage"},"image":{"@id":"https:\/\/marktxxl.de\/markt\/produkt\/amagabeli-kaminholzregal-mit-4-kaminwerkzeug-90cmx78cmx33cm-grosses-breites-brennholzregal-kaminwerkzeugregal-fuer-innen-aussen-anzuendholzhalter-holzlager-staender-werkzeuge-herdzubehoer-schwarz\/#primaryimage"},"thumbnailUrl":"https:\/\/m.media-amazon.com\/images\/I\/51d8Lsae4hL._SL500_.jpg","datePublished":"2024-05-29T08:38:02+00:00","description":"Markt-XXL Amagabeli Kaminholzregal mit 4 Kaminwerkzeug 90cmx78cmx33cm Gro\u00dfes breites Brennholzregal Kaminwerkzeugregal f\u00fcr Innen Au\u00dfen Anz\u00fcndholzhalter Holzlager St\u00e4nder Werkzeuge Herdzubeh\u00f6r Schwarz","breadcrumb":{"@id":"https:\/\/marktxxl.de\/markt\/produkt\/amagabeli-kaminholzregal-mit-4-kaminwerkzeug-90cmx78cmx33cm-grosses-breites-brennholzregal-kaminwerkzeugregal-fuer-innen-aussen-anzuendholzhalter-holzlager-staender-werkzeuge-herdzubehoer-schwarz\/#breadcrumb"},"inLanguage":"de","potentialAction":[{"@type":"ReadAction","target":["https:\/\/marktxxl.de\/markt\/produkt\/amagabeli-kaminholzregal-mit-4-kaminwerkzeug-90cmx78cmx33cm-grosses-breites-brennholzregal-kaminwerkzeugregal-fuer-innen-aussen-anzuendholzhalter-holzlager-staender-werkzeuge-herdzubehoer-schwarz\/"]}]},{"@type":"ImageObject","inLanguage":"de","@id":"https:\/\/marktxxl.de\/markt\/produkt\/amagabeli-kaminholzregal-mit-4-kaminwerkzeug-90cmx78cmx33cm-grosses-breites-brennholzregal-kaminwerkzeugregal-fuer-innen-aussen-anzuendholzhalter-holzlager-staender-werkzeuge-herdzubehoer-schwarz\/#primaryimage","url":"https:\/\/m.media-amazon.com\/images\/I\/51d8Lsae4hL._SL500_.jpg","contentUrl":"https:\/\/m.media-amazon.com\/images\/I\/51d8Lsae4hL._SL500_.jpg","width":500,"height":500},{"@type":"BreadcrumbList","@id":"https:\/\/marktxxl.de\/markt\/produkt\/amagabeli-kaminholzregal-mit-4-kaminwerkzeug-90cmx78cmx33cm-grosses-breites-brennholzregal-kaminwerkzeugregal-fuer-innen-aussen-anzuendholzhalter-holzlager-staender-werkzeuge-herdzubehoer-schwarz\/#breadcrumb","itemListElement":[{"@type":"ListItem","position":1,"name":"Startseite","item":"https:\/\/marktxxl.de\/markt\/"},{"@type":"ListItem","position":2,"name":"Markt","item":"https:\/\/marktxxl.de\/markt\/"},{"@type":"ListItem","position":3,"name":"Amagabeli Kaminholzregal mit 4 Kaminwerkzeug 90cmx78cmx33cm Gro\u00dfes breites Brennholzregal Kaminwerkzeugregal f\u00fcr Innen Au\u00dfen Anz\u00fcndholzhalter Holzlager St\u00e4nder Werkzeuge Herdzubeh\u00f6r Schwarz"}]},{"@type":"WebSite","@id":"https:\/\/marktxxl.de\/markt\/#website","url":"https:\/\/marktxxl.de\/markt\/","name":"Markt-XXL","description":"Ihr Markt Online","publisher":{"@id":"https:\/\/marktxxl.de\/markt\/#organization"},"potentialAction":[{"@type":"SearchAction","target":{"@type":"EntryPoint","urlTemplate":"https:\/\/marktxxl.de\/markt\/?s={search_term_string}"},"query-input":{"@type":"PropertyValueSpecification","valueRequired":true,"valueName":"search_term_string"}}],"inLanguage":"de"},{"@type":"Organization","@id":"https:\/\/marktxxl.de\/markt\/#organization","name":"Markt-XXL","url":"https:\/\/marktxxl.de\/markt\/","logo":{"@type":"ImageObject","inLanguage":"de","@id":"https:\/\/marktxxl.de\/markt\/#\/schema\/logo\/image\/","url":"https:\/\/marktxxl.de\/markt\/wp-content\/uploads\/sites\/3\/2020\/12\/logo.png","contentUrl":"https:\/\/marktxxl.de\/markt\/wp-content\/uploads\/sites\/3\/2020\/12\/logo.png","width":200,"height":70,"caption":"Markt-XXL"},"image":{"@id":"https:\/\/marktxxl.de\/markt\/#\/schema\/logo\/image\/"}}]}},"_links":{"self":[{"href":"https:\/\/marktxxl.de\/markt\/wp-json\/wp\/v2\/product\/208685","targetHints":{"allow":["GET"]}}],"collection":[{"href":"https:\/\/marktxxl.de\/markt\/wp-json\/wp\/v2\/product"}],"about":[{"href":"https:\/\/marktxxl.de\/markt\/wp-json\/wp\/v2\/types\/product"}],"replies":[{"embeddable":true,"href":"https:\/\/marktxxl.de\/markt\/wp-json\/wp\/v2\/comments?post=208685"}],"wp:featuredmedia":[{"embeddable":true,"href":"https:\/\/marktxxl.de\/markt\/wp-json\/wp\/v2\/media\/208686"}],"wp:attachment":[{"href":"https:\/\/marktxxl.de\/markt\/wp-json\/wp\/v2\/media?parent=208685"}],"wp:term":[{"taxonomy":"product_brand","embeddable":true,"href":"https:\/\/marktxxl.de\/markt\/wp-json\/wp\/v2\/product_brand?post=208685"},{"taxonomy":"product_cat","embeddable":true,"href":"https:\/\/marktxxl.de\/markt\/wp-json\/wp\/v2\/product_cat?post=208685"},{"taxonomy":"product_tag","embeddable":true,"href":"https:\/\/marktxxl.de\/markt\/wp-json\/wp\/v2\/product_tag?post=208685"}],"curies":[{"name":"wp","href":"https:\/\/api.w.org\/{rel}","templated":true}]}}