{"id":208334,"date":"2024-05-29T08:15:58","date_gmt":"2024-05-29T06:15:58","guid":{"rendered":"https:\/\/marktxxl.de\/markt\/produkt\/indicals-wasserhahn-kuechekuechenarmatur-mischbatterie-kueche-armatur-kueche-edelstahl-360-drehung-spueltischarmatur-kueche-mit-hoher-auslaufwasserzulaufrohr-g3-8\/"},"modified":"2024-05-29T08:15:58","modified_gmt":"2024-05-29T06:15:58","slug":"indicals-wasserhahn-kuechekuechenarmatur-mischbatterie-kueche-armatur-kueche-edelstahl-360-drehung-spueltischarmatur-kueche-mit-hoher-auslaufwasserzulaufrohr-g3-8","status":"publish","type":"product","link":"https:\/\/marktxxl.de\/markt\/produkt\/indicals-wasserhahn-kuechekuechenarmatur-mischbatterie-kueche-armatur-kueche-edelstahl-360-drehung-spueltischarmatur-kueche-mit-hoher-auslaufwasserzulaufrohr-g3-8\/","title":{"rendered":"INDICALS Wasserhahn K\u00fcche,K\u00fcchenarmatur Mischbatterie K\u00fcche Armatur K\u00fcche Edelstahl 360\u00b0 Drehung Sp\u00fcltischarmatur K\u00fcche mit Hoher Auslauf,Wasserzulaufrohr G3\/8&#8243;"},"content":{"rendered":"<p>Durch die Pr\u00e4zisionsbearbeitung hochwertiger Edelstahlrohstoffe wird die Satinpoliertechnologie implementiert, um sicherzustellen, dass das Erscheinungsbild des Wasserhahns seine Farbe nicht \u00e4ndert oder korrodiert.<br \/>\nStreng gepr\u00fcfte Schaltspulen, die 500.000 Warm- und Kaltwasser-Schalttests und Hochdruck-Lecktests bestanden haben, um jegliche M\u00f6glichkeit von Wassertropfen und Wasserleckagen auszuschlie\u00dfen.<br \/>\nMit einer gro\u00dfen Auswahl an 360 \u00b0 -Rotationsdesigns k\u00f6nnen Wasserdurchfluss und Temperatur einfach mit nur einem Griff gesteuert werden.Egal, ob Sie ein Waschbecken oder zwei Waschbecken haben, mit unseren Wasserh\u00e4hnen k\u00f6nnen Sie Wasser bequem und angemessen nutzen.<br \/>\nHochwertige Bel\u00fcfter sorgen f\u00fcr einen gleichm\u00e4\u00dfigeren und konstanteren Wasserfluss. Durch das Einspritzen von Luft in den Bel\u00fcfter kann der Wasserfluss den Effekt erzielen, dass kein Spritzen und kein Ger\u00e4usch auftritt, wodurch Sie 30% Wasserverlust und Kosten sparen.<br \/>\nDieses Produkt ist mit einer standardm\u00e4\u00dfigen G3 \/ 8 &#8220;Pex-Wasserleitung ausgestattet, die f\u00fcr die meisten Anschlussschaltventile f\u00fcr K\u00fcchensp\u00fclen geeignet ist.Ein komplettes Set an Installationszubeh\u00f6r und eine professionelle deutsche Anleitung k\u00f6nnen Ihnen leicht helfen, die Installation selbst durchzuf\u00fchren.<br \/>\n<div class=\"main-cross-sell\" data-asin=\"B0CRVTVLYQ\">\n\n\t<div class=\"WooZone-cross-sell-loader\">\n\t\t<div>\n\t\t\t<div id=\"floatingBarsG\">\n\t\t\t\t<div class=\"blockG\" id=\"rotateG_01\"><\/div>\n\t\t\t\t<div class=\"blockG\" id=\"rotateG_02\"><\/div>\n\t\t\t\t<div class=\"blockG\" id=\"rotateG_03\"><\/div>\n\t\t\t\t<div class=\"blockG\" id=\"rotateG_04\"><\/div>\n\t\t\t\t<div class=\"blockG\" id=\"rotateG_05\"><\/div>\n\t\t\t\t<div class=\"blockG\" id=\"rotateG_06\"><\/div>\n\t\t\t\t<div class=\"blockG\" id=\"rotateG_07\"><\/div>\n\t\t\t\t<div class=\"blockG\" id=\"rotateG_08\"><\/div>\n\t\t\t<\/div>\n\t\t\t<div class=\"WooZone-cross-sell-loader-text\"><\/div>\n\t\t<\/div>\n\t<\/div>\n\n\t\t\n<\/div>\n<div style=\"clear:both;\"><\/div><\/p>\n","protected":false},"excerpt":{"rendered":"<p>Durch die Pr\u00e4zisionsbearbeitung hochwertiger Edelstahlrohstoffe wird die Satinpoliertechnologie implementiert, um sicherzustellen, dass das Erscheinungsbild des Wasserhahns seine Farbe nicht \u00e4ndert oder korrodiert.<br \/>\nStreng gepr\u00fcfte Schaltspulen, die 500.000 Warm- und Kaltwasser-Schalttests und Hochdruck-Lecktests bestanden haben, um jegliche M\u00f6glichkeit von Wassertropfen und Wasserleckagen auszuschlie\u00dfen.<br \/>\nMit einer gro\u00dfen Auswahl an 360 \u00b0 -Rotationsdesigns k\u00f6nnen Wasserdurchfluss und Temperatur einfach mit nur einem Griff gesteuert werden.Egal, ob Sie ein Waschbecken oder zwei Waschbecken haben, mit unseren Wasserh\u00e4hnen k\u00f6nnen Sie Wasser bequem und angemessen nutzen.<\/p>\n","protected":false},"featured_media":208335,"comment_status":"open","ping_status":"closed","template":"","meta":[],"product_brand":[],"product_cat":[1983,11101],"product_tag":[],"class_list":{"0":"post-208334","1":"product","2":"type-product","3":"status-publish","4":"has-post-thumbnail","6":"product_cat-baumarkt","7":"product_cat-kuechen-badinstallation","8":"pa_brand-indicals","9":"pa_color-matt","10":"pa_manufacturer-indicals","11":"pa_model-fba-sc-001-20240109","12":"pa_weight-2-9982867632-pfund","14":"first","15":"instock","16":"sale","17":"shipping-taxable","18":"purchasable","19":"product-type-simple","20":"customify-col","21":"product-has-gallery"},"yoast_head":"<!-- This site is optimized with the Yoast SEO plugin v27.4 - https:\/\/yoast.com\/product\/yoast-seo-wordpress\/ -->\n<title>INDICALS Wasserhahn K\u00fcche,K\u00fcchenarmatur Mischbatterie K\u00fcche Armatur K\u00fcche Edelstahl 360\u00b0 Drehung Sp\u00fcltischarmatur K\u00fcche mit Hoher Auslauf,Wasserzulaufrohr G3\/8&quot; - Markt-XXL<\/title>\n<meta name=\"description\" content=\"Markt-XXL INDICALS Wasserhahn K\u00fcche,K\u00fcchenarmatur Mischbatterie K\u00fcche Armatur K\u00fcche Edelstahl 360\u00b0 Drehung Sp\u00fcltischarmatur K\u00fcche mit Hoher Auslauf,Wasserzulaufrohr G3\/8&quot;\" \/>\n<meta name=\"robots\" content=\"index, follow, max-snippet:-1, max-image-preview:large, max-video-preview:-1\" \/>\n<link rel=\"canonical\" href=\"https:\/\/marktxxl.de\/markt\/produkt\/indicals-wasserhahn-kuechekuechenarmatur-mischbatterie-kueche-armatur-kueche-edelstahl-360-drehung-spueltischarmatur-kueche-mit-hoher-auslaufwasserzulaufrohr-g3-8\/\" \/>\n<meta property=\"og:locale\" content=\"de_DE\" \/>\n<meta property=\"og:type\" content=\"article\" \/>\n<meta property=\"og:title\" content=\"INDICALS Wasserhahn K\u00fcche,K\u00fcchenarmatur Mischbatterie K\u00fcche Armatur K\u00fcche Edelstahl 360\u00b0 Drehung Sp\u00fcltischarmatur K\u00fcche mit Hoher Auslauf,Wasserzulaufrohr G3\/8&quot; - Markt-XXL\" \/>\n<meta property=\"og:description\" content=\"Markt-XXL INDICALS Wasserhahn K\u00fcche,K\u00fcchenarmatur Mischbatterie K\u00fcche Armatur K\u00fcche Edelstahl 360\u00b0 Drehung Sp\u00fcltischarmatur K\u00fcche mit Hoher Auslauf,Wasserzulaufrohr G3\/8&quot;\" \/>\n<meta property=\"og:url\" content=\"https:\/\/marktxxl.de\/markt\/produkt\/indicals-wasserhahn-kuechekuechenarmatur-mischbatterie-kueche-armatur-kueche-edelstahl-360-drehung-spueltischarmatur-kueche-mit-hoher-auslaufwasserzulaufrohr-g3-8\/\" \/>\n<meta property=\"og:site_name\" content=\"Markt-XXL\" \/>\n<meta name=\"twitter:card\" content=\"summary_large_image\" \/>\n<meta name=\"twitter:label1\" content=\"Gesch\u00e4tzte Lesezeit\" \/>\n\t<meta name=\"twitter:data1\" content=\"1\u00a0Minute\" \/>\n<script type=\"application\/ld+json\" class=\"yoast-schema-graph\">{\"@context\":\"https:\\\/\\\/schema.org\",\"@graph\":[{\"@type\":\"WebPage\",\"@id\":\"https:\\\/\\\/marktxxl.de\\\/markt\\\/produkt\\\/indicals-wasserhahn-kuechekuechenarmatur-mischbatterie-kueche-armatur-kueche-edelstahl-360-drehung-spueltischarmatur-kueche-mit-hoher-auslaufwasserzulaufrohr-g3-8\\\/\",\"url\":\"https:\\\/\\\/marktxxl.de\\\/markt\\\/produkt\\\/indicals-wasserhahn-kuechekuechenarmatur-mischbatterie-kueche-armatur-kueche-edelstahl-360-drehung-spueltischarmatur-kueche-mit-hoher-auslaufwasserzulaufrohr-g3-8\\\/\",\"name\":\"INDICALS Wasserhahn K\u00fcche,K\u00fcchenarmatur Mischbatterie K\u00fcche Armatur K\u00fcche Edelstahl 360\u00b0 Drehung Sp\u00fcltischarmatur K\u00fcche mit Hoher Auslauf,Wasserzulaufrohr G3\\\/8\\\" - Markt-XXL\",\"isPartOf\":{\"@id\":\"https:\\\/\\\/marktxxl.de\\\/markt\\\/#website\"},\"primaryImageOfPage\":{\"@id\":\"https:\\\/\\\/marktxxl.de\\\/markt\\\/produkt\\\/indicals-wasserhahn-kuechekuechenarmatur-mischbatterie-kueche-armatur-kueche-edelstahl-360-drehung-spueltischarmatur-kueche-mit-hoher-auslaufwasserzulaufrohr-g3-8\\\/#primaryimage\"},\"image\":{\"@id\":\"https:\\\/\\\/marktxxl.de\\\/markt\\\/produkt\\\/indicals-wasserhahn-kuechekuechenarmatur-mischbatterie-kueche-armatur-kueche-edelstahl-360-drehung-spueltischarmatur-kueche-mit-hoher-auslaufwasserzulaufrohr-g3-8\\\/#primaryimage\"},\"thumbnailUrl\":\"https:\\\/\\\/m.media-amazon.com\\\/images\\\/I\\\/31CU4JO6xYL._SL500_.jpg\",\"datePublished\":\"2024-05-29T06:15:58+00:00\",\"description\":\"Markt-XXL INDICALS Wasserhahn K\u00fcche,K\u00fcchenarmatur Mischbatterie K\u00fcche Armatur K\u00fcche Edelstahl 360\u00b0 Drehung Sp\u00fcltischarmatur K\u00fcche mit Hoher Auslauf,Wasserzulaufrohr G3\\\/8\\\"\",\"breadcrumb\":{\"@id\":\"https:\\\/\\\/marktxxl.de\\\/markt\\\/produkt\\\/indicals-wasserhahn-kuechekuechenarmatur-mischbatterie-kueche-armatur-kueche-edelstahl-360-drehung-spueltischarmatur-kueche-mit-hoher-auslaufwasserzulaufrohr-g3-8\\\/#breadcrumb\"},\"inLanguage\":\"de\",\"potentialAction\":[{\"@type\":\"ReadAction\",\"target\":[\"https:\\\/\\\/marktxxl.de\\\/markt\\\/produkt\\\/indicals-wasserhahn-kuechekuechenarmatur-mischbatterie-kueche-armatur-kueche-edelstahl-360-drehung-spueltischarmatur-kueche-mit-hoher-auslaufwasserzulaufrohr-g3-8\\\/\"]}]},{\"@type\":\"ImageObject\",\"inLanguage\":\"de\",\"@id\":\"https:\\\/\\\/marktxxl.de\\\/markt\\\/produkt\\\/indicals-wasserhahn-kuechekuechenarmatur-mischbatterie-kueche-armatur-kueche-edelstahl-360-drehung-spueltischarmatur-kueche-mit-hoher-auslaufwasserzulaufrohr-g3-8\\\/#primaryimage\",\"url\":\"https:\\\/\\\/m.media-amazon.com\\\/images\\\/I\\\/31CU4JO6xYL._SL500_.jpg\",\"contentUrl\":\"https:\\\/\\\/m.media-amazon.com\\\/images\\\/I\\\/31CU4JO6xYL._SL500_.jpg\",\"width\":500,\"height\":500},{\"@type\":\"BreadcrumbList\",\"@id\":\"https:\\\/\\\/marktxxl.de\\\/markt\\\/produkt\\\/indicals-wasserhahn-kuechekuechenarmatur-mischbatterie-kueche-armatur-kueche-edelstahl-360-drehung-spueltischarmatur-kueche-mit-hoher-auslaufwasserzulaufrohr-g3-8\\\/#breadcrumb\",\"itemListElement\":[{\"@type\":\"ListItem\",\"position\":1,\"name\":\"Startseite\",\"item\":\"https:\\\/\\\/marktxxl.de\\\/markt\\\/\"},{\"@type\":\"ListItem\",\"position\":2,\"name\":\"Markt\",\"item\":\"https:\\\/\\\/marktxxl.de\\\/markt\\\/\"},{\"@type\":\"ListItem\",\"position\":3,\"name\":\"INDICALS Wasserhahn K\u00fcche,K\u00fcchenarmatur Mischbatterie K\u00fcche Armatur K\u00fcche Edelstahl 360\u00b0 Drehung Sp\u00fcltischarmatur K\u00fcche mit Hoher Auslauf,Wasserzulaufrohr G3\\\/8&#8243;\"}]},{\"@type\":\"WebSite\",\"@id\":\"https:\\\/\\\/marktxxl.de\\\/markt\\\/#website\",\"url\":\"https:\\\/\\\/marktxxl.de\\\/markt\\\/\",\"name\":\"Markt-XXL\",\"description\":\"Ihr Markt Online\",\"publisher\":{\"@id\":\"https:\\\/\\\/marktxxl.de\\\/markt\\\/#organization\"},\"potentialAction\":[{\"@type\":\"SearchAction\",\"target\":{\"@type\":\"EntryPoint\",\"urlTemplate\":\"https:\\\/\\\/marktxxl.de\\\/markt\\\/?s={search_term_string}\"},\"query-input\":{\"@type\":\"PropertyValueSpecification\",\"valueRequired\":true,\"valueName\":\"search_term_string\"}}],\"inLanguage\":\"de\"},{\"@type\":\"Organization\",\"@id\":\"https:\\\/\\\/marktxxl.de\\\/markt\\\/#organization\",\"name\":\"Markt-XXL\",\"url\":\"https:\\\/\\\/marktxxl.de\\\/markt\\\/\",\"logo\":{\"@type\":\"ImageObject\",\"inLanguage\":\"de\",\"@id\":\"https:\\\/\\\/marktxxl.de\\\/markt\\\/#\\\/schema\\\/logo\\\/image\\\/\",\"url\":\"https:\\\/\\\/marktxxl.de\\\/markt\\\/wp-content\\\/uploads\\\/sites\\\/3\\\/2020\\\/12\\\/logo.png\",\"contentUrl\":\"https:\\\/\\\/marktxxl.de\\\/markt\\\/wp-content\\\/uploads\\\/sites\\\/3\\\/2020\\\/12\\\/logo.png\",\"width\":200,\"height\":70,\"caption\":\"Markt-XXL\"},\"image\":{\"@id\":\"https:\\\/\\\/marktxxl.de\\\/markt\\\/#\\\/schema\\\/logo\\\/image\\\/\"}}]}<\/script>\n<!-- \/ Yoast SEO plugin. -->","yoast_head_json":{"title":"INDICALS Wasserhahn K\u00fcche,K\u00fcchenarmatur Mischbatterie K\u00fcche Armatur K\u00fcche Edelstahl 360\u00b0 Drehung Sp\u00fcltischarmatur K\u00fcche mit Hoher Auslauf,Wasserzulaufrohr G3\/8\" - Markt-XXL","description":"Markt-XXL INDICALS Wasserhahn K\u00fcche,K\u00fcchenarmatur Mischbatterie K\u00fcche Armatur K\u00fcche Edelstahl 360\u00b0 Drehung Sp\u00fcltischarmatur K\u00fcche mit Hoher Auslauf,Wasserzulaufrohr G3\/8\"","robots":{"index":"index","follow":"follow","max-snippet":"max-snippet:-1","max-image-preview":"max-image-preview:large","max-video-preview":"max-video-preview:-1"},"canonical":"https:\/\/marktxxl.de\/markt\/produkt\/indicals-wasserhahn-kuechekuechenarmatur-mischbatterie-kueche-armatur-kueche-edelstahl-360-drehung-spueltischarmatur-kueche-mit-hoher-auslaufwasserzulaufrohr-g3-8\/","og_locale":"de_DE","og_type":"article","og_title":"INDICALS Wasserhahn K\u00fcche,K\u00fcchenarmatur Mischbatterie K\u00fcche Armatur K\u00fcche Edelstahl 360\u00b0 Drehung Sp\u00fcltischarmatur K\u00fcche mit Hoher Auslauf,Wasserzulaufrohr G3\/8\" - Markt-XXL","og_description":"Markt-XXL INDICALS Wasserhahn K\u00fcche,K\u00fcchenarmatur Mischbatterie K\u00fcche Armatur K\u00fcche Edelstahl 360\u00b0 Drehung Sp\u00fcltischarmatur K\u00fcche mit Hoher Auslauf,Wasserzulaufrohr G3\/8\"","og_url":"https:\/\/marktxxl.de\/markt\/produkt\/indicals-wasserhahn-kuechekuechenarmatur-mischbatterie-kueche-armatur-kueche-edelstahl-360-drehung-spueltischarmatur-kueche-mit-hoher-auslaufwasserzulaufrohr-g3-8\/","og_site_name":"Markt-XXL","twitter_card":"summary_large_image","twitter_misc":{"Gesch\u00e4tzte Lesezeit":"1\u00a0Minute"},"schema":{"@context":"https:\/\/schema.org","@graph":[{"@type":"WebPage","@id":"https:\/\/marktxxl.de\/markt\/produkt\/indicals-wasserhahn-kuechekuechenarmatur-mischbatterie-kueche-armatur-kueche-edelstahl-360-drehung-spueltischarmatur-kueche-mit-hoher-auslaufwasserzulaufrohr-g3-8\/","url":"https:\/\/marktxxl.de\/markt\/produkt\/indicals-wasserhahn-kuechekuechenarmatur-mischbatterie-kueche-armatur-kueche-edelstahl-360-drehung-spueltischarmatur-kueche-mit-hoher-auslaufwasserzulaufrohr-g3-8\/","name":"INDICALS Wasserhahn K\u00fcche,K\u00fcchenarmatur Mischbatterie K\u00fcche Armatur K\u00fcche Edelstahl 360\u00b0 Drehung Sp\u00fcltischarmatur K\u00fcche mit Hoher Auslauf,Wasserzulaufrohr G3\/8\" - Markt-XXL","isPartOf":{"@id":"https:\/\/marktxxl.de\/markt\/#website"},"primaryImageOfPage":{"@id":"https:\/\/marktxxl.de\/markt\/produkt\/indicals-wasserhahn-kuechekuechenarmatur-mischbatterie-kueche-armatur-kueche-edelstahl-360-drehung-spueltischarmatur-kueche-mit-hoher-auslaufwasserzulaufrohr-g3-8\/#primaryimage"},"image":{"@id":"https:\/\/marktxxl.de\/markt\/produkt\/indicals-wasserhahn-kuechekuechenarmatur-mischbatterie-kueche-armatur-kueche-edelstahl-360-drehung-spueltischarmatur-kueche-mit-hoher-auslaufwasserzulaufrohr-g3-8\/#primaryimage"},"thumbnailUrl":"https:\/\/m.media-amazon.com\/images\/I\/31CU4JO6xYL._SL500_.jpg","datePublished":"2024-05-29T06:15:58+00:00","description":"Markt-XXL INDICALS Wasserhahn K\u00fcche,K\u00fcchenarmatur Mischbatterie K\u00fcche Armatur K\u00fcche Edelstahl 360\u00b0 Drehung Sp\u00fcltischarmatur K\u00fcche mit Hoher Auslauf,Wasserzulaufrohr G3\/8\"","breadcrumb":{"@id":"https:\/\/marktxxl.de\/markt\/produkt\/indicals-wasserhahn-kuechekuechenarmatur-mischbatterie-kueche-armatur-kueche-edelstahl-360-drehung-spueltischarmatur-kueche-mit-hoher-auslaufwasserzulaufrohr-g3-8\/#breadcrumb"},"inLanguage":"de","potentialAction":[{"@type":"ReadAction","target":["https:\/\/marktxxl.de\/markt\/produkt\/indicals-wasserhahn-kuechekuechenarmatur-mischbatterie-kueche-armatur-kueche-edelstahl-360-drehung-spueltischarmatur-kueche-mit-hoher-auslaufwasserzulaufrohr-g3-8\/"]}]},{"@type":"ImageObject","inLanguage":"de","@id":"https:\/\/marktxxl.de\/markt\/produkt\/indicals-wasserhahn-kuechekuechenarmatur-mischbatterie-kueche-armatur-kueche-edelstahl-360-drehung-spueltischarmatur-kueche-mit-hoher-auslaufwasserzulaufrohr-g3-8\/#primaryimage","url":"https:\/\/m.media-amazon.com\/images\/I\/31CU4JO6xYL._SL500_.jpg","contentUrl":"https:\/\/m.media-amazon.com\/images\/I\/31CU4JO6xYL._SL500_.jpg","width":500,"height":500},{"@type":"BreadcrumbList","@id":"https:\/\/marktxxl.de\/markt\/produkt\/indicals-wasserhahn-kuechekuechenarmatur-mischbatterie-kueche-armatur-kueche-edelstahl-360-drehung-spueltischarmatur-kueche-mit-hoher-auslaufwasserzulaufrohr-g3-8\/#breadcrumb","itemListElement":[{"@type":"ListItem","position":1,"name":"Startseite","item":"https:\/\/marktxxl.de\/markt\/"},{"@type":"ListItem","position":2,"name":"Markt","item":"https:\/\/marktxxl.de\/markt\/"},{"@type":"ListItem","position":3,"name":"INDICALS Wasserhahn K\u00fcche,K\u00fcchenarmatur Mischbatterie K\u00fcche Armatur K\u00fcche Edelstahl 360\u00b0 Drehung Sp\u00fcltischarmatur K\u00fcche mit Hoher Auslauf,Wasserzulaufrohr G3\/8&#8243;"}]},{"@type":"WebSite","@id":"https:\/\/marktxxl.de\/markt\/#website","url":"https:\/\/marktxxl.de\/markt\/","name":"Markt-XXL","description":"Ihr Markt Online","publisher":{"@id":"https:\/\/marktxxl.de\/markt\/#organization"},"potentialAction":[{"@type":"SearchAction","target":{"@type":"EntryPoint","urlTemplate":"https:\/\/marktxxl.de\/markt\/?s={search_term_string}"},"query-input":{"@type":"PropertyValueSpecification","valueRequired":true,"valueName":"search_term_string"}}],"inLanguage":"de"},{"@type":"Organization","@id":"https:\/\/marktxxl.de\/markt\/#organization","name":"Markt-XXL","url":"https:\/\/marktxxl.de\/markt\/","logo":{"@type":"ImageObject","inLanguage":"de","@id":"https:\/\/marktxxl.de\/markt\/#\/schema\/logo\/image\/","url":"https:\/\/marktxxl.de\/markt\/wp-content\/uploads\/sites\/3\/2020\/12\/logo.png","contentUrl":"https:\/\/marktxxl.de\/markt\/wp-content\/uploads\/sites\/3\/2020\/12\/logo.png","width":200,"height":70,"caption":"Markt-XXL"},"image":{"@id":"https:\/\/marktxxl.de\/markt\/#\/schema\/logo\/image\/"}}]}},"_links":{"self":[{"href":"https:\/\/marktxxl.de\/markt\/wp-json\/wp\/v2\/product\/208334","targetHints":{"allow":["GET"]}}],"collection":[{"href":"https:\/\/marktxxl.de\/markt\/wp-json\/wp\/v2\/product"}],"about":[{"href":"https:\/\/marktxxl.de\/markt\/wp-json\/wp\/v2\/types\/product"}],"replies":[{"embeddable":true,"href":"https:\/\/marktxxl.de\/markt\/wp-json\/wp\/v2\/comments?post=208334"}],"wp:featuredmedia":[{"embeddable":true,"href":"https:\/\/marktxxl.de\/markt\/wp-json\/wp\/v2\/media\/208335"}],"wp:attachment":[{"href":"https:\/\/marktxxl.de\/markt\/wp-json\/wp\/v2\/media?parent=208334"}],"wp:term":[{"taxonomy":"product_brand","embeddable":true,"href":"https:\/\/marktxxl.de\/markt\/wp-json\/wp\/v2\/product_brand?post=208334"},{"taxonomy":"product_cat","embeddable":true,"href":"https:\/\/marktxxl.de\/markt\/wp-json\/wp\/v2\/product_cat?post=208334"},{"taxonomy":"product_tag","embeddable":true,"href":"https:\/\/marktxxl.de\/markt\/wp-json\/wp\/v2\/product_tag?post=208334"}],"curies":[{"name":"wp","href":"https:\/\/api.w.org\/{rel}","templated":true}]}}