{"id":208304,"date":"2024-05-29T08:14:44","date_gmt":"2024-05-29T06:14:44","guid":{"rendered":"https:\/\/marktxxl.de\/markt\/produkt\/tktrading24-dusch-keil-profil-gefaelleprofil-begehbare-dusche-gebuerstet-10mm\/"},"modified":"2024-05-29T08:14:44","modified_gmt":"2024-05-29T06:14:44","slug":"tktrading24-dusch-keil-profil-gefaelleprofil-begehbare-dusche-gebuerstet-10mm","status":"publish","type":"product","link":"https:\/\/marktxxl.de\/markt\/produkt\/tktrading24-dusch-keil-profil-gefaelleprofil-begehbare-dusche-gebuerstet-10mm\/","title":{"rendered":"tktrading24 Dusch-, Keil-Profil Gef\u00e4lleprofil begehbare Dusche geb\u00fcrstet 10mm"},"content":{"rendered":"<p>Dieses Profil bietet Ihnen eine ideale L\u00f6sung f\u00fcr das Gef\u00e4lle einer ebenerdigen Dusche in hochwertigem Design.<br \/>\nGeeignet f\u00fcr Fliesenh\u00f6he: 10mm<br \/>\nMa\u00dfe: L\u00e4nge 100cm, H\u00f6he 1: 8mm, H\u00f6he 2: 24mm<br \/>\nSeite: Links<br \/>\nDoppelte Qualit\u00e4tssicherung V2A: Neben einem Langzeittest im Salzbad, werden die Profile einer regelm\u00e4\u00dfige Materialanalyse im Labor unterzogen.<br \/>\n<div class=\"main-cross-sell\" data-asin=\"B08KHBJJ57\">\n\n\t<div class=\"WooZone-cross-sell-loader\">\n\t\t<div>\n\t\t\t<div id=\"floatingBarsG\">\n\t\t\t\t<div class=\"blockG\" id=\"rotateG_01\"><\/div>\n\t\t\t\t<div class=\"blockG\" id=\"rotateG_02\"><\/div>\n\t\t\t\t<div class=\"blockG\" id=\"rotateG_03\"><\/div>\n\t\t\t\t<div class=\"blockG\" id=\"rotateG_04\"><\/div>\n\t\t\t\t<div class=\"blockG\" id=\"rotateG_05\"><\/div>\n\t\t\t\t<div class=\"blockG\" id=\"rotateG_06\"><\/div>\n\t\t\t\t<div class=\"blockG\" id=\"rotateG_07\"><\/div>\n\t\t\t\t<div class=\"blockG\" id=\"rotateG_08\"><\/div>\n\t\t\t<\/div>\n\t\t\t<div class=\"WooZone-cross-sell-loader-text\"><\/div>\n\t\t<\/div>\n\t<\/div>\n\n\t\t\n<\/div>\n<div style=\"clear:both;\"><\/div><\/p>\n","protected":false},"excerpt":{"rendered":"<p>Dieses Profil bietet Ihnen eine ideale L\u00f6sung f\u00fcr das Gef\u00e4lle einer ebenerdigen Dusche in hochwertigem Design.<br \/>\nGeeignet f\u00fcr Fliesenh\u00f6he: 10mm<br \/>\nMa\u00dfe: L\u00e4nge 100cm, H\u00f6he 1: 8mm, H\u00f6he 2: 24mm<\/p>\n","protected":false},"featured_media":208305,"comment_status":"open","ping_status":"closed","template":"","meta":[],"product_brand":[],"product_cat":[1983,11101],"product_tag":[],"class_list":{"0":"post-208304","1":"product","2":"type-product","3":"status-publish","4":"has-post-thumbnail","6":"product_cat-baumarkt","7":"product_cat-kuechen-badinstallation","8":"pa_brand-tktrading24","9":"pa_length-100-zentimeter","10":"pa_manufacturer-tktrading24","12":"first","13":"instock","14":"shipping-taxable","15":"product-type-simple","16":"customify-col","17":"product-has-gallery"},"yoast_head":"<!-- This site is optimized with the Yoast SEO plugin v27.3 - https:\/\/yoast.com\/product\/yoast-seo-wordpress\/ -->\n<title>tktrading24 Dusch-, Keil-Profil Gef\u00e4lleprofil begehbare Dusche geb\u00fcrstet 10mm - Markt-XXL<\/title>\n<meta name=\"description\" content=\"Markt-XXL tktrading24 Dusch-, Keil-Profil Gef\u00e4lleprofil begehbare Dusche geb\u00fcrstet 10mm\" \/>\n<meta name=\"robots\" content=\"index, follow, max-snippet:-1, max-image-preview:large, max-video-preview:-1\" \/>\n<link rel=\"canonical\" href=\"https:\/\/marktxxl.de\/markt\/produkt\/tktrading24-dusch-keil-profil-gefaelleprofil-begehbare-dusche-gebuerstet-10mm\/\" \/>\n<meta property=\"og:locale\" content=\"de_DE\" \/>\n<meta property=\"og:type\" content=\"article\" \/>\n<meta property=\"og:title\" content=\"tktrading24 Dusch-, Keil-Profil Gef\u00e4lleprofil begehbare Dusche geb\u00fcrstet 10mm - Markt-XXL\" \/>\n<meta property=\"og:description\" content=\"Markt-XXL tktrading24 Dusch-, Keil-Profil Gef\u00e4lleprofil begehbare Dusche geb\u00fcrstet 10mm\" \/>\n<meta property=\"og:url\" content=\"https:\/\/marktxxl.de\/markt\/produkt\/tktrading24-dusch-keil-profil-gefaelleprofil-begehbare-dusche-gebuerstet-10mm\/\" \/>\n<meta property=\"og:site_name\" content=\"Markt-XXL\" \/>\n<meta name=\"twitter:card\" content=\"summary_large_image\" \/>\n<script type=\"application\/ld+json\" class=\"yoast-schema-graph\">{\"@context\":\"https:\\\/\\\/schema.org\",\"@graph\":[{\"@type\":\"WebPage\",\"@id\":\"https:\\\/\\\/marktxxl.de\\\/markt\\\/produkt\\\/tktrading24-dusch-keil-profil-gefaelleprofil-begehbare-dusche-gebuerstet-10mm\\\/\",\"url\":\"https:\\\/\\\/marktxxl.de\\\/markt\\\/produkt\\\/tktrading24-dusch-keil-profil-gefaelleprofil-begehbare-dusche-gebuerstet-10mm\\\/\",\"name\":\"tktrading24 Dusch-, Keil-Profil Gef\u00e4lleprofil begehbare Dusche geb\u00fcrstet 10mm - Markt-XXL\",\"isPartOf\":{\"@id\":\"https:\\\/\\\/marktxxl.de\\\/markt\\\/#website\"},\"primaryImageOfPage\":{\"@id\":\"https:\\\/\\\/marktxxl.de\\\/markt\\\/produkt\\\/tktrading24-dusch-keil-profil-gefaelleprofil-begehbare-dusche-gebuerstet-10mm\\\/#primaryimage\"},\"image\":{\"@id\":\"https:\\\/\\\/marktxxl.de\\\/markt\\\/produkt\\\/tktrading24-dusch-keil-profil-gefaelleprofil-begehbare-dusche-gebuerstet-10mm\\\/#primaryimage\"},\"thumbnailUrl\":\"https:\\\/\\\/m.media-amazon.com\\\/images\\\/I\\\/31-lEnOWk8L._SL500_.jpg\",\"datePublished\":\"2024-05-29T06:14:44+00:00\",\"description\":\"Markt-XXL tktrading24 Dusch-, Keil-Profil Gef\u00e4lleprofil begehbare Dusche geb\u00fcrstet 10mm\",\"breadcrumb\":{\"@id\":\"https:\\\/\\\/marktxxl.de\\\/markt\\\/produkt\\\/tktrading24-dusch-keil-profil-gefaelleprofil-begehbare-dusche-gebuerstet-10mm\\\/#breadcrumb\"},\"inLanguage\":\"de\",\"potentialAction\":[{\"@type\":\"ReadAction\",\"target\":[\"https:\\\/\\\/marktxxl.de\\\/markt\\\/produkt\\\/tktrading24-dusch-keil-profil-gefaelleprofil-begehbare-dusche-gebuerstet-10mm\\\/\"]}]},{\"@type\":\"ImageObject\",\"inLanguage\":\"de\",\"@id\":\"https:\\\/\\\/marktxxl.de\\\/markt\\\/produkt\\\/tktrading24-dusch-keil-profil-gefaelleprofil-begehbare-dusche-gebuerstet-10mm\\\/#primaryimage\",\"url\":\"https:\\\/\\\/m.media-amazon.com\\\/images\\\/I\\\/31-lEnOWk8L._SL500_.jpg\",\"contentUrl\":\"https:\\\/\\\/m.media-amazon.com\\\/images\\\/I\\\/31-lEnOWk8L._SL500_.jpg\",\"width\":500,\"height\":500},{\"@type\":\"BreadcrumbList\",\"@id\":\"https:\\\/\\\/marktxxl.de\\\/markt\\\/produkt\\\/tktrading24-dusch-keil-profil-gefaelleprofil-begehbare-dusche-gebuerstet-10mm\\\/#breadcrumb\",\"itemListElement\":[{\"@type\":\"ListItem\",\"position\":1,\"name\":\"Startseite\",\"item\":\"https:\\\/\\\/marktxxl.de\\\/markt\\\/\"},{\"@type\":\"ListItem\",\"position\":2,\"name\":\"Markt\",\"item\":\"https:\\\/\\\/marktxxl.de\\\/markt\\\/\"},{\"@type\":\"ListItem\",\"position\":3,\"name\":\"tktrading24 Dusch-, Keil-Profil Gef\u00e4lleprofil begehbare Dusche geb\u00fcrstet 10mm\"}]},{\"@type\":\"WebSite\",\"@id\":\"https:\\\/\\\/marktxxl.de\\\/markt\\\/#website\",\"url\":\"https:\\\/\\\/marktxxl.de\\\/markt\\\/\",\"name\":\"Markt-XXL\",\"description\":\"Ihr Markt Online\",\"publisher\":{\"@id\":\"https:\\\/\\\/marktxxl.de\\\/markt\\\/#organization\"},\"potentialAction\":[{\"@type\":\"SearchAction\",\"target\":{\"@type\":\"EntryPoint\",\"urlTemplate\":\"https:\\\/\\\/marktxxl.de\\\/markt\\\/?s={search_term_string}\"},\"query-input\":{\"@type\":\"PropertyValueSpecification\",\"valueRequired\":true,\"valueName\":\"search_term_string\"}}],\"inLanguage\":\"de\"},{\"@type\":\"Organization\",\"@id\":\"https:\\\/\\\/marktxxl.de\\\/markt\\\/#organization\",\"name\":\"Markt-XXL\",\"url\":\"https:\\\/\\\/marktxxl.de\\\/markt\\\/\",\"logo\":{\"@type\":\"ImageObject\",\"inLanguage\":\"de\",\"@id\":\"https:\\\/\\\/marktxxl.de\\\/markt\\\/#\\\/schema\\\/logo\\\/image\\\/\",\"url\":\"https:\\\/\\\/marktxxl.de\\\/markt\\\/wp-content\\\/uploads\\\/sites\\\/3\\\/2020\\\/12\\\/logo.png\",\"contentUrl\":\"https:\\\/\\\/marktxxl.de\\\/markt\\\/wp-content\\\/uploads\\\/sites\\\/3\\\/2020\\\/12\\\/logo.png\",\"width\":200,\"height\":70,\"caption\":\"Markt-XXL\"},\"image\":{\"@id\":\"https:\\\/\\\/marktxxl.de\\\/markt\\\/#\\\/schema\\\/logo\\\/image\\\/\"}}]}<\/script>\n<!-- \/ Yoast SEO plugin. -->","yoast_head_json":{"title":"tktrading24 Dusch-, Keil-Profil Gef\u00e4lleprofil begehbare Dusche geb\u00fcrstet 10mm - Markt-XXL","description":"Markt-XXL tktrading24 Dusch-, Keil-Profil Gef\u00e4lleprofil begehbare Dusche geb\u00fcrstet 10mm","robots":{"index":"index","follow":"follow","max-snippet":"max-snippet:-1","max-image-preview":"max-image-preview:large","max-video-preview":"max-video-preview:-1"},"canonical":"https:\/\/marktxxl.de\/markt\/produkt\/tktrading24-dusch-keil-profil-gefaelleprofil-begehbare-dusche-gebuerstet-10mm\/","og_locale":"de_DE","og_type":"article","og_title":"tktrading24 Dusch-, Keil-Profil Gef\u00e4lleprofil begehbare Dusche geb\u00fcrstet 10mm - Markt-XXL","og_description":"Markt-XXL tktrading24 Dusch-, Keil-Profil Gef\u00e4lleprofil begehbare Dusche geb\u00fcrstet 10mm","og_url":"https:\/\/marktxxl.de\/markt\/produkt\/tktrading24-dusch-keil-profil-gefaelleprofil-begehbare-dusche-gebuerstet-10mm\/","og_site_name":"Markt-XXL","twitter_card":"summary_large_image","schema":{"@context":"https:\/\/schema.org","@graph":[{"@type":"WebPage","@id":"https:\/\/marktxxl.de\/markt\/produkt\/tktrading24-dusch-keil-profil-gefaelleprofil-begehbare-dusche-gebuerstet-10mm\/","url":"https:\/\/marktxxl.de\/markt\/produkt\/tktrading24-dusch-keil-profil-gefaelleprofil-begehbare-dusche-gebuerstet-10mm\/","name":"tktrading24 Dusch-, Keil-Profil Gef\u00e4lleprofil begehbare Dusche geb\u00fcrstet 10mm - Markt-XXL","isPartOf":{"@id":"https:\/\/marktxxl.de\/markt\/#website"},"primaryImageOfPage":{"@id":"https:\/\/marktxxl.de\/markt\/produkt\/tktrading24-dusch-keil-profil-gefaelleprofil-begehbare-dusche-gebuerstet-10mm\/#primaryimage"},"image":{"@id":"https:\/\/marktxxl.de\/markt\/produkt\/tktrading24-dusch-keil-profil-gefaelleprofil-begehbare-dusche-gebuerstet-10mm\/#primaryimage"},"thumbnailUrl":"https:\/\/m.media-amazon.com\/images\/I\/31-lEnOWk8L._SL500_.jpg","datePublished":"2024-05-29T06:14:44+00:00","description":"Markt-XXL tktrading24 Dusch-, Keil-Profil Gef\u00e4lleprofil begehbare Dusche geb\u00fcrstet 10mm","breadcrumb":{"@id":"https:\/\/marktxxl.de\/markt\/produkt\/tktrading24-dusch-keil-profil-gefaelleprofil-begehbare-dusche-gebuerstet-10mm\/#breadcrumb"},"inLanguage":"de","potentialAction":[{"@type":"ReadAction","target":["https:\/\/marktxxl.de\/markt\/produkt\/tktrading24-dusch-keil-profil-gefaelleprofil-begehbare-dusche-gebuerstet-10mm\/"]}]},{"@type":"ImageObject","inLanguage":"de","@id":"https:\/\/marktxxl.de\/markt\/produkt\/tktrading24-dusch-keil-profil-gefaelleprofil-begehbare-dusche-gebuerstet-10mm\/#primaryimage","url":"https:\/\/m.media-amazon.com\/images\/I\/31-lEnOWk8L._SL500_.jpg","contentUrl":"https:\/\/m.media-amazon.com\/images\/I\/31-lEnOWk8L._SL500_.jpg","width":500,"height":500},{"@type":"BreadcrumbList","@id":"https:\/\/marktxxl.de\/markt\/produkt\/tktrading24-dusch-keil-profil-gefaelleprofil-begehbare-dusche-gebuerstet-10mm\/#breadcrumb","itemListElement":[{"@type":"ListItem","position":1,"name":"Startseite","item":"https:\/\/marktxxl.de\/markt\/"},{"@type":"ListItem","position":2,"name":"Markt","item":"https:\/\/marktxxl.de\/markt\/"},{"@type":"ListItem","position":3,"name":"tktrading24 Dusch-, Keil-Profil Gef\u00e4lleprofil begehbare Dusche geb\u00fcrstet 10mm"}]},{"@type":"WebSite","@id":"https:\/\/marktxxl.de\/markt\/#website","url":"https:\/\/marktxxl.de\/markt\/","name":"Markt-XXL","description":"Ihr Markt Online","publisher":{"@id":"https:\/\/marktxxl.de\/markt\/#organization"},"potentialAction":[{"@type":"SearchAction","target":{"@type":"EntryPoint","urlTemplate":"https:\/\/marktxxl.de\/markt\/?s={search_term_string}"},"query-input":{"@type":"PropertyValueSpecification","valueRequired":true,"valueName":"search_term_string"}}],"inLanguage":"de"},{"@type":"Organization","@id":"https:\/\/marktxxl.de\/markt\/#organization","name":"Markt-XXL","url":"https:\/\/marktxxl.de\/markt\/","logo":{"@type":"ImageObject","inLanguage":"de","@id":"https:\/\/marktxxl.de\/markt\/#\/schema\/logo\/image\/","url":"https:\/\/marktxxl.de\/markt\/wp-content\/uploads\/sites\/3\/2020\/12\/logo.png","contentUrl":"https:\/\/marktxxl.de\/markt\/wp-content\/uploads\/sites\/3\/2020\/12\/logo.png","width":200,"height":70,"caption":"Markt-XXL"},"image":{"@id":"https:\/\/marktxxl.de\/markt\/#\/schema\/logo\/image\/"}}]}},"_links":{"self":[{"href":"https:\/\/marktxxl.de\/markt\/wp-json\/wp\/v2\/product\/208304","targetHints":{"allow":["GET"]}}],"collection":[{"href":"https:\/\/marktxxl.de\/markt\/wp-json\/wp\/v2\/product"}],"about":[{"href":"https:\/\/marktxxl.de\/markt\/wp-json\/wp\/v2\/types\/product"}],"replies":[{"embeddable":true,"href":"https:\/\/marktxxl.de\/markt\/wp-json\/wp\/v2\/comments?post=208304"}],"wp:featuredmedia":[{"embeddable":true,"href":"https:\/\/marktxxl.de\/markt\/wp-json\/wp\/v2\/media\/208305"}],"wp:attachment":[{"href":"https:\/\/marktxxl.de\/markt\/wp-json\/wp\/v2\/media?parent=208304"}],"wp:term":[{"taxonomy":"product_brand","embeddable":true,"href":"https:\/\/marktxxl.de\/markt\/wp-json\/wp\/v2\/product_brand?post=208304"},{"taxonomy":"product_cat","embeddable":true,"href":"https:\/\/marktxxl.de\/markt\/wp-json\/wp\/v2\/product_cat?post=208304"},{"taxonomy":"product_tag","embeddable":true,"href":"https:\/\/marktxxl.de\/markt\/wp-json\/wp\/v2\/product_tag?post=208304"}],"curies":[{"name":"wp","href":"https:\/\/api.w.org\/{rel}","templated":true}]}}