{"id":208254,"date":"2024-05-29T07:44:25","date_gmt":"2024-05-29T05:44:25","guid":{"rendered":"https:\/\/marktxxl.de\/markt\/produkt\/dousella-handbrause-adapter-45-grad-regendusche-duschkopf-adapter-duschschlaeuche-adapter-verlaengerung-handbrause-adapter-winkel-winkelstueck-fuer-handbrause-beweglich-duscharmanschluss\/"},"modified":"2024-05-29T07:44:25","modified_gmt":"2024-05-29T05:44:25","slug":"dousella-handbrause-adapter-45-grad-regendusche-duschkopf-adapter-duschschlaeuche-adapter-verlaengerung-handbrause-adapter-winkel-winkelstueck-fuer-handbrause-beweglich-duscharmanschluss","status":"publish","type":"product","link":"https:\/\/marktxxl.de\/markt\/produkt\/dousella-handbrause-adapter-45-grad-regendusche-duschkopf-adapter-duschschlaeuche-adapter-verlaengerung-handbrause-adapter-winkel-winkelstueck-fuer-handbrause-beweglich-duscharmanschluss\/","title":{"rendered":"DOUSELLA Handbrause Adapter 45 Grad Regendusche Duschkopf Adapter Duschschl\u00e4uche Adapter Verl\u00e4ngerung Handbrause Adapter Winkel Winkelst\u00fcck f\u00fcr Handbrause Beweglich Duscharmanschluss"},"content":{"rendered":"<p>[Hochwertiges Kupfer und ABS-Material] &#8211; Der Winkelst\u00fcck Duschkopf f\u00fcr Handbrausen besteht aus hochwertigem Kupfer, ist verdickt, druckbest\u00e4ndig und explosionsgesch\u00fctzt. Das Schalenteil besteht aus ABS, das nicht leicht korrodiert und oxidiert, sch\u00f6n und langlebig ist, was die Festigkeit, Haltbarkeit und \u00c4sthetik des Verbindungsrohrs gew\u00e4hrleistet und im t\u00e4glichen Leben nicht zu viel Wartung erfordert.<br \/>\n[Verdickt und rostfrei] &#8211; Unser 45 Grad Duschkopf Adapter verf\u00fcgt \u00fcber eine einteilige Struktur, einen einteiligen Guss, ist nicht leicht zu brechen und der verdickte Ventilk\u00f6rper weist eine starke Druckbest\u00e4ndigkeit auf, wodurch das Risiko von Br\u00fcchen und Wasserlecks verringert wird. Mit diesem Adapter k\u00f6nnen Sie entspannt Ihre Dusche genie\u00dfen, ohne sich Gedanken \u00fcber irgendwelche Probleme machen zu m\u00fcssen.<br \/>\n[Exquisite Handwerkskunst] &#8211; Regendusche Duschkopf Adapter verbessert nicht nur den Winkel Ihrer Handbrause, sondern schr\u00e4nkt auch den Wasserfluss und -druck nicht ein. Nach der Installation des Handbrause Adapter Winkels k\u00f6nnen Sie Ihren Duscharm verl\u00e4ngern, die L\u00e4nge der Dusche \u00e4ndern oder ihren Winkel \u00e4ndern, und Sie k\u00f6nnen Ihren Duschkopf um 45 Grad nach unten oder oben verstellen, um Ihr Duscherlebnis zu verbessern.<br \/>\n[Einfache Installation] &#8211; Der 45 Grad Handbrauseadapter ist sehr einfach zu installieren. Wir haben einen Gummidichtring und zwei wassersparende Teile. Bei der Installation legen Sie einfach den Dichtungsring in den Adapter ein, drehen ihn dann und ziehen ihn fest, um den Vorgang abzuschlie\u00dfen. Ob Sie Wasserspartabletten verwenden, k\u00f6nnen Sie je nach Wasserdurchfluss in Ihrem Zuhause entscheiden.<br \/>\n[Handbrause Adapter Verl\u00e4ngerung] &#8211; Handbrause Adapter Winkel verf\u00fcgen an beiden Enden \u00fcber universelle 1\/2-Zoll-Anschl\u00fcsse, sodass sie mit den meisten Brausearmen, Duschk\u00f6pfen, Brauserohren, Brauseschl\u00e4uchen, Duschk\u00f6pfen oder anderem Wasserhahn-Sanit\u00e4rzubeh\u00f6r verwendet werden k\u00f6nnen. Passen Sie die Richtung des Wasserflusses effektiv an und sorgen Sie f\u00fcr angenehme Wasserbedingungen.<br \/>\n<div class=\"main-cross-sell\" data-asin=\"B0BYMZSM83\">\n\n\t<div class=\"WooZone-cross-sell-loader\">\n\t\t<div>\n\t\t\t<div id=\"floatingBarsG\">\n\t\t\t\t<div class=\"blockG\" id=\"rotateG_01\"><\/div>\n\t\t\t\t<div class=\"blockG\" id=\"rotateG_02\"><\/div>\n\t\t\t\t<div class=\"blockG\" id=\"rotateG_03\"><\/div>\n\t\t\t\t<div class=\"blockG\" id=\"rotateG_04\"><\/div>\n\t\t\t\t<div class=\"blockG\" id=\"rotateG_05\"><\/div>\n\t\t\t\t<div class=\"blockG\" id=\"rotateG_06\"><\/div>\n\t\t\t\t<div class=\"blockG\" id=\"rotateG_07\"><\/div>\n\t\t\t\t<div class=\"blockG\" id=\"rotateG_08\"><\/div>\n\t\t\t<\/div>\n\t\t\t<div class=\"WooZone-cross-sell-loader-text\"><\/div>\n\t\t<\/div>\n\t<\/div>\n\n\t\t\n<\/div>\n<div style=\"clear:both;\"><\/div><\/p>\n","protected":false},"excerpt":{"rendered":"<p>[Hochwertiges Kupfer und ABS-Material] &#8211; Der Winkelst\u00fcck Duschkopf f\u00fcr Handbrausen besteht aus hochwertigem Kupfer, ist verdickt, druckbest\u00e4ndig und explosionsgesch\u00fctzt. Das Schalenteil besteht aus ABS, das nicht leicht korrodiert und oxidiert, sch\u00f6n und langlebig ist, was die Festigkeit, Haltbarkeit und \u00c4sthetik des Verbindungsrohrs gew\u00e4hrleistet und im t\u00e4glichen Leben nicht zu viel Wartung erfordert.<br \/>\n[Verdickt und rostfrei] &#8211; Unser 45 Grad Duschkopf Adapter verf\u00fcgt \u00fcber eine einteilige Struktur, einen einteiligen Guss, ist nicht leicht zu brechen und der verdickte Ventilk\u00f6rper weist eine starke Druckbest\u00e4ndigkeit auf, wodurch das Risiko von Br\u00fcchen und Wasserlecks verringert wird. Mit diesem Adapter k\u00f6nnen Sie entspannt Ihre Dusche genie\u00dfen, ohne sich Gedanken \u00fcber irgendwelche Probleme machen zu m\u00fcssen.<br \/>\n[Exquisite Handwerkskunst] &#8211; Regendusche Duschkopf Adapter verbessert nicht nur den Winkel Ihrer Handbrause, sondern schr\u00e4nkt auch den Wasserfluss und -druck nicht ein. Nach der Installation des Handbrause Adapter Winkels k\u00f6nnen Sie Ihren Duscharm verl\u00e4ngern, die L\u00e4nge der Dusche \u00e4ndern oder ihren Winkel \u00e4ndern, und Sie k\u00f6nnen Ihren Duschkopf um 45 Grad nach unten oder oben verstellen, um Ihr Duscherlebnis zu verbessern.<\/p>\n","protected":false},"featured_media":208255,"comment_status":"open","ping_status":"closed","template":"","meta":[],"product_brand":[],"product_cat":[1983,11101],"product_tag":[],"class_list":{"0":"post-208254","1":"product","2":"type-product","3":"status-publish","4":"has-post-thumbnail","6":"product_cat-baumarkt","7":"product_cat-kuechen-badinstallation","8":"pa_brand-dousella","9":"pa_color-kupfer","10":"pa_manufacturer-dousella","12":"first","13":"instock","14":"shipping-taxable","15":"purchasable","16":"product-type-simple","17":"customify-col","18":"product-has-gallery"},"yoast_head":"<!-- This site is optimized with the Yoast SEO plugin v27.4 - https:\/\/yoast.com\/product\/yoast-seo-wordpress\/ -->\n<title>DOUSELLA Handbrause Adapter 45 Grad Regendusche Duschkopf Adapter Duschschl\u00e4uche Adapter Verl\u00e4ngerung Handbrause Adapter Winkel Winkelst\u00fcck f\u00fcr Handbrause Beweglich Duscharmanschluss - Markt-XXL<\/title>\n<meta name=\"description\" content=\"Markt-XXL DOUSELLA Handbrause Adapter 45 Grad Regendusche Duschkopf Adapter Duschschl\u00e4uche Adapter Verl\u00e4ngerung Handbrause Adapter Winkel Winkelst\u00fcck f\u00fcr Handbrause Beweglich Duscharmanschluss\" \/>\n<meta name=\"robots\" content=\"index, follow, max-snippet:-1, max-image-preview:large, max-video-preview:-1\" \/>\n<link rel=\"canonical\" href=\"https:\/\/marktxxl.de\/markt\/produkt\/dousella-handbrause-adapter-45-grad-regendusche-duschkopf-adapter-duschschlaeuche-adapter-verlaengerung-handbrause-adapter-winkel-winkelstueck-fuer-handbrause-beweglich-duscharmanschluss\/\" \/>\n<meta property=\"og:locale\" content=\"de_DE\" \/>\n<meta property=\"og:type\" content=\"article\" \/>\n<meta property=\"og:title\" content=\"DOUSELLA Handbrause Adapter 45 Grad Regendusche Duschkopf Adapter Duschschl\u00e4uche Adapter Verl\u00e4ngerung Handbrause Adapter Winkel Winkelst\u00fcck f\u00fcr Handbrause Beweglich Duscharmanschluss - Markt-XXL\" \/>\n<meta property=\"og:description\" content=\"Markt-XXL DOUSELLA Handbrause Adapter 45 Grad Regendusche Duschkopf Adapter Duschschl\u00e4uche Adapter Verl\u00e4ngerung Handbrause Adapter Winkel Winkelst\u00fcck f\u00fcr Handbrause Beweglich Duscharmanschluss\" \/>\n<meta property=\"og:url\" content=\"https:\/\/marktxxl.de\/markt\/produkt\/dousella-handbrause-adapter-45-grad-regendusche-duschkopf-adapter-duschschlaeuche-adapter-verlaengerung-handbrause-adapter-winkel-winkelstueck-fuer-handbrause-beweglich-duscharmanschluss\/\" \/>\n<meta property=\"og:site_name\" content=\"Markt-XXL\" \/>\n<meta name=\"twitter:card\" content=\"summary_large_image\" \/>\n<meta name=\"twitter:label1\" content=\"Gesch\u00e4tzte Lesezeit\" \/>\n\t<meta name=\"twitter:data1\" content=\"2\u00a0Minuten\" \/>\n<script type=\"application\/ld+json\" class=\"yoast-schema-graph\">{\"@context\":\"https:\\\/\\\/schema.org\",\"@graph\":[{\"@type\":\"WebPage\",\"@id\":\"https:\\\/\\\/marktxxl.de\\\/markt\\\/produkt\\\/dousella-handbrause-adapter-45-grad-regendusche-duschkopf-adapter-duschschlaeuche-adapter-verlaengerung-handbrause-adapter-winkel-winkelstueck-fuer-handbrause-beweglich-duscharmanschluss\\\/\",\"url\":\"https:\\\/\\\/marktxxl.de\\\/markt\\\/produkt\\\/dousella-handbrause-adapter-45-grad-regendusche-duschkopf-adapter-duschschlaeuche-adapter-verlaengerung-handbrause-adapter-winkel-winkelstueck-fuer-handbrause-beweglich-duscharmanschluss\\\/\",\"name\":\"DOUSELLA Handbrause Adapter 45 Grad Regendusche Duschkopf Adapter Duschschl\u00e4uche Adapter Verl\u00e4ngerung Handbrause Adapter Winkel Winkelst\u00fcck f\u00fcr Handbrause Beweglich Duscharmanschluss - Markt-XXL\",\"isPartOf\":{\"@id\":\"https:\\\/\\\/marktxxl.de\\\/markt\\\/#website\"},\"primaryImageOfPage\":{\"@id\":\"https:\\\/\\\/marktxxl.de\\\/markt\\\/produkt\\\/dousella-handbrause-adapter-45-grad-regendusche-duschkopf-adapter-duschschlaeuche-adapter-verlaengerung-handbrause-adapter-winkel-winkelstueck-fuer-handbrause-beweglich-duscharmanschluss\\\/#primaryimage\"},\"image\":{\"@id\":\"https:\\\/\\\/marktxxl.de\\\/markt\\\/produkt\\\/dousella-handbrause-adapter-45-grad-regendusche-duschkopf-adapter-duschschlaeuche-adapter-verlaengerung-handbrause-adapter-winkel-winkelstueck-fuer-handbrause-beweglich-duscharmanschluss\\\/#primaryimage\"},\"thumbnailUrl\":\"https:\\\/\\\/m.media-amazon.com\\\/images\\\/I\\\/41aH+wREZpL._SL500_.jpg\",\"datePublished\":\"2024-05-29T05:44:25+00:00\",\"description\":\"Markt-XXL DOUSELLA Handbrause Adapter 45 Grad Regendusche Duschkopf Adapter Duschschl\u00e4uche Adapter Verl\u00e4ngerung Handbrause Adapter Winkel Winkelst\u00fcck f\u00fcr Handbrause Beweglich Duscharmanschluss\",\"breadcrumb\":{\"@id\":\"https:\\\/\\\/marktxxl.de\\\/markt\\\/produkt\\\/dousella-handbrause-adapter-45-grad-regendusche-duschkopf-adapter-duschschlaeuche-adapter-verlaengerung-handbrause-adapter-winkel-winkelstueck-fuer-handbrause-beweglich-duscharmanschluss\\\/#breadcrumb\"},\"inLanguage\":\"de\",\"potentialAction\":[{\"@type\":\"ReadAction\",\"target\":[\"https:\\\/\\\/marktxxl.de\\\/markt\\\/produkt\\\/dousella-handbrause-adapter-45-grad-regendusche-duschkopf-adapter-duschschlaeuche-adapter-verlaengerung-handbrause-adapter-winkel-winkelstueck-fuer-handbrause-beweglich-duscharmanschluss\\\/\"]}]},{\"@type\":\"ImageObject\",\"inLanguage\":\"de\",\"@id\":\"https:\\\/\\\/marktxxl.de\\\/markt\\\/produkt\\\/dousella-handbrause-adapter-45-grad-regendusche-duschkopf-adapter-duschschlaeuche-adapter-verlaengerung-handbrause-adapter-winkel-winkelstueck-fuer-handbrause-beweglich-duscharmanschluss\\\/#primaryimage\",\"url\":\"https:\\\/\\\/m.media-amazon.com\\\/images\\\/I\\\/41aH+wREZpL._SL500_.jpg\",\"contentUrl\":\"https:\\\/\\\/m.media-amazon.com\\\/images\\\/I\\\/41aH+wREZpL._SL500_.jpg\",\"width\":500,\"height\":500},{\"@type\":\"BreadcrumbList\",\"@id\":\"https:\\\/\\\/marktxxl.de\\\/markt\\\/produkt\\\/dousella-handbrause-adapter-45-grad-regendusche-duschkopf-adapter-duschschlaeuche-adapter-verlaengerung-handbrause-adapter-winkel-winkelstueck-fuer-handbrause-beweglich-duscharmanschluss\\\/#breadcrumb\",\"itemListElement\":[{\"@type\":\"ListItem\",\"position\":1,\"name\":\"Startseite\",\"item\":\"https:\\\/\\\/marktxxl.de\\\/markt\\\/\"},{\"@type\":\"ListItem\",\"position\":2,\"name\":\"Markt\",\"item\":\"https:\\\/\\\/marktxxl.de\\\/markt\\\/\"},{\"@type\":\"ListItem\",\"position\":3,\"name\":\"DOUSELLA Handbrause Adapter 45 Grad Regendusche Duschkopf Adapter Duschschl\u00e4uche Adapter Verl\u00e4ngerung Handbrause Adapter Winkel Winkelst\u00fcck f\u00fcr Handbrause Beweglich Duscharmanschluss\"}]},{\"@type\":\"WebSite\",\"@id\":\"https:\\\/\\\/marktxxl.de\\\/markt\\\/#website\",\"url\":\"https:\\\/\\\/marktxxl.de\\\/markt\\\/\",\"name\":\"Markt-XXL\",\"description\":\"Ihr Markt Online\",\"publisher\":{\"@id\":\"https:\\\/\\\/marktxxl.de\\\/markt\\\/#organization\"},\"potentialAction\":[{\"@type\":\"SearchAction\",\"target\":{\"@type\":\"EntryPoint\",\"urlTemplate\":\"https:\\\/\\\/marktxxl.de\\\/markt\\\/?s={search_term_string}\"},\"query-input\":{\"@type\":\"PropertyValueSpecification\",\"valueRequired\":true,\"valueName\":\"search_term_string\"}}],\"inLanguage\":\"de\"},{\"@type\":\"Organization\",\"@id\":\"https:\\\/\\\/marktxxl.de\\\/markt\\\/#organization\",\"name\":\"Markt-XXL\",\"url\":\"https:\\\/\\\/marktxxl.de\\\/markt\\\/\",\"logo\":{\"@type\":\"ImageObject\",\"inLanguage\":\"de\",\"@id\":\"https:\\\/\\\/marktxxl.de\\\/markt\\\/#\\\/schema\\\/logo\\\/image\\\/\",\"url\":\"https:\\\/\\\/marktxxl.de\\\/markt\\\/wp-content\\\/uploads\\\/sites\\\/3\\\/2020\\\/12\\\/logo.png\",\"contentUrl\":\"https:\\\/\\\/marktxxl.de\\\/markt\\\/wp-content\\\/uploads\\\/sites\\\/3\\\/2020\\\/12\\\/logo.png\",\"width\":200,\"height\":70,\"caption\":\"Markt-XXL\"},\"image\":{\"@id\":\"https:\\\/\\\/marktxxl.de\\\/markt\\\/#\\\/schema\\\/logo\\\/image\\\/\"}}]}<\/script>\n<!-- \/ Yoast SEO plugin. -->","yoast_head_json":{"title":"DOUSELLA Handbrause Adapter 45 Grad Regendusche Duschkopf Adapter Duschschl\u00e4uche Adapter Verl\u00e4ngerung Handbrause Adapter Winkel Winkelst\u00fcck f\u00fcr Handbrause Beweglich Duscharmanschluss - Markt-XXL","description":"Markt-XXL DOUSELLA Handbrause Adapter 45 Grad Regendusche Duschkopf Adapter Duschschl\u00e4uche Adapter Verl\u00e4ngerung Handbrause Adapter Winkel Winkelst\u00fcck f\u00fcr Handbrause Beweglich Duscharmanschluss","robots":{"index":"index","follow":"follow","max-snippet":"max-snippet:-1","max-image-preview":"max-image-preview:large","max-video-preview":"max-video-preview:-1"},"canonical":"https:\/\/marktxxl.de\/markt\/produkt\/dousella-handbrause-adapter-45-grad-regendusche-duschkopf-adapter-duschschlaeuche-adapter-verlaengerung-handbrause-adapter-winkel-winkelstueck-fuer-handbrause-beweglich-duscharmanschluss\/","og_locale":"de_DE","og_type":"article","og_title":"DOUSELLA Handbrause Adapter 45 Grad Regendusche Duschkopf Adapter Duschschl\u00e4uche Adapter Verl\u00e4ngerung Handbrause Adapter Winkel Winkelst\u00fcck f\u00fcr Handbrause Beweglich Duscharmanschluss - Markt-XXL","og_description":"Markt-XXL DOUSELLA Handbrause Adapter 45 Grad Regendusche Duschkopf Adapter Duschschl\u00e4uche Adapter Verl\u00e4ngerung Handbrause Adapter Winkel Winkelst\u00fcck f\u00fcr Handbrause Beweglich Duscharmanschluss","og_url":"https:\/\/marktxxl.de\/markt\/produkt\/dousella-handbrause-adapter-45-grad-regendusche-duschkopf-adapter-duschschlaeuche-adapter-verlaengerung-handbrause-adapter-winkel-winkelstueck-fuer-handbrause-beweglich-duscharmanschluss\/","og_site_name":"Markt-XXL","twitter_card":"summary_large_image","twitter_misc":{"Gesch\u00e4tzte Lesezeit":"2\u00a0Minuten"},"schema":{"@context":"https:\/\/schema.org","@graph":[{"@type":"WebPage","@id":"https:\/\/marktxxl.de\/markt\/produkt\/dousella-handbrause-adapter-45-grad-regendusche-duschkopf-adapter-duschschlaeuche-adapter-verlaengerung-handbrause-adapter-winkel-winkelstueck-fuer-handbrause-beweglich-duscharmanschluss\/","url":"https:\/\/marktxxl.de\/markt\/produkt\/dousella-handbrause-adapter-45-grad-regendusche-duschkopf-adapter-duschschlaeuche-adapter-verlaengerung-handbrause-adapter-winkel-winkelstueck-fuer-handbrause-beweglich-duscharmanschluss\/","name":"DOUSELLA Handbrause Adapter 45 Grad Regendusche Duschkopf Adapter Duschschl\u00e4uche Adapter Verl\u00e4ngerung Handbrause Adapter Winkel Winkelst\u00fcck f\u00fcr Handbrause Beweglich Duscharmanschluss - Markt-XXL","isPartOf":{"@id":"https:\/\/marktxxl.de\/markt\/#website"},"primaryImageOfPage":{"@id":"https:\/\/marktxxl.de\/markt\/produkt\/dousella-handbrause-adapter-45-grad-regendusche-duschkopf-adapter-duschschlaeuche-adapter-verlaengerung-handbrause-adapter-winkel-winkelstueck-fuer-handbrause-beweglich-duscharmanschluss\/#primaryimage"},"image":{"@id":"https:\/\/marktxxl.de\/markt\/produkt\/dousella-handbrause-adapter-45-grad-regendusche-duschkopf-adapter-duschschlaeuche-adapter-verlaengerung-handbrause-adapter-winkel-winkelstueck-fuer-handbrause-beweglich-duscharmanschluss\/#primaryimage"},"thumbnailUrl":"https:\/\/m.media-amazon.com\/images\/I\/41aH+wREZpL._SL500_.jpg","datePublished":"2024-05-29T05:44:25+00:00","description":"Markt-XXL DOUSELLA Handbrause Adapter 45 Grad Regendusche Duschkopf Adapter Duschschl\u00e4uche Adapter Verl\u00e4ngerung Handbrause Adapter Winkel Winkelst\u00fcck f\u00fcr Handbrause Beweglich Duscharmanschluss","breadcrumb":{"@id":"https:\/\/marktxxl.de\/markt\/produkt\/dousella-handbrause-adapter-45-grad-regendusche-duschkopf-adapter-duschschlaeuche-adapter-verlaengerung-handbrause-adapter-winkel-winkelstueck-fuer-handbrause-beweglich-duscharmanschluss\/#breadcrumb"},"inLanguage":"de","potentialAction":[{"@type":"ReadAction","target":["https:\/\/marktxxl.de\/markt\/produkt\/dousella-handbrause-adapter-45-grad-regendusche-duschkopf-adapter-duschschlaeuche-adapter-verlaengerung-handbrause-adapter-winkel-winkelstueck-fuer-handbrause-beweglich-duscharmanschluss\/"]}]},{"@type":"ImageObject","inLanguage":"de","@id":"https:\/\/marktxxl.de\/markt\/produkt\/dousella-handbrause-adapter-45-grad-regendusche-duschkopf-adapter-duschschlaeuche-adapter-verlaengerung-handbrause-adapter-winkel-winkelstueck-fuer-handbrause-beweglich-duscharmanschluss\/#primaryimage","url":"https:\/\/m.media-amazon.com\/images\/I\/41aH+wREZpL._SL500_.jpg","contentUrl":"https:\/\/m.media-amazon.com\/images\/I\/41aH+wREZpL._SL500_.jpg","width":500,"height":500},{"@type":"BreadcrumbList","@id":"https:\/\/marktxxl.de\/markt\/produkt\/dousella-handbrause-adapter-45-grad-regendusche-duschkopf-adapter-duschschlaeuche-adapter-verlaengerung-handbrause-adapter-winkel-winkelstueck-fuer-handbrause-beweglich-duscharmanschluss\/#breadcrumb","itemListElement":[{"@type":"ListItem","position":1,"name":"Startseite","item":"https:\/\/marktxxl.de\/markt\/"},{"@type":"ListItem","position":2,"name":"Markt","item":"https:\/\/marktxxl.de\/markt\/"},{"@type":"ListItem","position":3,"name":"DOUSELLA Handbrause Adapter 45 Grad Regendusche Duschkopf Adapter Duschschl\u00e4uche Adapter Verl\u00e4ngerung Handbrause Adapter Winkel Winkelst\u00fcck f\u00fcr Handbrause Beweglich Duscharmanschluss"}]},{"@type":"WebSite","@id":"https:\/\/marktxxl.de\/markt\/#website","url":"https:\/\/marktxxl.de\/markt\/","name":"Markt-XXL","description":"Ihr Markt Online","publisher":{"@id":"https:\/\/marktxxl.de\/markt\/#organization"},"potentialAction":[{"@type":"SearchAction","target":{"@type":"EntryPoint","urlTemplate":"https:\/\/marktxxl.de\/markt\/?s={search_term_string}"},"query-input":{"@type":"PropertyValueSpecification","valueRequired":true,"valueName":"search_term_string"}}],"inLanguage":"de"},{"@type":"Organization","@id":"https:\/\/marktxxl.de\/markt\/#organization","name":"Markt-XXL","url":"https:\/\/marktxxl.de\/markt\/","logo":{"@type":"ImageObject","inLanguage":"de","@id":"https:\/\/marktxxl.de\/markt\/#\/schema\/logo\/image\/","url":"https:\/\/marktxxl.de\/markt\/wp-content\/uploads\/sites\/3\/2020\/12\/logo.png","contentUrl":"https:\/\/marktxxl.de\/markt\/wp-content\/uploads\/sites\/3\/2020\/12\/logo.png","width":200,"height":70,"caption":"Markt-XXL"},"image":{"@id":"https:\/\/marktxxl.de\/markt\/#\/schema\/logo\/image\/"}}]}},"_links":{"self":[{"href":"https:\/\/marktxxl.de\/markt\/wp-json\/wp\/v2\/product\/208254","targetHints":{"allow":["GET"]}}],"collection":[{"href":"https:\/\/marktxxl.de\/markt\/wp-json\/wp\/v2\/product"}],"about":[{"href":"https:\/\/marktxxl.de\/markt\/wp-json\/wp\/v2\/types\/product"}],"replies":[{"embeddable":true,"href":"https:\/\/marktxxl.de\/markt\/wp-json\/wp\/v2\/comments?post=208254"}],"wp:featuredmedia":[{"embeddable":true,"href":"https:\/\/marktxxl.de\/markt\/wp-json\/wp\/v2\/media\/208255"}],"wp:attachment":[{"href":"https:\/\/marktxxl.de\/markt\/wp-json\/wp\/v2\/media?parent=208254"}],"wp:term":[{"taxonomy":"product_brand","embeddable":true,"href":"https:\/\/marktxxl.de\/markt\/wp-json\/wp\/v2\/product_brand?post=208254"},{"taxonomy":"product_cat","embeddable":true,"href":"https:\/\/marktxxl.de\/markt\/wp-json\/wp\/v2\/product_cat?post=208254"},{"taxonomy":"product_tag","embeddable":true,"href":"https:\/\/marktxxl.de\/markt\/wp-json\/wp\/v2\/product_tag?post=208254"}],"curies":[{"name":"wp","href":"https:\/\/api.w.org\/{rel}","templated":true}]}}