{"id":207899,"date":"2024-05-29T03:59:13","date_gmt":"2024-05-29T01:59:13","guid":{"rendered":"https:\/\/marktxxl.de\/markt\/produkt\/wiltec-ruettelflasche-mit-o-35-mm-fuer-elektro-betonruettler-flaschenruettler-mit-150-cm-schlauchlaenge-innenruettler-mit-flexibler-welle\/"},"modified":"2024-05-29T03:59:13","modified_gmt":"2024-05-29T01:59:13","slug":"wiltec-ruettelflasche-mit-o-35-mm-fuer-elektro-betonruettler-flaschenruettler-mit-150-cm-schlauchlaenge-innenruettler-mit-flexibler-welle","status":"publish","type":"product","link":"https:\/\/marktxxl.de\/markt\/produkt\/wiltec-ruettelflasche-mit-o-35-mm-fuer-elektro-betonruettler-flaschenruettler-mit-150-cm-schlauchlaenge-innenruettler-mit-flexibler-welle\/","title":{"rendered":"Wiltec R\u00fcttelflasche mit \u00d8 35 mm f\u00fcr Elektro Betonr\u00fcttler, Flaschenr\u00fcttler mit 150 cm Schlauchl\u00e4nge, Innenr\u00fcttler mit flexibler Welle"},"content":{"rendered":"<p>[Effektive Verdichtung] &#8211; Entfernt gr\u00fcndlich Luftblasen aus Frischbeton, verbessert die Festigkeit und Haltbarkeit des Materials f\u00fcr hochwertige Bauten.<br \/>\n[Optimale Gr\u00f6\u00dfe] &#8211; Mit 35 mm Durchmesser und 1,5 m Schlauchl\u00e4nge (flexible Welle) ideal, um auch tief gelegene oder schwer zug\u00e4ngliche Betonbereiche effektiv zu verdichten.<br \/>\n[Hochwertige Materialien] &#8211; Gefertigt aus robustem Stahl und einem flexiblen Gummischlauch mit Stahlgeflechtverst\u00e4rkung, garantiert Langlebigkeit unter Baubedingungen.<br \/>\n[Flexible Anwendung] &#8211; Vielseitig einsetzbar f\u00fcr diverse Bauprojekte, unterst\u00fctzt eine effiziente Verdichtung bei verschiedenen Betonmischungen und -formen.<br \/>\n[Einfache Handhabung] &#8211; Konzipiert f\u00fcr einfache Reinigung und Wartung, was die Lebensdauer verl\u00e4ngert und die allt\u00e4gliche Nutzung erleichtert.<br \/>\n<div class=\"main-cross-sell\" data-asin=\"B07QX273RX\">\n\n\t<div class=\"WooZone-cross-sell-loader\">\n\t\t<div>\n\t\t\t<div id=\"floatingBarsG\">\n\t\t\t\t<div class=\"blockG\" id=\"rotateG_01\"><\/div>\n\t\t\t\t<div class=\"blockG\" id=\"rotateG_02\"><\/div>\n\t\t\t\t<div class=\"blockG\" id=\"rotateG_03\"><\/div>\n\t\t\t\t<div class=\"blockG\" id=\"rotateG_04\"><\/div>\n\t\t\t\t<div class=\"blockG\" id=\"rotateG_05\"><\/div>\n\t\t\t\t<div class=\"blockG\" id=\"rotateG_06\"><\/div>\n\t\t\t\t<div class=\"blockG\" id=\"rotateG_07\"><\/div>\n\t\t\t\t<div class=\"blockG\" id=\"rotateG_08\"><\/div>\n\t\t\t<\/div>\n\t\t\t<div class=\"WooZone-cross-sell-loader-text\"><\/div>\n\t\t<\/div>\n\t<\/div>\n\n\t\t\n<\/div>\n<div style=\"clear:both;\"><\/div><\/p>\n","protected":false},"excerpt":{"rendered":"<p>[Effektive Verdichtung] &#8211; Entfernt gr\u00fcndlich Luftblasen aus Frischbeton, verbessert die Festigkeit und Haltbarkeit des Materials f\u00fcr hochwertige Bauten.<br \/>\n[Optimale Gr\u00f6\u00dfe] &#8211; Mit 35 mm Durchmesser und 1,5 m Schlauchl\u00e4nge (flexible Welle) ideal, um auch tief gelegene oder schwer zug\u00e4ngliche Betonbereiche effektiv zu verdichten.<br \/>\n[Hochwertige Materialien] &#8211; Gefertigt aus robustem Stahl und einem flexiblen Gummischlauch mit Stahlgeflechtverst\u00e4rkung, garantiert Langlebigkeit unter Baubedingungen.<\/p>\n","protected":false},"featured_media":207900,"comment_status":"open","ping_status":"closed","template":"","meta":[],"product_brand":[],"product_cat":[1983,10767],"product_tag":[],"class_list":{"0":"post-207899","1":"product","2":"type-product","3":"status-publish","4":"has-post-thumbnail","6":"product_cat-baumarkt","7":"product_cat-baumaschinen-zubehoer","8":"pa_binding-misc","9":"pa_brand-wiltec","10":"pa_manufacturer-wiltec","11":"pa_model-52410","12":"pa_weight-8-377565956-pfund","14":"first","15":"instock","16":"shipping-taxable","17":"purchasable","18":"product-type-simple","19":"customify-col","20":"product-has-gallery"},"yoast_head":"<!-- This site is optimized with the Yoast SEO plugin v27.4 - https:\/\/yoast.com\/product\/yoast-seo-wordpress\/ -->\n<title>Wiltec R\u00fcttelflasche mit \u00d8 35 mm f\u00fcr Elektro Betonr\u00fcttler, Flaschenr\u00fcttler mit 150 cm Schlauchl\u00e4nge, Innenr\u00fcttler mit flexibler Welle - Markt-XXL<\/title>\n<meta name=\"description\" content=\"Markt-XXL Wiltec R\u00fcttelflasche mit \u00d8 35 mm f\u00fcr Elektro Betonr\u00fcttler, Flaschenr\u00fcttler mit 150 cm Schlauchl\u00e4nge, Innenr\u00fcttler mit flexibler Welle\" \/>\n<meta name=\"robots\" content=\"index, follow, max-snippet:-1, max-image-preview:large, max-video-preview:-1\" \/>\n<link rel=\"canonical\" href=\"https:\/\/marktxxl.de\/markt\/produkt\/wiltec-ruettelflasche-mit-o-35-mm-fuer-elektro-betonruettler-flaschenruettler-mit-150-cm-schlauchlaenge-innenruettler-mit-flexibler-welle\/\" \/>\n<meta property=\"og:locale\" content=\"de_DE\" \/>\n<meta property=\"og:type\" content=\"article\" \/>\n<meta property=\"og:title\" content=\"Wiltec R\u00fcttelflasche mit \u00d8 35 mm f\u00fcr Elektro Betonr\u00fcttler, Flaschenr\u00fcttler mit 150 cm Schlauchl\u00e4nge, Innenr\u00fcttler mit flexibler Welle - Markt-XXL\" \/>\n<meta property=\"og:description\" content=\"Markt-XXL Wiltec R\u00fcttelflasche mit \u00d8 35 mm f\u00fcr Elektro Betonr\u00fcttler, Flaschenr\u00fcttler mit 150 cm Schlauchl\u00e4nge, Innenr\u00fcttler mit flexibler Welle\" \/>\n<meta property=\"og:url\" content=\"https:\/\/marktxxl.de\/markt\/produkt\/wiltec-ruettelflasche-mit-o-35-mm-fuer-elektro-betonruettler-flaschenruettler-mit-150-cm-schlauchlaenge-innenruettler-mit-flexibler-welle\/\" \/>\n<meta property=\"og:site_name\" content=\"Markt-XXL\" \/>\n<meta name=\"twitter:card\" content=\"summary_large_image\" \/>\n<meta name=\"twitter:label1\" content=\"Gesch\u00e4tzte Lesezeit\" \/>\n\t<meta name=\"twitter:data1\" content=\"1\u00a0Minute\" \/>\n<script type=\"application\/ld+json\" class=\"yoast-schema-graph\">{\"@context\":\"https:\\\/\\\/schema.org\",\"@graph\":[{\"@type\":\"WebPage\",\"@id\":\"https:\\\/\\\/marktxxl.de\\\/markt\\\/produkt\\\/wiltec-ruettelflasche-mit-o-35-mm-fuer-elektro-betonruettler-flaschenruettler-mit-150-cm-schlauchlaenge-innenruettler-mit-flexibler-welle\\\/\",\"url\":\"https:\\\/\\\/marktxxl.de\\\/markt\\\/produkt\\\/wiltec-ruettelflasche-mit-o-35-mm-fuer-elektro-betonruettler-flaschenruettler-mit-150-cm-schlauchlaenge-innenruettler-mit-flexibler-welle\\\/\",\"name\":\"Wiltec R\u00fcttelflasche mit \u00d8 35 mm f\u00fcr Elektro Betonr\u00fcttler, Flaschenr\u00fcttler mit 150 cm Schlauchl\u00e4nge, Innenr\u00fcttler mit flexibler Welle - Markt-XXL\",\"isPartOf\":{\"@id\":\"https:\\\/\\\/marktxxl.de\\\/markt\\\/#website\"},\"primaryImageOfPage\":{\"@id\":\"https:\\\/\\\/marktxxl.de\\\/markt\\\/produkt\\\/wiltec-ruettelflasche-mit-o-35-mm-fuer-elektro-betonruettler-flaschenruettler-mit-150-cm-schlauchlaenge-innenruettler-mit-flexibler-welle\\\/#primaryimage\"},\"image\":{\"@id\":\"https:\\\/\\\/marktxxl.de\\\/markt\\\/produkt\\\/wiltec-ruettelflasche-mit-o-35-mm-fuer-elektro-betonruettler-flaschenruettler-mit-150-cm-schlauchlaenge-innenruettler-mit-flexibler-welle\\\/#primaryimage\"},\"thumbnailUrl\":\"https:\\\/\\\/m.media-amazon.com\\\/images\\\/I\\\/31zfHfVwb0L._SL500_.jpg\",\"datePublished\":\"2024-05-29T01:59:13+00:00\",\"description\":\"Markt-XXL Wiltec R\u00fcttelflasche mit \u00d8 35 mm f\u00fcr Elektro Betonr\u00fcttler, Flaschenr\u00fcttler mit 150 cm Schlauchl\u00e4nge, Innenr\u00fcttler mit flexibler Welle\",\"breadcrumb\":{\"@id\":\"https:\\\/\\\/marktxxl.de\\\/markt\\\/produkt\\\/wiltec-ruettelflasche-mit-o-35-mm-fuer-elektro-betonruettler-flaschenruettler-mit-150-cm-schlauchlaenge-innenruettler-mit-flexibler-welle\\\/#breadcrumb\"},\"inLanguage\":\"de\",\"potentialAction\":[{\"@type\":\"ReadAction\",\"target\":[\"https:\\\/\\\/marktxxl.de\\\/markt\\\/produkt\\\/wiltec-ruettelflasche-mit-o-35-mm-fuer-elektro-betonruettler-flaschenruettler-mit-150-cm-schlauchlaenge-innenruettler-mit-flexibler-welle\\\/\"]}]},{\"@type\":\"ImageObject\",\"inLanguage\":\"de\",\"@id\":\"https:\\\/\\\/marktxxl.de\\\/markt\\\/produkt\\\/wiltec-ruettelflasche-mit-o-35-mm-fuer-elektro-betonruettler-flaschenruettler-mit-150-cm-schlauchlaenge-innenruettler-mit-flexibler-welle\\\/#primaryimage\",\"url\":\"https:\\\/\\\/m.media-amazon.com\\\/images\\\/I\\\/31zfHfVwb0L._SL500_.jpg\",\"contentUrl\":\"https:\\\/\\\/m.media-amazon.com\\\/images\\\/I\\\/31zfHfVwb0L._SL500_.jpg\",\"width\":500,\"height\":500},{\"@type\":\"BreadcrumbList\",\"@id\":\"https:\\\/\\\/marktxxl.de\\\/markt\\\/produkt\\\/wiltec-ruettelflasche-mit-o-35-mm-fuer-elektro-betonruettler-flaschenruettler-mit-150-cm-schlauchlaenge-innenruettler-mit-flexibler-welle\\\/#breadcrumb\",\"itemListElement\":[{\"@type\":\"ListItem\",\"position\":1,\"name\":\"Startseite\",\"item\":\"https:\\\/\\\/marktxxl.de\\\/markt\\\/\"},{\"@type\":\"ListItem\",\"position\":2,\"name\":\"Markt\",\"item\":\"https:\\\/\\\/marktxxl.de\\\/markt\\\/\"},{\"@type\":\"ListItem\",\"position\":3,\"name\":\"Wiltec R\u00fcttelflasche mit \u00d8 35 mm f\u00fcr Elektro Betonr\u00fcttler, Flaschenr\u00fcttler mit 150 cm Schlauchl\u00e4nge, Innenr\u00fcttler mit flexibler Welle\"}]},{\"@type\":\"WebSite\",\"@id\":\"https:\\\/\\\/marktxxl.de\\\/markt\\\/#website\",\"url\":\"https:\\\/\\\/marktxxl.de\\\/markt\\\/\",\"name\":\"Markt-XXL\",\"description\":\"Ihr Markt Online\",\"publisher\":{\"@id\":\"https:\\\/\\\/marktxxl.de\\\/markt\\\/#organization\"},\"potentialAction\":[{\"@type\":\"SearchAction\",\"target\":{\"@type\":\"EntryPoint\",\"urlTemplate\":\"https:\\\/\\\/marktxxl.de\\\/markt\\\/?s={search_term_string}\"},\"query-input\":{\"@type\":\"PropertyValueSpecification\",\"valueRequired\":true,\"valueName\":\"search_term_string\"}}],\"inLanguage\":\"de\"},{\"@type\":\"Organization\",\"@id\":\"https:\\\/\\\/marktxxl.de\\\/markt\\\/#organization\",\"name\":\"Markt-XXL\",\"url\":\"https:\\\/\\\/marktxxl.de\\\/markt\\\/\",\"logo\":{\"@type\":\"ImageObject\",\"inLanguage\":\"de\",\"@id\":\"https:\\\/\\\/marktxxl.de\\\/markt\\\/#\\\/schema\\\/logo\\\/image\\\/\",\"url\":\"https:\\\/\\\/marktxxl.de\\\/markt\\\/wp-content\\\/uploads\\\/sites\\\/3\\\/2020\\\/12\\\/logo.png\",\"contentUrl\":\"https:\\\/\\\/marktxxl.de\\\/markt\\\/wp-content\\\/uploads\\\/sites\\\/3\\\/2020\\\/12\\\/logo.png\",\"width\":200,\"height\":70,\"caption\":\"Markt-XXL\"},\"image\":{\"@id\":\"https:\\\/\\\/marktxxl.de\\\/markt\\\/#\\\/schema\\\/logo\\\/image\\\/\"}}]}<\/script>\n<!-- \/ Yoast SEO plugin. -->","yoast_head_json":{"title":"Wiltec R\u00fcttelflasche mit \u00d8 35 mm f\u00fcr Elektro Betonr\u00fcttler, Flaschenr\u00fcttler mit 150 cm Schlauchl\u00e4nge, Innenr\u00fcttler mit flexibler Welle - Markt-XXL","description":"Markt-XXL Wiltec R\u00fcttelflasche mit \u00d8 35 mm f\u00fcr Elektro Betonr\u00fcttler, Flaschenr\u00fcttler mit 150 cm Schlauchl\u00e4nge, Innenr\u00fcttler mit flexibler Welle","robots":{"index":"index","follow":"follow","max-snippet":"max-snippet:-1","max-image-preview":"max-image-preview:large","max-video-preview":"max-video-preview:-1"},"canonical":"https:\/\/marktxxl.de\/markt\/produkt\/wiltec-ruettelflasche-mit-o-35-mm-fuer-elektro-betonruettler-flaschenruettler-mit-150-cm-schlauchlaenge-innenruettler-mit-flexibler-welle\/","og_locale":"de_DE","og_type":"article","og_title":"Wiltec R\u00fcttelflasche mit \u00d8 35 mm f\u00fcr Elektro Betonr\u00fcttler, Flaschenr\u00fcttler mit 150 cm Schlauchl\u00e4nge, Innenr\u00fcttler mit flexibler Welle - Markt-XXL","og_description":"Markt-XXL Wiltec R\u00fcttelflasche mit \u00d8 35 mm f\u00fcr Elektro Betonr\u00fcttler, Flaschenr\u00fcttler mit 150 cm Schlauchl\u00e4nge, Innenr\u00fcttler mit flexibler Welle","og_url":"https:\/\/marktxxl.de\/markt\/produkt\/wiltec-ruettelflasche-mit-o-35-mm-fuer-elektro-betonruettler-flaschenruettler-mit-150-cm-schlauchlaenge-innenruettler-mit-flexibler-welle\/","og_site_name":"Markt-XXL","twitter_card":"summary_large_image","twitter_misc":{"Gesch\u00e4tzte Lesezeit":"1\u00a0Minute"},"schema":{"@context":"https:\/\/schema.org","@graph":[{"@type":"WebPage","@id":"https:\/\/marktxxl.de\/markt\/produkt\/wiltec-ruettelflasche-mit-o-35-mm-fuer-elektro-betonruettler-flaschenruettler-mit-150-cm-schlauchlaenge-innenruettler-mit-flexibler-welle\/","url":"https:\/\/marktxxl.de\/markt\/produkt\/wiltec-ruettelflasche-mit-o-35-mm-fuer-elektro-betonruettler-flaschenruettler-mit-150-cm-schlauchlaenge-innenruettler-mit-flexibler-welle\/","name":"Wiltec R\u00fcttelflasche mit \u00d8 35 mm f\u00fcr Elektro Betonr\u00fcttler, Flaschenr\u00fcttler mit 150 cm Schlauchl\u00e4nge, Innenr\u00fcttler mit flexibler Welle - Markt-XXL","isPartOf":{"@id":"https:\/\/marktxxl.de\/markt\/#website"},"primaryImageOfPage":{"@id":"https:\/\/marktxxl.de\/markt\/produkt\/wiltec-ruettelflasche-mit-o-35-mm-fuer-elektro-betonruettler-flaschenruettler-mit-150-cm-schlauchlaenge-innenruettler-mit-flexibler-welle\/#primaryimage"},"image":{"@id":"https:\/\/marktxxl.de\/markt\/produkt\/wiltec-ruettelflasche-mit-o-35-mm-fuer-elektro-betonruettler-flaschenruettler-mit-150-cm-schlauchlaenge-innenruettler-mit-flexibler-welle\/#primaryimage"},"thumbnailUrl":"https:\/\/m.media-amazon.com\/images\/I\/31zfHfVwb0L._SL500_.jpg","datePublished":"2024-05-29T01:59:13+00:00","description":"Markt-XXL Wiltec R\u00fcttelflasche mit \u00d8 35 mm f\u00fcr Elektro Betonr\u00fcttler, Flaschenr\u00fcttler mit 150 cm Schlauchl\u00e4nge, Innenr\u00fcttler mit flexibler Welle","breadcrumb":{"@id":"https:\/\/marktxxl.de\/markt\/produkt\/wiltec-ruettelflasche-mit-o-35-mm-fuer-elektro-betonruettler-flaschenruettler-mit-150-cm-schlauchlaenge-innenruettler-mit-flexibler-welle\/#breadcrumb"},"inLanguage":"de","potentialAction":[{"@type":"ReadAction","target":["https:\/\/marktxxl.de\/markt\/produkt\/wiltec-ruettelflasche-mit-o-35-mm-fuer-elektro-betonruettler-flaschenruettler-mit-150-cm-schlauchlaenge-innenruettler-mit-flexibler-welle\/"]}]},{"@type":"ImageObject","inLanguage":"de","@id":"https:\/\/marktxxl.de\/markt\/produkt\/wiltec-ruettelflasche-mit-o-35-mm-fuer-elektro-betonruettler-flaschenruettler-mit-150-cm-schlauchlaenge-innenruettler-mit-flexibler-welle\/#primaryimage","url":"https:\/\/m.media-amazon.com\/images\/I\/31zfHfVwb0L._SL500_.jpg","contentUrl":"https:\/\/m.media-amazon.com\/images\/I\/31zfHfVwb0L._SL500_.jpg","width":500,"height":500},{"@type":"BreadcrumbList","@id":"https:\/\/marktxxl.de\/markt\/produkt\/wiltec-ruettelflasche-mit-o-35-mm-fuer-elektro-betonruettler-flaschenruettler-mit-150-cm-schlauchlaenge-innenruettler-mit-flexibler-welle\/#breadcrumb","itemListElement":[{"@type":"ListItem","position":1,"name":"Startseite","item":"https:\/\/marktxxl.de\/markt\/"},{"@type":"ListItem","position":2,"name":"Markt","item":"https:\/\/marktxxl.de\/markt\/"},{"@type":"ListItem","position":3,"name":"Wiltec R\u00fcttelflasche mit \u00d8 35 mm f\u00fcr Elektro Betonr\u00fcttler, Flaschenr\u00fcttler mit 150 cm Schlauchl\u00e4nge, Innenr\u00fcttler mit flexibler Welle"}]},{"@type":"WebSite","@id":"https:\/\/marktxxl.de\/markt\/#website","url":"https:\/\/marktxxl.de\/markt\/","name":"Markt-XXL","description":"Ihr Markt Online","publisher":{"@id":"https:\/\/marktxxl.de\/markt\/#organization"},"potentialAction":[{"@type":"SearchAction","target":{"@type":"EntryPoint","urlTemplate":"https:\/\/marktxxl.de\/markt\/?s={search_term_string}"},"query-input":{"@type":"PropertyValueSpecification","valueRequired":true,"valueName":"search_term_string"}}],"inLanguage":"de"},{"@type":"Organization","@id":"https:\/\/marktxxl.de\/markt\/#organization","name":"Markt-XXL","url":"https:\/\/marktxxl.de\/markt\/","logo":{"@type":"ImageObject","inLanguage":"de","@id":"https:\/\/marktxxl.de\/markt\/#\/schema\/logo\/image\/","url":"https:\/\/marktxxl.de\/markt\/wp-content\/uploads\/sites\/3\/2020\/12\/logo.png","contentUrl":"https:\/\/marktxxl.de\/markt\/wp-content\/uploads\/sites\/3\/2020\/12\/logo.png","width":200,"height":70,"caption":"Markt-XXL"},"image":{"@id":"https:\/\/marktxxl.de\/markt\/#\/schema\/logo\/image\/"}}]}},"_links":{"self":[{"href":"https:\/\/marktxxl.de\/markt\/wp-json\/wp\/v2\/product\/207899","targetHints":{"allow":["GET"]}}],"collection":[{"href":"https:\/\/marktxxl.de\/markt\/wp-json\/wp\/v2\/product"}],"about":[{"href":"https:\/\/marktxxl.de\/markt\/wp-json\/wp\/v2\/types\/product"}],"replies":[{"embeddable":true,"href":"https:\/\/marktxxl.de\/markt\/wp-json\/wp\/v2\/comments?post=207899"}],"wp:featuredmedia":[{"embeddable":true,"href":"https:\/\/marktxxl.de\/markt\/wp-json\/wp\/v2\/media\/207900"}],"wp:attachment":[{"href":"https:\/\/marktxxl.de\/markt\/wp-json\/wp\/v2\/media?parent=207899"}],"wp:term":[{"taxonomy":"product_brand","embeddable":true,"href":"https:\/\/marktxxl.de\/markt\/wp-json\/wp\/v2\/product_brand?post=207899"},{"taxonomy":"product_cat","embeddable":true,"href":"https:\/\/marktxxl.de\/markt\/wp-json\/wp\/v2\/product_cat?post=207899"},{"taxonomy":"product_tag","embeddable":true,"href":"https:\/\/marktxxl.de\/markt\/wp-json\/wp\/v2\/product_tag?post=207899"}],"curies":[{"name":"wp","href":"https:\/\/api.w.org\/{rel}","templated":true}]}}