{"id":207798,"date":"2024-05-29T03:13:40","date_gmt":"2024-05-29T01:13:40","guid":{"rendered":"https:\/\/marktxxl.de\/markt\/produkt\/veddelholzer-xentari-8-x-2g-raupen-zuenslerfrei-gegen-buchsbaumzuensler-raupen-schadraupen-xentari-raupenfrei-buchsbaumzuensler-spritzmittel-fuer-bio-landbau-geeignet-nicht-bieneng\/"},"modified":"2024-05-29T03:13:40","modified_gmt":"2024-05-29T01:13:40","slug":"veddelholzer-xentari-8-x-2g-raupen-zuenslerfrei-gegen-buchsbaumzuensler-raupen-schadraupen-xentari-raupenfrei-buchsbaumzuensler-spritzmittel-fuer-bio-landbau-geeignet-nicht-bieneng","status":"publish","type":"product","link":"https:\/\/marktxxl.de\/markt\/produkt\/veddelholzer-xentari-8-x-2g-raupen-zuenslerfrei-gegen-buchsbaumzuensler-raupen-schadraupen-xentari-raupenfrei-buchsbaumzuensler-spritzmittel-fuer-bio-landbau-geeignet-nicht-bieneng\/","title":{"rendered":"Veddelholzer Xentari\u00ae 8 x 2g Raupen &amp; Z\u00fcnslerfrei gegen Buchsbaumz\u00fcnsler, Raupen &amp; Schadraupen. Xentari Raupenfrei Buchsbaumz\u00fcnsler Spritzmittel f\u00fcr Bio Landbau geeignet Nicht Bienengef\u00e4hrlich."},"content":{"rendered":"<p>\u2705NICHT BIENENGEF\u00c4HRLICH: Veddelholzer Xentari Raupen &amp; Z\u00fcnslerfrei ist nicht gef\u00e4hrlich f\u00fcr Bienen und kann ohne Bedenken im Garten eingesetzt werden. Anwendbar f\u00fcr den Zierpflanzenbau, Obstbau, Gem\u00fcsebau und Weinbau.<br \/>\n\u2705EINFACHE ANWENDUNG: Die 8 x 2g Portionsbeutel lassen sich einfach in Wasser aufl\u00f6sen und werden dann mithilfe einer Spr\u00fchflasche auf die Betroffenen Pflanzen auftragen.<br \/>\n\u2705HOCHWIRKSAM: Xentari wirkt schnell und zuverl\u00e4ssig gegen Schadraupen aller Art wie z.B. Buchsbaumz\u00fcnsler, Frostspanner, Kohlwei\u00dfling, Traubenwickler und viele mehr.<br \/>\n\u2705SOFORTIGER SCHUTZ: Bereits nach einigen Stunden Stellen Die Raupen Ihre Fra\u00df T\u00e4tigkeit ein. Nach 3 \u2013 5 Tagen Sterben die Raupen ab und fallen von den Pflanzen.<br \/>\n\u2705NAT\u00dcRLICHER WIRKSTOFF: ist ein biologisches Insektizid auf Basis von Bacillus thuringiensis, dass die Selektivit\u00e4t biologischer Bek\u00e4mpfungsmethoden mit leichter Anwendbarkeit verbindet. Die Raupen fressen die mit Xentari behandelten Bl\u00e4tter und nehmen dabei die Bakterien auf.<br \/>\n<div class=\"main-cross-sell\" data-asin=\"B0BZ93TR9G\">\n\n\t<div class=\"WooZone-cross-sell-loader\">\n\t\t<div>\n\t\t\t<div id=\"floatingBarsG\">\n\t\t\t\t<div class=\"blockG\" id=\"rotateG_01\"><\/div>\n\t\t\t\t<div class=\"blockG\" id=\"rotateG_02\"><\/div>\n\t\t\t\t<div class=\"blockG\" id=\"rotateG_03\"><\/div>\n\t\t\t\t<div class=\"blockG\" id=\"rotateG_04\"><\/div>\n\t\t\t\t<div class=\"blockG\" id=\"rotateG_05\"><\/div>\n\t\t\t\t<div class=\"blockG\" id=\"rotateG_06\"><\/div>\n\t\t\t\t<div class=\"blockG\" id=\"rotateG_07\"><\/div>\n\t\t\t\t<div class=\"blockG\" id=\"rotateG_08\"><\/div>\n\t\t\t<\/div>\n\t\t\t<div class=\"WooZone-cross-sell-loader-text\"><\/div>\n\t\t<\/div>\n\t<\/div>\n\n\t\t\n<\/div>\n<div style=\"clear:both;\"><\/div><\/p>\n","protected":false},"excerpt":{"rendered":"<p>\u2705NICHT BIENENGEF\u00c4HRLICH: Veddelholzer Xentari Raupen &amp; Z\u00fcnslerfrei ist nicht gef\u00e4hrlich f\u00fcr Bienen und kann ohne Bedenken im Garten eingesetzt werden. Anwendbar f\u00fcr den Zierpflanzenbau, Obstbau, Gem\u00fcsebau und Weinbau.<br \/>\n\u2705EINFACHE ANWENDUNG: Die 8 x 2g Portionsbeutel lassen sich einfach in Wasser aufl\u00f6sen und werden dann mithilfe einer Spr\u00fchflasche auf die Betroffenen Pflanzen auftragen.<br \/>\n\u2705HOCHWIRKSAM: Xentari wirkt schnell und zuverl\u00e4ssig gegen Schadraupen aller Art wie z.B. Buchsbaumz\u00fcnsler, Frostspanner, Kohlwei\u00dfling, Traubenwickler und viele mehr.<\/p>\n","protected":false},"featured_media":207799,"comment_status":"open","ping_status":"closed","template":"","meta":[],"product_brand":[],"product_cat":[1983,10767],"product_tag":[],"class_list":{"0":"post-207798","1":"product","2":"type-product","3":"status-publish","4":"has-post-thumbnail","6":"product_cat-baumarkt","7":"product_cat-baumaschinen-zubehoer","8":"pa_brand-veddelholzer","9":"pa_color-weiss","10":"pa_height-0-787401574-zoll","11":"pa_length-5-511811018-zoll","12":"pa_manufacturer-veddelholzer","13":"pa_model-1xentarifba","14":"pa_width-4-330708657-zoll","16":"first","17":"instock","18":"shipping-taxable","19":"purchasable","20":"product-type-simple","21":"customify-col","22":"product-has-gallery"},"yoast_head":"<!-- This site is optimized with the Yoast SEO plugin v27.4 - https:\/\/yoast.com\/product\/yoast-seo-wordpress\/ -->\n<title>Veddelholzer Xentari\u00ae 8 x 2g Raupen &amp; Z\u00fcnslerfrei gegen Buchsbaumz\u00fcnsler, Raupen &amp; Schadraupen. Xentari Raupenfrei Buchsbaumz\u00fcnsler Spritzmittel f\u00fcr Bio Landbau geeignet Nicht Bienengef\u00e4hrlich. - Markt-XXL<\/title>\n<meta name=\"description\" content=\"Markt-XXL Veddelholzer Xentari\u00ae 8 x 2g Raupen &amp; Z\u00fcnslerfrei gegen Buchsbaumz\u00fcnsler, Raupen &amp; Schadraupen. Xentari Raupenfrei Buchsbaumz\u00fcnsler Spritzmittel f\u00fcr Bio Landbau geeignet Nicht Bienengef\u00e4hrlich.\" \/>\n<meta name=\"robots\" content=\"index, follow, max-snippet:-1, max-image-preview:large, max-video-preview:-1\" \/>\n<link rel=\"canonical\" href=\"https:\/\/marktxxl.de\/markt\/produkt\/veddelholzer-xentari-8-x-2g-raupen-zuenslerfrei-gegen-buchsbaumzuensler-raupen-schadraupen-xentari-raupenfrei-buchsbaumzuensler-spritzmittel-fuer-bio-landbau-geeignet-nicht-bieneng\/\" \/>\n<meta property=\"og:locale\" content=\"de_DE\" \/>\n<meta property=\"og:type\" content=\"article\" \/>\n<meta property=\"og:title\" content=\"Veddelholzer Xentari\u00ae 8 x 2g Raupen &amp; Z\u00fcnslerfrei gegen Buchsbaumz\u00fcnsler, Raupen &amp; Schadraupen. Xentari Raupenfrei Buchsbaumz\u00fcnsler Spritzmittel f\u00fcr Bio Landbau geeignet Nicht Bienengef\u00e4hrlich. - Markt-XXL\" \/>\n<meta property=\"og:description\" content=\"Markt-XXL Veddelholzer Xentari\u00ae 8 x 2g Raupen &amp; Z\u00fcnslerfrei gegen Buchsbaumz\u00fcnsler, Raupen &amp; Schadraupen. Xentari Raupenfrei Buchsbaumz\u00fcnsler Spritzmittel f\u00fcr Bio Landbau geeignet Nicht Bienengef\u00e4hrlich.\" \/>\n<meta property=\"og:url\" content=\"https:\/\/marktxxl.de\/markt\/produkt\/veddelholzer-xentari-8-x-2g-raupen-zuenslerfrei-gegen-buchsbaumzuensler-raupen-schadraupen-xentari-raupenfrei-buchsbaumzuensler-spritzmittel-fuer-bio-landbau-geeignet-nicht-bieneng\/\" \/>\n<meta property=\"og:site_name\" content=\"Markt-XXL\" \/>\n<meta name=\"twitter:card\" content=\"summary_large_image\" \/>\n<meta name=\"twitter:label1\" content=\"Gesch\u00e4tzte Lesezeit\" \/>\n\t<meta name=\"twitter:data1\" content=\"1\u00a0Minute\" \/>\n<script type=\"application\/ld+json\" class=\"yoast-schema-graph\">{\"@context\":\"https:\\\/\\\/schema.org\",\"@graph\":[{\"@type\":\"WebPage\",\"@id\":\"https:\\\/\\\/marktxxl.de\\\/markt\\\/produkt\\\/veddelholzer-xentari-8-x-2g-raupen-zuenslerfrei-gegen-buchsbaumzuensler-raupen-schadraupen-xentari-raupenfrei-buchsbaumzuensler-spritzmittel-fuer-bio-landbau-geeignet-nicht-bieneng\\\/\",\"url\":\"https:\\\/\\\/marktxxl.de\\\/markt\\\/produkt\\\/veddelholzer-xentari-8-x-2g-raupen-zuenslerfrei-gegen-buchsbaumzuensler-raupen-schadraupen-xentari-raupenfrei-buchsbaumzuensler-spritzmittel-fuer-bio-landbau-geeignet-nicht-bieneng\\\/\",\"name\":\"Veddelholzer Xentari\u00ae 8 x 2g Raupen &amp; Z\u00fcnslerfrei gegen Buchsbaumz\u00fcnsler, Raupen &amp; Schadraupen. Xentari Raupenfrei Buchsbaumz\u00fcnsler Spritzmittel f\u00fcr Bio Landbau geeignet Nicht Bienengef\u00e4hrlich. - Markt-XXL\",\"isPartOf\":{\"@id\":\"https:\\\/\\\/marktxxl.de\\\/markt\\\/#website\"},\"primaryImageOfPage\":{\"@id\":\"https:\\\/\\\/marktxxl.de\\\/markt\\\/produkt\\\/veddelholzer-xentari-8-x-2g-raupen-zuenslerfrei-gegen-buchsbaumzuensler-raupen-schadraupen-xentari-raupenfrei-buchsbaumzuensler-spritzmittel-fuer-bio-landbau-geeignet-nicht-bieneng\\\/#primaryimage\"},\"image\":{\"@id\":\"https:\\\/\\\/marktxxl.de\\\/markt\\\/produkt\\\/veddelholzer-xentari-8-x-2g-raupen-zuenslerfrei-gegen-buchsbaumzuensler-raupen-schadraupen-xentari-raupenfrei-buchsbaumzuensler-spritzmittel-fuer-bio-landbau-geeignet-nicht-bieneng\\\/#primaryimage\"},\"thumbnailUrl\":\"https:\\\/\\\/m.media-amazon.com\\\/images\\\/I\\\/51UW1jCJhtL._SL500_.jpg\",\"datePublished\":\"2024-05-29T01:13:40+00:00\",\"description\":\"Markt-XXL Veddelholzer Xentari\u00ae 8 x 2g Raupen &amp; Z\u00fcnslerfrei gegen Buchsbaumz\u00fcnsler, Raupen &amp; Schadraupen. Xentari Raupenfrei Buchsbaumz\u00fcnsler Spritzmittel f\u00fcr Bio Landbau geeignet Nicht Bienengef\u00e4hrlich.\",\"breadcrumb\":{\"@id\":\"https:\\\/\\\/marktxxl.de\\\/markt\\\/produkt\\\/veddelholzer-xentari-8-x-2g-raupen-zuenslerfrei-gegen-buchsbaumzuensler-raupen-schadraupen-xentari-raupenfrei-buchsbaumzuensler-spritzmittel-fuer-bio-landbau-geeignet-nicht-bieneng\\\/#breadcrumb\"},\"inLanguage\":\"de\",\"potentialAction\":[{\"@type\":\"ReadAction\",\"target\":[\"https:\\\/\\\/marktxxl.de\\\/markt\\\/produkt\\\/veddelholzer-xentari-8-x-2g-raupen-zuenslerfrei-gegen-buchsbaumzuensler-raupen-schadraupen-xentari-raupenfrei-buchsbaumzuensler-spritzmittel-fuer-bio-landbau-geeignet-nicht-bieneng\\\/\"]}]},{\"@type\":\"ImageObject\",\"inLanguage\":\"de\",\"@id\":\"https:\\\/\\\/marktxxl.de\\\/markt\\\/produkt\\\/veddelholzer-xentari-8-x-2g-raupen-zuenslerfrei-gegen-buchsbaumzuensler-raupen-schadraupen-xentari-raupenfrei-buchsbaumzuensler-spritzmittel-fuer-bio-landbau-geeignet-nicht-bieneng\\\/#primaryimage\",\"url\":\"https:\\\/\\\/m.media-amazon.com\\\/images\\\/I\\\/51UW1jCJhtL._SL500_.jpg\",\"contentUrl\":\"https:\\\/\\\/m.media-amazon.com\\\/images\\\/I\\\/51UW1jCJhtL._SL500_.jpg\",\"width\":500,\"height\":500},{\"@type\":\"BreadcrumbList\",\"@id\":\"https:\\\/\\\/marktxxl.de\\\/markt\\\/produkt\\\/veddelholzer-xentari-8-x-2g-raupen-zuenslerfrei-gegen-buchsbaumzuensler-raupen-schadraupen-xentari-raupenfrei-buchsbaumzuensler-spritzmittel-fuer-bio-landbau-geeignet-nicht-bieneng\\\/#breadcrumb\",\"itemListElement\":[{\"@type\":\"ListItem\",\"position\":1,\"name\":\"Startseite\",\"item\":\"https:\\\/\\\/marktxxl.de\\\/markt\\\/\"},{\"@type\":\"ListItem\",\"position\":2,\"name\":\"Markt\",\"item\":\"https:\\\/\\\/marktxxl.de\\\/markt\\\/\"},{\"@type\":\"ListItem\",\"position\":3,\"name\":\"Veddelholzer Xentari\u00ae 8 x 2g Raupen &amp; Z\u00fcnslerfrei gegen Buchsbaumz\u00fcnsler, Raupen &amp; Schadraupen. Xentari Raupenfrei Buchsbaumz\u00fcnsler Spritzmittel f\u00fcr Bio Landbau geeignet Nicht Bienengef\u00e4hrlich.\"}]},{\"@type\":\"WebSite\",\"@id\":\"https:\\\/\\\/marktxxl.de\\\/markt\\\/#website\",\"url\":\"https:\\\/\\\/marktxxl.de\\\/markt\\\/\",\"name\":\"Markt-XXL\",\"description\":\"Ihr Markt Online\",\"publisher\":{\"@id\":\"https:\\\/\\\/marktxxl.de\\\/markt\\\/#organization\"},\"potentialAction\":[{\"@type\":\"SearchAction\",\"target\":{\"@type\":\"EntryPoint\",\"urlTemplate\":\"https:\\\/\\\/marktxxl.de\\\/markt\\\/?s={search_term_string}\"},\"query-input\":{\"@type\":\"PropertyValueSpecification\",\"valueRequired\":true,\"valueName\":\"search_term_string\"}}],\"inLanguage\":\"de\"},{\"@type\":\"Organization\",\"@id\":\"https:\\\/\\\/marktxxl.de\\\/markt\\\/#organization\",\"name\":\"Markt-XXL\",\"url\":\"https:\\\/\\\/marktxxl.de\\\/markt\\\/\",\"logo\":{\"@type\":\"ImageObject\",\"inLanguage\":\"de\",\"@id\":\"https:\\\/\\\/marktxxl.de\\\/markt\\\/#\\\/schema\\\/logo\\\/image\\\/\",\"url\":\"https:\\\/\\\/marktxxl.de\\\/markt\\\/wp-content\\\/uploads\\\/sites\\\/3\\\/2020\\\/12\\\/logo.png\",\"contentUrl\":\"https:\\\/\\\/marktxxl.de\\\/markt\\\/wp-content\\\/uploads\\\/sites\\\/3\\\/2020\\\/12\\\/logo.png\",\"width\":200,\"height\":70,\"caption\":\"Markt-XXL\"},\"image\":{\"@id\":\"https:\\\/\\\/marktxxl.de\\\/markt\\\/#\\\/schema\\\/logo\\\/image\\\/\"}}]}<\/script>\n<!-- \/ Yoast SEO plugin. -->","yoast_head_json":{"title":"Veddelholzer Xentari\u00ae 8 x 2g Raupen &amp; Z\u00fcnslerfrei gegen Buchsbaumz\u00fcnsler, Raupen &amp; Schadraupen. Xentari Raupenfrei Buchsbaumz\u00fcnsler Spritzmittel f\u00fcr Bio Landbau geeignet Nicht Bienengef\u00e4hrlich. - Markt-XXL","description":"Markt-XXL Veddelholzer Xentari\u00ae 8 x 2g Raupen &amp; Z\u00fcnslerfrei gegen Buchsbaumz\u00fcnsler, Raupen &amp; Schadraupen. Xentari Raupenfrei Buchsbaumz\u00fcnsler Spritzmittel f\u00fcr Bio Landbau geeignet Nicht Bienengef\u00e4hrlich.","robots":{"index":"index","follow":"follow","max-snippet":"max-snippet:-1","max-image-preview":"max-image-preview:large","max-video-preview":"max-video-preview:-1"},"canonical":"https:\/\/marktxxl.de\/markt\/produkt\/veddelholzer-xentari-8-x-2g-raupen-zuenslerfrei-gegen-buchsbaumzuensler-raupen-schadraupen-xentari-raupenfrei-buchsbaumzuensler-spritzmittel-fuer-bio-landbau-geeignet-nicht-bieneng\/","og_locale":"de_DE","og_type":"article","og_title":"Veddelholzer Xentari\u00ae 8 x 2g Raupen &amp; Z\u00fcnslerfrei gegen Buchsbaumz\u00fcnsler, Raupen &amp; Schadraupen. Xentari Raupenfrei Buchsbaumz\u00fcnsler Spritzmittel f\u00fcr Bio Landbau geeignet Nicht Bienengef\u00e4hrlich. - Markt-XXL","og_description":"Markt-XXL Veddelholzer Xentari\u00ae 8 x 2g Raupen &amp; Z\u00fcnslerfrei gegen Buchsbaumz\u00fcnsler, Raupen &amp; Schadraupen. Xentari Raupenfrei Buchsbaumz\u00fcnsler Spritzmittel f\u00fcr Bio Landbau geeignet Nicht Bienengef\u00e4hrlich.","og_url":"https:\/\/marktxxl.de\/markt\/produkt\/veddelholzer-xentari-8-x-2g-raupen-zuenslerfrei-gegen-buchsbaumzuensler-raupen-schadraupen-xentari-raupenfrei-buchsbaumzuensler-spritzmittel-fuer-bio-landbau-geeignet-nicht-bieneng\/","og_site_name":"Markt-XXL","twitter_card":"summary_large_image","twitter_misc":{"Gesch\u00e4tzte Lesezeit":"1\u00a0Minute"},"schema":{"@context":"https:\/\/schema.org","@graph":[{"@type":"WebPage","@id":"https:\/\/marktxxl.de\/markt\/produkt\/veddelholzer-xentari-8-x-2g-raupen-zuenslerfrei-gegen-buchsbaumzuensler-raupen-schadraupen-xentari-raupenfrei-buchsbaumzuensler-spritzmittel-fuer-bio-landbau-geeignet-nicht-bieneng\/","url":"https:\/\/marktxxl.de\/markt\/produkt\/veddelholzer-xentari-8-x-2g-raupen-zuenslerfrei-gegen-buchsbaumzuensler-raupen-schadraupen-xentari-raupenfrei-buchsbaumzuensler-spritzmittel-fuer-bio-landbau-geeignet-nicht-bieneng\/","name":"Veddelholzer Xentari\u00ae 8 x 2g Raupen &amp; Z\u00fcnslerfrei gegen Buchsbaumz\u00fcnsler, Raupen &amp; Schadraupen. Xentari Raupenfrei Buchsbaumz\u00fcnsler Spritzmittel f\u00fcr Bio Landbau geeignet Nicht Bienengef\u00e4hrlich. - Markt-XXL","isPartOf":{"@id":"https:\/\/marktxxl.de\/markt\/#website"},"primaryImageOfPage":{"@id":"https:\/\/marktxxl.de\/markt\/produkt\/veddelholzer-xentari-8-x-2g-raupen-zuenslerfrei-gegen-buchsbaumzuensler-raupen-schadraupen-xentari-raupenfrei-buchsbaumzuensler-spritzmittel-fuer-bio-landbau-geeignet-nicht-bieneng\/#primaryimage"},"image":{"@id":"https:\/\/marktxxl.de\/markt\/produkt\/veddelholzer-xentari-8-x-2g-raupen-zuenslerfrei-gegen-buchsbaumzuensler-raupen-schadraupen-xentari-raupenfrei-buchsbaumzuensler-spritzmittel-fuer-bio-landbau-geeignet-nicht-bieneng\/#primaryimage"},"thumbnailUrl":"https:\/\/m.media-amazon.com\/images\/I\/51UW1jCJhtL._SL500_.jpg","datePublished":"2024-05-29T01:13:40+00:00","description":"Markt-XXL Veddelholzer Xentari\u00ae 8 x 2g Raupen &amp; Z\u00fcnslerfrei gegen Buchsbaumz\u00fcnsler, Raupen &amp; Schadraupen. Xentari Raupenfrei Buchsbaumz\u00fcnsler Spritzmittel f\u00fcr Bio Landbau geeignet Nicht Bienengef\u00e4hrlich.","breadcrumb":{"@id":"https:\/\/marktxxl.de\/markt\/produkt\/veddelholzer-xentari-8-x-2g-raupen-zuenslerfrei-gegen-buchsbaumzuensler-raupen-schadraupen-xentari-raupenfrei-buchsbaumzuensler-spritzmittel-fuer-bio-landbau-geeignet-nicht-bieneng\/#breadcrumb"},"inLanguage":"de","potentialAction":[{"@type":"ReadAction","target":["https:\/\/marktxxl.de\/markt\/produkt\/veddelholzer-xentari-8-x-2g-raupen-zuenslerfrei-gegen-buchsbaumzuensler-raupen-schadraupen-xentari-raupenfrei-buchsbaumzuensler-spritzmittel-fuer-bio-landbau-geeignet-nicht-bieneng\/"]}]},{"@type":"ImageObject","inLanguage":"de","@id":"https:\/\/marktxxl.de\/markt\/produkt\/veddelholzer-xentari-8-x-2g-raupen-zuenslerfrei-gegen-buchsbaumzuensler-raupen-schadraupen-xentari-raupenfrei-buchsbaumzuensler-spritzmittel-fuer-bio-landbau-geeignet-nicht-bieneng\/#primaryimage","url":"https:\/\/m.media-amazon.com\/images\/I\/51UW1jCJhtL._SL500_.jpg","contentUrl":"https:\/\/m.media-amazon.com\/images\/I\/51UW1jCJhtL._SL500_.jpg","width":500,"height":500},{"@type":"BreadcrumbList","@id":"https:\/\/marktxxl.de\/markt\/produkt\/veddelholzer-xentari-8-x-2g-raupen-zuenslerfrei-gegen-buchsbaumzuensler-raupen-schadraupen-xentari-raupenfrei-buchsbaumzuensler-spritzmittel-fuer-bio-landbau-geeignet-nicht-bieneng\/#breadcrumb","itemListElement":[{"@type":"ListItem","position":1,"name":"Startseite","item":"https:\/\/marktxxl.de\/markt\/"},{"@type":"ListItem","position":2,"name":"Markt","item":"https:\/\/marktxxl.de\/markt\/"},{"@type":"ListItem","position":3,"name":"Veddelholzer Xentari\u00ae 8 x 2g Raupen &amp; Z\u00fcnslerfrei gegen Buchsbaumz\u00fcnsler, Raupen &amp; Schadraupen. Xentari Raupenfrei Buchsbaumz\u00fcnsler Spritzmittel f\u00fcr Bio Landbau geeignet Nicht Bienengef\u00e4hrlich."}]},{"@type":"WebSite","@id":"https:\/\/marktxxl.de\/markt\/#website","url":"https:\/\/marktxxl.de\/markt\/","name":"Markt-XXL","description":"Ihr Markt Online","publisher":{"@id":"https:\/\/marktxxl.de\/markt\/#organization"},"potentialAction":[{"@type":"SearchAction","target":{"@type":"EntryPoint","urlTemplate":"https:\/\/marktxxl.de\/markt\/?s={search_term_string}"},"query-input":{"@type":"PropertyValueSpecification","valueRequired":true,"valueName":"search_term_string"}}],"inLanguage":"de"},{"@type":"Organization","@id":"https:\/\/marktxxl.de\/markt\/#organization","name":"Markt-XXL","url":"https:\/\/marktxxl.de\/markt\/","logo":{"@type":"ImageObject","inLanguage":"de","@id":"https:\/\/marktxxl.de\/markt\/#\/schema\/logo\/image\/","url":"https:\/\/marktxxl.de\/markt\/wp-content\/uploads\/sites\/3\/2020\/12\/logo.png","contentUrl":"https:\/\/marktxxl.de\/markt\/wp-content\/uploads\/sites\/3\/2020\/12\/logo.png","width":200,"height":70,"caption":"Markt-XXL"},"image":{"@id":"https:\/\/marktxxl.de\/markt\/#\/schema\/logo\/image\/"}}]}},"_links":{"self":[{"href":"https:\/\/marktxxl.de\/markt\/wp-json\/wp\/v2\/product\/207798","targetHints":{"allow":["GET"]}}],"collection":[{"href":"https:\/\/marktxxl.de\/markt\/wp-json\/wp\/v2\/product"}],"about":[{"href":"https:\/\/marktxxl.de\/markt\/wp-json\/wp\/v2\/types\/product"}],"replies":[{"embeddable":true,"href":"https:\/\/marktxxl.de\/markt\/wp-json\/wp\/v2\/comments?post=207798"}],"wp:featuredmedia":[{"embeddable":true,"href":"https:\/\/marktxxl.de\/markt\/wp-json\/wp\/v2\/media\/207799"}],"wp:attachment":[{"href":"https:\/\/marktxxl.de\/markt\/wp-json\/wp\/v2\/media?parent=207798"}],"wp:term":[{"taxonomy":"product_brand","embeddable":true,"href":"https:\/\/marktxxl.de\/markt\/wp-json\/wp\/v2\/product_brand?post=207798"},{"taxonomy":"product_cat","embeddable":true,"href":"https:\/\/marktxxl.de\/markt\/wp-json\/wp\/v2\/product_cat?post=207798"},{"taxonomy":"product_tag","embeddable":true,"href":"https:\/\/marktxxl.de\/markt\/wp-json\/wp\/v2\/product_tag?post=207798"}],"curies":[{"name":"wp","href":"https:\/\/api.w.org\/{rel}","templated":true}]}}