{"id":207666,"date":"2024-05-29T03:02:13","date_gmt":"2024-05-29T01:02:13","guid":{"rendered":"https:\/\/marktxxl.de\/markt\/produkt\/pica-tieflochmarker-dry-longlife-langlebiger-marker-mit-spitzer-und-halteclip-spezial-graphitmine-2-8-mm-gruen-art-nr-3030-0-1-stueck-1er-pack\/"},"modified":"2024-05-29T03:02:13","modified_gmt":"2024-05-29T01:02:13","slug":"pica-tieflochmarker-dry-longlife-langlebiger-marker-mit-spitzer-und-halteclip-spezial-graphitmine-2-8-mm-gruen-art-nr-3030-0-1-stueck-1er-pack","status":"publish","type":"product","link":"https:\/\/marktxxl.de\/markt\/produkt\/pica-tieflochmarker-dry-longlife-langlebiger-marker-mit-spitzer-und-halteclip-spezial-graphitmine-2-8-mm-gruen-art-nr-3030-0-1-stueck-1er-pack\/","title":{"rendered":"Pica Tieflochmarker Dry Longlife, langlebiger Marker mit Spitzer und Halteclip, Spezial-Graphitmine 2.8 mm ,gr\u00fcn, Art.-Nr. 3030.0, 1 St\u00fcck (1er Pack)"},"content":{"rendered":"<p>Nachf\u00fcllbar und robust: Der automatische Zimmermannsbleistift ist dank seiner hochwertigen Ausf\u00fchrung langlebig und nachhaltig. Die Ersatzminen sind \u00e4u\u00dferst leicht auszutauschen<br \/>\nViele Einsatzm\u00f6glichkeiten: Der Marker erm\u00f6glicht Markierungen auf glatten, rauen, trockenen und feuchten Oberfl\u00e4chen und haftet sogar auf staubigen oder \u00f6ligen Untergr\u00fcnden<br \/>\nPraktisch: Der Stift ist ausgestattet mit K\u00f6cherschoner und Spezial-Clip &#8211; ideal zur Befestigung an G\u00fcrtel oder Kleidung und geeignet f\u00fcr die Ein-Hand-Bedienung<br \/>\nZuverl\u00e4ssige Technik: Die hochwertige Druckmechanik sorgt f\u00fcr gleichm\u00e4\u00dfigen Minenvorschub im Edelstahlrohr<br \/>\nLieferumfang: 1x Tieflochmarker Dry Longlife 3030 mit Spitzer und For-All-Graphitmine 2B 2,8mm<br \/>\n<div class=\"main-cross-sell\" data-asin=\"B002X7Y90U\">\n\n\t<div class=\"WooZone-cross-sell-loader\">\n\t\t<div>\n\t\t\t<div id=\"floatingBarsG\">\n\t\t\t\t<div class=\"blockG\" id=\"rotateG_01\"><\/div>\n\t\t\t\t<div class=\"blockG\" id=\"rotateG_02\"><\/div>\n\t\t\t\t<div class=\"blockG\" id=\"rotateG_03\"><\/div>\n\t\t\t\t<div class=\"blockG\" id=\"rotateG_04\"><\/div>\n\t\t\t\t<div class=\"blockG\" id=\"rotateG_05\"><\/div>\n\t\t\t\t<div class=\"blockG\" id=\"rotateG_06\"><\/div>\n\t\t\t\t<div class=\"blockG\" id=\"rotateG_07\"><\/div>\n\t\t\t\t<div class=\"blockG\" id=\"rotateG_08\"><\/div>\n\t\t\t<\/div>\n\t\t\t<div class=\"WooZone-cross-sell-loader-text\"><\/div>\n\t\t<\/div>\n\t<\/div>\n\n\t\t\n<\/div>\n<div style=\"clear:both;\"><\/div><\/p>\n","protected":false},"excerpt":{"rendered":"<p>Nachf\u00fcllbar und robust: Der automatische Zimmermannsbleistift ist dank seiner hochwertigen Ausf\u00fchrung langlebig und nachhaltig. Die Ersatzminen sind \u00e4u\u00dferst leicht auszutauschen<br \/>\nViele Einsatzm\u00f6glichkeiten: Der Marker erm\u00f6glicht Markierungen auf glatten, rauen, trockenen und feuchten Oberfl\u00e4chen und haftet sogar auf staubigen oder \u00f6ligen Untergr\u00fcnden<br \/>\nPraktisch: Der Stift ist ausgestattet mit K\u00f6cherschoner und Spezial-Clip &#8211; ideal zur Befestigung an G\u00fcrtel oder Kleidung und geeignet f\u00fcr die Ein-Hand-Bedienung<\/p>\n","protected":false},"featured_media":207667,"comment_status":"open","ping_status":"closed","template":"","meta":[],"product_brand":[],"product_cat":[1983],"product_tag":[],"class_list":{"0":"post-207666","1":"product","2":"type-product","3":"status-publish","4":"has-post-thumbnail","6":"product_cat-baumarkt","7":"pa_binding-buerobedarf-schreibwaren","8":"pa_brand-pica","9":"pa_color-gruen","10":"pa_height-0-79-zoll","11":"pa_languages-veroeffentlicht-deutsch","12":"pa_length-5-91-zoll","13":"pa_manufacturer-pica","14":"pa_model-pica-3030","15":"pa_size-1-stueck-1er-pack","16":"pa_weight-0-0440924524-pounds","17":"pa_width-0-79-zoll","19":"first","20":"instock","21":"sale","22":"shipping-taxable","23":"purchasable","24":"product-type-simple","25":"customify-col","26":"product-has-gallery"},"yoast_head":"<!-- This site is optimized with the Yoast SEO plugin v27.4 - https:\/\/yoast.com\/product\/yoast-seo-wordpress\/ -->\n<title>Pica Tieflochmarker Dry Longlife, langlebiger Marker mit Spitzer und Halteclip, Spezial-Graphitmine 2.8 mm ,gr\u00fcn, Art.-Nr. 3030.0, 1 St\u00fcck (1er Pack) - Markt-XXL<\/title>\n<meta name=\"description\" content=\"Markt-XXL Pica Tieflochmarker Dry Longlife, langlebiger Marker mit Spitzer und Halteclip, Spezial-Graphitmine 2.8 mm ,gr\u00fcn, Art.-Nr. 3030.0, 1 St\u00fcck (1er Pack)\" \/>\n<meta name=\"robots\" content=\"index, follow, max-snippet:-1, max-image-preview:large, max-video-preview:-1\" \/>\n<link rel=\"canonical\" href=\"https:\/\/marktxxl.de\/markt\/produkt\/pica-tieflochmarker-dry-longlife-langlebiger-marker-mit-spitzer-und-halteclip-spezial-graphitmine-2-8-mm-gruen-art-nr-3030-0-1-stueck-1er-pack\/\" \/>\n<meta property=\"og:locale\" content=\"de_DE\" \/>\n<meta property=\"og:type\" content=\"article\" \/>\n<meta property=\"og:title\" content=\"Pica Tieflochmarker Dry Longlife, langlebiger Marker mit Spitzer und Halteclip, Spezial-Graphitmine 2.8 mm ,gr\u00fcn, Art.-Nr. 3030.0, 1 St\u00fcck (1er Pack) - Markt-XXL\" \/>\n<meta property=\"og:description\" content=\"Markt-XXL Pica Tieflochmarker Dry Longlife, langlebiger Marker mit Spitzer und Halteclip, Spezial-Graphitmine 2.8 mm ,gr\u00fcn, Art.-Nr. 3030.0, 1 St\u00fcck (1er Pack)\" \/>\n<meta property=\"og:url\" content=\"https:\/\/marktxxl.de\/markt\/produkt\/pica-tieflochmarker-dry-longlife-langlebiger-marker-mit-spitzer-und-halteclip-spezial-graphitmine-2-8-mm-gruen-art-nr-3030-0-1-stueck-1er-pack\/\" \/>\n<meta property=\"og:site_name\" content=\"Markt-XXL\" \/>\n<meta name=\"twitter:card\" content=\"summary_large_image\" \/>\n<meta name=\"twitter:label1\" content=\"Gesch\u00e4tzte Lesezeit\" \/>\n\t<meta name=\"twitter:data1\" content=\"1\u00a0Minute\" \/>\n<script type=\"application\/ld+json\" class=\"yoast-schema-graph\">{\"@context\":\"https:\\\/\\\/schema.org\",\"@graph\":[{\"@type\":\"WebPage\",\"@id\":\"https:\\\/\\\/marktxxl.de\\\/markt\\\/produkt\\\/pica-tieflochmarker-dry-longlife-langlebiger-marker-mit-spitzer-und-halteclip-spezial-graphitmine-2-8-mm-gruen-art-nr-3030-0-1-stueck-1er-pack\\\/\",\"url\":\"https:\\\/\\\/marktxxl.de\\\/markt\\\/produkt\\\/pica-tieflochmarker-dry-longlife-langlebiger-marker-mit-spitzer-und-halteclip-spezial-graphitmine-2-8-mm-gruen-art-nr-3030-0-1-stueck-1er-pack\\\/\",\"name\":\"Pica Tieflochmarker Dry Longlife, langlebiger Marker mit Spitzer und Halteclip, Spezial-Graphitmine 2.8 mm ,gr\u00fcn, Art.-Nr. 3030.0, 1 St\u00fcck (1er Pack) - Markt-XXL\",\"isPartOf\":{\"@id\":\"https:\\\/\\\/marktxxl.de\\\/markt\\\/#website\"},\"primaryImageOfPage\":{\"@id\":\"https:\\\/\\\/marktxxl.de\\\/markt\\\/produkt\\\/pica-tieflochmarker-dry-longlife-langlebiger-marker-mit-spitzer-und-halteclip-spezial-graphitmine-2-8-mm-gruen-art-nr-3030-0-1-stueck-1er-pack\\\/#primaryimage\"},\"image\":{\"@id\":\"https:\\\/\\\/marktxxl.de\\\/markt\\\/produkt\\\/pica-tieflochmarker-dry-longlife-langlebiger-marker-mit-spitzer-und-halteclip-spezial-graphitmine-2-8-mm-gruen-art-nr-3030-0-1-stueck-1er-pack\\\/#primaryimage\"},\"thumbnailUrl\":\"https:\\\/\\\/m.media-amazon.com\\\/images\\\/I\\\/31kitrY0WsL._SL500_.jpg\",\"datePublished\":\"2024-05-29T01:02:13+00:00\",\"description\":\"Markt-XXL Pica Tieflochmarker Dry Longlife, langlebiger Marker mit Spitzer und Halteclip, Spezial-Graphitmine 2.8 mm ,gr\u00fcn, Art.-Nr. 3030.0, 1 St\u00fcck (1er Pack)\",\"breadcrumb\":{\"@id\":\"https:\\\/\\\/marktxxl.de\\\/markt\\\/produkt\\\/pica-tieflochmarker-dry-longlife-langlebiger-marker-mit-spitzer-und-halteclip-spezial-graphitmine-2-8-mm-gruen-art-nr-3030-0-1-stueck-1er-pack\\\/#breadcrumb\"},\"inLanguage\":\"de\",\"potentialAction\":[{\"@type\":\"ReadAction\",\"target\":[\"https:\\\/\\\/marktxxl.de\\\/markt\\\/produkt\\\/pica-tieflochmarker-dry-longlife-langlebiger-marker-mit-spitzer-und-halteclip-spezial-graphitmine-2-8-mm-gruen-art-nr-3030-0-1-stueck-1er-pack\\\/\"]}]},{\"@type\":\"ImageObject\",\"inLanguage\":\"de\",\"@id\":\"https:\\\/\\\/marktxxl.de\\\/markt\\\/produkt\\\/pica-tieflochmarker-dry-longlife-langlebiger-marker-mit-spitzer-und-halteclip-spezial-graphitmine-2-8-mm-gruen-art-nr-3030-0-1-stueck-1er-pack\\\/#primaryimage\",\"url\":\"https:\\\/\\\/m.media-amazon.com\\\/images\\\/I\\\/31kitrY0WsL._SL500_.jpg\",\"contentUrl\":\"https:\\\/\\\/m.media-amazon.com\\\/images\\\/I\\\/31kitrY0WsL._SL500_.jpg\",\"width\":500,\"height\":407},{\"@type\":\"BreadcrumbList\",\"@id\":\"https:\\\/\\\/marktxxl.de\\\/markt\\\/produkt\\\/pica-tieflochmarker-dry-longlife-langlebiger-marker-mit-spitzer-und-halteclip-spezial-graphitmine-2-8-mm-gruen-art-nr-3030-0-1-stueck-1er-pack\\\/#breadcrumb\",\"itemListElement\":[{\"@type\":\"ListItem\",\"position\":1,\"name\":\"Startseite\",\"item\":\"https:\\\/\\\/marktxxl.de\\\/markt\\\/\"},{\"@type\":\"ListItem\",\"position\":2,\"name\":\"Markt\",\"item\":\"https:\\\/\\\/marktxxl.de\\\/markt\\\/\"},{\"@type\":\"ListItem\",\"position\":3,\"name\":\"Pica Tieflochmarker Dry Longlife, langlebiger Marker mit Spitzer und Halteclip, Spezial-Graphitmine 2.8 mm ,gr\u00fcn, Art.-Nr. 3030.0, 1 St\u00fcck (1er Pack)\"}]},{\"@type\":\"WebSite\",\"@id\":\"https:\\\/\\\/marktxxl.de\\\/markt\\\/#website\",\"url\":\"https:\\\/\\\/marktxxl.de\\\/markt\\\/\",\"name\":\"Markt-XXL\",\"description\":\"Ihr Markt Online\",\"publisher\":{\"@id\":\"https:\\\/\\\/marktxxl.de\\\/markt\\\/#organization\"},\"potentialAction\":[{\"@type\":\"SearchAction\",\"target\":{\"@type\":\"EntryPoint\",\"urlTemplate\":\"https:\\\/\\\/marktxxl.de\\\/markt\\\/?s={search_term_string}\"},\"query-input\":{\"@type\":\"PropertyValueSpecification\",\"valueRequired\":true,\"valueName\":\"search_term_string\"}}],\"inLanguage\":\"de\"},{\"@type\":\"Organization\",\"@id\":\"https:\\\/\\\/marktxxl.de\\\/markt\\\/#organization\",\"name\":\"Markt-XXL\",\"url\":\"https:\\\/\\\/marktxxl.de\\\/markt\\\/\",\"logo\":{\"@type\":\"ImageObject\",\"inLanguage\":\"de\",\"@id\":\"https:\\\/\\\/marktxxl.de\\\/markt\\\/#\\\/schema\\\/logo\\\/image\\\/\",\"url\":\"https:\\\/\\\/marktxxl.de\\\/markt\\\/wp-content\\\/uploads\\\/sites\\\/3\\\/2020\\\/12\\\/logo.png\",\"contentUrl\":\"https:\\\/\\\/marktxxl.de\\\/markt\\\/wp-content\\\/uploads\\\/sites\\\/3\\\/2020\\\/12\\\/logo.png\",\"width\":200,\"height\":70,\"caption\":\"Markt-XXL\"},\"image\":{\"@id\":\"https:\\\/\\\/marktxxl.de\\\/markt\\\/#\\\/schema\\\/logo\\\/image\\\/\"}}]}<\/script>\n<!-- \/ Yoast SEO plugin. -->","yoast_head_json":{"title":"Pica Tieflochmarker Dry Longlife, langlebiger Marker mit Spitzer und Halteclip, Spezial-Graphitmine 2.8 mm ,gr\u00fcn, Art.-Nr. 3030.0, 1 St\u00fcck (1er Pack) - Markt-XXL","description":"Markt-XXL Pica Tieflochmarker Dry Longlife, langlebiger Marker mit Spitzer und Halteclip, Spezial-Graphitmine 2.8 mm ,gr\u00fcn, Art.-Nr. 3030.0, 1 St\u00fcck (1er Pack)","robots":{"index":"index","follow":"follow","max-snippet":"max-snippet:-1","max-image-preview":"max-image-preview:large","max-video-preview":"max-video-preview:-1"},"canonical":"https:\/\/marktxxl.de\/markt\/produkt\/pica-tieflochmarker-dry-longlife-langlebiger-marker-mit-spitzer-und-halteclip-spezial-graphitmine-2-8-mm-gruen-art-nr-3030-0-1-stueck-1er-pack\/","og_locale":"de_DE","og_type":"article","og_title":"Pica Tieflochmarker Dry Longlife, langlebiger Marker mit Spitzer und Halteclip, Spezial-Graphitmine 2.8 mm ,gr\u00fcn, Art.-Nr. 3030.0, 1 St\u00fcck (1er Pack) - Markt-XXL","og_description":"Markt-XXL Pica Tieflochmarker Dry Longlife, langlebiger Marker mit Spitzer und Halteclip, Spezial-Graphitmine 2.8 mm ,gr\u00fcn, Art.-Nr. 3030.0, 1 St\u00fcck (1er Pack)","og_url":"https:\/\/marktxxl.de\/markt\/produkt\/pica-tieflochmarker-dry-longlife-langlebiger-marker-mit-spitzer-und-halteclip-spezial-graphitmine-2-8-mm-gruen-art-nr-3030-0-1-stueck-1er-pack\/","og_site_name":"Markt-XXL","twitter_card":"summary_large_image","twitter_misc":{"Gesch\u00e4tzte Lesezeit":"1\u00a0Minute"},"schema":{"@context":"https:\/\/schema.org","@graph":[{"@type":"WebPage","@id":"https:\/\/marktxxl.de\/markt\/produkt\/pica-tieflochmarker-dry-longlife-langlebiger-marker-mit-spitzer-und-halteclip-spezial-graphitmine-2-8-mm-gruen-art-nr-3030-0-1-stueck-1er-pack\/","url":"https:\/\/marktxxl.de\/markt\/produkt\/pica-tieflochmarker-dry-longlife-langlebiger-marker-mit-spitzer-und-halteclip-spezial-graphitmine-2-8-mm-gruen-art-nr-3030-0-1-stueck-1er-pack\/","name":"Pica Tieflochmarker Dry Longlife, langlebiger Marker mit Spitzer und Halteclip, Spezial-Graphitmine 2.8 mm ,gr\u00fcn, Art.-Nr. 3030.0, 1 St\u00fcck (1er Pack) - Markt-XXL","isPartOf":{"@id":"https:\/\/marktxxl.de\/markt\/#website"},"primaryImageOfPage":{"@id":"https:\/\/marktxxl.de\/markt\/produkt\/pica-tieflochmarker-dry-longlife-langlebiger-marker-mit-spitzer-und-halteclip-spezial-graphitmine-2-8-mm-gruen-art-nr-3030-0-1-stueck-1er-pack\/#primaryimage"},"image":{"@id":"https:\/\/marktxxl.de\/markt\/produkt\/pica-tieflochmarker-dry-longlife-langlebiger-marker-mit-spitzer-und-halteclip-spezial-graphitmine-2-8-mm-gruen-art-nr-3030-0-1-stueck-1er-pack\/#primaryimage"},"thumbnailUrl":"https:\/\/m.media-amazon.com\/images\/I\/31kitrY0WsL._SL500_.jpg","datePublished":"2024-05-29T01:02:13+00:00","description":"Markt-XXL Pica Tieflochmarker Dry Longlife, langlebiger Marker mit Spitzer und Halteclip, Spezial-Graphitmine 2.8 mm ,gr\u00fcn, Art.-Nr. 3030.0, 1 St\u00fcck (1er Pack)","breadcrumb":{"@id":"https:\/\/marktxxl.de\/markt\/produkt\/pica-tieflochmarker-dry-longlife-langlebiger-marker-mit-spitzer-und-halteclip-spezial-graphitmine-2-8-mm-gruen-art-nr-3030-0-1-stueck-1er-pack\/#breadcrumb"},"inLanguage":"de","potentialAction":[{"@type":"ReadAction","target":["https:\/\/marktxxl.de\/markt\/produkt\/pica-tieflochmarker-dry-longlife-langlebiger-marker-mit-spitzer-und-halteclip-spezial-graphitmine-2-8-mm-gruen-art-nr-3030-0-1-stueck-1er-pack\/"]}]},{"@type":"ImageObject","inLanguage":"de","@id":"https:\/\/marktxxl.de\/markt\/produkt\/pica-tieflochmarker-dry-longlife-langlebiger-marker-mit-spitzer-und-halteclip-spezial-graphitmine-2-8-mm-gruen-art-nr-3030-0-1-stueck-1er-pack\/#primaryimage","url":"https:\/\/m.media-amazon.com\/images\/I\/31kitrY0WsL._SL500_.jpg","contentUrl":"https:\/\/m.media-amazon.com\/images\/I\/31kitrY0WsL._SL500_.jpg","width":500,"height":407},{"@type":"BreadcrumbList","@id":"https:\/\/marktxxl.de\/markt\/produkt\/pica-tieflochmarker-dry-longlife-langlebiger-marker-mit-spitzer-und-halteclip-spezial-graphitmine-2-8-mm-gruen-art-nr-3030-0-1-stueck-1er-pack\/#breadcrumb","itemListElement":[{"@type":"ListItem","position":1,"name":"Startseite","item":"https:\/\/marktxxl.de\/markt\/"},{"@type":"ListItem","position":2,"name":"Markt","item":"https:\/\/marktxxl.de\/markt\/"},{"@type":"ListItem","position":3,"name":"Pica Tieflochmarker Dry Longlife, langlebiger Marker mit Spitzer und Halteclip, Spezial-Graphitmine 2.8 mm ,gr\u00fcn, Art.-Nr. 3030.0, 1 St\u00fcck (1er Pack)"}]},{"@type":"WebSite","@id":"https:\/\/marktxxl.de\/markt\/#website","url":"https:\/\/marktxxl.de\/markt\/","name":"Markt-XXL","description":"Ihr Markt Online","publisher":{"@id":"https:\/\/marktxxl.de\/markt\/#organization"},"potentialAction":[{"@type":"SearchAction","target":{"@type":"EntryPoint","urlTemplate":"https:\/\/marktxxl.de\/markt\/?s={search_term_string}"},"query-input":{"@type":"PropertyValueSpecification","valueRequired":true,"valueName":"search_term_string"}}],"inLanguage":"de"},{"@type":"Organization","@id":"https:\/\/marktxxl.de\/markt\/#organization","name":"Markt-XXL","url":"https:\/\/marktxxl.de\/markt\/","logo":{"@type":"ImageObject","inLanguage":"de","@id":"https:\/\/marktxxl.de\/markt\/#\/schema\/logo\/image\/","url":"https:\/\/marktxxl.de\/markt\/wp-content\/uploads\/sites\/3\/2020\/12\/logo.png","contentUrl":"https:\/\/marktxxl.de\/markt\/wp-content\/uploads\/sites\/3\/2020\/12\/logo.png","width":200,"height":70,"caption":"Markt-XXL"},"image":{"@id":"https:\/\/marktxxl.de\/markt\/#\/schema\/logo\/image\/"}}]}},"_links":{"self":[{"href":"https:\/\/marktxxl.de\/markt\/wp-json\/wp\/v2\/product\/207666","targetHints":{"allow":["GET"]}}],"collection":[{"href":"https:\/\/marktxxl.de\/markt\/wp-json\/wp\/v2\/product"}],"about":[{"href":"https:\/\/marktxxl.de\/markt\/wp-json\/wp\/v2\/types\/product"}],"replies":[{"embeddable":true,"href":"https:\/\/marktxxl.de\/markt\/wp-json\/wp\/v2\/comments?post=207666"}],"wp:featuredmedia":[{"embeddable":true,"href":"https:\/\/marktxxl.de\/markt\/wp-json\/wp\/v2\/media\/207667"}],"wp:attachment":[{"href":"https:\/\/marktxxl.de\/markt\/wp-json\/wp\/v2\/media?parent=207666"}],"wp:term":[{"taxonomy":"product_brand","embeddable":true,"href":"https:\/\/marktxxl.de\/markt\/wp-json\/wp\/v2\/product_brand?post=207666"},{"taxonomy":"product_cat","embeddable":true,"href":"https:\/\/marktxxl.de\/markt\/wp-json\/wp\/v2\/product_cat?post=207666"},{"taxonomy":"product_tag","embeddable":true,"href":"https:\/\/marktxxl.de\/markt\/wp-json\/wp\/v2\/product_tag?post=207666"}],"curies":[{"name":"wp","href":"https:\/\/api.w.org\/{rel}","templated":true}]}}