{"id":206464,"date":"2024-05-29T01:01:14","date_gmt":"2024-05-28T23:01:14","guid":{"rendered":"https:\/\/marktxxl.de\/markt\/produkt\/keababies-babytrage-ab-geburt-atmungsaktive-babytragetuecher-babytrage-neugeborene-ab-geburt-babytuch-tragetuch-baby-neugeborene-kleinkind-handfreie-babytrage-babywickel-traeger\/"},"modified":"2024-05-29T01:01:14","modified_gmt":"2024-05-28T23:01:14","slug":"keababies-babytrage-ab-geburt-atmungsaktive-babytragetuecher-babytrage-neugeborene-ab-geburt-babytuch-tragetuch-baby-neugeborene-kleinkind-handfreie-babytrage-babywickel-traeger","status":"publish","type":"product","link":"https:\/\/marktxxl.de\/markt\/produkt\/keababies-babytrage-ab-geburt-atmungsaktive-babytragetuecher-babytrage-neugeborene-ab-geburt-babytuch-tragetuch-baby-neugeborene-kleinkind-handfreie-babytrage-babywickel-traeger\/","title":{"rendered":"KeaBabies Babytrage Ab Geburt &#8211; Atmungsaktive Babytraget\u00fccher, Babytrage Neugeborene Ab Geburt, Babytuch Tragetuch Baby Neugeborene, Kleinkind Handfreie Babytrage, Babywickel Tr\u00e4ger"},"content":{"rendered":"<p>Ergonomisch Entwickelt &#8211; KeaBabies Baby Tragetuch verteilt das Gewicht des Babys ergonomisch gleichm\u00e4\u00dfig, sodass Sie eine reichliche R\u00fccken- und Schulterst\u00fctze genie\u00dfen. Unser Wickeltr\u00e4ger ist vom International Hip Dysplasia Institute (IHDI) zertifiziert, um die gesunde H\u00fcftentwicklung Ihres Babys sicherzustellen.<br \/>\nSch\u00f6n und kuschelig \u2013 Hergestellt aus weicher, dehnbarer und atmungsaktiver propriet\u00e4rer Stofftechnologie, KeaBabies Tragetuch h\u00e4lt Ihr Baby kuschelig und sicher. Es ist leicht anzulegen und so eng anliegend, dass Sie nicht st\u00e4ndig nachjustieren m\u00fcssen. Ideal f\u00fcr M\u00fctter und V\u00e4ter, die neu im Babytragen sind.<br \/>\nJeder kann Babybekleidung &#8211; Wir verstehen, dass jeder Elternteil einzigartig ist, so entwerfen wir unsere Tragetuch Baby f\u00fcr jeden Platz von klein bis plus Gr\u00f6\u00dfe. Der vielseitige KeaBabies Babytuch Tragetuch kommt in einer nachhaltigen Geschenkbox und ist damit ein sch\u00f6nes Geschenk f\u00fcr neue Eltern. Wickeln Sie es auf verschiedene Weise, sodass es in eine Schwangerschaft St\u00fctzband, postpartum Erholung wickeln, oder Pflegebezug.<br \/>\nHands-free Bonding &#8211; Ihr Baby liebt es, in Ihrer N\u00e4he zu bleiben. Mit KeaBabies Baby Wrap Carrier k\u00f6nnen Sie sich mit Ihrem Kleinen verbinden, w\u00e4hrend Sie Ihren Tag verbringen. Sie beide werden sich wohl f\u00fchlen, auch wenn Sie unterwegs sind &#8211; und das ist alles, was z\u00e4hlt.<br \/>\nBeruhigung und Beruhigung &#8211; Das Tragen Ihres Babys in Ihrer N\u00e4he schafft eine super gem\u00fctliche Umgebung, die die Geb\u00e4rmutter imitiert, sodass Ihr Baby sich ruhig und sicher f\u00fchlt. Es f\u00f6rdert das entscheidende Wachstum und die Entwicklung in den ersten Monaten ihres Lebens.<br \/>\n<div class=\"main-cross-sell\" data-asin=\"B083NSPH61\">\n\n\t<div class=\"WooZone-cross-sell-loader\">\n\t\t<div>\n\t\t\t<div id=\"floatingBarsG\">\n\t\t\t\t<div class=\"blockG\" id=\"rotateG_01\"><\/div>\n\t\t\t\t<div class=\"blockG\" id=\"rotateG_02\"><\/div>\n\t\t\t\t<div class=\"blockG\" id=\"rotateG_03\"><\/div>\n\t\t\t\t<div class=\"blockG\" id=\"rotateG_04\"><\/div>\n\t\t\t\t<div class=\"blockG\" id=\"rotateG_05\"><\/div>\n\t\t\t\t<div class=\"blockG\" id=\"rotateG_06\"><\/div>\n\t\t\t\t<div class=\"blockG\" id=\"rotateG_07\"><\/div>\n\t\t\t\t<div class=\"blockG\" id=\"rotateG_08\"><\/div>\n\t\t\t<\/div>\n\t\t\t<div class=\"WooZone-cross-sell-loader-text\"><\/div>\n\t\t<\/div>\n\t<\/div>\n\n\t\t\n<\/div>\n<div style=\"clear:both;\"><\/div><\/p>\n","protected":false},"excerpt":{"rendered":"<p>Ergonomisch Entwickelt &#8211; KeaBabies Baby Tragetuch verteilt das Gewicht des Babys ergonomisch gleichm\u00e4\u00dfig, sodass Sie eine reichliche R\u00fccken- und Schulterst\u00fctze genie\u00dfen. Unser Wickeltr\u00e4ger ist vom International Hip Dysplasia Institute (IHDI) zertifiziert, um die gesunde H\u00fcftentwicklung Ihres Babys sicherzustellen.<br \/>\nSch\u00f6n und kuschelig \u2013 Hergestellt aus weicher, dehnbarer und atmungsaktiver propriet\u00e4rer Stofftechnologie, KeaBabies Tragetuch h\u00e4lt Ihr Baby kuschelig und sicher. Es ist leicht anzulegen und so eng anliegend, dass Sie nicht st\u00e4ndig nachjustieren m\u00fcssen. Ideal f\u00fcr M\u00fctter und V\u00e4ter, die neu im Babytragen sind.<br \/>\nJeder kann Babybekleidung &#8211; Wir verstehen, dass jeder Elternteil einzigartig ist, so entwerfen wir unsere Tragetuch Baby f\u00fcr jeden Platz von klein bis plus Gr\u00f6\u00dfe. Der vielseitige KeaBabies Babytuch Tragetuch kommt in einer nachhaltigen Geschenkbox und ist damit ein sch\u00f6nes Geschenk f\u00fcr neue Eltern. Wickeln Sie es auf verschiedene Weise, sodass es in eine Schwangerschaft St\u00fctzband, postpartum Erholung wickeln, oder Pflegebezug.<\/p>\n","protected":false},"featured_media":206465,"comment_status":"open","ping_status":"closed","template":"","meta":[],"product_brand":[],"product_cat":[21,9074],"product_tag":[],"class_list":{"0":"post-206464","1":"product","2":"type-product","3":"status-publish","4":"has-post-thumbnail","6":"product_cat-baby","7":"product_cat-babytragen-baby","8":"pa_binding-babyartikel","9":"pa_brand-keababies","10":"pa_height-21-653543285-zoll","11":"pa_length-0-393700787-zoll","12":"pa_manufacturer-keababies","13":"pa_width-202-362204518-zoll","15":"first","16":"instock","17":"shipping-taxable","18":"product-type-simple","19":"customify-col","20":"product-has-gallery"},"yoast_head":"<!-- This site is optimized with the Yoast SEO plugin v27.4 - https:\/\/yoast.com\/product\/yoast-seo-wordpress\/ -->\n<title>KeaBabies Babytrage Ab Geburt - Atmungsaktive Babytraget\u00fccher, Babytrage Neugeborene Ab Geburt, Babytuch Tragetuch Baby Neugeborene, Kleinkind Handfreie Babytrage, Babywickel Tr\u00e4ger - Markt-XXL<\/title>\n<meta name=\"description\" content=\"Markt-XXL KeaBabies Babytrage Ab Geburt - Atmungsaktive Babytraget\u00fccher, Babytrage Neugeborene Ab Geburt, Babytuch Tragetuch Baby Neugeborene, Kleinkind Handfreie Babytrage, Babywickel Tr\u00e4ger\" \/>\n<meta name=\"robots\" content=\"index, follow, max-snippet:-1, max-image-preview:large, max-video-preview:-1\" \/>\n<link rel=\"canonical\" href=\"https:\/\/marktxxl.de\/markt\/produkt\/keababies-babytrage-ab-geburt-atmungsaktive-babytragetuecher-babytrage-neugeborene-ab-geburt-babytuch-tragetuch-baby-neugeborene-kleinkind-handfreie-babytrage-babywickel-traeger\/\" \/>\n<meta property=\"og:locale\" content=\"de_DE\" \/>\n<meta property=\"og:type\" content=\"article\" \/>\n<meta property=\"og:title\" content=\"KeaBabies Babytrage Ab Geburt - Atmungsaktive Babytraget\u00fccher, Babytrage Neugeborene Ab Geburt, Babytuch Tragetuch Baby Neugeborene, Kleinkind Handfreie Babytrage, Babywickel Tr\u00e4ger - Markt-XXL\" \/>\n<meta property=\"og:description\" content=\"Markt-XXL KeaBabies Babytrage Ab Geburt - Atmungsaktive Babytraget\u00fccher, Babytrage Neugeborene Ab Geburt, Babytuch Tragetuch Baby Neugeborene, Kleinkind Handfreie Babytrage, Babywickel Tr\u00e4ger\" \/>\n<meta property=\"og:url\" content=\"https:\/\/marktxxl.de\/markt\/produkt\/keababies-babytrage-ab-geburt-atmungsaktive-babytragetuecher-babytrage-neugeborene-ab-geburt-babytuch-tragetuch-baby-neugeborene-kleinkind-handfreie-babytrage-babywickel-traeger\/\" \/>\n<meta property=\"og:site_name\" content=\"Markt-XXL\" \/>\n<meta name=\"twitter:card\" content=\"summary_large_image\" \/>\n<meta name=\"twitter:label1\" content=\"Gesch\u00e4tzte Lesezeit\" \/>\n\t<meta name=\"twitter:data1\" content=\"1\u00a0Minute\" \/>\n<script type=\"application\/ld+json\" class=\"yoast-schema-graph\">{\"@context\":\"https:\\\/\\\/schema.org\",\"@graph\":[{\"@type\":\"WebPage\",\"@id\":\"https:\\\/\\\/marktxxl.de\\\/markt\\\/produkt\\\/keababies-babytrage-ab-geburt-atmungsaktive-babytragetuecher-babytrage-neugeborene-ab-geburt-babytuch-tragetuch-baby-neugeborene-kleinkind-handfreie-babytrage-babywickel-traeger\\\/\",\"url\":\"https:\\\/\\\/marktxxl.de\\\/markt\\\/produkt\\\/keababies-babytrage-ab-geburt-atmungsaktive-babytragetuecher-babytrage-neugeborene-ab-geburt-babytuch-tragetuch-baby-neugeborene-kleinkind-handfreie-babytrage-babywickel-traeger\\\/\",\"name\":\"KeaBabies Babytrage Ab Geburt - Atmungsaktive Babytraget\u00fccher, Babytrage Neugeborene Ab Geburt, Babytuch Tragetuch Baby Neugeborene, Kleinkind Handfreie Babytrage, Babywickel Tr\u00e4ger - Markt-XXL\",\"isPartOf\":{\"@id\":\"https:\\\/\\\/marktxxl.de\\\/markt\\\/#website\"},\"primaryImageOfPage\":{\"@id\":\"https:\\\/\\\/marktxxl.de\\\/markt\\\/produkt\\\/keababies-babytrage-ab-geburt-atmungsaktive-babytragetuecher-babytrage-neugeborene-ab-geburt-babytuch-tragetuch-baby-neugeborene-kleinkind-handfreie-babytrage-babywickel-traeger\\\/#primaryimage\"},\"image\":{\"@id\":\"https:\\\/\\\/marktxxl.de\\\/markt\\\/produkt\\\/keababies-babytrage-ab-geburt-atmungsaktive-babytragetuecher-babytrage-neugeborene-ab-geburt-babytuch-tragetuch-baby-neugeborene-kleinkind-handfreie-babytrage-babywickel-traeger\\\/#primaryimage\"},\"thumbnailUrl\":\"https:\\\/\\\/m.media-amazon.com\\\/images\\\/I\\\/41lb3+LzTVL._SL500_.jpg\",\"datePublished\":\"2024-05-28T23:01:14+00:00\",\"description\":\"Markt-XXL KeaBabies Babytrage Ab Geburt - Atmungsaktive Babytraget\u00fccher, Babytrage Neugeborene Ab Geburt, Babytuch Tragetuch Baby Neugeborene, Kleinkind Handfreie Babytrage, Babywickel Tr\u00e4ger\",\"breadcrumb\":{\"@id\":\"https:\\\/\\\/marktxxl.de\\\/markt\\\/produkt\\\/keababies-babytrage-ab-geburt-atmungsaktive-babytragetuecher-babytrage-neugeborene-ab-geburt-babytuch-tragetuch-baby-neugeborene-kleinkind-handfreie-babytrage-babywickel-traeger\\\/#breadcrumb\"},\"inLanguage\":\"de\",\"potentialAction\":[{\"@type\":\"ReadAction\",\"target\":[\"https:\\\/\\\/marktxxl.de\\\/markt\\\/produkt\\\/keababies-babytrage-ab-geburt-atmungsaktive-babytragetuecher-babytrage-neugeborene-ab-geburt-babytuch-tragetuch-baby-neugeborene-kleinkind-handfreie-babytrage-babywickel-traeger\\\/\"]}]},{\"@type\":\"ImageObject\",\"inLanguage\":\"de\",\"@id\":\"https:\\\/\\\/marktxxl.de\\\/markt\\\/produkt\\\/keababies-babytrage-ab-geburt-atmungsaktive-babytragetuecher-babytrage-neugeborene-ab-geburt-babytuch-tragetuch-baby-neugeborene-kleinkind-handfreie-babytrage-babywickel-traeger\\\/#primaryimage\",\"url\":\"https:\\\/\\\/m.media-amazon.com\\\/images\\\/I\\\/41lb3+LzTVL._SL500_.jpg\",\"contentUrl\":\"https:\\\/\\\/m.media-amazon.com\\\/images\\\/I\\\/41lb3+LzTVL._SL500_.jpg\",\"width\":500,\"height\":500},{\"@type\":\"BreadcrumbList\",\"@id\":\"https:\\\/\\\/marktxxl.de\\\/markt\\\/produkt\\\/keababies-babytrage-ab-geburt-atmungsaktive-babytragetuecher-babytrage-neugeborene-ab-geburt-babytuch-tragetuch-baby-neugeborene-kleinkind-handfreie-babytrage-babywickel-traeger\\\/#breadcrumb\",\"itemListElement\":[{\"@type\":\"ListItem\",\"position\":1,\"name\":\"Startseite\",\"item\":\"https:\\\/\\\/marktxxl.de\\\/markt\\\/\"},{\"@type\":\"ListItem\",\"position\":2,\"name\":\"Markt\",\"item\":\"https:\\\/\\\/marktxxl.de\\\/markt\\\/\"},{\"@type\":\"ListItem\",\"position\":3,\"name\":\"KeaBabies Babytrage Ab Geburt &#8211; Atmungsaktive Babytraget\u00fccher, Babytrage Neugeborene Ab Geburt, Babytuch Tragetuch Baby Neugeborene, Kleinkind Handfreie Babytrage, Babywickel Tr\u00e4ger\"}]},{\"@type\":\"WebSite\",\"@id\":\"https:\\\/\\\/marktxxl.de\\\/markt\\\/#website\",\"url\":\"https:\\\/\\\/marktxxl.de\\\/markt\\\/\",\"name\":\"Markt-XXL\",\"description\":\"Ihr Markt Online\",\"publisher\":{\"@id\":\"https:\\\/\\\/marktxxl.de\\\/markt\\\/#organization\"},\"potentialAction\":[{\"@type\":\"SearchAction\",\"target\":{\"@type\":\"EntryPoint\",\"urlTemplate\":\"https:\\\/\\\/marktxxl.de\\\/markt\\\/?s={search_term_string}\"},\"query-input\":{\"@type\":\"PropertyValueSpecification\",\"valueRequired\":true,\"valueName\":\"search_term_string\"}}],\"inLanguage\":\"de\"},{\"@type\":\"Organization\",\"@id\":\"https:\\\/\\\/marktxxl.de\\\/markt\\\/#organization\",\"name\":\"Markt-XXL\",\"url\":\"https:\\\/\\\/marktxxl.de\\\/markt\\\/\",\"logo\":{\"@type\":\"ImageObject\",\"inLanguage\":\"de\",\"@id\":\"https:\\\/\\\/marktxxl.de\\\/markt\\\/#\\\/schema\\\/logo\\\/image\\\/\",\"url\":\"https:\\\/\\\/marktxxl.de\\\/markt\\\/wp-content\\\/uploads\\\/sites\\\/3\\\/2020\\\/12\\\/logo.png\",\"contentUrl\":\"https:\\\/\\\/marktxxl.de\\\/markt\\\/wp-content\\\/uploads\\\/sites\\\/3\\\/2020\\\/12\\\/logo.png\",\"width\":200,\"height\":70,\"caption\":\"Markt-XXL\"},\"image\":{\"@id\":\"https:\\\/\\\/marktxxl.de\\\/markt\\\/#\\\/schema\\\/logo\\\/image\\\/\"}}]}<\/script>\n<!-- \/ Yoast SEO plugin. -->","yoast_head_json":{"title":"KeaBabies Babytrage Ab Geburt - Atmungsaktive Babytraget\u00fccher, Babytrage Neugeborene Ab Geburt, Babytuch Tragetuch Baby Neugeborene, Kleinkind Handfreie Babytrage, Babywickel Tr\u00e4ger - Markt-XXL","description":"Markt-XXL KeaBabies Babytrage Ab Geburt - Atmungsaktive Babytraget\u00fccher, Babytrage Neugeborene Ab Geburt, Babytuch Tragetuch Baby Neugeborene, Kleinkind Handfreie Babytrage, Babywickel Tr\u00e4ger","robots":{"index":"index","follow":"follow","max-snippet":"max-snippet:-1","max-image-preview":"max-image-preview:large","max-video-preview":"max-video-preview:-1"},"canonical":"https:\/\/marktxxl.de\/markt\/produkt\/keababies-babytrage-ab-geburt-atmungsaktive-babytragetuecher-babytrage-neugeborene-ab-geburt-babytuch-tragetuch-baby-neugeborene-kleinkind-handfreie-babytrage-babywickel-traeger\/","og_locale":"de_DE","og_type":"article","og_title":"KeaBabies Babytrage Ab Geburt - Atmungsaktive Babytraget\u00fccher, Babytrage Neugeborene Ab Geburt, Babytuch Tragetuch Baby Neugeborene, Kleinkind Handfreie Babytrage, Babywickel Tr\u00e4ger - Markt-XXL","og_description":"Markt-XXL KeaBabies Babytrage Ab Geburt - Atmungsaktive Babytraget\u00fccher, Babytrage Neugeborene Ab Geburt, Babytuch Tragetuch Baby Neugeborene, Kleinkind Handfreie Babytrage, Babywickel Tr\u00e4ger","og_url":"https:\/\/marktxxl.de\/markt\/produkt\/keababies-babytrage-ab-geburt-atmungsaktive-babytragetuecher-babytrage-neugeborene-ab-geburt-babytuch-tragetuch-baby-neugeborene-kleinkind-handfreie-babytrage-babywickel-traeger\/","og_site_name":"Markt-XXL","twitter_card":"summary_large_image","twitter_misc":{"Gesch\u00e4tzte Lesezeit":"1\u00a0Minute"},"schema":{"@context":"https:\/\/schema.org","@graph":[{"@type":"WebPage","@id":"https:\/\/marktxxl.de\/markt\/produkt\/keababies-babytrage-ab-geburt-atmungsaktive-babytragetuecher-babytrage-neugeborene-ab-geburt-babytuch-tragetuch-baby-neugeborene-kleinkind-handfreie-babytrage-babywickel-traeger\/","url":"https:\/\/marktxxl.de\/markt\/produkt\/keababies-babytrage-ab-geburt-atmungsaktive-babytragetuecher-babytrage-neugeborene-ab-geburt-babytuch-tragetuch-baby-neugeborene-kleinkind-handfreie-babytrage-babywickel-traeger\/","name":"KeaBabies Babytrage Ab Geburt - Atmungsaktive Babytraget\u00fccher, Babytrage Neugeborene Ab Geburt, Babytuch Tragetuch Baby Neugeborene, Kleinkind Handfreie Babytrage, Babywickel Tr\u00e4ger - Markt-XXL","isPartOf":{"@id":"https:\/\/marktxxl.de\/markt\/#website"},"primaryImageOfPage":{"@id":"https:\/\/marktxxl.de\/markt\/produkt\/keababies-babytrage-ab-geburt-atmungsaktive-babytragetuecher-babytrage-neugeborene-ab-geburt-babytuch-tragetuch-baby-neugeborene-kleinkind-handfreie-babytrage-babywickel-traeger\/#primaryimage"},"image":{"@id":"https:\/\/marktxxl.de\/markt\/produkt\/keababies-babytrage-ab-geburt-atmungsaktive-babytragetuecher-babytrage-neugeborene-ab-geburt-babytuch-tragetuch-baby-neugeborene-kleinkind-handfreie-babytrage-babywickel-traeger\/#primaryimage"},"thumbnailUrl":"https:\/\/m.media-amazon.com\/images\/I\/41lb3+LzTVL._SL500_.jpg","datePublished":"2024-05-28T23:01:14+00:00","description":"Markt-XXL KeaBabies Babytrage Ab Geburt - Atmungsaktive Babytraget\u00fccher, Babytrage Neugeborene Ab Geburt, Babytuch Tragetuch Baby Neugeborene, Kleinkind Handfreie Babytrage, Babywickel Tr\u00e4ger","breadcrumb":{"@id":"https:\/\/marktxxl.de\/markt\/produkt\/keababies-babytrage-ab-geburt-atmungsaktive-babytragetuecher-babytrage-neugeborene-ab-geburt-babytuch-tragetuch-baby-neugeborene-kleinkind-handfreie-babytrage-babywickel-traeger\/#breadcrumb"},"inLanguage":"de","potentialAction":[{"@type":"ReadAction","target":["https:\/\/marktxxl.de\/markt\/produkt\/keababies-babytrage-ab-geburt-atmungsaktive-babytragetuecher-babytrage-neugeborene-ab-geburt-babytuch-tragetuch-baby-neugeborene-kleinkind-handfreie-babytrage-babywickel-traeger\/"]}]},{"@type":"ImageObject","inLanguage":"de","@id":"https:\/\/marktxxl.de\/markt\/produkt\/keababies-babytrage-ab-geburt-atmungsaktive-babytragetuecher-babytrage-neugeborene-ab-geburt-babytuch-tragetuch-baby-neugeborene-kleinkind-handfreie-babytrage-babywickel-traeger\/#primaryimage","url":"https:\/\/m.media-amazon.com\/images\/I\/41lb3+LzTVL._SL500_.jpg","contentUrl":"https:\/\/m.media-amazon.com\/images\/I\/41lb3+LzTVL._SL500_.jpg","width":500,"height":500},{"@type":"BreadcrumbList","@id":"https:\/\/marktxxl.de\/markt\/produkt\/keababies-babytrage-ab-geburt-atmungsaktive-babytragetuecher-babytrage-neugeborene-ab-geburt-babytuch-tragetuch-baby-neugeborene-kleinkind-handfreie-babytrage-babywickel-traeger\/#breadcrumb","itemListElement":[{"@type":"ListItem","position":1,"name":"Startseite","item":"https:\/\/marktxxl.de\/markt\/"},{"@type":"ListItem","position":2,"name":"Markt","item":"https:\/\/marktxxl.de\/markt\/"},{"@type":"ListItem","position":3,"name":"KeaBabies Babytrage Ab Geburt &#8211; Atmungsaktive Babytraget\u00fccher, Babytrage Neugeborene Ab Geburt, Babytuch Tragetuch Baby Neugeborene, Kleinkind Handfreie Babytrage, Babywickel Tr\u00e4ger"}]},{"@type":"WebSite","@id":"https:\/\/marktxxl.de\/markt\/#website","url":"https:\/\/marktxxl.de\/markt\/","name":"Markt-XXL","description":"Ihr Markt Online","publisher":{"@id":"https:\/\/marktxxl.de\/markt\/#organization"},"potentialAction":[{"@type":"SearchAction","target":{"@type":"EntryPoint","urlTemplate":"https:\/\/marktxxl.de\/markt\/?s={search_term_string}"},"query-input":{"@type":"PropertyValueSpecification","valueRequired":true,"valueName":"search_term_string"}}],"inLanguage":"de"},{"@type":"Organization","@id":"https:\/\/marktxxl.de\/markt\/#organization","name":"Markt-XXL","url":"https:\/\/marktxxl.de\/markt\/","logo":{"@type":"ImageObject","inLanguage":"de","@id":"https:\/\/marktxxl.de\/markt\/#\/schema\/logo\/image\/","url":"https:\/\/marktxxl.de\/markt\/wp-content\/uploads\/sites\/3\/2020\/12\/logo.png","contentUrl":"https:\/\/marktxxl.de\/markt\/wp-content\/uploads\/sites\/3\/2020\/12\/logo.png","width":200,"height":70,"caption":"Markt-XXL"},"image":{"@id":"https:\/\/marktxxl.de\/markt\/#\/schema\/logo\/image\/"}}]}},"_links":{"self":[{"href":"https:\/\/marktxxl.de\/markt\/wp-json\/wp\/v2\/product\/206464","targetHints":{"allow":["GET"]}}],"collection":[{"href":"https:\/\/marktxxl.de\/markt\/wp-json\/wp\/v2\/product"}],"about":[{"href":"https:\/\/marktxxl.de\/markt\/wp-json\/wp\/v2\/types\/product"}],"replies":[{"embeddable":true,"href":"https:\/\/marktxxl.de\/markt\/wp-json\/wp\/v2\/comments?post=206464"}],"wp:featuredmedia":[{"embeddable":true,"href":"https:\/\/marktxxl.de\/markt\/wp-json\/wp\/v2\/media\/206465"}],"wp:attachment":[{"href":"https:\/\/marktxxl.de\/markt\/wp-json\/wp\/v2\/media?parent=206464"}],"wp:term":[{"taxonomy":"product_brand","embeddable":true,"href":"https:\/\/marktxxl.de\/markt\/wp-json\/wp\/v2\/product_brand?post=206464"},{"taxonomy":"product_cat","embeddable":true,"href":"https:\/\/marktxxl.de\/markt\/wp-json\/wp\/v2\/product_cat?post=206464"},{"taxonomy":"product_tag","embeddable":true,"href":"https:\/\/marktxxl.de\/markt\/wp-json\/wp\/v2\/product_tag?post=206464"}],"curies":[{"name":"wp","href":"https:\/\/api.w.org\/{rel}","templated":true}]}}