{"id":206438,"date":"2024-05-29T01:00:46","date_gmt":"2024-05-28T23:00:46","guid":{"rendered":"https:\/\/marktxxl.de\/markt\/produkt\/emelivor-benutzerdefinierte-dinosaurier-kinder-rucksack-fuer-kleinkind-schultasche\/"},"modified":"2024-05-29T01:00:46","modified_gmt":"2024-05-28T23:00:46","slug":"emelivor-benutzerdefinierte-dinosaurier-kinder-rucksack-fuer-kleinkind-schultasche","status":"publish","type":"product","link":"https:\/\/marktxxl.de\/markt\/produkt\/emelivor-benutzerdefinierte-dinosaurier-kinder-rucksack-fuer-kleinkind-schultasche\/","title":{"rendered":"Emelivor Benutzerdefinierte Dinosaurier Kinder Rucksack f\u00fcr Kleinkind Schultasche"},"content":{"rendered":"<p>\ud83c\udf1eBrustgurt &amp; Pfeife Design\ud83c\udf1eDas Highlight dieses Kleinkindrucksacks ist der Brustgurt und Pfeifendesign. Die Schnalle des Brustgurts ist auch eine Pfeife, die Ihr Kind spielen oder verwenden kann, wenn es um Hilfe bitten muss.<br \/>\nPremium-Qualit\u00e4t: Dieser Kleinkind-Rucksack ist aus hochwertigem Twill-Stoff, der exo-freundlich und sehr langlebig ist. Durch die Verwendung von hochwertigem Rei\u00dfverschluss und hochwertigem Mesh ist unser Kleinkind-Rucksack langlebig genug, um jahrelang verwendet zu werden.<br \/>\nWeniger Schulterdruck\ud83c\udf1e Die verstellbaren Schultergurte sind mit weichem Einsatz gepolstert und wir entwerfen den Gurt etwas breiter, was viel Druck auf die Schulter Ihrer Kinder reduzieren kann.<br \/>\nGer\u00e4umiges Fach: Die Gr\u00f6\u00dfe dieses Kleinkindrucksacks betr\u00e4gt 25,4 x 10,2 x 30,5 cm, was kompakt ist, aber mit ger\u00e4umigem Platz ist. Das Hauptfach kann B\u00fccher, Luchbox, Snacks, Bleistiftbox usw. laden. Und die seitliche Netztasche bietet Platz f\u00fcr Flaschen und Regenschirme.<br \/>\nMit sch\u00f6nem Musterdruck und hellen Farben ist dieser Kleinkind-Rucksack sehr s\u00fc\u00df und besonders. Es ist ein tolles Geschenk f\u00fcr Ihr Kind, wenn es wieder zur Schule geht.<br \/>\n<div class=\"main-cross-sell\" data-asin=\"B097H76128\">\n\n\t<div class=\"WooZone-cross-sell-loader\">\n\t\t<div>\n\t\t\t<div id=\"floatingBarsG\">\n\t\t\t\t<div class=\"blockG\" id=\"rotateG_01\"><\/div>\n\t\t\t\t<div class=\"blockG\" id=\"rotateG_02\"><\/div>\n\t\t\t\t<div class=\"blockG\" id=\"rotateG_03\"><\/div>\n\t\t\t\t<div class=\"blockG\" id=\"rotateG_04\"><\/div>\n\t\t\t\t<div class=\"blockG\" id=\"rotateG_05\"><\/div>\n\t\t\t\t<div class=\"blockG\" id=\"rotateG_06\"><\/div>\n\t\t\t\t<div class=\"blockG\" id=\"rotateG_07\"><\/div>\n\t\t\t\t<div class=\"blockG\" id=\"rotateG_08\"><\/div>\n\t\t\t<\/div>\n\t\t\t<div class=\"WooZone-cross-sell-loader-text\"><\/div>\n\t\t<\/div>\n\t<\/div>\n\n\t\t\n<\/div>\n<div style=\"clear:both;\"><\/div><\/p>\n","protected":false},"excerpt":{"rendered":"<p>\ud83c\udf1eBrustgurt &amp; Pfeife Design\ud83c\udf1eDas Highlight dieses Kleinkindrucksacks ist der Brustgurt und Pfeifendesign. Die Schnalle des Brustgurts ist auch eine Pfeife, die Ihr Kind spielen oder verwenden kann, wenn es um Hilfe bitten muss.<br \/>\nPremium-Qualit\u00e4t: Dieser Kleinkind-Rucksack ist aus hochwertigem Twill-Stoff, der exo-freundlich und sehr langlebig ist. Durch die Verwendung von hochwertigem Rei\u00dfverschluss und hochwertigem Mesh ist unser Kleinkind-Rucksack langlebig genug, um jahrelang verwendet zu werden.<br \/>\nWeniger Schulterdruck\ud83c\udf1e Die verstellbaren Schultergurte sind mit weichem Einsatz gepolstert und wir entwerfen den Gurt etwas breiter, was viel Druck auf die Schulter Ihrer Kinder reduzieren kann.<\/p>\n","protected":false},"featured_media":206439,"comment_status":"open","ping_status":"closed","template":"","meta":[],"product_brand":[],"product_cat":[21,9074],"product_tag":[],"class_list":{"0":"post-206438","1":"product","2":"type-product","3":"status-publish","4":"has-post-thumbnail","6":"product_cat-baby","7":"product_cat-babytragen-baby","8":"pa_brand-emelivor","9":"pa_brand-thames-hudson","10":"pa_height-12-zoll","11":"pa_length-10-zoll","12":"pa_manufacturer-xiamen-wangyi-information-technology-co-ltd","13":"pa_model-sjb-007","14":"pa_size-einheitsgroesse","15":"pa_width-4-zoll","17":"first","18":"instock","19":"shipping-taxable","20":"product-type-simple","21":"customify-col","22":"product-has-gallery"},"yoast_head":"<!-- This site is optimized with the Yoast SEO plugin v27.3 - https:\/\/yoast.com\/product\/yoast-seo-wordpress\/ -->\n<title>Emelivor Benutzerdefinierte Dinosaurier Kinder Rucksack f\u00fcr Kleinkind Schultasche - Markt-XXL<\/title>\n<meta name=\"description\" content=\"Markt-XXL Emelivor Benutzerdefinierte Dinosaurier Kinder Rucksack f\u00fcr Kleinkind Schultasche\" \/>\n<meta name=\"robots\" content=\"index, follow, max-snippet:-1, max-image-preview:large, max-video-preview:-1\" \/>\n<link rel=\"canonical\" href=\"https:\/\/marktxxl.de\/markt\/produkt\/emelivor-benutzerdefinierte-dinosaurier-kinder-rucksack-fuer-kleinkind-schultasche\/\" \/>\n<meta property=\"og:locale\" content=\"de_DE\" \/>\n<meta property=\"og:type\" content=\"article\" \/>\n<meta property=\"og:title\" content=\"Emelivor Benutzerdefinierte Dinosaurier Kinder Rucksack f\u00fcr Kleinkind Schultasche - Markt-XXL\" \/>\n<meta property=\"og:description\" content=\"Markt-XXL Emelivor Benutzerdefinierte Dinosaurier Kinder Rucksack f\u00fcr Kleinkind Schultasche\" \/>\n<meta property=\"og:url\" content=\"https:\/\/marktxxl.de\/markt\/produkt\/emelivor-benutzerdefinierte-dinosaurier-kinder-rucksack-fuer-kleinkind-schultasche\/\" \/>\n<meta property=\"og:site_name\" content=\"Markt-XXL\" \/>\n<meta name=\"twitter:card\" content=\"summary_large_image\" \/>\n<meta name=\"twitter:label1\" content=\"Gesch\u00e4tzte Lesezeit\" \/>\n\t<meta name=\"twitter:data1\" content=\"1\u00a0Minute\" \/>\n<script type=\"application\/ld+json\" class=\"yoast-schema-graph\">{\"@context\":\"https:\\\/\\\/schema.org\",\"@graph\":[{\"@type\":\"WebPage\",\"@id\":\"https:\\\/\\\/marktxxl.de\\\/markt\\\/produkt\\\/emelivor-benutzerdefinierte-dinosaurier-kinder-rucksack-fuer-kleinkind-schultasche\\\/\",\"url\":\"https:\\\/\\\/marktxxl.de\\\/markt\\\/produkt\\\/emelivor-benutzerdefinierte-dinosaurier-kinder-rucksack-fuer-kleinkind-schultasche\\\/\",\"name\":\"Emelivor Benutzerdefinierte Dinosaurier Kinder Rucksack f\u00fcr Kleinkind Schultasche - Markt-XXL\",\"isPartOf\":{\"@id\":\"https:\\\/\\\/marktxxl.de\\\/markt\\\/#website\"},\"primaryImageOfPage\":{\"@id\":\"https:\\\/\\\/marktxxl.de\\\/markt\\\/produkt\\\/emelivor-benutzerdefinierte-dinosaurier-kinder-rucksack-fuer-kleinkind-schultasche\\\/#primaryimage\"},\"image\":{\"@id\":\"https:\\\/\\\/marktxxl.de\\\/markt\\\/produkt\\\/emelivor-benutzerdefinierte-dinosaurier-kinder-rucksack-fuer-kleinkind-schultasche\\\/#primaryimage\"},\"thumbnailUrl\":\"https:\\\/\\\/m.media-amazon.com\\\/images\\\/I\\\/41PbqV124xL._SL500_.jpg\",\"datePublished\":\"2024-05-28T23:00:46+00:00\",\"description\":\"Markt-XXL Emelivor Benutzerdefinierte Dinosaurier Kinder Rucksack f\u00fcr Kleinkind Schultasche\",\"breadcrumb\":{\"@id\":\"https:\\\/\\\/marktxxl.de\\\/markt\\\/produkt\\\/emelivor-benutzerdefinierte-dinosaurier-kinder-rucksack-fuer-kleinkind-schultasche\\\/#breadcrumb\"},\"inLanguage\":\"de\",\"potentialAction\":[{\"@type\":\"ReadAction\",\"target\":[\"https:\\\/\\\/marktxxl.de\\\/markt\\\/produkt\\\/emelivor-benutzerdefinierte-dinosaurier-kinder-rucksack-fuer-kleinkind-schultasche\\\/\"]}]},{\"@type\":\"ImageObject\",\"inLanguage\":\"de\",\"@id\":\"https:\\\/\\\/marktxxl.de\\\/markt\\\/produkt\\\/emelivor-benutzerdefinierte-dinosaurier-kinder-rucksack-fuer-kleinkind-schultasche\\\/#primaryimage\",\"url\":\"https:\\\/\\\/m.media-amazon.com\\\/images\\\/I\\\/41PbqV124xL._SL500_.jpg\",\"contentUrl\":\"https:\\\/\\\/m.media-amazon.com\\\/images\\\/I\\\/41PbqV124xL._SL500_.jpg\",\"width\":500,\"height\":500},{\"@type\":\"BreadcrumbList\",\"@id\":\"https:\\\/\\\/marktxxl.de\\\/markt\\\/produkt\\\/emelivor-benutzerdefinierte-dinosaurier-kinder-rucksack-fuer-kleinkind-schultasche\\\/#breadcrumb\",\"itemListElement\":[{\"@type\":\"ListItem\",\"position\":1,\"name\":\"Startseite\",\"item\":\"https:\\\/\\\/marktxxl.de\\\/markt\\\/\"},{\"@type\":\"ListItem\",\"position\":2,\"name\":\"Markt\",\"item\":\"https:\\\/\\\/marktxxl.de\\\/markt\\\/\"},{\"@type\":\"ListItem\",\"position\":3,\"name\":\"Emelivor Benutzerdefinierte Dinosaurier Kinder Rucksack f\u00fcr Kleinkind Schultasche\"}]},{\"@type\":\"WebSite\",\"@id\":\"https:\\\/\\\/marktxxl.de\\\/markt\\\/#website\",\"url\":\"https:\\\/\\\/marktxxl.de\\\/markt\\\/\",\"name\":\"Markt-XXL\",\"description\":\"Ihr Markt Online\",\"publisher\":{\"@id\":\"https:\\\/\\\/marktxxl.de\\\/markt\\\/#organization\"},\"potentialAction\":[{\"@type\":\"SearchAction\",\"target\":{\"@type\":\"EntryPoint\",\"urlTemplate\":\"https:\\\/\\\/marktxxl.de\\\/markt\\\/?s={search_term_string}\"},\"query-input\":{\"@type\":\"PropertyValueSpecification\",\"valueRequired\":true,\"valueName\":\"search_term_string\"}}],\"inLanguage\":\"de\"},{\"@type\":\"Organization\",\"@id\":\"https:\\\/\\\/marktxxl.de\\\/markt\\\/#organization\",\"name\":\"Markt-XXL\",\"url\":\"https:\\\/\\\/marktxxl.de\\\/markt\\\/\",\"logo\":{\"@type\":\"ImageObject\",\"inLanguage\":\"de\",\"@id\":\"https:\\\/\\\/marktxxl.de\\\/markt\\\/#\\\/schema\\\/logo\\\/image\\\/\",\"url\":\"https:\\\/\\\/marktxxl.de\\\/markt\\\/wp-content\\\/uploads\\\/sites\\\/3\\\/2020\\\/12\\\/logo.png\",\"contentUrl\":\"https:\\\/\\\/marktxxl.de\\\/markt\\\/wp-content\\\/uploads\\\/sites\\\/3\\\/2020\\\/12\\\/logo.png\",\"width\":200,\"height\":70,\"caption\":\"Markt-XXL\"},\"image\":{\"@id\":\"https:\\\/\\\/marktxxl.de\\\/markt\\\/#\\\/schema\\\/logo\\\/image\\\/\"}}]}<\/script>\n<!-- \/ Yoast SEO plugin. -->","yoast_head_json":{"title":"Emelivor Benutzerdefinierte Dinosaurier Kinder Rucksack f\u00fcr Kleinkind Schultasche - Markt-XXL","description":"Markt-XXL Emelivor Benutzerdefinierte Dinosaurier Kinder Rucksack f\u00fcr Kleinkind Schultasche","robots":{"index":"index","follow":"follow","max-snippet":"max-snippet:-1","max-image-preview":"max-image-preview:large","max-video-preview":"max-video-preview:-1"},"canonical":"https:\/\/marktxxl.de\/markt\/produkt\/emelivor-benutzerdefinierte-dinosaurier-kinder-rucksack-fuer-kleinkind-schultasche\/","og_locale":"de_DE","og_type":"article","og_title":"Emelivor Benutzerdefinierte Dinosaurier Kinder Rucksack f\u00fcr Kleinkind Schultasche - Markt-XXL","og_description":"Markt-XXL Emelivor Benutzerdefinierte Dinosaurier Kinder Rucksack f\u00fcr Kleinkind Schultasche","og_url":"https:\/\/marktxxl.de\/markt\/produkt\/emelivor-benutzerdefinierte-dinosaurier-kinder-rucksack-fuer-kleinkind-schultasche\/","og_site_name":"Markt-XXL","twitter_card":"summary_large_image","twitter_misc":{"Gesch\u00e4tzte Lesezeit":"1\u00a0Minute"},"schema":{"@context":"https:\/\/schema.org","@graph":[{"@type":"WebPage","@id":"https:\/\/marktxxl.de\/markt\/produkt\/emelivor-benutzerdefinierte-dinosaurier-kinder-rucksack-fuer-kleinkind-schultasche\/","url":"https:\/\/marktxxl.de\/markt\/produkt\/emelivor-benutzerdefinierte-dinosaurier-kinder-rucksack-fuer-kleinkind-schultasche\/","name":"Emelivor Benutzerdefinierte Dinosaurier Kinder Rucksack f\u00fcr Kleinkind Schultasche - Markt-XXL","isPartOf":{"@id":"https:\/\/marktxxl.de\/markt\/#website"},"primaryImageOfPage":{"@id":"https:\/\/marktxxl.de\/markt\/produkt\/emelivor-benutzerdefinierte-dinosaurier-kinder-rucksack-fuer-kleinkind-schultasche\/#primaryimage"},"image":{"@id":"https:\/\/marktxxl.de\/markt\/produkt\/emelivor-benutzerdefinierte-dinosaurier-kinder-rucksack-fuer-kleinkind-schultasche\/#primaryimage"},"thumbnailUrl":"https:\/\/m.media-amazon.com\/images\/I\/41PbqV124xL._SL500_.jpg","datePublished":"2024-05-28T23:00:46+00:00","description":"Markt-XXL Emelivor Benutzerdefinierte Dinosaurier Kinder Rucksack f\u00fcr Kleinkind Schultasche","breadcrumb":{"@id":"https:\/\/marktxxl.de\/markt\/produkt\/emelivor-benutzerdefinierte-dinosaurier-kinder-rucksack-fuer-kleinkind-schultasche\/#breadcrumb"},"inLanguage":"de","potentialAction":[{"@type":"ReadAction","target":["https:\/\/marktxxl.de\/markt\/produkt\/emelivor-benutzerdefinierte-dinosaurier-kinder-rucksack-fuer-kleinkind-schultasche\/"]}]},{"@type":"ImageObject","inLanguage":"de","@id":"https:\/\/marktxxl.de\/markt\/produkt\/emelivor-benutzerdefinierte-dinosaurier-kinder-rucksack-fuer-kleinkind-schultasche\/#primaryimage","url":"https:\/\/m.media-amazon.com\/images\/I\/41PbqV124xL._SL500_.jpg","contentUrl":"https:\/\/m.media-amazon.com\/images\/I\/41PbqV124xL._SL500_.jpg","width":500,"height":500},{"@type":"BreadcrumbList","@id":"https:\/\/marktxxl.de\/markt\/produkt\/emelivor-benutzerdefinierte-dinosaurier-kinder-rucksack-fuer-kleinkind-schultasche\/#breadcrumb","itemListElement":[{"@type":"ListItem","position":1,"name":"Startseite","item":"https:\/\/marktxxl.de\/markt\/"},{"@type":"ListItem","position":2,"name":"Markt","item":"https:\/\/marktxxl.de\/markt\/"},{"@type":"ListItem","position":3,"name":"Emelivor Benutzerdefinierte Dinosaurier Kinder Rucksack f\u00fcr Kleinkind Schultasche"}]},{"@type":"WebSite","@id":"https:\/\/marktxxl.de\/markt\/#website","url":"https:\/\/marktxxl.de\/markt\/","name":"Markt-XXL","description":"Ihr Markt Online","publisher":{"@id":"https:\/\/marktxxl.de\/markt\/#organization"},"potentialAction":[{"@type":"SearchAction","target":{"@type":"EntryPoint","urlTemplate":"https:\/\/marktxxl.de\/markt\/?s={search_term_string}"},"query-input":{"@type":"PropertyValueSpecification","valueRequired":true,"valueName":"search_term_string"}}],"inLanguage":"de"},{"@type":"Organization","@id":"https:\/\/marktxxl.de\/markt\/#organization","name":"Markt-XXL","url":"https:\/\/marktxxl.de\/markt\/","logo":{"@type":"ImageObject","inLanguage":"de","@id":"https:\/\/marktxxl.de\/markt\/#\/schema\/logo\/image\/","url":"https:\/\/marktxxl.de\/markt\/wp-content\/uploads\/sites\/3\/2020\/12\/logo.png","contentUrl":"https:\/\/marktxxl.de\/markt\/wp-content\/uploads\/sites\/3\/2020\/12\/logo.png","width":200,"height":70,"caption":"Markt-XXL"},"image":{"@id":"https:\/\/marktxxl.de\/markt\/#\/schema\/logo\/image\/"}}]}},"_links":{"self":[{"href":"https:\/\/marktxxl.de\/markt\/wp-json\/wp\/v2\/product\/206438","targetHints":{"allow":["GET"]}}],"collection":[{"href":"https:\/\/marktxxl.de\/markt\/wp-json\/wp\/v2\/product"}],"about":[{"href":"https:\/\/marktxxl.de\/markt\/wp-json\/wp\/v2\/types\/product"}],"replies":[{"embeddable":true,"href":"https:\/\/marktxxl.de\/markt\/wp-json\/wp\/v2\/comments?post=206438"}],"wp:featuredmedia":[{"embeddable":true,"href":"https:\/\/marktxxl.de\/markt\/wp-json\/wp\/v2\/media\/206439"}],"wp:attachment":[{"href":"https:\/\/marktxxl.de\/markt\/wp-json\/wp\/v2\/media?parent=206438"}],"wp:term":[{"taxonomy":"product_brand","embeddable":true,"href":"https:\/\/marktxxl.de\/markt\/wp-json\/wp\/v2\/product_brand?post=206438"},{"taxonomy":"product_cat","embeddable":true,"href":"https:\/\/marktxxl.de\/markt\/wp-json\/wp\/v2\/product_cat?post=206438"},{"taxonomy":"product_tag","embeddable":true,"href":"https:\/\/marktxxl.de\/markt\/wp-json\/wp\/v2\/product_tag?post=206438"}],"curies":[{"name":"wp","href":"https:\/\/api.w.org\/{rel}","templated":true}]}}