{"id":205184,"date":"2023-05-10T11:34:30","date_gmt":"2023-05-10T09:34:30","guid":{"rendered":"https:\/\/marktxxl.de\/markt\/produkt\/allocat-sd-karte-512gb-schnelle-geschwindigkeit-speicherkarte-512gb-wasserdichte-sd-card-mini-sd-karte-hohe-kapazitaet-memory-card-fuer-smartphone-drohne-tablets-externe-datenspeicher\/"},"modified":"2023-05-10T11:34:30","modified_gmt":"2023-05-10T09:34:30","slug":"allocat-sd-karte-512gb-schnelle-geschwindigkeit-speicherkarte-512gb-wasserdichte-sd-card-mini-sd-karte-hohe-kapazitaet-memory-card-fuer-smartphone-drohne-tablets-externe-datenspeicher","status":"publish","type":"product","link":"https:\/\/marktxxl.de\/markt\/produkt\/allocat-sd-karte-512gb-schnelle-geschwindigkeit-speicherkarte-512gb-wasserdichte-sd-card-mini-sd-karte-hohe-kapazitaet-memory-card-fuer-smartphone-drohne-tablets-externe-datenspeicher\/","title":{"rendered":"Allocat SD Karte 512GB Schnelle Geschwindigkeit Speicherkarte 512GB wasserdichte SD Card Mini SD Karte Hohe Kapazit\u00e4t Memory Card f\u00fcr Smartphone Drohne Tablets Externe Datenspeicher"},"content":{"rendered":"<p>Zuverl\u00e4ssig: 512GB sd karte besteht aus hochwertigen chips und bietet eine zuverl\u00e4ssige leistung, die sich ideal f\u00fcr schreibintensive anwendungen eignet und eine klare aufzeichnung von beweisen gew\u00e4hrleistet, ohne frames zu verlieren.<br \/>\nHohe Geschwindigkeit: SD karte verwendet den von der forschung und entwicklung entwickelten originalchip, die lese- und schreibgeschwindigkeit ist schnell und sie kann sofort angezeigt und \u00fcbertragen werden. Klein genug, um in handtaschen, hosentaschen und mehr zu passen. Es ist sehr bequem zu tragen.<br \/>\nBreite Kompatibilit\u00e4t: Kompatibel mit den meisten ger\u00e4ten wie smartphones, tablets, kameras, laptops, dashcams, action-kameras, GPS-ger\u00e4ten,\u00fcberwachung, kameras usw.<br \/>\nHohe Qualit\u00e4t: Um die beste leistung und stabilit\u00e4t zu bieten, wurde die sd karte getestet, um extremen bedingungen standzuhalten. Sie sind wasserdicht, sto\u00dffest, hochtemperaturbest\u00e4ndig, r\u00f6ntgenbest\u00e4ndig und antistatisch.<br \/>\nGen\u00fcgend Kapazit\u00e4t: Speicherkarte hat eine kapazit\u00e4t von 512gb, genug platz, um tausende von schnappsch\u00fcssen und stunden von full-hd-videos zu speichern, perfekt f\u00fcr hochaufl\u00f6sende fotos, was bedeutet, dass sie sich nie sorgen machen m\u00fcssen, dass der speicherplatz auf Ihrem ger\u00e4t knapp wird.<br \/>\n<div class=\"main-cross-sell\" data-asin=\"B0C1Y95L7C\">\n\n\t<div class=\"WooZone-cross-sell-loader\">\n\t\t<div>\n\t\t\t<div id=\"floatingBarsG\">\n\t\t\t\t<div class=\"blockG\" id=\"rotateG_01\"><\/div>\n\t\t\t\t<div class=\"blockG\" id=\"rotateG_02\"><\/div>\n\t\t\t\t<div class=\"blockG\" id=\"rotateG_03\"><\/div>\n\t\t\t\t<div class=\"blockG\" id=\"rotateG_04\"><\/div>\n\t\t\t\t<div class=\"blockG\" id=\"rotateG_05\"><\/div>\n\t\t\t\t<div class=\"blockG\" id=\"rotateG_06\"><\/div>\n\t\t\t\t<div class=\"blockG\" id=\"rotateG_07\"><\/div>\n\t\t\t\t<div class=\"blockG\" id=\"rotateG_08\"><\/div>\n\t\t\t<\/div>\n\t\t\t<div class=\"WooZone-cross-sell-loader-text\"><\/div>\n\t\t<\/div>\n\t<\/div>\n\n\t\t\n<\/div>\n<div style=\"clear:both;\"><\/div><\/p>\n","protected":false},"excerpt":{"rendered":"<p>Zuverl\u00e4ssig: 512GB sd karte besteht aus hochwertigen chips und bietet eine zuverl\u00e4ssige leistung, die sich ideal f\u00fcr schreibintensive anwendungen eignet und eine klare aufzeichnung von beweisen gew\u00e4hrleistet, ohne frames zu verlieren.<br \/>\nHohe Geschwindigkeit: SD karte verwendet den von der forschung und entwicklung entwickelten originalchip, die lese- und schreibgeschwindigkeit ist schnell und sie kann sofort angezeigt und \u00fcbertragen werden. Klein genug, um in handtaschen, hosentaschen und mehr zu passen. Es ist sehr bequem zu tragen.<br \/>\nBreite Kompatibilit\u00e4t: Kompatibel mit den meisten ger\u00e4ten wie smartphones, tablets, kameras, laptops, dashcams, action-kameras, GPS-ger\u00e4ten,\u00fcberwachung, kameras usw.<\/p>\n","protected":false},"featured_media":205185,"comment_status":"open","ping_status":"closed","template":"","meta":[],"product_brand":[],"product_cat":[863],"product_tag":[],"class_list":{"0":"post-205184","1":"product","2":"type-product","3":"status-publish","4":"has-post-thumbnail","6":"product_cat-computer-zubehoer","7":"pa_brand-allocat","8":"pa_color-red","9":"pa_manufacturer-allocat","10":"pa_warranty-90days","12":"first","13":"instock","14":"shipping-taxable","15":"purchasable","16":"product-type-simple","17":"customify-col","18":"product-has-gallery"},"yoast_head":"<!-- This site is optimized with the Yoast SEO plugin v27.4 - https:\/\/yoast.com\/product\/yoast-seo-wordpress\/ -->\n<title>Allocat SD Karte 512GB Schnelle Geschwindigkeit Speicherkarte 512GB wasserdichte SD Card Mini SD Karte Hohe Kapazit\u00e4t Memory Card f\u00fcr Smartphone Drohne Tablets Externe Datenspeicher - Markt-XXL<\/title>\n<meta name=\"description\" content=\"Markt-XXL Allocat SD Karte 512GB Schnelle Geschwindigkeit Speicherkarte 512GB wasserdichte SD Card Mini SD Karte Hohe Kapazit\u00e4t Memory Card f\u00fcr Smartphone Drohne Tablets Externe Datenspeicher\" \/>\n<meta name=\"robots\" content=\"index, follow, max-snippet:-1, max-image-preview:large, max-video-preview:-1\" \/>\n<link rel=\"canonical\" href=\"https:\/\/marktxxl.de\/markt\/produkt\/allocat-sd-karte-512gb-schnelle-geschwindigkeit-speicherkarte-512gb-wasserdichte-sd-card-mini-sd-karte-hohe-kapazitaet-memory-card-fuer-smartphone-drohne-tablets-externe-datenspeicher\/\" \/>\n<meta property=\"og:locale\" content=\"de_DE\" \/>\n<meta property=\"og:type\" content=\"article\" \/>\n<meta property=\"og:title\" content=\"Allocat SD Karte 512GB Schnelle Geschwindigkeit Speicherkarte 512GB wasserdichte SD Card Mini SD Karte Hohe Kapazit\u00e4t Memory Card f\u00fcr Smartphone Drohne Tablets Externe Datenspeicher - Markt-XXL\" \/>\n<meta property=\"og:description\" content=\"Markt-XXL Allocat SD Karte 512GB Schnelle Geschwindigkeit Speicherkarte 512GB wasserdichte SD Card Mini SD Karte Hohe Kapazit\u00e4t Memory Card f\u00fcr Smartphone Drohne Tablets Externe Datenspeicher\" \/>\n<meta property=\"og:url\" content=\"https:\/\/marktxxl.de\/markt\/produkt\/allocat-sd-karte-512gb-schnelle-geschwindigkeit-speicherkarte-512gb-wasserdichte-sd-card-mini-sd-karte-hohe-kapazitaet-memory-card-fuer-smartphone-drohne-tablets-externe-datenspeicher\/\" \/>\n<meta property=\"og:site_name\" content=\"Markt-XXL\" \/>\n<meta name=\"twitter:card\" content=\"summary_large_image\" \/>\n<meta name=\"twitter:label1\" content=\"Gesch\u00e4tzte Lesezeit\" \/>\n\t<meta name=\"twitter:data1\" content=\"1\u00a0Minute\" \/>\n<script type=\"application\/ld+json\" class=\"yoast-schema-graph\">{\"@context\":\"https:\\\/\\\/schema.org\",\"@graph\":[{\"@type\":\"WebPage\",\"@id\":\"https:\\\/\\\/marktxxl.de\\\/markt\\\/produkt\\\/allocat-sd-karte-512gb-schnelle-geschwindigkeit-speicherkarte-512gb-wasserdichte-sd-card-mini-sd-karte-hohe-kapazitaet-memory-card-fuer-smartphone-drohne-tablets-externe-datenspeicher\\\/\",\"url\":\"https:\\\/\\\/marktxxl.de\\\/markt\\\/produkt\\\/allocat-sd-karte-512gb-schnelle-geschwindigkeit-speicherkarte-512gb-wasserdichte-sd-card-mini-sd-karte-hohe-kapazitaet-memory-card-fuer-smartphone-drohne-tablets-externe-datenspeicher\\\/\",\"name\":\"Allocat SD Karte 512GB Schnelle Geschwindigkeit Speicherkarte 512GB wasserdichte SD Card Mini SD Karte Hohe Kapazit\u00e4t Memory Card f\u00fcr Smartphone Drohne Tablets Externe Datenspeicher - Markt-XXL\",\"isPartOf\":{\"@id\":\"https:\\\/\\\/marktxxl.de\\\/markt\\\/#website\"},\"primaryImageOfPage\":{\"@id\":\"https:\\\/\\\/marktxxl.de\\\/markt\\\/produkt\\\/allocat-sd-karte-512gb-schnelle-geschwindigkeit-speicherkarte-512gb-wasserdichte-sd-card-mini-sd-karte-hohe-kapazitaet-memory-card-fuer-smartphone-drohne-tablets-externe-datenspeicher\\\/#primaryimage\"},\"image\":{\"@id\":\"https:\\\/\\\/marktxxl.de\\\/markt\\\/produkt\\\/allocat-sd-karte-512gb-schnelle-geschwindigkeit-speicherkarte-512gb-wasserdichte-sd-card-mini-sd-karte-hohe-kapazitaet-memory-card-fuer-smartphone-drohne-tablets-externe-datenspeicher\\\/#primaryimage\"},\"thumbnailUrl\":\"https:\\\/\\\/m.media-amazon.com\\\/images\\\/I\\\/41exh8L8a+L._SL500_.jpg\",\"datePublished\":\"2023-05-10T09:34:30+00:00\",\"description\":\"Markt-XXL Allocat SD Karte 512GB Schnelle Geschwindigkeit Speicherkarte 512GB wasserdichte SD Card Mini SD Karte Hohe Kapazit\u00e4t Memory Card f\u00fcr Smartphone Drohne Tablets Externe Datenspeicher\",\"breadcrumb\":{\"@id\":\"https:\\\/\\\/marktxxl.de\\\/markt\\\/produkt\\\/allocat-sd-karte-512gb-schnelle-geschwindigkeit-speicherkarte-512gb-wasserdichte-sd-card-mini-sd-karte-hohe-kapazitaet-memory-card-fuer-smartphone-drohne-tablets-externe-datenspeicher\\\/#breadcrumb\"},\"inLanguage\":\"de\",\"potentialAction\":[{\"@type\":\"ReadAction\",\"target\":[\"https:\\\/\\\/marktxxl.de\\\/markt\\\/produkt\\\/allocat-sd-karte-512gb-schnelle-geschwindigkeit-speicherkarte-512gb-wasserdichte-sd-card-mini-sd-karte-hohe-kapazitaet-memory-card-fuer-smartphone-drohne-tablets-externe-datenspeicher\\\/\"]}]},{\"@type\":\"ImageObject\",\"inLanguage\":\"de\",\"@id\":\"https:\\\/\\\/marktxxl.de\\\/markt\\\/produkt\\\/allocat-sd-karte-512gb-schnelle-geschwindigkeit-speicherkarte-512gb-wasserdichte-sd-card-mini-sd-karte-hohe-kapazitaet-memory-card-fuer-smartphone-drohne-tablets-externe-datenspeicher\\\/#primaryimage\",\"url\":\"https:\\\/\\\/m.media-amazon.com\\\/images\\\/I\\\/41exh8L8a+L._SL500_.jpg\",\"contentUrl\":\"https:\\\/\\\/m.media-amazon.com\\\/images\\\/I\\\/41exh8L8a+L._SL500_.jpg\",\"width\":500,\"height\":500},{\"@type\":\"BreadcrumbList\",\"@id\":\"https:\\\/\\\/marktxxl.de\\\/markt\\\/produkt\\\/allocat-sd-karte-512gb-schnelle-geschwindigkeit-speicherkarte-512gb-wasserdichte-sd-card-mini-sd-karte-hohe-kapazitaet-memory-card-fuer-smartphone-drohne-tablets-externe-datenspeicher\\\/#breadcrumb\",\"itemListElement\":[{\"@type\":\"ListItem\",\"position\":1,\"name\":\"Startseite\",\"item\":\"https:\\\/\\\/marktxxl.de\\\/markt\\\/\"},{\"@type\":\"ListItem\",\"position\":2,\"name\":\"Markt\",\"item\":\"https:\\\/\\\/marktxxl.de\\\/markt\\\/\"},{\"@type\":\"ListItem\",\"position\":3,\"name\":\"Allocat SD Karte 512GB Schnelle Geschwindigkeit Speicherkarte 512GB wasserdichte SD Card Mini SD Karte Hohe Kapazit\u00e4t Memory Card f\u00fcr Smartphone Drohne Tablets Externe Datenspeicher\"}]},{\"@type\":\"WebSite\",\"@id\":\"https:\\\/\\\/marktxxl.de\\\/markt\\\/#website\",\"url\":\"https:\\\/\\\/marktxxl.de\\\/markt\\\/\",\"name\":\"Markt-XXL\",\"description\":\"Ihr Markt Online\",\"publisher\":{\"@id\":\"https:\\\/\\\/marktxxl.de\\\/markt\\\/#organization\"},\"potentialAction\":[{\"@type\":\"SearchAction\",\"target\":{\"@type\":\"EntryPoint\",\"urlTemplate\":\"https:\\\/\\\/marktxxl.de\\\/markt\\\/?s={search_term_string}\"},\"query-input\":{\"@type\":\"PropertyValueSpecification\",\"valueRequired\":true,\"valueName\":\"search_term_string\"}}],\"inLanguage\":\"de\"},{\"@type\":\"Organization\",\"@id\":\"https:\\\/\\\/marktxxl.de\\\/markt\\\/#organization\",\"name\":\"Markt-XXL\",\"url\":\"https:\\\/\\\/marktxxl.de\\\/markt\\\/\",\"logo\":{\"@type\":\"ImageObject\",\"inLanguage\":\"de\",\"@id\":\"https:\\\/\\\/marktxxl.de\\\/markt\\\/#\\\/schema\\\/logo\\\/image\\\/\",\"url\":\"https:\\\/\\\/marktxxl.de\\\/markt\\\/wp-content\\\/uploads\\\/sites\\\/3\\\/2020\\\/12\\\/logo.png\",\"contentUrl\":\"https:\\\/\\\/marktxxl.de\\\/markt\\\/wp-content\\\/uploads\\\/sites\\\/3\\\/2020\\\/12\\\/logo.png\",\"width\":200,\"height\":70,\"caption\":\"Markt-XXL\"},\"image\":{\"@id\":\"https:\\\/\\\/marktxxl.de\\\/markt\\\/#\\\/schema\\\/logo\\\/image\\\/\"}}]}<\/script>\n<!-- \/ Yoast SEO plugin. -->","yoast_head_json":{"title":"Allocat SD Karte 512GB Schnelle Geschwindigkeit Speicherkarte 512GB wasserdichte SD Card Mini SD Karte Hohe Kapazit\u00e4t Memory Card f\u00fcr Smartphone Drohne Tablets Externe Datenspeicher - Markt-XXL","description":"Markt-XXL Allocat SD Karte 512GB Schnelle Geschwindigkeit Speicherkarte 512GB wasserdichte SD Card Mini SD Karte Hohe Kapazit\u00e4t Memory Card f\u00fcr Smartphone Drohne Tablets Externe Datenspeicher","robots":{"index":"index","follow":"follow","max-snippet":"max-snippet:-1","max-image-preview":"max-image-preview:large","max-video-preview":"max-video-preview:-1"},"canonical":"https:\/\/marktxxl.de\/markt\/produkt\/allocat-sd-karte-512gb-schnelle-geschwindigkeit-speicherkarte-512gb-wasserdichte-sd-card-mini-sd-karte-hohe-kapazitaet-memory-card-fuer-smartphone-drohne-tablets-externe-datenspeicher\/","og_locale":"de_DE","og_type":"article","og_title":"Allocat SD Karte 512GB Schnelle Geschwindigkeit Speicherkarte 512GB wasserdichte SD Card Mini SD Karte Hohe Kapazit\u00e4t Memory Card f\u00fcr Smartphone Drohne Tablets Externe Datenspeicher - Markt-XXL","og_description":"Markt-XXL Allocat SD Karte 512GB Schnelle Geschwindigkeit Speicherkarte 512GB wasserdichte SD Card Mini SD Karte Hohe Kapazit\u00e4t Memory Card f\u00fcr Smartphone Drohne Tablets Externe Datenspeicher","og_url":"https:\/\/marktxxl.de\/markt\/produkt\/allocat-sd-karte-512gb-schnelle-geschwindigkeit-speicherkarte-512gb-wasserdichte-sd-card-mini-sd-karte-hohe-kapazitaet-memory-card-fuer-smartphone-drohne-tablets-externe-datenspeicher\/","og_site_name":"Markt-XXL","twitter_card":"summary_large_image","twitter_misc":{"Gesch\u00e4tzte Lesezeit":"1\u00a0Minute"},"schema":{"@context":"https:\/\/schema.org","@graph":[{"@type":"WebPage","@id":"https:\/\/marktxxl.de\/markt\/produkt\/allocat-sd-karte-512gb-schnelle-geschwindigkeit-speicherkarte-512gb-wasserdichte-sd-card-mini-sd-karte-hohe-kapazitaet-memory-card-fuer-smartphone-drohne-tablets-externe-datenspeicher\/","url":"https:\/\/marktxxl.de\/markt\/produkt\/allocat-sd-karte-512gb-schnelle-geschwindigkeit-speicherkarte-512gb-wasserdichte-sd-card-mini-sd-karte-hohe-kapazitaet-memory-card-fuer-smartphone-drohne-tablets-externe-datenspeicher\/","name":"Allocat SD Karte 512GB Schnelle Geschwindigkeit Speicherkarte 512GB wasserdichte SD Card Mini SD Karte Hohe Kapazit\u00e4t Memory Card f\u00fcr Smartphone Drohne Tablets Externe Datenspeicher - Markt-XXL","isPartOf":{"@id":"https:\/\/marktxxl.de\/markt\/#website"},"primaryImageOfPage":{"@id":"https:\/\/marktxxl.de\/markt\/produkt\/allocat-sd-karte-512gb-schnelle-geschwindigkeit-speicherkarte-512gb-wasserdichte-sd-card-mini-sd-karte-hohe-kapazitaet-memory-card-fuer-smartphone-drohne-tablets-externe-datenspeicher\/#primaryimage"},"image":{"@id":"https:\/\/marktxxl.de\/markt\/produkt\/allocat-sd-karte-512gb-schnelle-geschwindigkeit-speicherkarte-512gb-wasserdichte-sd-card-mini-sd-karte-hohe-kapazitaet-memory-card-fuer-smartphone-drohne-tablets-externe-datenspeicher\/#primaryimage"},"thumbnailUrl":"https:\/\/m.media-amazon.com\/images\/I\/41exh8L8a+L._SL500_.jpg","datePublished":"2023-05-10T09:34:30+00:00","description":"Markt-XXL Allocat SD Karte 512GB Schnelle Geschwindigkeit Speicherkarte 512GB wasserdichte SD Card Mini SD Karte Hohe Kapazit\u00e4t Memory Card f\u00fcr Smartphone Drohne Tablets Externe Datenspeicher","breadcrumb":{"@id":"https:\/\/marktxxl.de\/markt\/produkt\/allocat-sd-karte-512gb-schnelle-geschwindigkeit-speicherkarte-512gb-wasserdichte-sd-card-mini-sd-karte-hohe-kapazitaet-memory-card-fuer-smartphone-drohne-tablets-externe-datenspeicher\/#breadcrumb"},"inLanguage":"de","potentialAction":[{"@type":"ReadAction","target":["https:\/\/marktxxl.de\/markt\/produkt\/allocat-sd-karte-512gb-schnelle-geschwindigkeit-speicherkarte-512gb-wasserdichte-sd-card-mini-sd-karte-hohe-kapazitaet-memory-card-fuer-smartphone-drohne-tablets-externe-datenspeicher\/"]}]},{"@type":"ImageObject","inLanguage":"de","@id":"https:\/\/marktxxl.de\/markt\/produkt\/allocat-sd-karte-512gb-schnelle-geschwindigkeit-speicherkarte-512gb-wasserdichte-sd-card-mini-sd-karte-hohe-kapazitaet-memory-card-fuer-smartphone-drohne-tablets-externe-datenspeicher\/#primaryimage","url":"https:\/\/m.media-amazon.com\/images\/I\/41exh8L8a+L._SL500_.jpg","contentUrl":"https:\/\/m.media-amazon.com\/images\/I\/41exh8L8a+L._SL500_.jpg","width":500,"height":500},{"@type":"BreadcrumbList","@id":"https:\/\/marktxxl.de\/markt\/produkt\/allocat-sd-karte-512gb-schnelle-geschwindigkeit-speicherkarte-512gb-wasserdichte-sd-card-mini-sd-karte-hohe-kapazitaet-memory-card-fuer-smartphone-drohne-tablets-externe-datenspeicher\/#breadcrumb","itemListElement":[{"@type":"ListItem","position":1,"name":"Startseite","item":"https:\/\/marktxxl.de\/markt\/"},{"@type":"ListItem","position":2,"name":"Markt","item":"https:\/\/marktxxl.de\/markt\/"},{"@type":"ListItem","position":3,"name":"Allocat SD Karte 512GB Schnelle Geschwindigkeit Speicherkarte 512GB wasserdichte SD Card Mini SD Karte Hohe Kapazit\u00e4t Memory Card f\u00fcr Smartphone Drohne Tablets Externe Datenspeicher"}]},{"@type":"WebSite","@id":"https:\/\/marktxxl.de\/markt\/#website","url":"https:\/\/marktxxl.de\/markt\/","name":"Markt-XXL","description":"Ihr Markt Online","publisher":{"@id":"https:\/\/marktxxl.de\/markt\/#organization"},"potentialAction":[{"@type":"SearchAction","target":{"@type":"EntryPoint","urlTemplate":"https:\/\/marktxxl.de\/markt\/?s={search_term_string}"},"query-input":{"@type":"PropertyValueSpecification","valueRequired":true,"valueName":"search_term_string"}}],"inLanguage":"de"},{"@type":"Organization","@id":"https:\/\/marktxxl.de\/markt\/#organization","name":"Markt-XXL","url":"https:\/\/marktxxl.de\/markt\/","logo":{"@type":"ImageObject","inLanguage":"de","@id":"https:\/\/marktxxl.de\/markt\/#\/schema\/logo\/image\/","url":"https:\/\/marktxxl.de\/markt\/wp-content\/uploads\/sites\/3\/2020\/12\/logo.png","contentUrl":"https:\/\/marktxxl.de\/markt\/wp-content\/uploads\/sites\/3\/2020\/12\/logo.png","width":200,"height":70,"caption":"Markt-XXL"},"image":{"@id":"https:\/\/marktxxl.de\/markt\/#\/schema\/logo\/image\/"}}]}},"_links":{"self":[{"href":"https:\/\/marktxxl.de\/markt\/wp-json\/wp\/v2\/product\/205184","targetHints":{"allow":["GET"]}}],"collection":[{"href":"https:\/\/marktxxl.de\/markt\/wp-json\/wp\/v2\/product"}],"about":[{"href":"https:\/\/marktxxl.de\/markt\/wp-json\/wp\/v2\/types\/product"}],"replies":[{"embeddable":true,"href":"https:\/\/marktxxl.de\/markt\/wp-json\/wp\/v2\/comments?post=205184"}],"wp:featuredmedia":[{"embeddable":true,"href":"https:\/\/marktxxl.de\/markt\/wp-json\/wp\/v2\/media\/205185"}],"wp:attachment":[{"href":"https:\/\/marktxxl.de\/markt\/wp-json\/wp\/v2\/media?parent=205184"}],"wp:term":[{"taxonomy":"product_brand","embeddable":true,"href":"https:\/\/marktxxl.de\/markt\/wp-json\/wp\/v2\/product_brand?post=205184"},{"taxonomy":"product_cat","embeddable":true,"href":"https:\/\/marktxxl.de\/markt\/wp-json\/wp\/v2\/product_cat?post=205184"},{"taxonomy":"product_tag","embeddable":true,"href":"https:\/\/marktxxl.de\/markt\/wp-json\/wp\/v2\/product_tag?post=205184"}],"curies":[{"name":"wp","href":"https:\/\/api.w.org\/{rel}","templated":true}]}}