{"id":204745,"date":"2023-05-10T09:04:21","date_gmt":"2023-05-10T07:04:21","guid":{"rendered":"https:\/\/marktxxl.de\/markt\/produkt\/qhou-solarleuchten-solarlampen-fuer-aussen-garten-6-stueck-led-gartenbeleuchtung-solar-mit-erdspiesssolar-gartenleuchten-aussen-wasserdicht-solarlampe-fuer-garten-wege-hof-gehweg\/"},"modified":"2023-05-10T09:04:21","modified_gmt":"2023-05-10T07:04:21","slug":"qhou-solarleuchten-solarlampen-fuer-aussen-garten-6-stueck-led-gartenbeleuchtung-solar-mit-erdspiesssolar-gartenleuchten-aussen-wasserdicht-solarlampe-fuer-garten-wege-hof-gehweg","status":"publish","type":"product","link":"https:\/\/marktxxl.de\/markt\/produkt\/qhou-solarleuchten-solarlampen-fuer-aussen-garten-6-stueck-led-gartenbeleuchtung-solar-mit-erdspiesssolar-gartenleuchten-aussen-wasserdicht-solarlampe-fuer-garten-wege-hof-gehweg\/","title":{"rendered":"Qhou Solarleuchten\/Solarlampen f\u00fcr Au\u00dfen Garten, 6 St\u00fcck LED Gartenbeleuchtung Solar mit Erdspie\u00df,Solar Gartenleuchten Au\u00dfen, Wasserdicht Solarlampe f\u00fcr Garten Wege, Hof, Gehweg"},"content":{"rendered":"<p>\u3010Einzigartige Lichteffekte\u3011 Solarzaunleuchten konzentrieren sich auf Lichtdesign.Wenn die Nacht einbricht, wird es automatisch aufleuchten und fantastische Lichteffekte emittieren, sieht aus wie Fischschuppen oder Federn, die einen einzigartigen Brennpunkt in Ihrem dunklen Garten schaffen k\u00f6nnen.Sehr geeignet f\u00fcr die Dekoration im Freien in sonnigen Orten wie Garten, Terrasse, Zaun, Hof, Weg, Treppe.<br \/>\n\u30102 Optionale Beleuchtungsmodi-Warmwei\u00df\u3011Aufger\u00fcstete Zaunleuchten bieten zwei spezielle Modi, die sich von anderen Zaunleuchten auf dem Markt unterscheiden.Modus 1 konstanter Lichtmodus und Modus 2 allm\u00e4hlicher Atemmodus. Der einzigartige atmende Beleuchtungsmodus kann die Nacht lebendiger und charmanter machen, es zu sch\u00e4tzen, wird Sie entspannt und bequem machen.<br \/>\n\u3010Higher Conversion Rate &amp; Illumination Time\u3011This Solar Zaun Garten Lichter angenommen neuen polykristallinen Silizium-Solarpanel und die Ladefl\u00e4che sind gr\u00f6\u00dfer als andere Zaun Lichter, die mehr Sonnenenergie absorbieren k\u00f6nnen und wandeln sie in Strom, bis zu 20%.Charging f\u00fcr 5-6 Stunden im Sonnenlicht, kann es f\u00fcr 12 Stunden in der Nacht beleuchtet werden (Beleuchtungszeit ist 2 mal, dass der andere Zaun Garten Lichter).<br \/>\n\u3010IP65 wasserdicht und staubdicht\u3011 Solar Zaun Lichter f\u00fcr Outdoor, die regen Spritzwasser und Staub standhalten k\u00f6nnen, Wasser oder Staub ist nicht leicht in den inneren K\u00f6rper des Lichtes zu infiltrieren und die Lebensdauer der Outdoor-Solarleuchten zu erweitern.So keine Notwendigkeit, \u00fcber das schlechte Wetter (regnerisch, verschneit oder windig) zu k\u00fcmmern.<br \/>\n\u3010Einfache &amp; schnelle Installation\u3011Sie brauchen sich keine Sorgen mehr \u00fcber verwirrende Dr\u00e4hte zu machen.Kommen mit Schrauben, Erweiterungspfeiler und Installationsanleitung, und Sie k\u00f6nnen die Installation innerhalb weniger Minuten beenden. Wenn Sie irgendwelche Fragen haben, kontaktieren Sie uns bitte jederzeit und wir werden Ihnen innerhalb eines Arbeitstages antworten.<br \/>\n<div class=\"main-cross-sell\" data-asin=\"B0BPYBSPHD\">\n\n\t<div class=\"WooZone-cross-sell-loader\">\n\t\t<div>\n\t\t\t<div id=\"floatingBarsG\">\n\t\t\t\t<div class=\"blockG\" id=\"rotateG_01\"><\/div>\n\t\t\t\t<div class=\"blockG\" id=\"rotateG_02\"><\/div>\n\t\t\t\t<div class=\"blockG\" id=\"rotateG_03\"><\/div>\n\t\t\t\t<div class=\"blockG\" id=\"rotateG_04\"><\/div>\n\t\t\t\t<div class=\"blockG\" id=\"rotateG_05\"><\/div>\n\t\t\t\t<div class=\"blockG\" id=\"rotateG_06\"><\/div>\n\t\t\t\t<div class=\"blockG\" id=\"rotateG_07\"><\/div>\n\t\t\t\t<div class=\"blockG\" id=\"rotateG_08\"><\/div>\n\t\t\t<\/div>\n\t\t\t<div class=\"WooZone-cross-sell-loader-text\"><\/div>\n\t\t<\/div>\n\t<\/div>\n\n\t\t\n<\/div>\n<div style=\"clear:both;\"><\/div><\/p>\n","protected":false},"excerpt":{"rendered":"<p>\u3010Einzigartige Lichteffekte\u3011 Solarzaunleuchten konzentrieren sich auf Lichtdesign.Wenn die Nacht einbricht, wird es automatisch aufleuchten und fantastische Lichteffekte emittieren, sieht aus wie Fischschuppen oder Federn, die einen einzigartigen Brennpunkt in Ihrem dunklen Garten schaffen k\u00f6nnen.Sehr geeignet f\u00fcr die Dekoration im Freien in sonnigen Orten wie Garten, Terrasse, Zaun, Hof, Weg, Treppe.<br \/>\n\u30102 Optionale Beleuchtungsmodi-Warmwei\u00df\u3011Aufger\u00fcstete Zaunleuchten bieten zwei spezielle Modi, die sich von anderen Zaunleuchten auf dem Markt unterscheiden.Modus 1 konstanter Lichtmodus und Modus 2 allm\u00e4hlicher Atemmodus. Der einzigartige atmende Beleuchtungsmodus kann die Nacht lebendiger und charmanter machen, es zu sch\u00e4tzen, wird Sie entspannt und bequem machen.<br \/>\n\u3010Higher Conversion Rate &amp; Illumination Time\u3011This Solar Zaun Garten Lichter angenommen neuen polykristallinen Silizium-Solarpanel und die Ladefl\u00e4che sind gr\u00f6\u00dfer als andere Zaun Lichter, die mehr Sonnenenergie absorbieren k\u00f6nnen und wandeln sie in Strom, bis zu 20%.Charging f\u00fcr 5-6 Stunden im Sonnenlicht, kann es f\u00fcr 12 Stunden in der Nacht beleuchtet werden (Beleuchtungszeit ist 2 mal, dass der andere Zaun Garten Lichter).<\/p>\n","protected":false},"featured_media":204746,"comment_status":"open","ping_status":"closed","template":"","meta":[],"product_brand":[],"product_cat":[11446,2108],"product_tag":[],"class_list":{"0":"post-204745","1":"product","2":"type-product","3":"status-publish","4":"has-post-thumbnail","6":"product_cat-aussenbeleuchtung","7":"product_cat-beleuchtung","8":"pa_binding-haushaltswaren","9":"pa_brand-qhou","10":"pa_color-schwarz","11":"pa_height-4-724409444-zoll","12":"pa_length-13-779527545-zoll","13":"pa_manufacturer-qhou","14":"pa_model-whpg006ab","15":"pa_width-4-330708657-zoll","17":"first","18":"instock","19":"shipping-taxable","20":"purchasable","21":"product-type-simple","22":"customify-col","23":"product-has-gallery"},"yoast_head":"<!-- This site is optimized with the Yoast SEO plugin v27.3 - https:\/\/yoast.com\/product\/yoast-seo-wordpress\/ -->\n<title>Qhou Solarleuchten\/Solarlampen f\u00fcr Au\u00dfen Garten, 6 St\u00fcck LED Gartenbeleuchtung Solar mit Erdspie\u00df,Solar Gartenleuchten Au\u00dfen, Wasserdicht Solarlampe f\u00fcr Garten Wege, Hof, Gehweg - Markt-XXL<\/title>\n<meta name=\"description\" content=\"Markt-XXL Qhou Solarleuchten\/Solarlampen f\u00fcr Au\u00dfen Garten, 6 St\u00fcck LED Gartenbeleuchtung Solar mit Erdspie\u00df,Solar Gartenleuchten Au\u00dfen, Wasserdicht Solarlampe f\u00fcr Garten Wege, Hof, Gehweg\" \/>\n<meta name=\"robots\" content=\"index, follow, max-snippet:-1, max-image-preview:large, max-video-preview:-1\" \/>\n<link rel=\"canonical\" href=\"https:\/\/marktxxl.de\/markt\/produkt\/qhou-solarleuchten-solarlampen-fuer-aussen-garten-6-stueck-led-gartenbeleuchtung-solar-mit-erdspiesssolar-gartenleuchten-aussen-wasserdicht-solarlampe-fuer-garten-wege-hof-gehweg\/\" \/>\n<meta property=\"og:locale\" content=\"de_DE\" \/>\n<meta property=\"og:type\" content=\"article\" \/>\n<meta property=\"og:title\" content=\"Qhou Solarleuchten\/Solarlampen f\u00fcr Au\u00dfen Garten, 6 St\u00fcck LED Gartenbeleuchtung Solar mit Erdspie\u00df,Solar Gartenleuchten Au\u00dfen, Wasserdicht Solarlampe f\u00fcr Garten Wege, Hof, Gehweg - Markt-XXL\" \/>\n<meta property=\"og:description\" content=\"Markt-XXL Qhou Solarleuchten\/Solarlampen f\u00fcr Au\u00dfen Garten, 6 St\u00fcck LED Gartenbeleuchtung Solar mit Erdspie\u00df,Solar Gartenleuchten Au\u00dfen, Wasserdicht Solarlampe f\u00fcr Garten Wege, Hof, Gehweg\" \/>\n<meta property=\"og:url\" content=\"https:\/\/marktxxl.de\/markt\/produkt\/qhou-solarleuchten-solarlampen-fuer-aussen-garten-6-stueck-led-gartenbeleuchtung-solar-mit-erdspiesssolar-gartenleuchten-aussen-wasserdicht-solarlampe-fuer-garten-wege-hof-gehweg\/\" \/>\n<meta property=\"og:site_name\" content=\"Markt-XXL\" \/>\n<meta name=\"twitter:card\" content=\"summary_large_image\" \/>\n<meta name=\"twitter:label1\" content=\"Gesch\u00e4tzte Lesezeit\" \/>\n\t<meta name=\"twitter:data1\" content=\"1\u00a0Minute\" \/>\n<script type=\"application\/ld+json\" class=\"yoast-schema-graph\">{\"@context\":\"https:\\\/\\\/schema.org\",\"@graph\":[{\"@type\":\"WebPage\",\"@id\":\"https:\\\/\\\/marktxxl.de\\\/markt\\\/produkt\\\/qhou-solarleuchten-solarlampen-fuer-aussen-garten-6-stueck-led-gartenbeleuchtung-solar-mit-erdspiesssolar-gartenleuchten-aussen-wasserdicht-solarlampe-fuer-garten-wege-hof-gehweg\\\/\",\"url\":\"https:\\\/\\\/marktxxl.de\\\/markt\\\/produkt\\\/qhou-solarleuchten-solarlampen-fuer-aussen-garten-6-stueck-led-gartenbeleuchtung-solar-mit-erdspiesssolar-gartenleuchten-aussen-wasserdicht-solarlampe-fuer-garten-wege-hof-gehweg\\\/\",\"name\":\"Qhou Solarleuchten\\\/Solarlampen f\u00fcr Au\u00dfen Garten, 6 St\u00fcck LED Gartenbeleuchtung Solar mit Erdspie\u00df,Solar Gartenleuchten Au\u00dfen, Wasserdicht Solarlampe f\u00fcr Garten Wege, Hof, Gehweg - Markt-XXL\",\"isPartOf\":{\"@id\":\"https:\\\/\\\/marktxxl.de\\\/markt\\\/#website\"},\"primaryImageOfPage\":{\"@id\":\"https:\\\/\\\/marktxxl.de\\\/markt\\\/produkt\\\/qhou-solarleuchten-solarlampen-fuer-aussen-garten-6-stueck-led-gartenbeleuchtung-solar-mit-erdspiesssolar-gartenleuchten-aussen-wasserdicht-solarlampe-fuer-garten-wege-hof-gehweg\\\/#primaryimage\"},\"image\":{\"@id\":\"https:\\\/\\\/marktxxl.de\\\/markt\\\/produkt\\\/qhou-solarleuchten-solarlampen-fuer-aussen-garten-6-stueck-led-gartenbeleuchtung-solar-mit-erdspiesssolar-gartenleuchten-aussen-wasserdicht-solarlampe-fuer-garten-wege-hof-gehweg\\\/#primaryimage\"},\"thumbnailUrl\":\"https:\\\/\\\/m.media-amazon.com\\\/images\\\/I\\\/51dzdFTZCDL._SL500_.jpg\",\"datePublished\":\"2023-05-10T07:04:21+00:00\",\"description\":\"Markt-XXL Qhou Solarleuchten\\\/Solarlampen f\u00fcr Au\u00dfen Garten, 6 St\u00fcck LED Gartenbeleuchtung Solar mit Erdspie\u00df,Solar Gartenleuchten Au\u00dfen, Wasserdicht Solarlampe f\u00fcr Garten Wege, Hof, Gehweg\",\"breadcrumb\":{\"@id\":\"https:\\\/\\\/marktxxl.de\\\/markt\\\/produkt\\\/qhou-solarleuchten-solarlampen-fuer-aussen-garten-6-stueck-led-gartenbeleuchtung-solar-mit-erdspiesssolar-gartenleuchten-aussen-wasserdicht-solarlampe-fuer-garten-wege-hof-gehweg\\\/#breadcrumb\"},\"inLanguage\":\"de\",\"potentialAction\":[{\"@type\":\"ReadAction\",\"target\":[\"https:\\\/\\\/marktxxl.de\\\/markt\\\/produkt\\\/qhou-solarleuchten-solarlampen-fuer-aussen-garten-6-stueck-led-gartenbeleuchtung-solar-mit-erdspiesssolar-gartenleuchten-aussen-wasserdicht-solarlampe-fuer-garten-wege-hof-gehweg\\\/\"]}]},{\"@type\":\"ImageObject\",\"inLanguage\":\"de\",\"@id\":\"https:\\\/\\\/marktxxl.de\\\/markt\\\/produkt\\\/qhou-solarleuchten-solarlampen-fuer-aussen-garten-6-stueck-led-gartenbeleuchtung-solar-mit-erdspiesssolar-gartenleuchten-aussen-wasserdicht-solarlampe-fuer-garten-wege-hof-gehweg\\\/#primaryimage\",\"url\":\"https:\\\/\\\/m.media-amazon.com\\\/images\\\/I\\\/51dzdFTZCDL._SL500_.jpg\",\"contentUrl\":\"https:\\\/\\\/m.media-amazon.com\\\/images\\\/I\\\/51dzdFTZCDL._SL500_.jpg\",\"width\":400,\"height\":500},{\"@type\":\"BreadcrumbList\",\"@id\":\"https:\\\/\\\/marktxxl.de\\\/markt\\\/produkt\\\/qhou-solarleuchten-solarlampen-fuer-aussen-garten-6-stueck-led-gartenbeleuchtung-solar-mit-erdspiesssolar-gartenleuchten-aussen-wasserdicht-solarlampe-fuer-garten-wege-hof-gehweg\\\/#breadcrumb\",\"itemListElement\":[{\"@type\":\"ListItem\",\"position\":1,\"name\":\"Startseite\",\"item\":\"https:\\\/\\\/marktxxl.de\\\/markt\\\/\"},{\"@type\":\"ListItem\",\"position\":2,\"name\":\"Markt\",\"item\":\"https:\\\/\\\/marktxxl.de\\\/markt\\\/\"},{\"@type\":\"ListItem\",\"position\":3,\"name\":\"Qhou Solarleuchten\\\/Solarlampen f\u00fcr Au\u00dfen Garten, 6 St\u00fcck LED Gartenbeleuchtung Solar mit Erdspie\u00df,Solar Gartenleuchten Au\u00dfen, Wasserdicht Solarlampe f\u00fcr Garten Wege, Hof, Gehweg\"}]},{\"@type\":\"WebSite\",\"@id\":\"https:\\\/\\\/marktxxl.de\\\/markt\\\/#website\",\"url\":\"https:\\\/\\\/marktxxl.de\\\/markt\\\/\",\"name\":\"Markt-XXL\",\"description\":\"Ihr Markt Online\",\"publisher\":{\"@id\":\"https:\\\/\\\/marktxxl.de\\\/markt\\\/#organization\"},\"potentialAction\":[{\"@type\":\"SearchAction\",\"target\":{\"@type\":\"EntryPoint\",\"urlTemplate\":\"https:\\\/\\\/marktxxl.de\\\/markt\\\/?s={search_term_string}\"},\"query-input\":{\"@type\":\"PropertyValueSpecification\",\"valueRequired\":true,\"valueName\":\"search_term_string\"}}],\"inLanguage\":\"de\"},{\"@type\":\"Organization\",\"@id\":\"https:\\\/\\\/marktxxl.de\\\/markt\\\/#organization\",\"name\":\"Markt-XXL\",\"url\":\"https:\\\/\\\/marktxxl.de\\\/markt\\\/\",\"logo\":{\"@type\":\"ImageObject\",\"inLanguage\":\"de\",\"@id\":\"https:\\\/\\\/marktxxl.de\\\/markt\\\/#\\\/schema\\\/logo\\\/image\\\/\",\"url\":\"https:\\\/\\\/marktxxl.de\\\/markt\\\/wp-content\\\/uploads\\\/sites\\\/3\\\/2020\\\/12\\\/logo.png\",\"contentUrl\":\"https:\\\/\\\/marktxxl.de\\\/markt\\\/wp-content\\\/uploads\\\/sites\\\/3\\\/2020\\\/12\\\/logo.png\",\"width\":200,\"height\":70,\"caption\":\"Markt-XXL\"},\"image\":{\"@id\":\"https:\\\/\\\/marktxxl.de\\\/markt\\\/#\\\/schema\\\/logo\\\/image\\\/\"}}]}<\/script>\n<!-- \/ Yoast SEO plugin. -->","yoast_head_json":{"title":"Qhou Solarleuchten\/Solarlampen f\u00fcr Au\u00dfen Garten, 6 St\u00fcck LED Gartenbeleuchtung Solar mit Erdspie\u00df,Solar Gartenleuchten Au\u00dfen, Wasserdicht Solarlampe f\u00fcr Garten Wege, Hof, Gehweg - Markt-XXL","description":"Markt-XXL Qhou Solarleuchten\/Solarlampen f\u00fcr Au\u00dfen Garten, 6 St\u00fcck LED Gartenbeleuchtung Solar mit Erdspie\u00df,Solar Gartenleuchten Au\u00dfen, Wasserdicht Solarlampe f\u00fcr Garten Wege, Hof, Gehweg","robots":{"index":"index","follow":"follow","max-snippet":"max-snippet:-1","max-image-preview":"max-image-preview:large","max-video-preview":"max-video-preview:-1"},"canonical":"https:\/\/marktxxl.de\/markt\/produkt\/qhou-solarleuchten-solarlampen-fuer-aussen-garten-6-stueck-led-gartenbeleuchtung-solar-mit-erdspiesssolar-gartenleuchten-aussen-wasserdicht-solarlampe-fuer-garten-wege-hof-gehweg\/","og_locale":"de_DE","og_type":"article","og_title":"Qhou Solarleuchten\/Solarlampen f\u00fcr Au\u00dfen Garten, 6 St\u00fcck LED Gartenbeleuchtung Solar mit Erdspie\u00df,Solar Gartenleuchten Au\u00dfen, Wasserdicht Solarlampe f\u00fcr Garten Wege, Hof, Gehweg - Markt-XXL","og_description":"Markt-XXL Qhou Solarleuchten\/Solarlampen f\u00fcr Au\u00dfen Garten, 6 St\u00fcck LED Gartenbeleuchtung Solar mit Erdspie\u00df,Solar Gartenleuchten Au\u00dfen, Wasserdicht Solarlampe f\u00fcr Garten Wege, Hof, Gehweg","og_url":"https:\/\/marktxxl.de\/markt\/produkt\/qhou-solarleuchten-solarlampen-fuer-aussen-garten-6-stueck-led-gartenbeleuchtung-solar-mit-erdspiesssolar-gartenleuchten-aussen-wasserdicht-solarlampe-fuer-garten-wege-hof-gehweg\/","og_site_name":"Markt-XXL","twitter_card":"summary_large_image","twitter_misc":{"Gesch\u00e4tzte Lesezeit":"1\u00a0Minute"},"schema":{"@context":"https:\/\/schema.org","@graph":[{"@type":"WebPage","@id":"https:\/\/marktxxl.de\/markt\/produkt\/qhou-solarleuchten-solarlampen-fuer-aussen-garten-6-stueck-led-gartenbeleuchtung-solar-mit-erdspiesssolar-gartenleuchten-aussen-wasserdicht-solarlampe-fuer-garten-wege-hof-gehweg\/","url":"https:\/\/marktxxl.de\/markt\/produkt\/qhou-solarleuchten-solarlampen-fuer-aussen-garten-6-stueck-led-gartenbeleuchtung-solar-mit-erdspiesssolar-gartenleuchten-aussen-wasserdicht-solarlampe-fuer-garten-wege-hof-gehweg\/","name":"Qhou Solarleuchten\/Solarlampen f\u00fcr Au\u00dfen Garten, 6 St\u00fcck LED Gartenbeleuchtung Solar mit Erdspie\u00df,Solar Gartenleuchten Au\u00dfen, Wasserdicht Solarlampe f\u00fcr Garten Wege, Hof, Gehweg - Markt-XXL","isPartOf":{"@id":"https:\/\/marktxxl.de\/markt\/#website"},"primaryImageOfPage":{"@id":"https:\/\/marktxxl.de\/markt\/produkt\/qhou-solarleuchten-solarlampen-fuer-aussen-garten-6-stueck-led-gartenbeleuchtung-solar-mit-erdspiesssolar-gartenleuchten-aussen-wasserdicht-solarlampe-fuer-garten-wege-hof-gehweg\/#primaryimage"},"image":{"@id":"https:\/\/marktxxl.de\/markt\/produkt\/qhou-solarleuchten-solarlampen-fuer-aussen-garten-6-stueck-led-gartenbeleuchtung-solar-mit-erdspiesssolar-gartenleuchten-aussen-wasserdicht-solarlampe-fuer-garten-wege-hof-gehweg\/#primaryimage"},"thumbnailUrl":"https:\/\/m.media-amazon.com\/images\/I\/51dzdFTZCDL._SL500_.jpg","datePublished":"2023-05-10T07:04:21+00:00","description":"Markt-XXL Qhou Solarleuchten\/Solarlampen f\u00fcr Au\u00dfen Garten, 6 St\u00fcck LED Gartenbeleuchtung Solar mit Erdspie\u00df,Solar Gartenleuchten Au\u00dfen, Wasserdicht Solarlampe f\u00fcr Garten Wege, Hof, Gehweg","breadcrumb":{"@id":"https:\/\/marktxxl.de\/markt\/produkt\/qhou-solarleuchten-solarlampen-fuer-aussen-garten-6-stueck-led-gartenbeleuchtung-solar-mit-erdspiesssolar-gartenleuchten-aussen-wasserdicht-solarlampe-fuer-garten-wege-hof-gehweg\/#breadcrumb"},"inLanguage":"de","potentialAction":[{"@type":"ReadAction","target":["https:\/\/marktxxl.de\/markt\/produkt\/qhou-solarleuchten-solarlampen-fuer-aussen-garten-6-stueck-led-gartenbeleuchtung-solar-mit-erdspiesssolar-gartenleuchten-aussen-wasserdicht-solarlampe-fuer-garten-wege-hof-gehweg\/"]}]},{"@type":"ImageObject","inLanguage":"de","@id":"https:\/\/marktxxl.de\/markt\/produkt\/qhou-solarleuchten-solarlampen-fuer-aussen-garten-6-stueck-led-gartenbeleuchtung-solar-mit-erdspiesssolar-gartenleuchten-aussen-wasserdicht-solarlampe-fuer-garten-wege-hof-gehweg\/#primaryimage","url":"https:\/\/m.media-amazon.com\/images\/I\/51dzdFTZCDL._SL500_.jpg","contentUrl":"https:\/\/m.media-amazon.com\/images\/I\/51dzdFTZCDL._SL500_.jpg","width":400,"height":500},{"@type":"BreadcrumbList","@id":"https:\/\/marktxxl.de\/markt\/produkt\/qhou-solarleuchten-solarlampen-fuer-aussen-garten-6-stueck-led-gartenbeleuchtung-solar-mit-erdspiesssolar-gartenleuchten-aussen-wasserdicht-solarlampe-fuer-garten-wege-hof-gehweg\/#breadcrumb","itemListElement":[{"@type":"ListItem","position":1,"name":"Startseite","item":"https:\/\/marktxxl.de\/markt\/"},{"@type":"ListItem","position":2,"name":"Markt","item":"https:\/\/marktxxl.de\/markt\/"},{"@type":"ListItem","position":3,"name":"Qhou Solarleuchten\/Solarlampen f\u00fcr Au\u00dfen Garten, 6 St\u00fcck LED Gartenbeleuchtung Solar mit Erdspie\u00df,Solar Gartenleuchten Au\u00dfen, Wasserdicht Solarlampe f\u00fcr Garten Wege, Hof, Gehweg"}]},{"@type":"WebSite","@id":"https:\/\/marktxxl.de\/markt\/#website","url":"https:\/\/marktxxl.de\/markt\/","name":"Markt-XXL","description":"Ihr Markt Online","publisher":{"@id":"https:\/\/marktxxl.de\/markt\/#organization"},"potentialAction":[{"@type":"SearchAction","target":{"@type":"EntryPoint","urlTemplate":"https:\/\/marktxxl.de\/markt\/?s={search_term_string}"},"query-input":{"@type":"PropertyValueSpecification","valueRequired":true,"valueName":"search_term_string"}}],"inLanguage":"de"},{"@type":"Organization","@id":"https:\/\/marktxxl.de\/markt\/#organization","name":"Markt-XXL","url":"https:\/\/marktxxl.de\/markt\/","logo":{"@type":"ImageObject","inLanguage":"de","@id":"https:\/\/marktxxl.de\/markt\/#\/schema\/logo\/image\/","url":"https:\/\/marktxxl.de\/markt\/wp-content\/uploads\/sites\/3\/2020\/12\/logo.png","contentUrl":"https:\/\/marktxxl.de\/markt\/wp-content\/uploads\/sites\/3\/2020\/12\/logo.png","width":200,"height":70,"caption":"Markt-XXL"},"image":{"@id":"https:\/\/marktxxl.de\/markt\/#\/schema\/logo\/image\/"}}]}},"_links":{"self":[{"href":"https:\/\/marktxxl.de\/markt\/wp-json\/wp\/v2\/product\/204745","targetHints":{"allow":["GET"]}}],"collection":[{"href":"https:\/\/marktxxl.de\/markt\/wp-json\/wp\/v2\/product"}],"about":[{"href":"https:\/\/marktxxl.de\/markt\/wp-json\/wp\/v2\/types\/product"}],"replies":[{"embeddable":true,"href":"https:\/\/marktxxl.de\/markt\/wp-json\/wp\/v2\/comments?post=204745"}],"wp:featuredmedia":[{"embeddable":true,"href":"https:\/\/marktxxl.de\/markt\/wp-json\/wp\/v2\/media\/204746"}],"wp:attachment":[{"href":"https:\/\/marktxxl.de\/markt\/wp-json\/wp\/v2\/media?parent=204745"}],"wp:term":[{"taxonomy":"product_brand","embeddable":true,"href":"https:\/\/marktxxl.de\/markt\/wp-json\/wp\/v2\/product_brand?post=204745"},{"taxonomy":"product_cat","embeddable":true,"href":"https:\/\/marktxxl.de\/markt\/wp-json\/wp\/v2\/product_cat?post=204745"},{"taxonomy":"product_tag","embeddable":true,"href":"https:\/\/marktxxl.de\/markt\/wp-json\/wp\/v2\/product_tag?post=204745"}],"curies":[{"name":"wp","href":"https:\/\/api.w.org\/{rel}","templated":true}]}}