{"id":204683,"date":"2023-05-10T08:16:29","date_gmt":"2023-05-10T06:16:29","guid":{"rendered":"https:\/\/marktxxl.de\/markt\/produkt\/cozyway-baby-anti-rutsch-socken-kleinkind-socken-mit-grips-knoechel-fuer-kleinkinder-kinder-kleine-maedchen-jungen-12-36-monate\/"},"modified":"2023-05-10T08:16:29","modified_gmt":"2023-05-10T06:16:29","slug":"cozyway-baby-anti-rutsch-socken-kleinkind-socken-mit-grips-knoechel-fuer-kleinkinder-kinder-kleine-maedchen-jungen-12-36-monate","status":"publish","type":"product","link":"https:\/\/marktxxl.de\/markt\/produkt\/cozyway-baby-anti-rutsch-socken-kleinkind-socken-mit-grips-knoechel-fuer-kleinkinder-kinder-kleine-maedchen-jungen-12-36-monate\/","title":{"rendered":"CozyWay Baby-Anti-Rutsch-Socken Kleinkind-Socken mit Grips Kn\u00f6chel f\u00fcr Kleinkinder Kinder kleine M\u00e4dchen Jungen 12-36 Monate"},"content":{"rendered":"<p>PROFESSIONELLE ANTI-RUTSCH-GRIFFE: CozyWay Anti-Rutsch-Socken mit angepassten runden, gepunkteten Greifern. Die Unterseite besteht aus umweltfreundlichem Gummi in verschiedenen Gr\u00f6\u00dfen, kleiner an den R\u00e4ndern, gr\u00f6\u00dfer in der Mitte, und unterst\u00fctzt die aktiven kleinen Jungen und M\u00e4dchen effizient beim Laufen oder auf dem Boden krabbeln oder auf der Rutsche oder dem Trampolin spielen.<br \/>\nSMOOTH HEEL TAB: Die Fersenlaschen um die Kn\u00f6chelmanschette erleichtern das An- und Ausziehen dieser Babysocken mit Griff und sorgen f\u00fcr ein glattes Gef\u00fchl, das Blasen reduziert und die empfindlichen Kinderf\u00fc\u00dfe sch\u00fctzt.<br \/>\nEINFACHE PASSFORM: Im Gegensatz zu anderen superdicken, rutschfesten Babysocken bestehen diese rutschfesten Socken aus hochwertiger gek\u00e4mmter Baumwolle mit mittlerer Dicke. Sie sind sehr atmungsaktiv und dehnbar, passen problemlos in Schuhe und sind f\u00fcr jede Jahreszeit geeignet. 0-6 M (Schuhgr\u00f6\u00dfe 0-1); 6-12M (Schuhgr\u00f6\u00dfe 1-4); 12-36M (Schuhgr\u00f6\u00dfe 5-9); 3-5T (Schuhgr\u00f6\u00dfe 9-11)<br \/>\nBequemer Kn\u00f6chelgummi: In Anbetracht der weichen Haut von Babys ist der Gummizug um den Kn\u00f6chelbereich nicht eng, was weniger Druck auf den empfindlichen Kn\u00f6chel des Kindes aus\u00fcbt und den F\u00fc\u00dfen mehr Raum zum Atmen gibt.<br \/>\nSPARPAKET: 12\/6 Paar griffige S\u00f6ckchen mit vielen Farbvarianten zu einem sehr g\u00fcnstigen Preis, einschlie\u00dflich Unisex-Basisfarbe (Wei\u00df, Schwarz, Grau) und Lieblingsfarbe f\u00fcr M\u00e4dchen (Pink, Violett, Lavendel), Lieblingsfarbe f\u00fcr Jungen (Marineblau, Blau). , hellblau). Griffsocken f\u00fcr S\u00e4uglinge von 6\u201312 Monaten, Kleinkinder Jungen oder M\u00e4dchen von 12\u201336 Monaten und Kleinkinder von 3\u20135 Jahren. Passend f\u00fcr Kinderschuhgr\u00f6\u00dfe von 1 bis 11.<br \/>\n<div class=\"main-cross-sell\" data-asin=\"B081PG3WP5\">\n\n\t<div class=\"WooZone-cross-sell-loader\">\n\t\t<div>\n\t\t\t<div id=\"floatingBarsG\">\n\t\t\t\t<div class=\"blockG\" id=\"rotateG_01\"><\/div>\n\t\t\t\t<div class=\"blockG\" id=\"rotateG_02\"><\/div>\n\t\t\t\t<div class=\"blockG\" id=\"rotateG_03\"><\/div>\n\t\t\t\t<div class=\"blockG\" id=\"rotateG_04\"><\/div>\n\t\t\t\t<div class=\"blockG\" id=\"rotateG_05\"><\/div>\n\t\t\t\t<div class=\"blockG\" id=\"rotateG_06\"><\/div>\n\t\t\t\t<div class=\"blockG\" id=\"rotateG_07\"><\/div>\n\t\t\t\t<div class=\"blockG\" id=\"rotateG_08\"><\/div>\n\t\t\t<\/div>\n\t\t\t<div class=\"WooZone-cross-sell-loader-text\"><\/div>\n\t\t<\/div>\n\t<\/div>\n\n\t\t\n<\/div>\n<div style=\"clear:both;\"><\/div><\/p>\n","protected":false},"excerpt":{"rendered":"<p>PROFESSIONELLE ANTI-RUTSCH-GRIFFE: CozyWay Anti-Rutsch-Socken mit angepassten runden, gepunkteten Greifern. Die Unterseite besteht aus umweltfreundlichem Gummi in verschiedenen Gr\u00f6\u00dfen, kleiner an den R\u00e4ndern, gr\u00f6\u00dfer in der Mitte, und unterst\u00fctzt die aktiven kleinen Jungen und M\u00e4dchen effizient beim Laufen oder auf dem Boden krabbeln oder auf der Rutsche oder dem Trampolin spielen.<br \/>\nSMOOTH HEEL TAB: Die Fersenlaschen um die Kn\u00f6chelmanschette erleichtern das An- und Ausziehen dieser Babysocken mit Griff und sorgen f\u00fcr ein glattes Gef\u00fchl, das Blasen reduziert und die empfindlichen Kinderf\u00fc\u00dfe sch\u00fctzt.<br \/>\nEINFACHE PASSFORM: Im Gegensatz zu anderen superdicken, rutschfesten Babysocken bestehen diese rutschfesten Socken aus hochwertiger gek\u00e4mmter Baumwolle mit mittlerer Dicke. Sie sind sehr atmungsaktiv und dehnbar, passen problemlos in Schuhe und sind f\u00fcr jede Jahreszeit geeignet. 0-6 M (Schuhgr\u00f6\u00dfe 0-1); 6-12M (Schuhgr\u00f6\u00dfe 1-4); 12-36M (Schuhgr\u00f6\u00dfe 5-9); 3-5T (Schuhgr\u00f6\u00dfe 9-11)<\/p>\n","protected":false},"featured_media":204684,"comment_status":"open","ping_status":"closed","template":"","meta":[],"product_brand":[],"product_cat":[4054,1186],"product_tag":[],"class_list":{"0":"post-204683","1":"product","2":"type-product","3":"status-publish","4":"has-post-thumbnail","6":"product_cat-baby-bekleidung","7":"product_cat-bekleidung","8":"pa_binding-textilien","9":"pa_brand-cozyway","10":"pa_brand-thames-hudson","11":"pa_manufacturer-cozyway","12":"pa_model-socks","13":"pa_size-1-3-jahre","15":"first","16":"instock","17":"shipping-taxable","18":"purchasable","19":"product-type-simple","20":"customify-col","21":"product-has-gallery"},"yoast_head":"<!-- This site is optimized with the Yoast SEO plugin v27.3 - https:\/\/yoast.com\/product\/yoast-seo-wordpress\/ -->\n<title>CozyWay Baby-Anti-Rutsch-Socken Kleinkind-Socken mit Grips Kn\u00f6chel f\u00fcr Kleinkinder Kinder kleine M\u00e4dchen Jungen 12-36 Monate - Markt-XXL<\/title>\n<meta name=\"description\" content=\"Markt-XXL CozyWay Baby-Anti-Rutsch-Socken Kleinkind-Socken mit Grips Kn\u00f6chel f\u00fcr Kleinkinder Kinder kleine M\u00e4dchen Jungen 12-36 Monate\" \/>\n<meta name=\"robots\" content=\"index, follow, max-snippet:-1, max-image-preview:large, max-video-preview:-1\" \/>\n<link rel=\"canonical\" href=\"https:\/\/marktxxl.de\/markt\/produkt\/cozyway-baby-anti-rutsch-socken-kleinkind-socken-mit-grips-knoechel-fuer-kleinkinder-kinder-kleine-maedchen-jungen-12-36-monate\/\" \/>\n<meta property=\"og:locale\" content=\"de_DE\" \/>\n<meta property=\"og:type\" content=\"article\" \/>\n<meta property=\"og:title\" content=\"CozyWay Baby-Anti-Rutsch-Socken Kleinkind-Socken mit Grips Kn\u00f6chel f\u00fcr Kleinkinder Kinder kleine M\u00e4dchen Jungen 12-36 Monate - Markt-XXL\" \/>\n<meta property=\"og:description\" content=\"Markt-XXL CozyWay Baby-Anti-Rutsch-Socken Kleinkind-Socken mit Grips Kn\u00f6chel f\u00fcr Kleinkinder Kinder kleine M\u00e4dchen Jungen 12-36 Monate\" \/>\n<meta property=\"og:url\" content=\"https:\/\/marktxxl.de\/markt\/produkt\/cozyway-baby-anti-rutsch-socken-kleinkind-socken-mit-grips-knoechel-fuer-kleinkinder-kinder-kleine-maedchen-jungen-12-36-monate\/\" \/>\n<meta property=\"og:site_name\" content=\"Markt-XXL\" \/>\n<meta name=\"twitter:card\" content=\"summary_large_image\" \/>\n<meta name=\"twitter:label1\" content=\"Gesch\u00e4tzte Lesezeit\" \/>\n\t<meta name=\"twitter:data1\" content=\"1\u00a0Minute\" \/>\n<script type=\"application\/ld+json\" class=\"yoast-schema-graph\">{\"@context\":\"https:\\\/\\\/schema.org\",\"@graph\":[{\"@type\":\"WebPage\",\"@id\":\"https:\\\/\\\/marktxxl.de\\\/markt\\\/produkt\\\/cozyway-baby-anti-rutsch-socken-kleinkind-socken-mit-grips-knoechel-fuer-kleinkinder-kinder-kleine-maedchen-jungen-12-36-monate\\\/\",\"url\":\"https:\\\/\\\/marktxxl.de\\\/markt\\\/produkt\\\/cozyway-baby-anti-rutsch-socken-kleinkind-socken-mit-grips-knoechel-fuer-kleinkinder-kinder-kleine-maedchen-jungen-12-36-monate\\\/\",\"name\":\"CozyWay Baby-Anti-Rutsch-Socken Kleinkind-Socken mit Grips Kn\u00f6chel f\u00fcr Kleinkinder Kinder kleine M\u00e4dchen Jungen 12-36 Monate - Markt-XXL\",\"isPartOf\":{\"@id\":\"https:\\\/\\\/marktxxl.de\\\/markt\\\/#website\"},\"primaryImageOfPage\":{\"@id\":\"https:\\\/\\\/marktxxl.de\\\/markt\\\/produkt\\\/cozyway-baby-anti-rutsch-socken-kleinkind-socken-mit-grips-knoechel-fuer-kleinkinder-kinder-kleine-maedchen-jungen-12-36-monate\\\/#primaryimage\"},\"image\":{\"@id\":\"https:\\\/\\\/marktxxl.de\\\/markt\\\/produkt\\\/cozyway-baby-anti-rutsch-socken-kleinkind-socken-mit-grips-knoechel-fuer-kleinkinder-kinder-kleine-maedchen-jungen-12-36-monate\\\/#primaryimage\"},\"thumbnailUrl\":\"https:\\\/\\\/m.media-amazon.com\\\/images\\\/I\\\/51g4GYsPUkL._SL500_.jpg\",\"datePublished\":\"2023-05-10T06:16:29+00:00\",\"description\":\"Markt-XXL CozyWay Baby-Anti-Rutsch-Socken Kleinkind-Socken mit Grips Kn\u00f6chel f\u00fcr Kleinkinder Kinder kleine M\u00e4dchen Jungen 12-36 Monate\",\"breadcrumb\":{\"@id\":\"https:\\\/\\\/marktxxl.de\\\/markt\\\/produkt\\\/cozyway-baby-anti-rutsch-socken-kleinkind-socken-mit-grips-knoechel-fuer-kleinkinder-kinder-kleine-maedchen-jungen-12-36-monate\\\/#breadcrumb\"},\"inLanguage\":\"de\",\"potentialAction\":[{\"@type\":\"ReadAction\",\"target\":[\"https:\\\/\\\/marktxxl.de\\\/markt\\\/produkt\\\/cozyway-baby-anti-rutsch-socken-kleinkind-socken-mit-grips-knoechel-fuer-kleinkinder-kinder-kleine-maedchen-jungen-12-36-monate\\\/\"]}]},{\"@type\":\"ImageObject\",\"inLanguage\":\"de\",\"@id\":\"https:\\\/\\\/marktxxl.de\\\/markt\\\/produkt\\\/cozyway-baby-anti-rutsch-socken-kleinkind-socken-mit-grips-knoechel-fuer-kleinkinder-kinder-kleine-maedchen-jungen-12-36-monate\\\/#primaryimage\",\"url\":\"https:\\\/\\\/m.media-amazon.com\\\/images\\\/I\\\/51g4GYsPUkL._SL500_.jpg\",\"contentUrl\":\"https:\\\/\\\/m.media-amazon.com\\\/images\\\/I\\\/51g4GYsPUkL._SL500_.jpg\",\"width\":500,\"height\":500},{\"@type\":\"BreadcrumbList\",\"@id\":\"https:\\\/\\\/marktxxl.de\\\/markt\\\/produkt\\\/cozyway-baby-anti-rutsch-socken-kleinkind-socken-mit-grips-knoechel-fuer-kleinkinder-kinder-kleine-maedchen-jungen-12-36-monate\\\/#breadcrumb\",\"itemListElement\":[{\"@type\":\"ListItem\",\"position\":1,\"name\":\"Startseite\",\"item\":\"https:\\\/\\\/marktxxl.de\\\/markt\\\/\"},{\"@type\":\"ListItem\",\"position\":2,\"name\":\"Markt\",\"item\":\"https:\\\/\\\/marktxxl.de\\\/markt\\\/\"},{\"@type\":\"ListItem\",\"position\":3,\"name\":\"CozyWay Baby-Anti-Rutsch-Socken Kleinkind-Socken mit Grips Kn\u00f6chel f\u00fcr Kleinkinder Kinder kleine M\u00e4dchen Jungen 12-36 Monate\"}]},{\"@type\":\"WebSite\",\"@id\":\"https:\\\/\\\/marktxxl.de\\\/markt\\\/#website\",\"url\":\"https:\\\/\\\/marktxxl.de\\\/markt\\\/\",\"name\":\"Markt-XXL\",\"description\":\"Ihr Markt Online\",\"publisher\":{\"@id\":\"https:\\\/\\\/marktxxl.de\\\/markt\\\/#organization\"},\"potentialAction\":[{\"@type\":\"SearchAction\",\"target\":{\"@type\":\"EntryPoint\",\"urlTemplate\":\"https:\\\/\\\/marktxxl.de\\\/markt\\\/?s={search_term_string}\"},\"query-input\":{\"@type\":\"PropertyValueSpecification\",\"valueRequired\":true,\"valueName\":\"search_term_string\"}}],\"inLanguage\":\"de\"},{\"@type\":\"Organization\",\"@id\":\"https:\\\/\\\/marktxxl.de\\\/markt\\\/#organization\",\"name\":\"Markt-XXL\",\"url\":\"https:\\\/\\\/marktxxl.de\\\/markt\\\/\",\"logo\":{\"@type\":\"ImageObject\",\"inLanguage\":\"de\",\"@id\":\"https:\\\/\\\/marktxxl.de\\\/markt\\\/#\\\/schema\\\/logo\\\/image\\\/\",\"url\":\"https:\\\/\\\/marktxxl.de\\\/markt\\\/wp-content\\\/uploads\\\/sites\\\/3\\\/2020\\\/12\\\/logo.png\",\"contentUrl\":\"https:\\\/\\\/marktxxl.de\\\/markt\\\/wp-content\\\/uploads\\\/sites\\\/3\\\/2020\\\/12\\\/logo.png\",\"width\":200,\"height\":70,\"caption\":\"Markt-XXL\"},\"image\":{\"@id\":\"https:\\\/\\\/marktxxl.de\\\/markt\\\/#\\\/schema\\\/logo\\\/image\\\/\"}}]}<\/script>\n<!-- \/ Yoast SEO plugin. -->","yoast_head_json":{"title":"CozyWay Baby-Anti-Rutsch-Socken Kleinkind-Socken mit Grips Kn\u00f6chel f\u00fcr Kleinkinder Kinder kleine M\u00e4dchen Jungen 12-36 Monate - Markt-XXL","description":"Markt-XXL CozyWay Baby-Anti-Rutsch-Socken Kleinkind-Socken mit Grips Kn\u00f6chel f\u00fcr Kleinkinder Kinder kleine M\u00e4dchen Jungen 12-36 Monate","robots":{"index":"index","follow":"follow","max-snippet":"max-snippet:-1","max-image-preview":"max-image-preview:large","max-video-preview":"max-video-preview:-1"},"canonical":"https:\/\/marktxxl.de\/markt\/produkt\/cozyway-baby-anti-rutsch-socken-kleinkind-socken-mit-grips-knoechel-fuer-kleinkinder-kinder-kleine-maedchen-jungen-12-36-monate\/","og_locale":"de_DE","og_type":"article","og_title":"CozyWay Baby-Anti-Rutsch-Socken Kleinkind-Socken mit Grips Kn\u00f6chel f\u00fcr Kleinkinder Kinder kleine M\u00e4dchen Jungen 12-36 Monate - Markt-XXL","og_description":"Markt-XXL CozyWay Baby-Anti-Rutsch-Socken Kleinkind-Socken mit Grips Kn\u00f6chel f\u00fcr Kleinkinder Kinder kleine M\u00e4dchen Jungen 12-36 Monate","og_url":"https:\/\/marktxxl.de\/markt\/produkt\/cozyway-baby-anti-rutsch-socken-kleinkind-socken-mit-grips-knoechel-fuer-kleinkinder-kinder-kleine-maedchen-jungen-12-36-monate\/","og_site_name":"Markt-XXL","twitter_card":"summary_large_image","twitter_misc":{"Gesch\u00e4tzte Lesezeit":"1\u00a0Minute"},"schema":{"@context":"https:\/\/schema.org","@graph":[{"@type":"WebPage","@id":"https:\/\/marktxxl.de\/markt\/produkt\/cozyway-baby-anti-rutsch-socken-kleinkind-socken-mit-grips-knoechel-fuer-kleinkinder-kinder-kleine-maedchen-jungen-12-36-monate\/","url":"https:\/\/marktxxl.de\/markt\/produkt\/cozyway-baby-anti-rutsch-socken-kleinkind-socken-mit-grips-knoechel-fuer-kleinkinder-kinder-kleine-maedchen-jungen-12-36-monate\/","name":"CozyWay Baby-Anti-Rutsch-Socken Kleinkind-Socken mit Grips Kn\u00f6chel f\u00fcr Kleinkinder Kinder kleine M\u00e4dchen Jungen 12-36 Monate - Markt-XXL","isPartOf":{"@id":"https:\/\/marktxxl.de\/markt\/#website"},"primaryImageOfPage":{"@id":"https:\/\/marktxxl.de\/markt\/produkt\/cozyway-baby-anti-rutsch-socken-kleinkind-socken-mit-grips-knoechel-fuer-kleinkinder-kinder-kleine-maedchen-jungen-12-36-monate\/#primaryimage"},"image":{"@id":"https:\/\/marktxxl.de\/markt\/produkt\/cozyway-baby-anti-rutsch-socken-kleinkind-socken-mit-grips-knoechel-fuer-kleinkinder-kinder-kleine-maedchen-jungen-12-36-monate\/#primaryimage"},"thumbnailUrl":"https:\/\/m.media-amazon.com\/images\/I\/51g4GYsPUkL._SL500_.jpg","datePublished":"2023-05-10T06:16:29+00:00","description":"Markt-XXL CozyWay Baby-Anti-Rutsch-Socken Kleinkind-Socken mit Grips Kn\u00f6chel f\u00fcr Kleinkinder Kinder kleine M\u00e4dchen Jungen 12-36 Monate","breadcrumb":{"@id":"https:\/\/marktxxl.de\/markt\/produkt\/cozyway-baby-anti-rutsch-socken-kleinkind-socken-mit-grips-knoechel-fuer-kleinkinder-kinder-kleine-maedchen-jungen-12-36-monate\/#breadcrumb"},"inLanguage":"de","potentialAction":[{"@type":"ReadAction","target":["https:\/\/marktxxl.de\/markt\/produkt\/cozyway-baby-anti-rutsch-socken-kleinkind-socken-mit-grips-knoechel-fuer-kleinkinder-kinder-kleine-maedchen-jungen-12-36-monate\/"]}]},{"@type":"ImageObject","inLanguage":"de","@id":"https:\/\/marktxxl.de\/markt\/produkt\/cozyway-baby-anti-rutsch-socken-kleinkind-socken-mit-grips-knoechel-fuer-kleinkinder-kinder-kleine-maedchen-jungen-12-36-monate\/#primaryimage","url":"https:\/\/m.media-amazon.com\/images\/I\/51g4GYsPUkL._SL500_.jpg","contentUrl":"https:\/\/m.media-amazon.com\/images\/I\/51g4GYsPUkL._SL500_.jpg","width":500,"height":500},{"@type":"BreadcrumbList","@id":"https:\/\/marktxxl.de\/markt\/produkt\/cozyway-baby-anti-rutsch-socken-kleinkind-socken-mit-grips-knoechel-fuer-kleinkinder-kinder-kleine-maedchen-jungen-12-36-monate\/#breadcrumb","itemListElement":[{"@type":"ListItem","position":1,"name":"Startseite","item":"https:\/\/marktxxl.de\/markt\/"},{"@type":"ListItem","position":2,"name":"Markt","item":"https:\/\/marktxxl.de\/markt\/"},{"@type":"ListItem","position":3,"name":"CozyWay Baby-Anti-Rutsch-Socken Kleinkind-Socken mit Grips Kn\u00f6chel f\u00fcr Kleinkinder Kinder kleine M\u00e4dchen Jungen 12-36 Monate"}]},{"@type":"WebSite","@id":"https:\/\/marktxxl.de\/markt\/#website","url":"https:\/\/marktxxl.de\/markt\/","name":"Markt-XXL","description":"Ihr Markt Online","publisher":{"@id":"https:\/\/marktxxl.de\/markt\/#organization"},"potentialAction":[{"@type":"SearchAction","target":{"@type":"EntryPoint","urlTemplate":"https:\/\/marktxxl.de\/markt\/?s={search_term_string}"},"query-input":{"@type":"PropertyValueSpecification","valueRequired":true,"valueName":"search_term_string"}}],"inLanguage":"de"},{"@type":"Organization","@id":"https:\/\/marktxxl.de\/markt\/#organization","name":"Markt-XXL","url":"https:\/\/marktxxl.de\/markt\/","logo":{"@type":"ImageObject","inLanguage":"de","@id":"https:\/\/marktxxl.de\/markt\/#\/schema\/logo\/image\/","url":"https:\/\/marktxxl.de\/markt\/wp-content\/uploads\/sites\/3\/2020\/12\/logo.png","contentUrl":"https:\/\/marktxxl.de\/markt\/wp-content\/uploads\/sites\/3\/2020\/12\/logo.png","width":200,"height":70,"caption":"Markt-XXL"},"image":{"@id":"https:\/\/marktxxl.de\/markt\/#\/schema\/logo\/image\/"}}]}},"_links":{"self":[{"href":"https:\/\/marktxxl.de\/markt\/wp-json\/wp\/v2\/product\/204683","targetHints":{"allow":["GET"]}}],"collection":[{"href":"https:\/\/marktxxl.de\/markt\/wp-json\/wp\/v2\/product"}],"about":[{"href":"https:\/\/marktxxl.de\/markt\/wp-json\/wp\/v2\/types\/product"}],"replies":[{"embeddable":true,"href":"https:\/\/marktxxl.de\/markt\/wp-json\/wp\/v2\/comments?post=204683"}],"wp:featuredmedia":[{"embeddable":true,"href":"https:\/\/marktxxl.de\/markt\/wp-json\/wp\/v2\/media\/204684"}],"wp:attachment":[{"href":"https:\/\/marktxxl.de\/markt\/wp-json\/wp\/v2\/media?parent=204683"}],"wp:term":[{"taxonomy":"product_brand","embeddable":true,"href":"https:\/\/marktxxl.de\/markt\/wp-json\/wp\/v2\/product_brand?post=204683"},{"taxonomy":"product_cat","embeddable":true,"href":"https:\/\/marktxxl.de\/markt\/wp-json\/wp\/v2\/product_cat?post=204683"},{"taxonomy":"product_tag","embeddable":true,"href":"https:\/\/marktxxl.de\/markt\/wp-json\/wp\/v2\/product_tag?post=204683"}],"curies":[{"name":"wp","href":"https:\/\/api.w.org\/{rel}","templated":true}]}}