{"id":204436,"date":"2023-05-10T07:16:50","date_gmt":"2023-05-10T05:16:50","guid":{"rendered":"https:\/\/marktxxl.de\/markt\/produkt\/beamer-akatuo-wifi-bluetooth-beamer-8000-lumen-full-hd-1080p-unterstuetzt-heimkino-video-beamer-tragbarer-filmprojektor-kompatibel-mit-hdmi-usb-vga-av-tf-smartphones-laptops-tv-stick-box\/"},"modified":"2023-05-10T07:16:50","modified_gmt":"2023-05-10T05:16:50","slug":"beamer-akatuo-wifi-bluetooth-beamer-8000-lumen-full-hd-1080p-unterstuetzt-heimkino-video-beamer-tragbarer-filmprojektor-kompatibel-mit-hdmi-usb-vga-av-tf-smartphones-laptops-tv-stick-box","status":"publish","type":"product","link":"https:\/\/marktxxl.de\/markt\/produkt\/beamer-akatuo-wifi-bluetooth-beamer-8000-lumen-full-hd-1080p-unterstuetzt-heimkino-video-beamer-tragbarer-filmprojektor-kompatibel-mit-hdmi-usb-vga-av-tf-smartphones-laptops-tv-stick-box\/","title":{"rendered":"Beamer, AKATUO WiFi Bluetooth Beamer 8000 Lumen, Full HD 1080P Unterst\u00fctzt Heimkino Video Beamer, Tragbarer Filmprojektor, Kompatibel mit HDMI USB VGA AV TF, Smartphones, Laptops, TV Stick\/Box"},"content":{"rendered":"<p>\u301080 % Hellere Bilder als Vergleichbare Beamer\u3011 2023 Verbesserter Mini Film Beamer mit 8000:1 Kontrastverh\u00e4ltnis, unterst\u00fctzter 1080p-Aufl\u00f6sung (1280x720P), liefert 80 % hellere Bilder als vergleichbare Beamer auf dem Markt. Es bietet Ihnen ein lebendiges und farbenfrohes Bild und bietet Ihnen ein echtes Kinoerlebnis, entweder f\u00fcr Heimnachtfilme oder f\u00fcr abendliche Aktivit\u00e4ten mit Familien oder mit Freunden.<br \/>\n\u3010Bequeme WiFi Verbindung\u3011 Verbinden Sie Ger\u00e4te \u00fcber WiFi mit unserem Beamer. Wir haben ZWEI Dinge aktualisiert, um die Verwendung zu vereinfachen: (1) Aktualisieren Sie die Schritte f\u00fcr die WiFi-Verbindung, machen Sie es einfacher und stabiler (2) Aktualisieren Sie die WiFi-Verbindungsgeschwindigkeit, Sie k\u00f6nnen WiFi schneller verbinden. Wenn Sie also unseren WiFi Beamer besitzen, k\u00f6nnen Sie ihn jederzeit und \u00fcberall genie\u00dfen<br \/>\n\u3010Beamer mit Bluetooth \u3011Ja! Es ist ein Bluetooth Beamer. Sie k\u00f6nnen jederzeit und \u00fcberall drahtlos mit Ihrem Bluetooth-Lautsprecher, Kopfh\u00f6rer und Soundbar koppeln. F\u00fcr Abendessen im Freien oder Partyzeit k\u00f6nnen Sie externe Lautsprecher anschlie\u00dfen, der Klang wird stark verbessert. Wenn Sie Familie oder Nachbarn beim Ansehen von Filmen in der Nacht nicht bel\u00e4stigen m\u00f6chten, k\u00f6nnen Sie Bluetooth-Kopfh\u00f6rer anschlie\u00dfen. Wir tun alles, was wir k\u00f6nnen, um Ihnen ein ideales Heimkino zu bieten.<br \/>\n\u3010Mehrere Anschl\u00fcsse und Verbindungen\u3011 Mit HDMI-, USB-, TF-, AV-, VGA-Anschl\u00fcssen, Kopfh\u00f6rer-Klinkenkabel und HDMI-Kabel, AV-Kabel im Paket enthalten, kann der Beamer an fast alle Ger\u00e4te im t\u00e4glichen Leben angeschlossen werden, z.B.: Laptop, TV-Box \/ Stick, PS4, XBox, Mobiltelefon, Tablet, USB-Sticks, Externe Festplatte, DVD-Player, Desktop-Computer, Lautsprecher usw.<br \/>\n\u3010Einfache Installation und Einfache Anpassung\u3011 Neben dem direkten Aufstellen auf einen Tisch k\u00f6nnen Sie es auch mit einem Projektorstativ auf dem Boden oder der Decke, vor oder hinter der Leinwand installieren (Stativ nicht im Paket enthalten). Drehen Sie zur Anpassung den Fokusknopf am Beamer, um ein klares Bild zu erhalten, und drehen Sie den Keystone-Knopf, um ein rechteckiges Bild zu erhalten, und das war&#8217;s. Sobald das Paket eingegangen ist, beginnt der Spa\u00df.<br \/>\n<div class=\"main-cross-sell\" data-asin=\"B0BXPG3R3N\">\n\n\t<div class=\"WooZone-cross-sell-loader\">\n\t\t<div>\n\t\t\t<div id=\"floatingBarsG\">\n\t\t\t\t<div class=\"blockG\" id=\"rotateG_01\"><\/div>\n\t\t\t\t<div class=\"blockG\" id=\"rotateG_02\"><\/div>\n\t\t\t\t<div class=\"blockG\" id=\"rotateG_03\"><\/div>\n\t\t\t\t<div class=\"blockG\" id=\"rotateG_04\"><\/div>\n\t\t\t\t<div class=\"blockG\" id=\"rotateG_05\"><\/div>\n\t\t\t\t<div class=\"blockG\" id=\"rotateG_06\"><\/div>\n\t\t\t\t<div class=\"blockG\" id=\"rotateG_07\"><\/div>\n\t\t\t\t<div class=\"blockG\" id=\"rotateG_08\"><\/div>\n\t\t\t<\/div>\n\t\t\t<div class=\"WooZone-cross-sell-loader-text\"><\/div>\n\t\t<\/div>\n\t<\/div>\n\n\t\t\n<\/div>\n<div style=\"clear:both;\"><\/div><\/p>\n","protected":false},"excerpt":{"rendered":"<p>\u301080 % Hellere Bilder als Vergleichbare Beamer\u3011 2023 Verbesserter Mini Film Beamer mit 8000:1 Kontrastverh\u00e4ltnis, unterst\u00fctzter 1080p-Aufl\u00f6sung (1280x720P), liefert 80 % hellere Bilder als vergleichbare Beamer auf dem Markt. Es bietet Ihnen ein lebendiges und farbenfrohes Bild und bietet Ihnen ein echtes Kinoerlebnis, entweder f\u00fcr Heimnachtfilme oder f\u00fcr abendliche Aktivit\u00e4ten mit Familien oder mit Freunden.<br \/>\n\u3010Bequeme WiFi Verbindung\u3011 Verbinden Sie Ger\u00e4te \u00fcber WiFi mit unserem Beamer. Wir haben ZWEI Dinge aktualisiert, um die Verwendung zu vereinfachen: (1) Aktualisieren Sie die Schritte f\u00fcr die WiFi-Verbindung, machen Sie es einfacher und stabiler (2) Aktualisieren Sie die WiFi-Verbindungsgeschwindigkeit, Sie k\u00f6nnen WiFi schneller verbinden. Wenn Sie also unseren WiFi Beamer besitzen, k\u00f6nnen Sie ihn jederzeit und \u00fcberall genie\u00dfen<br \/>\n\u3010Beamer mit Bluetooth \u3011Ja! Es ist ein Bluetooth Beamer. Sie k\u00f6nnen jederzeit und \u00fcberall drahtlos mit Ihrem Bluetooth-Lautsprecher, Kopfh\u00f6rer und Soundbar koppeln. F\u00fcr Abendessen im Freien oder Partyzeit k\u00f6nnen Sie externe Lautsprecher anschlie\u00dfen, der Klang wird stark verbessert. Wenn Sie Familie oder Nachbarn beim Ansehen von Filmen in der Nacht nicht bel\u00e4stigen m\u00f6chten, k\u00f6nnen Sie Bluetooth-Kopfh\u00f6rer anschlie\u00dfen. Wir tun alles, was wir k\u00f6nnen, um Ihnen ein ideales Heimkino zu bieten.<\/p>\n","protected":false},"featured_media":204437,"comment_status":"open","ping_status":"closed","template":"","meta":[],"product_brand":[],"product_cat":[504,8208],"product_tag":[],"class_list":{"0":"post-204436","1":"product","2":"type-product","3":"status-publish","4":"has-post-thumbnail","6":"product_cat-buerobedarf-schreibwaren","7":"product_cat-bueroelektronik","8":"pa_binding-elektronik","9":"pa_brand-akatuo","10":"pa_manufacturer-kuayue","11":"pa_model-ak-68","13":"first","14":"instock","15":"sale","16":"shipping-taxable","17":"purchasable","18":"product-type-simple","19":"customify-col","20":"product-has-gallery"},"yoast_head":"<!-- This site is optimized with the Yoast SEO plugin v27.4 - https:\/\/yoast.com\/product\/yoast-seo-wordpress\/ -->\n<title>Beamer, AKATUO WiFi Bluetooth Beamer 8000 Lumen, Full HD 1080P Unterst\u00fctzt Heimkino Video Beamer, Tragbarer Filmprojektor, Kompatibel mit HDMI USB VGA AV TF, Smartphones, Laptops, TV Stick\/Box - Markt-XXL<\/title>\n<meta name=\"description\" content=\"Markt-XXL Beamer, AKATUO WiFi Bluetooth Beamer 8000 Lumen, Full HD 1080P Unterst\u00fctzt Heimkino Video Beamer, Tragbarer Filmprojektor, Kompatibel mit HDMI USB VGA AV TF, Smartphones, Laptops, TV Stick\/Box\" \/>\n<meta name=\"robots\" content=\"index, follow, max-snippet:-1, max-image-preview:large, max-video-preview:-1\" \/>\n<link rel=\"canonical\" href=\"https:\/\/marktxxl.de\/markt\/produkt\/beamer-akatuo-wifi-bluetooth-beamer-8000-lumen-full-hd-1080p-unterstuetzt-heimkino-video-beamer-tragbarer-filmprojektor-kompatibel-mit-hdmi-usb-vga-av-tf-smartphones-laptops-tv-stick-box\/\" \/>\n<meta property=\"og:locale\" content=\"de_DE\" \/>\n<meta property=\"og:type\" content=\"article\" \/>\n<meta property=\"og:title\" content=\"Beamer, AKATUO WiFi Bluetooth Beamer 8000 Lumen, Full HD 1080P Unterst\u00fctzt Heimkino Video Beamer, Tragbarer Filmprojektor, Kompatibel mit HDMI USB VGA AV TF, Smartphones, Laptops, TV Stick\/Box - Markt-XXL\" \/>\n<meta property=\"og:description\" content=\"Markt-XXL Beamer, AKATUO WiFi Bluetooth Beamer 8000 Lumen, Full HD 1080P Unterst\u00fctzt Heimkino Video Beamer, Tragbarer Filmprojektor, Kompatibel mit HDMI USB VGA AV TF, Smartphones, Laptops, TV Stick\/Box\" \/>\n<meta property=\"og:url\" content=\"https:\/\/marktxxl.de\/markt\/produkt\/beamer-akatuo-wifi-bluetooth-beamer-8000-lumen-full-hd-1080p-unterstuetzt-heimkino-video-beamer-tragbarer-filmprojektor-kompatibel-mit-hdmi-usb-vga-av-tf-smartphones-laptops-tv-stick-box\/\" \/>\n<meta property=\"og:site_name\" content=\"Markt-XXL\" \/>\n<meta name=\"twitter:card\" content=\"summary_large_image\" \/>\n<meta name=\"twitter:label1\" content=\"Gesch\u00e4tzte Lesezeit\" \/>\n\t<meta name=\"twitter:data1\" content=\"2\u00a0Minuten\" \/>\n<script type=\"application\/ld+json\" class=\"yoast-schema-graph\">{\"@context\":\"https:\\\/\\\/schema.org\",\"@graph\":[{\"@type\":\"WebPage\",\"@id\":\"https:\\\/\\\/marktxxl.de\\\/markt\\\/produkt\\\/beamer-akatuo-wifi-bluetooth-beamer-8000-lumen-full-hd-1080p-unterstuetzt-heimkino-video-beamer-tragbarer-filmprojektor-kompatibel-mit-hdmi-usb-vga-av-tf-smartphones-laptops-tv-stick-box\\\/\",\"url\":\"https:\\\/\\\/marktxxl.de\\\/markt\\\/produkt\\\/beamer-akatuo-wifi-bluetooth-beamer-8000-lumen-full-hd-1080p-unterstuetzt-heimkino-video-beamer-tragbarer-filmprojektor-kompatibel-mit-hdmi-usb-vga-av-tf-smartphones-laptops-tv-stick-box\\\/\",\"name\":\"Beamer, AKATUO WiFi Bluetooth Beamer 8000 Lumen, Full HD 1080P Unterst\u00fctzt Heimkino Video Beamer, Tragbarer Filmprojektor, Kompatibel mit HDMI USB VGA AV TF, Smartphones, Laptops, TV Stick\\\/Box - Markt-XXL\",\"isPartOf\":{\"@id\":\"https:\\\/\\\/marktxxl.de\\\/markt\\\/#website\"},\"primaryImageOfPage\":{\"@id\":\"https:\\\/\\\/marktxxl.de\\\/markt\\\/produkt\\\/beamer-akatuo-wifi-bluetooth-beamer-8000-lumen-full-hd-1080p-unterstuetzt-heimkino-video-beamer-tragbarer-filmprojektor-kompatibel-mit-hdmi-usb-vga-av-tf-smartphones-laptops-tv-stick-box\\\/#primaryimage\"},\"image\":{\"@id\":\"https:\\\/\\\/marktxxl.de\\\/markt\\\/produkt\\\/beamer-akatuo-wifi-bluetooth-beamer-8000-lumen-full-hd-1080p-unterstuetzt-heimkino-video-beamer-tragbarer-filmprojektor-kompatibel-mit-hdmi-usb-vga-av-tf-smartphones-laptops-tv-stick-box\\\/#primaryimage\"},\"thumbnailUrl\":\"https:\\\/\\\/m.media-amazon.com\\\/images\\\/I\\\/51QG3JLCSUL._SL500_.jpg\",\"datePublished\":\"2023-05-10T05:16:50+00:00\",\"description\":\"Markt-XXL Beamer, AKATUO WiFi Bluetooth Beamer 8000 Lumen, Full HD 1080P Unterst\u00fctzt Heimkino Video Beamer, Tragbarer Filmprojektor, Kompatibel mit HDMI USB VGA AV TF, Smartphones, Laptops, TV Stick\\\/Box\",\"breadcrumb\":{\"@id\":\"https:\\\/\\\/marktxxl.de\\\/markt\\\/produkt\\\/beamer-akatuo-wifi-bluetooth-beamer-8000-lumen-full-hd-1080p-unterstuetzt-heimkino-video-beamer-tragbarer-filmprojektor-kompatibel-mit-hdmi-usb-vga-av-tf-smartphones-laptops-tv-stick-box\\\/#breadcrumb\"},\"inLanguage\":\"de\",\"potentialAction\":[{\"@type\":\"ReadAction\",\"target\":[\"https:\\\/\\\/marktxxl.de\\\/markt\\\/produkt\\\/beamer-akatuo-wifi-bluetooth-beamer-8000-lumen-full-hd-1080p-unterstuetzt-heimkino-video-beamer-tragbarer-filmprojektor-kompatibel-mit-hdmi-usb-vga-av-tf-smartphones-laptops-tv-stick-box\\\/\"]}]},{\"@type\":\"ImageObject\",\"inLanguage\":\"de\",\"@id\":\"https:\\\/\\\/marktxxl.de\\\/markt\\\/produkt\\\/beamer-akatuo-wifi-bluetooth-beamer-8000-lumen-full-hd-1080p-unterstuetzt-heimkino-video-beamer-tragbarer-filmprojektor-kompatibel-mit-hdmi-usb-vga-av-tf-smartphones-laptops-tv-stick-box\\\/#primaryimage\",\"url\":\"https:\\\/\\\/m.media-amazon.com\\\/images\\\/I\\\/51QG3JLCSUL._SL500_.jpg\",\"contentUrl\":\"https:\\\/\\\/m.media-amazon.com\\\/images\\\/I\\\/51QG3JLCSUL._SL500_.jpg\",\"width\":500,\"height\":500},{\"@type\":\"BreadcrumbList\",\"@id\":\"https:\\\/\\\/marktxxl.de\\\/markt\\\/produkt\\\/beamer-akatuo-wifi-bluetooth-beamer-8000-lumen-full-hd-1080p-unterstuetzt-heimkino-video-beamer-tragbarer-filmprojektor-kompatibel-mit-hdmi-usb-vga-av-tf-smartphones-laptops-tv-stick-box\\\/#breadcrumb\",\"itemListElement\":[{\"@type\":\"ListItem\",\"position\":1,\"name\":\"Startseite\",\"item\":\"https:\\\/\\\/marktxxl.de\\\/markt\\\/\"},{\"@type\":\"ListItem\",\"position\":2,\"name\":\"Markt\",\"item\":\"https:\\\/\\\/marktxxl.de\\\/markt\\\/\"},{\"@type\":\"ListItem\",\"position\":3,\"name\":\"Beamer, AKATUO WiFi Bluetooth Beamer 8000 Lumen, Full HD 1080P Unterst\u00fctzt Heimkino Video Beamer, Tragbarer Filmprojektor, Kompatibel mit HDMI USB VGA AV TF, Smartphones, Laptops, TV Stick\\\/Box\"}]},{\"@type\":\"WebSite\",\"@id\":\"https:\\\/\\\/marktxxl.de\\\/markt\\\/#website\",\"url\":\"https:\\\/\\\/marktxxl.de\\\/markt\\\/\",\"name\":\"Markt-XXL\",\"description\":\"Ihr Markt Online\",\"publisher\":{\"@id\":\"https:\\\/\\\/marktxxl.de\\\/markt\\\/#organization\"},\"potentialAction\":[{\"@type\":\"SearchAction\",\"target\":{\"@type\":\"EntryPoint\",\"urlTemplate\":\"https:\\\/\\\/marktxxl.de\\\/markt\\\/?s={search_term_string}\"},\"query-input\":{\"@type\":\"PropertyValueSpecification\",\"valueRequired\":true,\"valueName\":\"search_term_string\"}}],\"inLanguage\":\"de\"},{\"@type\":\"Organization\",\"@id\":\"https:\\\/\\\/marktxxl.de\\\/markt\\\/#organization\",\"name\":\"Markt-XXL\",\"url\":\"https:\\\/\\\/marktxxl.de\\\/markt\\\/\",\"logo\":{\"@type\":\"ImageObject\",\"inLanguage\":\"de\",\"@id\":\"https:\\\/\\\/marktxxl.de\\\/markt\\\/#\\\/schema\\\/logo\\\/image\\\/\",\"url\":\"https:\\\/\\\/marktxxl.de\\\/markt\\\/wp-content\\\/uploads\\\/sites\\\/3\\\/2020\\\/12\\\/logo.png\",\"contentUrl\":\"https:\\\/\\\/marktxxl.de\\\/markt\\\/wp-content\\\/uploads\\\/sites\\\/3\\\/2020\\\/12\\\/logo.png\",\"width\":200,\"height\":70,\"caption\":\"Markt-XXL\"},\"image\":{\"@id\":\"https:\\\/\\\/marktxxl.de\\\/markt\\\/#\\\/schema\\\/logo\\\/image\\\/\"}}]}<\/script>\n<!-- \/ Yoast SEO plugin. -->","yoast_head_json":{"title":"Beamer, AKATUO WiFi Bluetooth Beamer 8000 Lumen, Full HD 1080P Unterst\u00fctzt Heimkino Video Beamer, Tragbarer Filmprojektor, Kompatibel mit HDMI USB VGA AV TF, Smartphones, Laptops, TV Stick\/Box - Markt-XXL","description":"Markt-XXL Beamer, AKATUO WiFi Bluetooth Beamer 8000 Lumen, Full HD 1080P Unterst\u00fctzt Heimkino Video Beamer, Tragbarer Filmprojektor, Kompatibel mit HDMI USB VGA AV TF, Smartphones, Laptops, TV Stick\/Box","robots":{"index":"index","follow":"follow","max-snippet":"max-snippet:-1","max-image-preview":"max-image-preview:large","max-video-preview":"max-video-preview:-1"},"canonical":"https:\/\/marktxxl.de\/markt\/produkt\/beamer-akatuo-wifi-bluetooth-beamer-8000-lumen-full-hd-1080p-unterstuetzt-heimkino-video-beamer-tragbarer-filmprojektor-kompatibel-mit-hdmi-usb-vga-av-tf-smartphones-laptops-tv-stick-box\/","og_locale":"de_DE","og_type":"article","og_title":"Beamer, AKATUO WiFi Bluetooth Beamer 8000 Lumen, Full HD 1080P Unterst\u00fctzt Heimkino Video Beamer, Tragbarer Filmprojektor, Kompatibel mit HDMI USB VGA AV TF, Smartphones, Laptops, TV Stick\/Box - Markt-XXL","og_description":"Markt-XXL Beamer, AKATUO WiFi Bluetooth Beamer 8000 Lumen, Full HD 1080P Unterst\u00fctzt Heimkino Video Beamer, Tragbarer Filmprojektor, Kompatibel mit HDMI USB VGA AV TF, Smartphones, Laptops, TV Stick\/Box","og_url":"https:\/\/marktxxl.de\/markt\/produkt\/beamer-akatuo-wifi-bluetooth-beamer-8000-lumen-full-hd-1080p-unterstuetzt-heimkino-video-beamer-tragbarer-filmprojektor-kompatibel-mit-hdmi-usb-vga-av-tf-smartphones-laptops-tv-stick-box\/","og_site_name":"Markt-XXL","twitter_card":"summary_large_image","twitter_misc":{"Gesch\u00e4tzte Lesezeit":"2\u00a0Minuten"},"schema":{"@context":"https:\/\/schema.org","@graph":[{"@type":"WebPage","@id":"https:\/\/marktxxl.de\/markt\/produkt\/beamer-akatuo-wifi-bluetooth-beamer-8000-lumen-full-hd-1080p-unterstuetzt-heimkino-video-beamer-tragbarer-filmprojektor-kompatibel-mit-hdmi-usb-vga-av-tf-smartphones-laptops-tv-stick-box\/","url":"https:\/\/marktxxl.de\/markt\/produkt\/beamer-akatuo-wifi-bluetooth-beamer-8000-lumen-full-hd-1080p-unterstuetzt-heimkino-video-beamer-tragbarer-filmprojektor-kompatibel-mit-hdmi-usb-vga-av-tf-smartphones-laptops-tv-stick-box\/","name":"Beamer, AKATUO WiFi Bluetooth Beamer 8000 Lumen, Full HD 1080P Unterst\u00fctzt Heimkino Video Beamer, Tragbarer Filmprojektor, Kompatibel mit HDMI USB VGA AV TF, Smartphones, Laptops, TV Stick\/Box - Markt-XXL","isPartOf":{"@id":"https:\/\/marktxxl.de\/markt\/#website"},"primaryImageOfPage":{"@id":"https:\/\/marktxxl.de\/markt\/produkt\/beamer-akatuo-wifi-bluetooth-beamer-8000-lumen-full-hd-1080p-unterstuetzt-heimkino-video-beamer-tragbarer-filmprojektor-kompatibel-mit-hdmi-usb-vga-av-tf-smartphones-laptops-tv-stick-box\/#primaryimage"},"image":{"@id":"https:\/\/marktxxl.de\/markt\/produkt\/beamer-akatuo-wifi-bluetooth-beamer-8000-lumen-full-hd-1080p-unterstuetzt-heimkino-video-beamer-tragbarer-filmprojektor-kompatibel-mit-hdmi-usb-vga-av-tf-smartphones-laptops-tv-stick-box\/#primaryimage"},"thumbnailUrl":"https:\/\/m.media-amazon.com\/images\/I\/51QG3JLCSUL._SL500_.jpg","datePublished":"2023-05-10T05:16:50+00:00","description":"Markt-XXL Beamer, AKATUO WiFi Bluetooth Beamer 8000 Lumen, Full HD 1080P Unterst\u00fctzt Heimkino Video Beamer, Tragbarer Filmprojektor, Kompatibel mit HDMI USB VGA AV TF, Smartphones, Laptops, TV Stick\/Box","breadcrumb":{"@id":"https:\/\/marktxxl.de\/markt\/produkt\/beamer-akatuo-wifi-bluetooth-beamer-8000-lumen-full-hd-1080p-unterstuetzt-heimkino-video-beamer-tragbarer-filmprojektor-kompatibel-mit-hdmi-usb-vga-av-tf-smartphones-laptops-tv-stick-box\/#breadcrumb"},"inLanguage":"de","potentialAction":[{"@type":"ReadAction","target":["https:\/\/marktxxl.de\/markt\/produkt\/beamer-akatuo-wifi-bluetooth-beamer-8000-lumen-full-hd-1080p-unterstuetzt-heimkino-video-beamer-tragbarer-filmprojektor-kompatibel-mit-hdmi-usb-vga-av-tf-smartphones-laptops-tv-stick-box\/"]}]},{"@type":"ImageObject","inLanguage":"de","@id":"https:\/\/marktxxl.de\/markt\/produkt\/beamer-akatuo-wifi-bluetooth-beamer-8000-lumen-full-hd-1080p-unterstuetzt-heimkino-video-beamer-tragbarer-filmprojektor-kompatibel-mit-hdmi-usb-vga-av-tf-smartphones-laptops-tv-stick-box\/#primaryimage","url":"https:\/\/m.media-amazon.com\/images\/I\/51QG3JLCSUL._SL500_.jpg","contentUrl":"https:\/\/m.media-amazon.com\/images\/I\/51QG3JLCSUL._SL500_.jpg","width":500,"height":500},{"@type":"BreadcrumbList","@id":"https:\/\/marktxxl.de\/markt\/produkt\/beamer-akatuo-wifi-bluetooth-beamer-8000-lumen-full-hd-1080p-unterstuetzt-heimkino-video-beamer-tragbarer-filmprojektor-kompatibel-mit-hdmi-usb-vga-av-tf-smartphones-laptops-tv-stick-box\/#breadcrumb","itemListElement":[{"@type":"ListItem","position":1,"name":"Startseite","item":"https:\/\/marktxxl.de\/markt\/"},{"@type":"ListItem","position":2,"name":"Markt","item":"https:\/\/marktxxl.de\/markt\/"},{"@type":"ListItem","position":3,"name":"Beamer, AKATUO WiFi Bluetooth Beamer 8000 Lumen, Full HD 1080P Unterst\u00fctzt Heimkino Video Beamer, Tragbarer Filmprojektor, Kompatibel mit HDMI USB VGA AV TF, Smartphones, Laptops, TV Stick\/Box"}]},{"@type":"WebSite","@id":"https:\/\/marktxxl.de\/markt\/#website","url":"https:\/\/marktxxl.de\/markt\/","name":"Markt-XXL","description":"Ihr Markt Online","publisher":{"@id":"https:\/\/marktxxl.de\/markt\/#organization"},"potentialAction":[{"@type":"SearchAction","target":{"@type":"EntryPoint","urlTemplate":"https:\/\/marktxxl.de\/markt\/?s={search_term_string}"},"query-input":{"@type":"PropertyValueSpecification","valueRequired":true,"valueName":"search_term_string"}}],"inLanguage":"de"},{"@type":"Organization","@id":"https:\/\/marktxxl.de\/markt\/#organization","name":"Markt-XXL","url":"https:\/\/marktxxl.de\/markt\/","logo":{"@type":"ImageObject","inLanguage":"de","@id":"https:\/\/marktxxl.de\/markt\/#\/schema\/logo\/image\/","url":"https:\/\/marktxxl.de\/markt\/wp-content\/uploads\/sites\/3\/2020\/12\/logo.png","contentUrl":"https:\/\/marktxxl.de\/markt\/wp-content\/uploads\/sites\/3\/2020\/12\/logo.png","width":200,"height":70,"caption":"Markt-XXL"},"image":{"@id":"https:\/\/marktxxl.de\/markt\/#\/schema\/logo\/image\/"}}]}},"_links":{"self":[{"href":"https:\/\/marktxxl.de\/markt\/wp-json\/wp\/v2\/product\/204436","targetHints":{"allow":["GET"]}}],"collection":[{"href":"https:\/\/marktxxl.de\/markt\/wp-json\/wp\/v2\/product"}],"about":[{"href":"https:\/\/marktxxl.de\/markt\/wp-json\/wp\/v2\/types\/product"}],"replies":[{"embeddable":true,"href":"https:\/\/marktxxl.de\/markt\/wp-json\/wp\/v2\/comments?post=204436"}],"wp:featuredmedia":[{"embeddable":true,"href":"https:\/\/marktxxl.de\/markt\/wp-json\/wp\/v2\/media\/204437"}],"wp:attachment":[{"href":"https:\/\/marktxxl.de\/markt\/wp-json\/wp\/v2\/media?parent=204436"}],"wp:term":[{"taxonomy":"product_brand","embeddable":true,"href":"https:\/\/marktxxl.de\/markt\/wp-json\/wp\/v2\/product_brand?post=204436"},{"taxonomy":"product_cat","embeddable":true,"href":"https:\/\/marktxxl.de\/markt\/wp-json\/wp\/v2\/product_cat?post=204436"},{"taxonomy":"product_tag","embeddable":true,"href":"https:\/\/marktxxl.de\/markt\/wp-json\/wp\/v2\/product_tag?post=204436"}],"curies":[{"name":"wp","href":"https:\/\/api.w.org\/{rel}","templated":true}]}}