{"id":204079,"date":"2023-05-10T05:01:29","date_gmt":"2023-05-10T03:01:29","guid":{"rendered":"https:\/\/marktxxl.de\/markt\/produkt\/mizzo-edelstahl-wasserhahn-kueche-moderne-einhebel-kuechenarmatur-leicht-zu-installieren-trinkwasser-zertifizierte-spueltischarmatur-in-silber-effiziente-mischbatterie-kalkabweisender-hahn\/"},"modified":"2023-05-10T05:01:29","modified_gmt":"2023-05-10T03:01:29","slug":"mizzo-edelstahl-wasserhahn-kueche-moderne-einhebel-kuechenarmatur-leicht-zu-installieren-trinkwasser-zertifizierte-spueltischarmatur-in-silber-effiziente-mischbatterie-kalkabweisender-hahn","status":"publish","type":"product","link":"https:\/\/marktxxl.de\/markt\/produkt\/mizzo-edelstahl-wasserhahn-kueche-moderne-einhebel-kuechenarmatur-leicht-zu-installieren-trinkwasser-zertifizierte-spueltischarmatur-in-silber-effiziente-mischbatterie-kalkabweisender-hahn\/","title":{"rendered":"Mizzo Edelstahl Wasserhahn K\u00fcche &#8211; Moderne Einhebel K\u00fcchenarmatur &#8211; Leicht zu installieren &#8211; Trinkwasser zertifizierte Sp\u00fcltischarmatur in silber &#8211; Effiziente Mischbatterie &#8211; kalkabweisender Hahn"},"content":{"rendered":"<p>EINE \u00d6KONOMISCHE WAHL \u2013 Der K\u00fcchen-Wasserhahn wird aus nachhaltigem Edelstahl hergestellt und verf\u00fcgt \u00fcber einen hochwertigen NEOPERL-Perlator. Dieser steuert den Wasserstrahl und verhindert unn\u00f6tiges Spritzen, was sich positiv auf den Wasserverbrauch und die Energiekosten auswirken kann.<br \/>\nSICHER F\u00dcR IHRE FAMILIE \u2013 Die Sicherheit von K\u00fcchenarmaturen wird oft \u00fcbersehen. Aber: Alles, was mit Ihrem Trinkwasser in Ber\u00fchrung kommt, sollte nur von h\u00f6chster Qualit\u00e4t sein. Unsere K\u00fcchen Sp\u00fcltischarmatur verf\u00fcgt \u00fcber eine ACS-Trinkwasserzulassung.<br \/>\nEXZELLENTE MISCHBATTERIE K\u00dcCHE \u2013 Wenn Sie nach der passenden K\u00fcchenarmatur f\u00fcr Ihre neue K\u00fcche suchen, sollten neben der Funktion auch die Langlebigkeit und \u00c4sthetik zum Tragen kommen. K\u00fcchenzubeh\u00f6r aus Edelstahl steht derzeit hoch im Kurs. Diese Armatur passt perfekt zu dem neuen Trend.<br \/>\nEINFACHE INSTALLATION, LEISER BETRIEB \u2013 Es geht doch nichts \u00fcber Effizienz. Diese Sp\u00fclbeckenarmatur ist in allen Aspekten, von der Installation bis zum Gebrauch, eine effiziente Wahl. Der K\u00fcchen Wasserhahn wird mit flexiblen Anschl\u00fcssen und allem Zubeh\u00f6r f\u00fcr die einfache Installation geliefert.<br \/>\nQUALITATIV HOCHWERTIGE SP\u00dcLTISCHARMATUR K\u00dcCHE \u2013 F\u00fcr uns steht die Qualit\u00e4t der K\u00fcchenarmaturen steht im Vordergrund. Wir verwenden nur die besten europ\u00e4ischen Materialien und \u00fcberwachen den Herstellungsprozess genau. So k\u00f6nnen Sie sicher sein, dass Sie ein Qualit\u00e4tsprodukt erhalten.<br \/>\n<div class=\"main-cross-sell\" data-asin=\"B01FLR6CZ8\">\n\n\t<div class=\"WooZone-cross-sell-loader\">\n\t\t<div>\n\t\t\t<div id=\"floatingBarsG\">\n\t\t\t\t<div class=\"blockG\" id=\"rotateG_01\"><\/div>\n\t\t\t\t<div class=\"blockG\" id=\"rotateG_02\"><\/div>\n\t\t\t\t<div class=\"blockG\" id=\"rotateG_03\"><\/div>\n\t\t\t\t<div class=\"blockG\" id=\"rotateG_04\"><\/div>\n\t\t\t\t<div class=\"blockG\" id=\"rotateG_05\"><\/div>\n\t\t\t\t<div class=\"blockG\" id=\"rotateG_06\"><\/div>\n\t\t\t\t<div class=\"blockG\" id=\"rotateG_07\"><\/div>\n\t\t\t\t<div class=\"blockG\" id=\"rotateG_08\"><\/div>\n\t\t\t<\/div>\n\t\t\t<div class=\"WooZone-cross-sell-loader-text\"><\/div>\n\t\t<\/div>\n\t<\/div>\n\n\t\t\n<\/div>\n<div style=\"clear:both;\"><\/div><\/p>\n","protected":false},"excerpt":{"rendered":"<p>EINE \u00d6KONOMISCHE WAHL \u2013 Der K\u00fcchen-Wasserhahn wird aus nachhaltigem Edelstahl hergestellt und verf\u00fcgt \u00fcber einen hochwertigen NEOPERL-Perlator. Dieser steuert den Wasserstrahl und verhindert unn\u00f6tiges Spritzen, was sich positiv auf den Wasserverbrauch und die Energiekosten auswirken kann.<br \/>\nSICHER F\u00dcR IHRE FAMILIE \u2013 Die Sicherheit von K\u00fcchenarmaturen wird oft \u00fcbersehen. Aber: Alles, was mit Ihrem Trinkwasser in Ber\u00fchrung kommt, sollte nur von h\u00f6chster Qualit\u00e4t sein. Unsere K\u00fcchen Sp\u00fcltischarmatur verf\u00fcgt \u00fcber eine ACS-Trinkwasserzulassung.<br \/>\nEXZELLENTE MISCHBATTERIE K\u00dcCHE \u2013 Wenn Sie nach der passenden K\u00fcchenarmatur f\u00fcr Ihre neue K\u00fcche suchen, sollten neben der Funktion auch die Langlebigkeit und \u00c4sthetik zum Tragen kommen. K\u00fcchenzubeh\u00f6r aus Edelstahl steht derzeit hoch im Kurs. Diese Armatur passt perfekt zu dem neuen Trend.<\/p>\n","protected":false},"featured_media":204080,"comment_status":"open","ping_status":"closed","template":"","meta":[],"product_brand":[],"product_cat":[1983,11101],"product_tag":[],"class_list":{"0":"post-204079","1":"product","2":"type-product","3":"status-publish","4":"has-post-thumbnail","6":"product_cat-baumarkt","7":"product_cat-kuechen-badinstallation","8":"pa_binding-unbekannter-einband","9":"pa_brand-mizzo-design","10":"pa_color-stainless-steel","11":"pa_manufacturer-mizzo-design","12":"pa_model-51664","14":"first","15":"instock","16":"shipping-taxable","17":"purchasable","18":"product-type-simple","19":"customify-col","20":"product-has-gallery"},"yoast_head":"<!-- This site is optimized with the Yoast SEO plugin v27.3 - https:\/\/yoast.com\/product\/yoast-seo-wordpress\/ -->\n<title>Mizzo Edelstahl Wasserhahn K\u00fcche - Moderne Einhebel K\u00fcchenarmatur - Leicht zu installieren - Trinkwasser zertifizierte Sp\u00fcltischarmatur in silber - Effiziente Mischbatterie - kalkabweisender Hahn - Markt-XXL<\/title>\n<meta name=\"description\" content=\"Markt-XXL Mizzo Edelstahl Wasserhahn K\u00fcche - Moderne Einhebel K\u00fcchenarmatur - Leicht zu installieren - Trinkwasser zertifizierte Sp\u00fcltischarmatur in silber - Effiziente Mischbatterie - kalkabweisender Hahn\" \/>\n<meta name=\"robots\" content=\"index, follow, max-snippet:-1, max-image-preview:large, max-video-preview:-1\" \/>\n<link rel=\"canonical\" href=\"https:\/\/marktxxl.de\/markt\/produkt\/mizzo-edelstahl-wasserhahn-kueche-moderne-einhebel-kuechenarmatur-leicht-zu-installieren-trinkwasser-zertifizierte-spueltischarmatur-in-silber-effiziente-mischbatterie-kalkabweisender-hahn\/\" \/>\n<meta property=\"og:locale\" content=\"de_DE\" \/>\n<meta property=\"og:type\" content=\"article\" \/>\n<meta property=\"og:title\" content=\"Mizzo Edelstahl Wasserhahn K\u00fcche - Moderne Einhebel K\u00fcchenarmatur - Leicht zu installieren - Trinkwasser zertifizierte Sp\u00fcltischarmatur in silber - Effiziente Mischbatterie - kalkabweisender Hahn - Markt-XXL\" \/>\n<meta property=\"og:description\" content=\"Markt-XXL Mizzo Edelstahl Wasserhahn K\u00fcche - Moderne Einhebel K\u00fcchenarmatur - Leicht zu installieren - Trinkwasser zertifizierte Sp\u00fcltischarmatur in silber - Effiziente Mischbatterie - kalkabweisender Hahn\" \/>\n<meta property=\"og:url\" content=\"https:\/\/marktxxl.de\/markt\/produkt\/mizzo-edelstahl-wasserhahn-kueche-moderne-einhebel-kuechenarmatur-leicht-zu-installieren-trinkwasser-zertifizierte-spueltischarmatur-in-silber-effiziente-mischbatterie-kalkabweisender-hahn\/\" \/>\n<meta property=\"og:site_name\" content=\"Markt-XXL\" \/>\n<meta name=\"twitter:card\" content=\"summary_large_image\" \/>\n<meta name=\"twitter:label1\" content=\"Gesch\u00e4tzte Lesezeit\" \/>\n\t<meta name=\"twitter:data1\" content=\"1\u00a0Minute\" \/>\n<script type=\"application\/ld+json\" class=\"yoast-schema-graph\">{\"@context\":\"https:\\\/\\\/schema.org\",\"@graph\":[{\"@type\":\"WebPage\",\"@id\":\"https:\\\/\\\/marktxxl.de\\\/markt\\\/produkt\\\/mizzo-edelstahl-wasserhahn-kueche-moderne-einhebel-kuechenarmatur-leicht-zu-installieren-trinkwasser-zertifizierte-spueltischarmatur-in-silber-effiziente-mischbatterie-kalkabweisender-hahn\\\/\",\"url\":\"https:\\\/\\\/marktxxl.de\\\/markt\\\/produkt\\\/mizzo-edelstahl-wasserhahn-kueche-moderne-einhebel-kuechenarmatur-leicht-zu-installieren-trinkwasser-zertifizierte-spueltischarmatur-in-silber-effiziente-mischbatterie-kalkabweisender-hahn\\\/\",\"name\":\"Mizzo Edelstahl Wasserhahn K\u00fcche - Moderne Einhebel K\u00fcchenarmatur - Leicht zu installieren - Trinkwasser zertifizierte Sp\u00fcltischarmatur in silber - Effiziente Mischbatterie - kalkabweisender Hahn - Markt-XXL\",\"isPartOf\":{\"@id\":\"https:\\\/\\\/marktxxl.de\\\/markt\\\/#website\"},\"primaryImageOfPage\":{\"@id\":\"https:\\\/\\\/marktxxl.de\\\/markt\\\/produkt\\\/mizzo-edelstahl-wasserhahn-kueche-moderne-einhebel-kuechenarmatur-leicht-zu-installieren-trinkwasser-zertifizierte-spueltischarmatur-in-silber-effiziente-mischbatterie-kalkabweisender-hahn\\\/#primaryimage\"},\"image\":{\"@id\":\"https:\\\/\\\/marktxxl.de\\\/markt\\\/produkt\\\/mizzo-edelstahl-wasserhahn-kueche-moderne-einhebel-kuechenarmatur-leicht-zu-installieren-trinkwasser-zertifizierte-spueltischarmatur-in-silber-effiziente-mischbatterie-kalkabweisender-hahn\\\/#primaryimage\"},\"thumbnailUrl\":\"https:\\\/\\\/m.media-amazon.com\\\/images\\\/I\\\/31plANrR7sL._SL500_.jpg\",\"datePublished\":\"2023-05-10T03:01:29+00:00\",\"description\":\"Markt-XXL Mizzo Edelstahl Wasserhahn K\u00fcche - Moderne Einhebel K\u00fcchenarmatur - Leicht zu installieren - Trinkwasser zertifizierte Sp\u00fcltischarmatur in silber - Effiziente Mischbatterie - kalkabweisender Hahn\",\"breadcrumb\":{\"@id\":\"https:\\\/\\\/marktxxl.de\\\/markt\\\/produkt\\\/mizzo-edelstahl-wasserhahn-kueche-moderne-einhebel-kuechenarmatur-leicht-zu-installieren-trinkwasser-zertifizierte-spueltischarmatur-in-silber-effiziente-mischbatterie-kalkabweisender-hahn\\\/#breadcrumb\"},\"inLanguage\":\"de\",\"potentialAction\":[{\"@type\":\"ReadAction\",\"target\":[\"https:\\\/\\\/marktxxl.de\\\/markt\\\/produkt\\\/mizzo-edelstahl-wasserhahn-kueche-moderne-einhebel-kuechenarmatur-leicht-zu-installieren-trinkwasser-zertifizierte-spueltischarmatur-in-silber-effiziente-mischbatterie-kalkabweisender-hahn\\\/\"]}]},{\"@type\":\"ImageObject\",\"inLanguage\":\"de\",\"@id\":\"https:\\\/\\\/marktxxl.de\\\/markt\\\/produkt\\\/mizzo-edelstahl-wasserhahn-kueche-moderne-einhebel-kuechenarmatur-leicht-zu-installieren-trinkwasser-zertifizierte-spueltischarmatur-in-silber-effiziente-mischbatterie-kalkabweisender-hahn\\\/#primaryimage\",\"url\":\"https:\\\/\\\/m.media-amazon.com\\\/images\\\/I\\\/31plANrR7sL._SL500_.jpg\",\"contentUrl\":\"https:\\\/\\\/m.media-amazon.com\\\/images\\\/I\\\/31plANrR7sL._SL500_.jpg\",\"width\":500,\"height\":500},{\"@type\":\"BreadcrumbList\",\"@id\":\"https:\\\/\\\/marktxxl.de\\\/markt\\\/produkt\\\/mizzo-edelstahl-wasserhahn-kueche-moderne-einhebel-kuechenarmatur-leicht-zu-installieren-trinkwasser-zertifizierte-spueltischarmatur-in-silber-effiziente-mischbatterie-kalkabweisender-hahn\\\/#breadcrumb\",\"itemListElement\":[{\"@type\":\"ListItem\",\"position\":1,\"name\":\"Startseite\",\"item\":\"https:\\\/\\\/marktxxl.de\\\/markt\\\/\"},{\"@type\":\"ListItem\",\"position\":2,\"name\":\"Markt\",\"item\":\"https:\\\/\\\/marktxxl.de\\\/markt\\\/\"},{\"@type\":\"ListItem\",\"position\":3,\"name\":\"Mizzo Edelstahl Wasserhahn K\u00fcche &#8211; Moderne Einhebel K\u00fcchenarmatur &#8211; Leicht zu installieren &#8211; Trinkwasser zertifizierte Sp\u00fcltischarmatur in silber &#8211; Effiziente Mischbatterie &#8211; kalkabweisender Hahn\"}]},{\"@type\":\"WebSite\",\"@id\":\"https:\\\/\\\/marktxxl.de\\\/markt\\\/#website\",\"url\":\"https:\\\/\\\/marktxxl.de\\\/markt\\\/\",\"name\":\"Markt-XXL\",\"description\":\"Ihr Markt Online\",\"publisher\":{\"@id\":\"https:\\\/\\\/marktxxl.de\\\/markt\\\/#organization\"},\"potentialAction\":[{\"@type\":\"SearchAction\",\"target\":{\"@type\":\"EntryPoint\",\"urlTemplate\":\"https:\\\/\\\/marktxxl.de\\\/markt\\\/?s={search_term_string}\"},\"query-input\":{\"@type\":\"PropertyValueSpecification\",\"valueRequired\":true,\"valueName\":\"search_term_string\"}}],\"inLanguage\":\"de\"},{\"@type\":\"Organization\",\"@id\":\"https:\\\/\\\/marktxxl.de\\\/markt\\\/#organization\",\"name\":\"Markt-XXL\",\"url\":\"https:\\\/\\\/marktxxl.de\\\/markt\\\/\",\"logo\":{\"@type\":\"ImageObject\",\"inLanguage\":\"de\",\"@id\":\"https:\\\/\\\/marktxxl.de\\\/markt\\\/#\\\/schema\\\/logo\\\/image\\\/\",\"url\":\"https:\\\/\\\/marktxxl.de\\\/markt\\\/wp-content\\\/uploads\\\/sites\\\/3\\\/2020\\\/12\\\/logo.png\",\"contentUrl\":\"https:\\\/\\\/marktxxl.de\\\/markt\\\/wp-content\\\/uploads\\\/sites\\\/3\\\/2020\\\/12\\\/logo.png\",\"width\":200,\"height\":70,\"caption\":\"Markt-XXL\"},\"image\":{\"@id\":\"https:\\\/\\\/marktxxl.de\\\/markt\\\/#\\\/schema\\\/logo\\\/image\\\/\"}}]}<\/script>\n<!-- \/ Yoast SEO plugin. -->","yoast_head_json":{"title":"Mizzo Edelstahl Wasserhahn K\u00fcche - Moderne Einhebel K\u00fcchenarmatur - Leicht zu installieren - Trinkwasser zertifizierte Sp\u00fcltischarmatur in silber - Effiziente Mischbatterie - kalkabweisender Hahn - Markt-XXL","description":"Markt-XXL Mizzo Edelstahl Wasserhahn K\u00fcche - Moderne Einhebel K\u00fcchenarmatur - Leicht zu installieren - Trinkwasser zertifizierte Sp\u00fcltischarmatur in silber - Effiziente Mischbatterie - kalkabweisender Hahn","robots":{"index":"index","follow":"follow","max-snippet":"max-snippet:-1","max-image-preview":"max-image-preview:large","max-video-preview":"max-video-preview:-1"},"canonical":"https:\/\/marktxxl.de\/markt\/produkt\/mizzo-edelstahl-wasserhahn-kueche-moderne-einhebel-kuechenarmatur-leicht-zu-installieren-trinkwasser-zertifizierte-spueltischarmatur-in-silber-effiziente-mischbatterie-kalkabweisender-hahn\/","og_locale":"de_DE","og_type":"article","og_title":"Mizzo Edelstahl Wasserhahn K\u00fcche - Moderne Einhebel K\u00fcchenarmatur - Leicht zu installieren - Trinkwasser zertifizierte Sp\u00fcltischarmatur in silber - Effiziente Mischbatterie - kalkabweisender Hahn - Markt-XXL","og_description":"Markt-XXL Mizzo Edelstahl Wasserhahn K\u00fcche - Moderne Einhebel K\u00fcchenarmatur - Leicht zu installieren - Trinkwasser zertifizierte Sp\u00fcltischarmatur in silber - Effiziente Mischbatterie - kalkabweisender Hahn","og_url":"https:\/\/marktxxl.de\/markt\/produkt\/mizzo-edelstahl-wasserhahn-kueche-moderne-einhebel-kuechenarmatur-leicht-zu-installieren-trinkwasser-zertifizierte-spueltischarmatur-in-silber-effiziente-mischbatterie-kalkabweisender-hahn\/","og_site_name":"Markt-XXL","twitter_card":"summary_large_image","twitter_misc":{"Gesch\u00e4tzte Lesezeit":"1\u00a0Minute"},"schema":{"@context":"https:\/\/schema.org","@graph":[{"@type":"WebPage","@id":"https:\/\/marktxxl.de\/markt\/produkt\/mizzo-edelstahl-wasserhahn-kueche-moderne-einhebel-kuechenarmatur-leicht-zu-installieren-trinkwasser-zertifizierte-spueltischarmatur-in-silber-effiziente-mischbatterie-kalkabweisender-hahn\/","url":"https:\/\/marktxxl.de\/markt\/produkt\/mizzo-edelstahl-wasserhahn-kueche-moderne-einhebel-kuechenarmatur-leicht-zu-installieren-trinkwasser-zertifizierte-spueltischarmatur-in-silber-effiziente-mischbatterie-kalkabweisender-hahn\/","name":"Mizzo Edelstahl Wasserhahn K\u00fcche - Moderne Einhebel K\u00fcchenarmatur - Leicht zu installieren - Trinkwasser zertifizierte Sp\u00fcltischarmatur in silber - Effiziente Mischbatterie - kalkabweisender Hahn - Markt-XXL","isPartOf":{"@id":"https:\/\/marktxxl.de\/markt\/#website"},"primaryImageOfPage":{"@id":"https:\/\/marktxxl.de\/markt\/produkt\/mizzo-edelstahl-wasserhahn-kueche-moderne-einhebel-kuechenarmatur-leicht-zu-installieren-trinkwasser-zertifizierte-spueltischarmatur-in-silber-effiziente-mischbatterie-kalkabweisender-hahn\/#primaryimage"},"image":{"@id":"https:\/\/marktxxl.de\/markt\/produkt\/mizzo-edelstahl-wasserhahn-kueche-moderne-einhebel-kuechenarmatur-leicht-zu-installieren-trinkwasser-zertifizierte-spueltischarmatur-in-silber-effiziente-mischbatterie-kalkabweisender-hahn\/#primaryimage"},"thumbnailUrl":"https:\/\/m.media-amazon.com\/images\/I\/31plANrR7sL._SL500_.jpg","datePublished":"2023-05-10T03:01:29+00:00","description":"Markt-XXL Mizzo Edelstahl Wasserhahn K\u00fcche - Moderne Einhebel K\u00fcchenarmatur - Leicht zu installieren - Trinkwasser zertifizierte Sp\u00fcltischarmatur in silber - Effiziente Mischbatterie - kalkabweisender Hahn","breadcrumb":{"@id":"https:\/\/marktxxl.de\/markt\/produkt\/mizzo-edelstahl-wasserhahn-kueche-moderne-einhebel-kuechenarmatur-leicht-zu-installieren-trinkwasser-zertifizierte-spueltischarmatur-in-silber-effiziente-mischbatterie-kalkabweisender-hahn\/#breadcrumb"},"inLanguage":"de","potentialAction":[{"@type":"ReadAction","target":["https:\/\/marktxxl.de\/markt\/produkt\/mizzo-edelstahl-wasserhahn-kueche-moderne-einhebel-kuechenarmatur-leicht-zu-installieren-trinkwasser-zertifizierte-spueltischarmatur-in-silber-effiziente-mischbatterie-kalkabweisender-hahn\/"]}]},{"@type":"ImageObject","inLanguage":"de","@id":"https:\/\/marktxxl.de\/markt\/produkt\/mizzo-edelstahl-wasserhahn-kueche-moderne-einhebel-kuechenarmatur-leicht-zu-installieren-trinkwasser-zertifizierte-spueltischarmatur-in-silber-effiziente-mischbatterie-kalkabweisender-hahn\/#primaryimage","url":"https:\/\/m.media-amazon.com\/images\/I\/31plANrR7sL._SL500_.jpg","contentUrl":"https:\/\/m.media-amazon.com\/images\/I\/31plANrR7sL._SL500_.jpg","width":500,"height":500},{"@type":"BreadcrumbList","@id":"https:\/\/marktxxl.de\/markt\/produkt\/mizzo-edelstahl-wasserhahn-kueche-moderne-einhebel-kuechenarmatur-leicht-zu-installieren-trinkwasser-zertifizierte-spueltischarmatur-in-silber-effiziente-mischbatterie-kalkabweisender-hahn\/#breadcrumb","itemListElement":[{"@type":"ListItem","position":1,"name":"Startseite","item":"https:\/\/marktxxl.de\/markt\/"},{"@type":"ListItem","position":2,"name":"Markt","item":"https:\/\/marktxxl.de\/markt\/"},{"@type":"ListItem","position":3,"name":"Mizzo Edelstahl Wasserhahn K\u00fcche &#8211; Moderne Einhebel K\u00fcchenarmatur &#8211; Leicht zu installieren &#8211; Trinkwasser zertifizierte Sp\u00fcltischarmatur in silber &#8211; Effiziente Mischbatterie &#8211; kalkabweisender Hahn"}]},{"@type":"WebSite","@id":"https:\/\/marktxxl.de\/markt\/#website","url":"https:\/\/marktxxl.de\/markt\/","name":"Markt-XXL","description":"Ihr Markt Online","publisher":{"@id":"https:\/\/marktxxl.de\/markt\/#organization"},"potentialAction":[{"@type":"SearchAction","target":{"@type":"EntryPoint","urlTemplate":"https:\/\/marktxxl.de\/markt\/?s={search_term_string}"},"query-input":{"@type":"PropertyValueSpecification","valueRequired":true,"valueName":"search_term_string"}}],"inLanguage":"de"},{"@type":"Organization","@id":"https:\/\/marktxxl.de\/markt\/#organization","name":"Markt-XXL","url":"https:\/\/marktxxl.de\/markt\/","logo":{"@type":"ImageObject","inLanguage":"de","@id":"https:\/\/marktxxl.de\/markt\/#\/schema\/logo\/image\/","url":"https:\/\/marktxxl.de\/markt\/wp-content\/uploads\/sites\/3\/2020\/12\/logo.png","contentUrl":"https:\/\/marktxxl.de\/markt\/wp-content\/uploads\/sites\/3\/2020\/12\/logo.png","width":200,"height":70,"caption":"Markt-XXL"},"image":{"@id":"https:\/\/marktxxl.de\/markt\/#\/schema\/logo\/image\/"}}]}},"_links":{"self":[{"href":"https:\/\/marktxxl.de\/markt\/wp-json\/wp\/v2\/product\/204079","targetHints":{"allow":["GET"]}}],"collection":[{"href":"https:\/\/marktxxl.de\/markt\/wp-json\/wp\/v2\/product"}],"about":[{"href":"https:\/\/marktxxl.de\/markt\/wp-json\/wp\/v2\/types\/product"}],"replies":[{"embeddable":true,"href":"https:\/\/marktxxl.de\/markt\/wp-json\/wp\/v2\/comments?post=204079"}],"wp:featuredmedia":[{"embeddable":true,"href":"https:\/\/marktxxl.de\/markt\/wp-json\/wp\/v2\/media\/204080"}],"wp:attachment":[{"href":"https:\/\/marktxxl.de\/markt\/wp-json\/wp\/v2\/media?parent=204079"}],"wp:term":[{"taxonomy":"product_brand","embeddable":true,"href":"https:\/\/marktxxl.de\/markt\/wp-json\/wp\/v2\/product_brand?post=204079"},{"taxonomy":"product_cat","embeddable":true,"href":"https:\/\/marktxxl.de\/markt\/wp-json\/wp\/v2\/product_cat?post=204079"},{"taxonomy":"product_tag","embeddable":true,"href":"https:\/\/marktxxl.de\/markt\/wp-json\/wp\/v2\/product_tag?post=204079"}],"curies":[{"name":"wp","href":"https:\/\/api.w.org\/{rel}","templated":true}]}}