{"id":203571,"date":"2023-05-09T21:46:17","date_gmt":"2023-05-09T19:46:17","guid":{"rendered":"https:\/\/marktxxl.de\/markt\/produkt\/arnzion-baby-autositzbezuege-neutral-superweich-dehnbar-und-atmungsaktiv-stillbezug-fuer-neugeborene-mit-aufbewahrungstasche-niedlich-weiss-mit-schwarzen-streifen\/"},"modified":"2023-05-09T21:46:17","modified_gmt":"2023-05-09T19:46:17","slug":"arnzion-baby-autositzbezuege-neutral-superweich-dehnbar-und-atmungsaktiv-stillbezug-fuer-neugeborene-mit-aufbewahrungstasche-niedlich-weiss-mit-schwarzen-streifen","status":"publish","type":"product","link":"https:\/\/marktxxl.de\/markt\/produkt\/arnzion-baby-autositzbezuege-neutral-superweich-dehnbar-und-atmungsaktiv-stillbezug-fuer-neugeborene-mit-aufbewahrungstasche-niedlich-weiss-mit-schwarzen-streifen\/","title":{"rendered":"Arnzion Baby Autositzbez\u00fcge, neutral, superweich, dehnbar und atmungsaktiv, Stillbezug f\u00fcr Neugeborene, mit Aufbewahrungstasche, niedlich, wei\u00df mit schwarzen Streifen"},"content":{"rendered":"<p>Der Stoff von Arnzion Baby Autositzbezug ist super weich und dehnbar, aus vielen verschiedenen Arten von Stoffen, so dass die Abdeckung passend f\u00fcr fast alle Arten von Baby-Autositzen, Baby-Kinderwagen, Babyst\u00fchlen und Einkaufswagen, kann auch als modischer Schal oder Stillbezug verwendet werden.<br \/>\nArnzion Baby-Autositzbez\u00fcge werden von M\u00fcttern geliebt, sie geben hohen Wert auf die Bez\u00fcge und wollen, dass wir neue Typen herstellen, so dass es hier ist, die neuen niedlichen Handzeichnungsstile Baby-Autositzbez\u00fcge!<br \/>\nArnzion bietet Ihnen eine zus\u00e4tzliche Tasche, um den Bezug sauber zu halten. Der Bezug l\u00e4sst sich klein in die Tasche falten, so dass er nicht viel Platz in der Wickeltasche nimmt. Die Tasche kann auch verwendet werden, um Babyartikel wie Socken und F\u00e4ustlinge zu verstauen.<br \/>\nDer Stoff ist gem\u00fctlich, leicht atmungsaktiv und hat eine gute Elastizit\u00e4t, Sie k\u00f6nnen es als Babydecke f\u00fcr den Fall verwenden. Der Bezug ist sehr einfach zu bedienen, dehnbar genug, um den Sitz vollst\u00e4ndig zu halten, und wird wieder in Form sobald Sie ihn abnehmen. Die Abdeckung \u00f6ffnet sich oben und erm\u00f6glicht Luftzirkulation, wenn Sie sie verwenden, und l\u00e4sst nicht Sonnenlicht oder Wind das Gesicht Ihres Babys st\u00f6ren.<br \/>\nProbieren Sie Arnzion, Sie werden ohne Zweifel gl\u00fccklich sein!<br \/>\n<div class=\"main-cross-sell\" data-asin=\"B07C47MC8L\">\n\n\t<div class=\"WooZone-cross-sell-loader\">\n\t\t<div>\n\t\t\t<div id=\"floatingBarsG\">\n\t\t\t\t<div class=\"blockG\" id=\"rotateG_01\"><\/div>\n\t\t\t\t<div class=\"blockG\" id=\"rotateG_02\"><\/div>\n\t\t\t\t<div class=\"blockG\" id=\"rotateG_03\"><\/div>\n\t\t\t\t<div class=\"blockG\" id=\"rotateG_04\"><\/div>\n\t\t\t\t<div class=\"blockG\" id=\"rotateG_05\"><\/div>\n\t\t\t\t<div class=\"blockG\" id=\"rotateG_06\"><\/div>\n\t\t\t\t<div class=\"blockG\" id=\"rotateG_07\"><\/div>\n\t\t\t\t<div class=\"blockG\" id=\"rotateG_08\"><\/div>\n\t\t\t<\/div>\n\t\t\t<div class=\"WooZone-cross-sell-loader-text\"><\/div>\n\t\t<\/div>\n\t<\/div>\n\n\t\t\n<\/div>\n<div style=\"clear:both;\"><\/div><\/p>\n","protected":false},"excerpt":{"rendered":"<p>Der Stoff von Arnzion Baby Autositzbezug ist super weich und dehnbar, aus vielen verschiedenen Arten von Stoffen, so dass die Abdeckung passend f\u00fcr fast alle Arten von Baby-Autositzen, Baby-Kinderwagen, Babyst\u00fchlen und Einkaufswagen, kann auch als modischer Schal oder Stillbezug verwendet werden.<br \/>\nArnzion Baby-Autositzbez\u00fcge werden von M\u00fcttern geliebt, sie geben hohen Wert auf die Bez\u00fcge und wollen, dass wir neue Typen herstellen, so dass es hier ist, die neuen niedlichen Handzeichnungsstile Baby-Autositzbez\u00fcge!<br \/>\nArnzion bietet Ihnen eine zus\u00e4tzliche Tasche, um den Bezug sauber zu halten. Der Bezug l\u00e4sst sich klein in die Tasche falten, so dass er nicht viel Platz in der Wickeltasche nimmt. Die Tasche kann auch verwendet werden, um Babyartikel wie Socken und F\u00e4ustlinge zu verstauen.<\/p>\n","protected":false},"featured_media":203572,"comment_status":"open","ping_status":"closed","template":"","meta":[],"product_brand":[],"product_cat":[8765,21],"product_tag":[],"class_list":{"0":"post-203571","1":"product","2":"type-product","3":"status-publish","4":"has-post-thumbnail","6":"product_cat-autositze-zubehoer-baby","7":"product_cat-baby","8":"pa_binding-babyartikel","9":"pa_brand-arnzion","10":"pa_color-schwarz","11":"pa_height-0-71-zoll","12":"pa_length-7-09-zoll","13":"pa_manufacturer-arnzion","14":"pa_weight-0-3527396192-pfund","15":"pa_width-7-09-zoll","17":"first","18":"instock","19":"shipping-taxable","20":"purchasable","21":"product-type-simple","22":"customify-col","23":"product-has-gallery"},"yoast_head":"<!-- This site is optimized with the Yoast SEO plugin v27.4 - https:\/\/yoast.com\/product\/yoast-seo-wordpress\/ -->\n<title>Arnzion Baby Autositzbez\u00fcge, neutral, superweich, dehnbar und atmungsaktiv, Stillbezug f\u00fcr Neugeborene, mit Aufbewahrungstasche, niedlich, wei\u00df mit schwarzen Streifen - Markt-XXL<\/title>\n<meta name=\"description\" content=\"Markt-XXL Arnzion Baby Autositzbez\u00fcge, neutral, superweich, dehnbar und atmungsaktiv, Stillbezug f\u00fcr Neugeborene, mit Aufbewahrungstasche, niedlich, wei\u00df mit schwarzen Streifen\" \/>\n<meta name=\"robots\" content=\"index, follow, max-snippet:-1, max-image-preview:large, max-video-preview:-1\" \/>\n<link rel=\"canonical\" href=\"https:\/\/marktxxl.de\/markt\/produkt\/arnzion-baby-autositzbezuege-neutral-superweich-dehnbar-und-atmungsaktiv-stillbezug-fuer-neugeborene-mit-aufbewahrungstasche-niedlich-weiss-mit-schwarzen-streifen\/\" \/>\n<meta property=\"og:locale\" content=\"de_DE\" \/>\n<meta property=\"og:type\" content=\"article\" \/>\n<meta property=\"og:title\" content=\"Arnzion Baby Autositzbez\u00fcge, neutral, superweich, dehnbar und atmungsaktiv, Stillbezug f\u00fcr Neugeborene, mit Aufbewahrungstasche, niedlich, wei\u00df mit schwarzen Streifen - Markt-XXL\" \/>\n<meta property=\"og:description\" content=\"Markt-XXL Arnzion Baby Autositzbez\u00fcge, neutral, superweich, dehnbar und atmungsaktiv, Stillbezug f\u00fcr Neugeborene, mit Aufbewahrungstasche, niedlich, wei\u00df mit schwarzen Streifen\" \/>\n<meta property=\"og:url\" content=\"https:\/\/marktxxl.de\/markt\/produkt\/arnzion-baby-autositzbezuege-neutral-superweich-dehnbar-und-atmungsaktiv-stillbezug-fuer-neugeborene-mit-aufbewahrungstasche-niedlich-weiss-mit-schwarzen-streifen\/\" \/>\n<meta property=\"og:site_name\" content=\"Markt-XXL\" \/>\n<meta name=\"twitter:card\" content=\"summary_large_image\" \/>\n<meta name=\"twitter:label1\" content=\"Gesch\u00e4tzte Lesezeit\" \/>\n\t<meta name=\"twitter:data1\" content=\"1\u00a0Minute\" \/>\n<script type=\"application\/ld+json\" class=\"yoast-schema-graph\">{\"@context\":\"https:\\\/\\\/schema.org\",\"@graph\":[{\"@type\":\"WebPage\",\"@id\":\"https:\\\/\\\/marktxxl.de\\\/markt\\\/produkt\\\/arnzion-baby-autositzbezuege-neutral-superweich-dehnbar-und-atmungsaktiv-stillbezug-fuer-neugeborene-mit-aufbewahrungstasche-niedlich-weiss-mit-schwarzen-streifen\\\/\",\"url\":\"https:\\\/\\\/marktxxl.de\\\/markt\\\/produkt\\\/arnzion-baby-autositzbezuege-neutral-superweich-dehnbar-und-atmungsaktiv-stillbezug-fuer-neugeborene-mit-aufbewahrungstasche-niedlich-weiss-mit-schwarzen-streifen\\\/\",\"name\":\"Arnzion Baby Autositzbez\u00fcge, neutral, superweich, dehnbar und atmungsaktiv, Stillbezug f\u00fcr Neugeborene, mit Aufbewahrungstasche, niedlich, wei\u00df mit schwarzen Streifen - Markt-XXL\",\"isPartOf\":{\"@id\":\"https:\\\/\\\/marktxxl.de\\\/markt\\\/#website\"},\"primaryImageOfPage\":{\"@id\":\"https:\\\/\\\/marktxxl.de\\\/markt\\\/produkt\\\/arnzion-baby-autositzbezuege-neutral-superweich-dehnbar-und-atmungsaktiv-stillbezug-fuer-neugeborene-mit-aufbewahrungstasche-niedlich-weiss-mit-schwarzen-streifen\\\/#primaryimage\"},\"image\":{\"@id\":\"https:\\\/\\\/marktxxl.de\\\/markt\\\/produkt\\\/arnzion-baby-autositzbezuege-neutral-superweich-dehnbar-und-atmungsaktiv-stillbezug-fuer-neugeborene-mit-aufbewahrungstasche-niedlich-weiss-mit-schwarzen-streifen\\\/#primaryimage\"},\"thumbnailUrl\":\"https:\\\/\\\/m.media-amazon.com\\\/images\\\/I\\\/51Wh8sD7CrL._SL500_.jpg\",\"datePublished\":\"2023-05-09T19:46:17+00:00\",\"description\":\"Markt-XXL Arnzion Baby Autositzbez\u00fcge, neutral, superweich, dehnbar und atmungsaktiv, Stillbezug f\u00fcr Neugeborene, mit Aufbewahrungstasche, niedlich, wei\u00df mit schwarzen Streifen\",\"breadcrumb\":{\"@id\":\"https:\\\/\\\/marktxxl.de\\\/markt\\\/produkt\\\/arnzion-baby-autositzbezuege-neutral-superweich-dehnbar-und-atmungsaktiv-stillbezug-fuer-neugeborene-mit-aufbewahrungstasche-niedlich-weiss-mit-schwarzen-streifen\\\/#breadcrumb\"},\"inLanguage\":\"de\",\"potentialAction\":[{\"@type\":\"ReadAction\",\"target\":[\"https:\\\/\\\/marktxxl.de\\\/markt\\\/produkt\\\/arnzion-baby-autositzbezuege-neutral-superweich-dehnbar-und-atmungsaktiv-stillbezug-fuer-neugeborene-mit-aufbewahrungstasche-niedlich-weiss-mit-schwarzen-streifen\\\/\"]}]},{\"@type\":\"ImageObject\",\"inLanguage\":\"de\",\"@id\":\"https:\\\/\\\/marktxxl.de\\\/markt\\\/produkt\\\/arnzion-baby-autositzbezuege-neutral-superweich-dehnbar-und-atmungsaktiv-stillbezug-fuer-neugeborene-mit-aufbewahrungstasche-niedlich-weiss-mit-schwarzen-streifen\\\/#primaryimage\",\"url\":\"https:\\\/\\\/m.media-amazon.com\\\/images\\\/I\\\/51Wh8sD7CrL._SL500_.jpg\",\"contentUrl\":\"https:\\\/\\\/m.media-amazon.com\\\/images\\\/I\\\/51Wh8sD7CrL._SL500_.jpg\",\"width\":500,\"height\":500},{\"@type\":\"BreadcrumbList\",\"@id\":\"https:\\\/\\\/marktxxl.de\\\/markt\\\/produkt\\\/arnzion-baby-autositzbezuege-neutral-superweich-dehnbar-und-atmungsaktiv-stillbezug-fuer-neugeborene-mit-aufbewahrungstasche-niedlich-weiss-mit-schwarzen-streifen\\\/#breadcrumb\",\"itemListElement\":[{\"@type\":\"ListItem\",\"position\":1,\"name\":\"Startseite\",\"item\":\"https:\\\/\\\/marktxxl.de\\\/markt\\\/\"},{\"@type\":\"ListItem\",\"position\":2,\"name\":\"Markt\",\"item\":\"https:\\\/\\\/marktxxl.de\\\/markt\\\/\"},{\"@type\":\"ListItem\",\"position\":3,\"name\":\"Arnzion Baby Autositzbez\u00fcge, neutral, superweich, dehnbar und atmungsaktiv, Stillbezug f\u00fcr Neugeborene, mit Aufbewahrungstasche, niedlich, wei\u00df mit schwarzen Streifen\"}]},{\"@type\":\"WebSite\",\"@id\":\"https:\\\/\\\/marktxxl.de\\\/markt\\\/#website\",\"url\":\"https:\\\/\\\/marktxxl.de\\\/markt\\\/\",\"name\":\"Markt-XXL\",\"description\":\"Ihr Markt Online\",\"publisher\":{\"@id\":\"https:\\\/\\\/marktxxl.de\\\/markt\\\/#organization\"},\"potentialAction\":[{\"@type\":\"SearchAction\",\"target\":{\"@type\":\"EntryPoint\",\"urlTemplate\":\"https:\\\/\\\/marktxxl.de\\\/markt\\\/?s={search_term_string}\"},\"query-input\":{\"@type\":\"PropertyValueSpecification\",\"valueRequired\":true,\"valueName\":\"search_term_string\"}}],\"inLanguage\":\"de\"},{\"@type\":\"Organization\",\"@id\":\"https:\\\/\\\/marktxxl.de\\\/markt\\\/#organization\",\"name\":\"Markt-XXL\",\"url\":\"https:\\\/\\\/marktxxl.de\\\/markt\\\/\",\"logo\":{\"@type\":\"ImageObject\",\"inLanguage\":\"de\",\"@id\":\"https:\\\/\\\/marktxxl.de\\\/markt\\\/#\\\/schema\\\/logo\\\/image\\\/\",\"url\":\"https:\\\/\\\/marktxxl.de\\\/markt\\\/wp-content\\\/uploads\\\/sites\\\/3\\\/2020\\\/12\\\/logo.png\",\"contentUrl\":\"https:\\\/\\\/marktxxl.de\\\/markt\\\/wp-content\\\/uploads\\\/sites\\\/3\\\/2020\\\/12\\\/logo.png\",\"width\":200,\"height\":70,\"caption\":\"Markt-XXL\"},\"image\":{\"@id\":\"https:\\\/\\\/marktxxl.de\\\/markt\\\/#\\\/schema\\\/logo\\\/image\\\/\"}}]}<\/script>\n<!-- \/ Yoast SEO plugin. -->","yoast_head_json":{"title":"Arnzion Baby Autositzbez\u00fcge, neutral, superweich, dehnbar und atmungsaktiv, Stillbezug f\u00fcr Neugeborene, mit Aufbewahrungstasche, niedlich, wei\u00df mit schwarzen Streifen - Markt-XXL","description":"Markt-XXL Arnzion Baby Autositzbez\u00fcge, neutral, superweich, dehnbar und atmungsaktiv, Stillbezug f\u00fcr Neugeborene, mit Aufbewahrungstasche, niedlich, wei\u00df mit schwarzen Streifen","robots":{"index":"index","follow":"follow","max-snippet":"max-snippet:-1","max-image-preview":"max-image-preview:large","max-video-preview":"max-video-preview:-1"},"canonical":"https:\/\/marktxxl.de\/markt\/produkt\/arnzion-baby-autositzbezuege-neutral-superweich-dehnbar-und-atmungsaktiv-stillbezug-fuer-neugeborene-mit-aufbewahrungstasche-niedlich-weiss-mit-schwarzen-streifen\/","og_locale":"de_DE","og_type":"article","og_title":"Arnzion Baby Autositzbez\u00fcge, neutral, superweich, dehnbar und atmungsaktiv, Stillbezug f\u00fcr Neugeborene, mit Aufbewahrungstasche, niedlich, wei\u00df mit schwarzen Streifen - Markt-XXL","og_description":"Markt-XXL Arnzion Baby Autositzbez\u00fcge, neutral, superweich, dehnbar und atmungsaktiv, Stillbezug f\u00fcr Neugeborene, mit Aufbewahrungstasche, niedlich, wei\u00df mit schwarzen Streifen","og_url":"https:\/\/marktxxl.de\/markt\/produkt\/arnzion-baby-autositzbezuege-neutral-superweich-dehnbar-und-atmungsaktiv-stillbezug-fuer-neugeborene-mit-aufbewahrungstasche-niedlich-weiss-mit-schwarzen-streifen\/","og_site_name":"Markt-XXL","twitter_card":"summary_large_image","twitter_misc":{"Gesch\u00e4tzte Lesezeit":"1\u00a0Minute"},"schema":{"@context":"https:\/\/schema.org","@graph":[{"@type":"WebPage","@id":"https:\/\/marktxxl.de\/markt\/produkt\/arnzion-baby-autositzbezuege-neutral-superweich-dehnbar-und-atmungsaktiv-stillbezug-fuer-neugeborene-mit-aufbewahrungstasche-niedlich-weiss-mit-schwarzen-streifen\/","url":"https:\/\/marktxxl.de\/markt\/produkt\/arnzion-baby-autositzbezuege-neutral-superweich-dehnbar-und-atmungsaktiv-stillbezug-fuer-neugeborene-mit-aufbewahrungstasche-niedlich-weiss-mit-schwarzen-streifen\/","name":"Arnzion Baby Autositzbez\u00fcge, neutral, superweich, dehnbar und atmungsaktiv, Stillbezug f\u00fcr Neugeborene, mit Aufbewahrungstasche, niedlich, wei\u00df mit schwarzen Streifen - Markt-XXL","isPartOf":{"@id":"https:\/\/marktxxl.de\/markt\/#website"},"primaryImageOfPage":{"@id":"https:\/\/marktxxl.de\/markt\/produkt\/arnzion-baby-autositzbezuege-neutral-superweich-dehnbar-und-atmungsaktiv-stillbezug-fuer-neugeborene-mit-aufbewahrungstasche-niedlich-weiss-mit-schwarzen-streifen\/#primaryimage"},"image":{"@id":"https:\/\/marktxxl.de\/markt\/produkt\/arnzion-baby-autositzbezuege-neutral-superweich-dehnbar-und-atmungsaktiv-stillbezug-fuer-neugeborene-mit-aufbewahrungstasche-niedlich-weiss-mit-schwarzen-streifen\/#primaryimage"},"thumbnailUrl":"https:\/\/m.media-amazon.com\/images\/I\/51Wh8sD7CrL._SL500_.jpg","datePublished":"2023-05-09T19:46:17+00:00","description":"Markt-XXL Arnzion Baby Autositzbez\u00fcge, neutral, superweich, dehnbar und atmungsaktiv, Stillbezug f\u00fcr Neugeborene, mit Aufbewahrungstasche, niedlich, wei\u00df mit schwarzen Streifen","breadcrumb":{"@id":"https:\/\/marktxxl.de\/markt\/produkt\/arnzion-baby-autositzbezuege-neutral-superweich-dehnbar-und-atmungsaktiv-stillbezug-fuer-neugeborene-mit-aufbewahrungstasche-niedlich-weiss-mit-schwarzen-streifen\/#breadcrumb"},"inLanguage":"de","potentialAction":[{"@type":"ReadAction","target":["https:\/\/marktxxl.de\/markt\/produkt\/arnzion-baby-autositzbezuege-neutral-superweich-dehnbar-und-atmungsaktiv-stillbezug-fuer-neugeborene-mit-aufbewahrungstasche-niedlich-weiss-mit-schwarzen-streifen\/"]}]},{"@type":"ImageObject","inLanguage":"de","@id":"https:\/\/marktxxl.de\/markt\/produkt\/arnzion-baby-autositzbezuege-neutral-superweich-dehnbar-und-atmungsaktiv-stillbezug-fuer-neugeborene-mit-aufbewahrungstasche-niedlich-weiss-mit-schwarzen-streifen\/#primaryimage","url":"https:\/\/m.media-amazon.com\/images\/I\/51Wh8sD7CrL._SL500_.jpg","contentUrl":"https:\/\/m.media-amazon.com\/images\/I\/51Wh8sD7CrL._SL500_.jpg","width":500,"height":500},{"@type":"BreadcrumbList","@id":"https:\/\/marktxxl.de\/markt\/produkt\/arnzion-baby-autositzbezuege-neutral-superweich-dehnbar-und-atmungsaktiv-stillbezug-fuer-neugeborene-mit-aufbewahrungstasche-niedlich-weiss-mit-schwarzen-streifen\/#breadcrumb","itemListElement":[{"@type":"ListItem","position":1,"name":"Startseite","item":"https:\/\/marktxxl.de\/markt\/"},{"@type":"ListItem","position":2,"name":"Markt","item":"https:\/\/marktxxl.de\/markt\/"},{"@type":"ListItem","position":3,"name":"Arnzion Baby Autositzbez\u00fcge, neutral, superweich, dehnbar und atmungsaktiv, Stillbezug f\u00fcr Neugeborene, mit Aufbewahrungstasche, niedlich, wei\u00df mit schwarzen Streifen"}]},{"@type":"WebSite","@id":"https:\/\/marktxxl.de\/markt\/#website","url":"https:\/\/marktxxl.de\/markt\/","name":"Markt-XXL","description":"Ihr Markt Online","publisher":{"@id":"https:\/\/marktxxl.de\/markt\/#organization"},"potentialAction":[{"@type":"SearchAction","target":{"@type":"EntryPoint","urlTemplate":"https:\/\/marktxxl.de\/markt\/?s={search_term_string}"},"query-input":{"@type":"PropertyValueSpecification","valueRequired":true,"valueName":"search_term_string"}}],"inLanguage":"de"},{"@type":"Organization","@id":"https:\/\/marktxxl.de\/markt\/#organization","name":"Markt-XXL","url":"https:\/\/marktxxl.de\/markt\/","logo":{"@type":"ImageObject","inLanguage":"de","@id":"https:\/\/marktxxl.de\/markt\/#\/schema\/logo\/image\/","url":"https:\/\/marktxxl.de\/markt\/wp-content\/uploads\/sites\/3\/2020\/12\/logo.png","contentUrl":"https:\/\/marktxxl.de\/markt\/wp-content\/uploads\/sites\/3\/2020\/12\/logo.png","width":200,"height":70,"caption":"Markt-XXL"},"image":{"@id":"https:\/\/marktxxl.de\/markt\/#\/schema\/logo\/image\/"}}]}},"_links":{"self":[{"href":"https:\/\/marktxxl.de\/markt\/wp-json\/wp\/v2\/product\/203571","targetHints":{"allow":["GET"]}}],"collection":[{"href":"https:\/\/marktxxl.de\/markt\/wp-json\/wp\/v2\/product"}],"about":[{"href":"https:\/\/marktxxl.de\/markt\/wp-json\/wp\/v2\/types\/product"}],"replies":[{"embeddable":true,"href":"https:\/\/marktxxl.de\/markt\/wp-json\/wp\/v2\/comments?post=203571"}],"wp:featuredmedia":[{"embeddable":true,"href":"https:\/\/marktxxl.de\/markt\/wp-json\/wp\/v2\/media\/203572"}],"wp:attachment":[{"href":"https:\/\/marktxxl.de\/markt\/wp-json\/wp\/v2\/media?parent=203571"}],"wp:term":[{"taxonomy":"product_brand","embeddable":true,"href":"https:\/\/marktxxl.de\/markt\/wp-json\/wp\/v2\/product_brand?post=203571"},{"taxonomy":"product_cat","embeddable":true,"href":"https:\/\/marktxxl.de\/markt\/wp-json\/wp\/v2\/product_cat?post=203571"},{"taxonomy":"product_tag","embeddable":true,"href":"https:\/\/marktxxl.de\/markt\/wp-json\/wp\/v2\/product_tag?post=203571"}],"curies":[{"name":"wp","href":"https:\/\/api.w.org\/{rel}","templated":true}]}}