{"id":203400,"date":"2023-04-10T17:35:38","date_gmt":"2023-04-10T15:35:38","guid":{"rendered":"https:\/\/marktxxl.de\/markt\/produkt\/iron-infidel-pull-up-hilfsbaender-zum-trainieren-widerstandsbaender-set-fuer-maenner-uebung-training-fitness-kraft-gewichtheben-training-powerlifting-stretch-crossfit-wod\/"},"modified":"2023-04-11T05:42:24","modified_gmt":"2023-04-11T03:42:24","slug":"iron-infidel-pull-up-hilfsbaender-zum-trainieren-widerstandsbaender-set-fuer-maenner-uebung-training-fitness-kraft-gewichtheben-training-powerlifting-stretch-crossfit-wod","status":"publish","type":"product","link":"https:\/\/marktxxl.de\/markt\/produkt\/iron-infidel-pull-up-hilfsbaender-zum-trainieren-widerstandsbaender-set-fuer-maenner-uebung-training-fitness-kraft-gewichtheben-training-powerlifting-stretch-crossfit-wod\/","title":{"rendered":"Iron Infidel Pull-Up-Hilfsb\u00e4nder zum Trainieren \u2013 Widerstandsb\u00e4nder-Set f\u00fcr M\u00e4nner, \u00dcbung, Training, Fitness, Kraft\u2026"},"content":{"rendered":"<p>Widerstandsstufen &#8211; Perfekt f\u00fcr alle Kraftstufen. Trainingsb\u00e4nder k\u00f6nnen hinzugef\u00fcgt werden, um Ihre Leistung beim Kreuzheben, Bankdr\u00fccken, Kniebeugen, Schulterdr\u00fccken zu steigern sowie beim Dehnen und der Flexibilit\u00e4t zu helfen. Gro\u00df f\u00fcr M\u00e4nner oder Frauen.<br \/>\nVielseitig &#8211; Erweitern Sie Ihre Fitnessger\u00e4te zu Hause oder nehmen Sie sie mit auf Reisen f\u00fcr ein effizientes Training im Hotelzimmer. Muskelaufbau; Kraft, Geschwindigkeit und Explosivit\u00e4t. \u00c4ndern Sie die Widerstandsstufen, wenn Ihre Kraft zunimmt. Sie k\u00f6nnen je nach Ihren Zielen jederzeit mehr Widerstand oder Unterst\u00fctzung hinzuf\u00fcgen.<br \/>\nFunktionelles Training \u2013 Egal, ob Sie zu Hause oder im Fitnessstudio trainieren, bringen Sie Ihr Gewichthebeprogramm mit \u00dcbungsb\u00e4ndern, einer fortschrittlichen Technik zum Kraftaufbau, auf die n\u00e4chste Stufe. Gro\u00dfartig als Unterst\u00fctzung bei Klimmz\u00fcgen oder als zus\u00e4tzlicher Widerstand f\u00fcr alle wichtigen Aufz\u00fcge. Endlich gibt es Fitnessb\u00e4nder f\u00fcr diejenigen von uns, die keine neonvioletten B\u00e4nder wollen. Wir stellen unsere brandneuen taktischen Farben vor.<br \/>\nF\u00fcr einen guten Zweck &#8211; Ein Teil aller Gewinne wird \u00fcber die Wounded Warrior Foundation an verwundete Veteranen und \u00fcber die First Responders Children&#8217;s Foundation an die Kinder gefallener Polizisten gespendet.<br \/>\nNat\u00fcrlich und geruchsfrei \u2013 Hergestellt aus geruchlosem, 100 % nat\u00fcrlichem Latex. Extrem langlebig und so konstruiert, dass sie ihre Elastizit\u00e4t und Widerstandsf\u00e4higkeit behalten. H\u00fcten Sie sich vor dem schrecklichen Geruch von Marken, die billigere Materialien verwenden.<br \/>\n<div class=\"main-cross-sell\" data-asin=\"B09SLRG9YV\">\n\n\t<div class=\"WooZone-cross-sell-loader\">\n\t\t<div>\n\t\t\t<div id=\"floatingBarsG\">\n\t\t\t\t<div class=\"blockG\" id=\"rotateG_01\"><\/div>\n\t\t\t\t<div class=\"blockG\" id=\"rotateG_02\"><\/div>\n\t\t\t\t<div class=\"blockG\" id=\"rotateG_03\"><\/div>\n\t\t\t\t<div class=\"blockG\" id=\"rotateG_04\"><\/div>\n\t\t\t\t<div class=\"blockG\" id=\"rotateG_05\"><\/div>\n\t\t\t\t<div class=\"blockG\" id=\"rotateG_06\"><\/div>\n\t\t\t\t<div class=\"blockG\" id=\"rotateG_07\"><\/div>\n\t\t\t\t<div class=\"blockG\" id=\"rotateG_08\"><\/div>\n\t\t\t<\/div>\n\t\t\t<div class=\"WooZone-cross-sell-loader-text\"><\/div>\n\t\t<\/div>\n\t<\/div>\n\n\t\t\n<\/div>\n<div style=\"clear:both;\"><\/div><\/p>\n","protected":false},"excerpt":{"rendered":"<p>Widerstandsstufen &#8211; Perfekt f\u00fcr alle Kraftstufen. Trainingsb\u00e4nder k\u00f6nnen hinzugef\u00fcgt werden, um Ihre Leistung beim Kreuzheben, Bankdr\u00fccken, Kniebeugen, Schulterdr\u00fccken zu steigern sowie beim Dehnen und der Flexibilit\u00e4t zu helfen. Gro\u00df f\u00fcr M\u00e4nner oder Frauen.<br \/>\nVielseitig &#8211; Erweitern Sie Ihre Fitnessger\u00e4te zu Hause oder nehmen Sie sie mit auf Reisen f\u00fcr ein effizientes Training im Hotelzimmer. Muskelaufbau; Kraft, Geschwindigkeit und Explosivit\u00e4t. \u00c4ndern Sie die Widerstandsstufen, wenn Ihre Kraft zunimmt. Sie k\u00f6nnen je nach Ihren Zielen jederzeit mehr Widerstand oder Unterst\u00fctzung hinzuf\u00fcgen.<br \/>\nFunktionelles Training \u2013 Egal, ob Sie zu Hause oder im Fitnessstudio trainieren, bringen Sie Ihr Gewichthebeprogramm mit \u00dcbungsb\u00e4ndern, einer fortschrittlichen Technik zum Kraftaufbau, auf die n\u00e4chste Stufe. Gro\u00dfartig als Unterst\u00fctzung bei Klimmz\u00fcgen oder als zus\u00e4tzlicher Widerstand f\u00fcr alle wichtigen Aufz\u00fcge. Endlich gibt es Fitnessb\u00e4nder f\u00fcr diejenigen von uns, die keine neonvioletten B\u00e4nder wollen. Wir stellen unsere brandneuen taktischen Farben vor.<\/p>\n","protected":false},"featured_media":203401,"comment_status":"open","ping_status":"closed","template":"","meta":[],"product_brand":[],"product_cat":[566,5908],"product_tag":[],"class_list":{"0":"post-203400","1":"product","2":"type-product","3":"status-publish","4":"has-post-thumbnail","6":"product_cat-drogerie-koerperpflege","7":"product_cat-medizinische-geraete-verbrauchsmaterialien","8":"pa_brand-iron-infidel","9":"pa_manufacturer-iron-infidel","11":"first","12":"instock","13":"shipping-taxable","14":"purchasable","15":"product-type-simple","16":"customify-col","17":"product-has-gallery"},"yoast_head":"<!-- This site is optimized with the Yoast SEO plugin v27.4 - https:\/\/yoast.com\/product\/yoast-seo-wordpress\/ -->\n<title>Iron Infidel Pull-Up-Hilfsb\u00e4nder zum Trainieren \u2013 Widerstandsb\u00e4nder-Set f\u00fcr M\u00e4nner, \u00dcbung, Training, Fitness, Kraft\u2026 - Markt-XXL<\/title>\n<meta name=\"description\" content=\"Markt-XXL Iron Infidel Pull-Up-Hilfsb\u00e4nder zum Trainieren \u2013 Widerstandsb\u00e4nder-Set f\u00fcr M\u00e4nner, \u00dcbung, Training, Fitness, Kraft\u2026\" \/>\n<meta name=\"robots\" content=\"index, follow, max-snippet:-1, max-image-preview:large, max-video-preview:-1\" \/>\n<link rel=\"canonical\" href=\"https:\/\/marktxxl.de\/markt\/produkt\/iron-infidel-pull-up-hilfsbaender-zum-trainieren-widerstandsbaender-set-fuer-maenner-uebung-training-fitness-kraft-gewichtheben-training-powerlifting-stretch-crossfit-wod\/\" \/>\n<meta property=\"og:locale\" content=\"de_DE\" \/>\n<meta property=\"og:type\" content=\"article\" \/>\n<meta property=\"og:title\" content=\"Iron Infidel Pull-Up-Hilfsb\u00e4nder zum Trainieren \u2013 Widerstandsb\u00e4nder-Set f\u00fcr M\u00e4nner, \u00dcbung, Training, Fitness, Kraft\u2026 - Markt-XXL\" \/>\n<meta property=\"og:description\" content=\"Markt-XXL Iron Infidel Pull-Up-Hilfsb\u00e4nder zum Trainieren \u2013 Widerstandsb\u00e4nder-Set f\u00fcr M\u00e4nner, \u00dcbung, Training, Fitness, Kraft\u2026\" \/>\n<meta property=\"og:url\" content=\"https:\/\/marktxxl.de\/markt\/produkt\/iron-infidel-pull-up-hilfsbaender-zum-trainieren-widerstandsbaender-set-fuer-maenner-uebung-training-fitness-kraft-gewichtheben-training-powerlifting-stretch-crossfit-wod\/\" \/>\n<meta property=\"og:site_name\" content=\"Markt-XXL\" \/>\n<meta property=\"article:modified_time\" content=\"2023-04-11T03:42:24+00:00\" \/>\n<meta property=\"og:image\" content=\"https:\/\/m.media-amazon.com\/images\/I\/41ePpyD1-xL._SL500_.jpg\" \/>\n\t<meta property=\"og:image:width\" content=\"500\" \/>\n\t<meta property=\"og:image:height\" content=\"500\" \/>\n\t<meta property=\"og:image:type\" content=\"image\/jpeg\" \/>\n<meta name=\"twitter:card\" content=\"summary_large_image\" \/>\n<meta name=\"twitter:label1\" content=\"Gesch\u00e4tzte Lesezeit\" \/>\n\t<meta name=\"twitter:data1\" content=\"1\u00a0Minute\" \/>\n<script type=\"application\/ld+json\" class=\"yoast-schema-graph\">{\"@context\":\"https:\\\/\\\/schema.org\",\"@graph\":[{\"@type\":\"WebPage\",\"@id\":\"https:\\\/\\\/marktxxl.de\\\/markt\\\/produkt\\\/iron-infidel-pull-up-hilfsbaender-zum-trainieren-widerstandsbaender-set-fuer-maenner-uebung-training-fitness-kraft-gewichtheben-training-powerlifting-stretch-crossfit-wod\\\/\",\"url\":\"https:\\\/\\\/marktxxl.de\\\/markt\\\/produkt\\\/iron-infidel-pull-up-hilfsbaender-zum-trainieren-widerstandsbaender-set-fuer-maenner-uebung-training-fitness-kraft-gewichtheben-training-powerlifting-stretch-crossfit-wod\\\/\",\"name\":\"Iron Infidel Pull-Up-Hilfsb\u00e4nder zum Trainieren \u2013 Widerstandsb\u00e4nder-Set f\u00fcr M\u00e4nner, \u00dcbung, Training, Fitness, Kraft\u2026 - Markt-XXL\",\"isPartOf\":{\"@id\":\"https:\\\/\\\/marktxxl.de\\\/markt\\\/#website\"},\"primaryImageOfPage\":{\"@id\":\"https:\\\/\\\/marktxxl.de\\\/markt\\\/produkt\\\/iron-infidel-pull-up-hilfsbaender-zum-trainieren-widerstandsbaender-set-fuer-maenner-uebung-training-fitness-kraft-gewichtheben-training-powerlifting-stretch-crossfit-wod\\\/#primaryimage\"},\"image\":{\"@id\":\"https:\\\/\\\/marktxxl.de\\\/markt\\\/produkt\\\/iron-infidel-pull-up-hilfsbaender-zum-trainieren-widerstandsbaender-set-fuer-maenner-uebung-training-fitness-kraft-gewichtheben-training-powerlifting-stretch-crossfit-wod\\\/#primaryimage\"},\"thumbnailUrl\":\"https:\\\/\\\/m.media-amazon.com\\\/images\\\/I\\\/41ePpyD1-xL._SL500_.jpg\",\"datePublished\":\"2023-04-10T15:35:38+00:00\",\"dateModified\":\"2023-04-11T03:42:24+00:00\",\"description\":\"Markt-XXL Iron Infidel Pull-Up-Hilfsb\u00e4nder zum Trainieren \u2013 Widerstandsb\u00e4nder-Set f\u00fcr M\u00e4nner, \u00dcbung, Training, Fitness, Kraft\u2026\",\"breadcrumb\":{\"@id\":\"https:\\\/\\\/marktxxl.de\\\/markt\\\/produkt\\\/iron-infidel-pull-up-hilfsbaender-zum-trainieren-widerstandsbaender-set-fuer-maenner-uebung-training-fitness-kraft-gewichtheben-training-powerlifting-stretch-crossfit-wod\\\/#breadcrumb\"},\"inLanguage\":\"de\",\"potentialAction\":[{\"@type\":\"ReadAction\",\"target\":[\"https:\\\/\\\/marktxxl.de\\\/markt\\\/produkt\\\/iron-infidel-pull-up-hilfsbaender-zum-trainieren-widerstandsbaender-set-fuer-maenner-uebung-training-fitness-kraft-gewichtheben-training-powerlifting-stretch-crossfit-wod\\\/\"]}]},{\"@type\":\"ImageObject\",\"inLanguage\":\"de\",\"@id\":\"https:\\\/\\\/marktxxl.de\\\/markt\\\/produkt\\\/iron-infidel-pull-up-hilfsbaender-zum-trainieren-widerstandsbaender-set-fuer-maenner-uebung-training-fitness-kraft-gewichtheben-training-powerlifting-stretch-crossfit-wod\\\/#primaryimage\",\"url\":\"https:\\\/\\\/m.media-amazon.com\\\/images\\\/I\\\/41ePpyD1-xL._SL500_.jpg\",\"contentUrl\":\"https:\\\/\\\/m.media-amazon.com\\\/images\\\/I\\\/41ePpyD1-xL._SL500_.jpg\",\"width\":500,\"height\":500},{\"@type\":\"BreadcrumbList\",\"@id\":\"https:\\\/\\\/marktxxl.de\\\/markt\\\/produkt\\\/iron-infidel-pull-up-hilfsbaender-zum-trainieren-widerstandsbaender-set-fuer-maenner-uebung-training-fitness-kraft-gewichtheben-training-powerlifting-stretch-crossfit-wod\\\/#breadcrumb\",\"itemListElement\":[{\"@type\":\"ListItem\",\"position\":1,\"name\":\"Startseite\",\"item\":\"https:\\\/\\\/marktxxl.de\\\/markt\\\/\"},{\"@type\":\"ListItem\",\"position\":2,\"name\":\"Markt\",\"item\":\"https:\\\/\\\/marktxxl.de\\\/markt\\\/\"},{\"@type\":\"ListItem\",\"position\":3,\"name\":\"Iron Infidel Pull-Up-Hilfsb\u00e4nder zum Trainieren \u2013 Widerstandsb\u00e4nder-Set f\u00fcr M\u00e4nner, \u00dcbung, Training, Fitness, Kraft\u2026\"}]},{\"@type\":\"WebSite\",\"@id\":\"https:\\\/\\\/marktxxl.de\\\/markt\\\/#website\",\"url\":\"https:\\\/\\\/marktxxl.de\\\/markt\\\/\",\"name\":\"Markt-XXL\",\"description\":\"Ihr Markt Online\",\"publisher\":{\"@id\":\"https:\\\/\\\/marktxxl.de\\\/markt\\\/#organization\"},\"potentialAction\":[{\"@type\":\"SearchAction\",\"target\":{\"@type\":\"EntryPoint\",\"urlTemplate\":\"https:\\\/\\\/marktxxl.de\\\/markt\\\/?s={search_term_string}\"},\"query-input\":{\"@type\":\"PropertyValueSpecification\",\"valueRequired\":true,\"valueName\":\"search_term_string\"}}],\"inLanguage\":\"de\"},{\"@type\":\"Organization\",\"@id\":\"https:\\\/\\\/marktxxl.de\\\/markt\\\/#organization\",\"name\":\"Markt-XXL\",\"url\":\"https:\\\/\\\/marktxxl.de\\\/markt\\\/\",\"logo\":{\"@type\":\"ImageObject\",\"inLanguage\":\"de\",\"@id\":\"https:\\\/\\\/marktxxl.de\\\/markt\\\/#\\\/schema\\\/logo\\\/image\\\/\",\"url\":\"https:\\\/\\\/marktxxl.de\\\/markt\\\/wp-content\\\/uploads\\\/sites\\\/3\\\/2020\\\/12\\\/logo.png\",\"contentUrl\":\"https:\\\/\\\/marktxxl.de\\\/markt\\\/wp-content\\\/uploads\\\/sites\\\/3\\\/2020\\\/12\\\/logo.png\",\"width\":200,\"height\":70,\"caption\":\"Markt-XXL\"},\"image\":{\"@id\":\"https:\\\/\\\/marktxxl.de\\\/markt\\\/#\\\/schema\\\/logo\\\/image\\\/\"}}]}<\/script>\n<!-- \/ Yoast SEO plugin. -->","yoast_head_json":{"title":"Iron Infidel Pull-Up-Hilfsb\u00e4nder zum Trainieren \u2013 Widerstandsb\u00e4nder-Set f\u00fcr M\u00e4nner, \u00dcbung, Training, Fitness, Kraft\u2026 - Markt-XXL","description":"Markt-XXL Iron Infidel Pull-Up-Hilfsb\u00e4nder zum Trainieren \u2013 Widerstandsb\u00e4nder-Set f\u00fcr M\u00e4nner, \u00dcbung, Training, Fitness, Kraft\u2026","robots":{"index":"index","follow":"follow","max-snippet":"max-snippet:-1","max-image-preview":"max-image-preview:large","max-video-preview":"max-video-preview:-1"},"canonical":"https:\/\/marktxxl.de\/markt\/produkt\/iron-infidel-pull-up-hilfsbaender-zum-trainieren-widerstandsbaender-set-fuer-maenner-uebung-training-fitness-kraft-gewichtheben-training-powerlifting-stretch-crossfit-wod\/","og_locale":"de_DE","og_type":"article","og_title":"Iron Infidel Pull-Up-Hilfsb\u00e4nder zum Trainieren \u2013 Widerstandsb\u00e4nder-Set f\u00fcr M\u00e4nner, \u00dcbung, Training, Fitness, Kraft\u2026 - Markt-XXL","og_description":"Markt-XXL Iron Infidel Pull-Up-Hilfsb\u00e4nder zum Trainieren \u2013 Widerstandsb\u00e4nder-Set f\u00fcr M\u00e4nner, \u00dcbung, Training, Fitness, Kraft\u2026","og_url":"https:\/\/marktxxl.de\/markt\/produkt\/iron-infidel-pull-up-hilfsbaender-zum-trainieren-widerstandsbaender-set-fuer-maenner-uebung-training-fitness-kraft-gewichtheben-training-powerlifting-stretch-crossfit-wod\/","og_site_name":"Markt-XXL","article_modified_time":"2023-04-11T03:42:24+00:00","og_image":[{"width":500,"height":500,"url":"https:\/\/m.media-amazon.com\/images\/I\/41ePpyD1-xL._SL500_.jpg","type":"image\/jpeg"}],"twitter_card":"summary_large_image","twitter_misc":{"Gesch\u00e4tzte Lesezeit":"1\u00a0Minute"},"schema":{"@context":"https:\/\/schema.org","@graph":[{"@type":"WebPage","@id":"https:\/\/marktxxl.de\/markt\/produkt\/iron-infidel-pull-up-hilfsbaender-zum-trainieren-widerstandsbaender-set-fuer-maenner-uebung-training-fitness-kraft-gewichtheben-training-powerlifting-stretch-crossfit-wod\/","url":"https:\/\/marktxxl.de\/markt\/produkt\/iron-infidel-pull-up-hilfsbaender-zum-trainieren-widerstandsbaender-set-fuer-maenner-uebung-training-fitness-kraft-gewichtheben-training-powerlifting-stretch-crossfit-wod\/","name":"Iron Infidel Pull-Up-Hilfsb\u00e4nder zum Trainieren \u2013 Widerstandsb\u00e4nder-Set f\u00fcr M\u00e4nner, \u00dcbung, Training, Fitness, Kraft\u2026 - Markt-XXL","isPartOf":{"@id":"https:\/\/marktxxl.de\/markt\/#website"},"primaryImageOfPage":{"@id":"https:\/\/marktxxl.de\/markt\/produkt\/iron-infidel-pull-up-hilfsbaender-zum-trainieren-widerstandsbaender-set-fuer-maenner-uebung-training-fitness-kraft-gewichtheben-training-powerlifting-stretch-crossfit-wod\/#primaryimage"},"image":{"@id":"https:\/\/marktxxl.de\/markt\/produkt\/iron-infidel-pull-up-hilfsbaender-zum-trainieren-widerstandsbaender-set-fuer-maenner-uebung-training-fitness-kraft-gewichtheben-training-powerlifting-stretch-crossfit-wod\/#primaryimage"},"thumbnailUrl":"https:\/\/m.media-amazon.com\/images\/I\/41ePpyD1-xL._SL500_.jpg","datePublished":"2023-04-10T15:35:38+00:00","dateModified":"2023-04-11T03:42:24+00:00","description":"Markt-XXL Iron Infidel Pull-Up-Hilfsb\u00e4nder zum Trainieren \u2013 Widerstandsb\u00e4nder-Set f\u00fcr M\u00e4nner, \u00dcbung, Training, Fitness, Kraft\u2026","breadcrumb":{"@id":"https:\/\/marktxxl.de\/markt\/produkt\/iron-infidel-pull-up-hilfsbaender-zum-trainieren-widerstandsbaender-set-fuer-maenner-uebung-training-fitness-kraft-gewichtheben-training-powerlifting-stretch-crossfit-wod\/#breadcrumb"},"inLanguage":"de","potentialAction":[{"@type":"ReadAction","target":["https:\/\/marktxxl.de\/markt\/produkt\/iron-infidel-pull-up-hilfsbaender-zum-trainieren-widerstandsbaender-set-fuer-maenner-uebung-training-fitness-kraft-gewichtheben-training-powerlifting-stretch-crossfit-wod\/"]}]},{"@type":"ImageObject","inLanguage":"de","@id":"https:\/\/marktxxl.de\/markt\/produkt\/iron-infidel-pull-up-hilfsbaender-zum-trainieren-widerstandsbaender-set-fuer-maenner-uebung-training-fitness-kraft-gewichtheben-training-powerlifting-stretch-crossfit-wod\/#primaryimage","url":"https:\/\/m.media-amazon.com\/images\/I\/41ePpyD1-xL._SL500_.jpg","contentUrl":"https:\/\/m.media-amazon.com\/images\/I\/41ePpyD1-xL._SL500_.jpg","width":500,"height":500},{"@type":"BreadcrumbList","@id":"https:\/\/marktxxl.de\/markt\/produkt\/iron-infidel-pull-up-hilfsbaender-zum-trainieren-widerstandsbaender-set-fuer-maenner-uebung-training-fitness-kraft-gewichtheben-training-powerlifting-stretch-crossfit-wod\/#breadcrumb","itemListElement":[{"@type":"ListItem","position":1,"name":"Startseite","item":"https:\/\/marktxxl.de\/markt\/"},{"@type":"ListItem","position":2,"name":"Markt","item":"https:\/\/marktxxl.de\/markt\/"},{"@type":"ListItem","position":3,"name":"Iron Infidel Pull-Up-Hilfsb\u00e4nder zum Trainieren \u2013 Widerstandsb\u00e4nder-Set f\u00fcr M\u00e4nner, \u00dcbung, Training, Fitness, Kraft\u2026"}]},{"@type":"WebSite","@id":"https:\/\/marktxxl.de\/markt\/#website","url":"https:\/\/marktxxl.de\/markt\/","name":"Markt-XXL","description":"Ihr Markt Online","publisher":{"@id":"https:\/\/marktxxl.de\/markt\/#organization"},"potentialAction":[{"@type":"SearchAction","target":{"@type":"EntryPoint","urlTemplate":"https:\/\/marktxxl.de\/markt\/?s={search_term_string}"},"query-input":{"@type":"PropertyValueSpecification","valueRequired":true,"valueName":"search_term_string"}}],"inLanguage":"de"},{"@type":"Organization","@id":"https:\/\/marktxxl.de\/markt\/#organization","name":"Markt-XXL","url":"https:\/\/marktxxl.de\/markt\/","logo":{"@type":"ImageObject","inLanguage":"de","@id":"https:\/\/marktxxl.de\/markt\/#\/schema\/logo\/image\/","url":"https:\/\/marktxxl.de\/markt\/wp-content\/uploads\/sites\/3\/2020\/12\/logo.png","contentUrl":"https:\/\/marktxxl.de\/markt\/wp-content\/uploads\/sites\/3\/2020\/12\/logo.png","width":200,"height":70,"caption":"Markt-XXL"},"image":{"@id":"https:\/\/marktxxl.de\/markt\/#\/schema\/logo\/image\/"}}]}},"_links":{"self":[{"href":"https:\/\/marktxxl.de\/markt\/wp-json\/wp\/v2\/product\/203400","targetHints":{"allow":["GET"]}}],"collection":[{"href":"https:\/\/marktxxl.de\/markt\/wp-json\/wp\/v2\/product"}],"about":[{"href":"https:\/\/marktxxl.de\/markt\/wp-json\/wp\/v2\/types\/product"}],"replies":[{"embeddable":true,"href":"https:\/\/marktxxl.de\/markt\/wp-json\/wp\/v2\/comments?post=203400"}],"wp:featuredmedia":[{"embeddable":true,"href":"https:\/\/marktxxl.de\/markt\/wp-json\/wp\/v2\/media\/203401"}],"wp:attachment":[{"href":"https:\/\/marktxxl.de\/markt\/wp-json\/wp\/v2\/media?parent=203400"}],"wp:term":[{"taxonomy":"product_brand","embeddable":true,"href":"https:\/\/marktxxl.de\/markt\/wp-json\/wp\/v2\/product_brand?post=203400"},{"taxonomy":"product_cat","embeddable":true,"href":"https:\/\/marktxxl.de\/markt\/wp-json\/wp\/v2\/product_cat?post=203400"},{"taxonomy":"product_tag","embeddable":true,"href":"https:\/\/marktxxl.de\/markt\/wp-json\/wp\/v2\/product_tag?post=203400"}],"curies":[{"name":"wp","href":"https:\/\/api.w.org\/{rel}","templated":true}]}}