{"id":202871,"date":"2023-04-10T15:55:47","date_gmt":"2023-04-10T13:55:47","guid":{"rendered":"https:\/\/marktxxl.de\/markt\/produkt\/nasenhaartrimmer-nasenhaarschneider-ohrhaartrimmer-2-in-1-professioneller-nasenhaartrimmer-praezisions-frauen-augenbrauen-und-gesichtshaartrimmer-ipx7-wasserdichte-doppelklinge-leicht-zu-reinigen\/"},"modified":"2023-04-10T15:55:47","modified_gmt":"2023-04-10T13:55:47","slug":"nasenhaartrimmer-nasenhaarschneider-ohrhaartrimmer-2-in-1-professioneller-nasenhaartrimmer-praezisions-frauen-augenbrauen-und-gesichtshaartrimmer-ipx7-wasserdichte-doppelklinge-leicht-zu-reinigen","status":"publish","type":"product","link":"https:\/\/marktxxl.de\/markt\/produkt\/nasenhaartrimmer-nasenhaarschneider-ohrhaartrimmer-2-in-1-professioneller-nasenhaartrimmer-praezisions-frauen-augenbrauen-und-gesichtshaartrimmer-ipx7-wasserdichte-doppelklinge-leicht-zu-reinigen\/","title":{"rendered":"Nasenhaartrimmer Nasenhaarschneider Ohrhaartrimmer, 2 in 1 Professioneller Nasenhaartrimmer, Pr\u00e4zisions Frauen Augenbrauen- und Gesichtshaartrimmer, IPX7 Wasserdichte Doppelklinge, leicht zu reinigen"},"content":{"rendered":"<p>\ud83c\udf80\u3010Multifunktionaler Nasenhaartrimmer\u3011Dieser 2-in-1-Gesichtstrimmer umfasst einen Augenbrauentrimmer, einen Nasenhaartrimmer, einen Ohrhaartrimmer und einen Bikini-Rasierer, die leicht zu ersetzen, ger\u00e4uschlos, bequem und leise sind und Ihren unterschiedlichen Bed\u00fcrfnissen entsprechen.<br \/>\n\ud83c\udf80\u3010Leistungsstark &amp; schmerzlos\u3011Es bleibt glatt und weich auf empfindlicher Haut und hat eine Schutzfolie, die die Haut vor Irritationen sch\u00fctzt. Der frauenspezifische Trimmer verf\u00fcgt \u00fcber ein verbessertes 360\u00b0-Rotationsschneidesystem und einen hochwertigen, leistungsstarken Motor, der gleichm\u00e4\u00dfig und sauber durch die Haare im Inneren der Ohren und der Nasentrimmer sowie die Koteletten schneidet und das schmerzfrei. Sorgt daf\u00fcr, dass Sie den ganzen Tag \u00fcber mit Selbstvertrauen aufbl\u00fchen k\u00f6nnen.<br \/>\n\ud83c\udf80\u3010USB Wiederaufladbar\u3011Nasenhaartrimmer verabschieden sich von dem \u00c4rger, Batterien zu ersetzen, dieser wiederaufladbare Elektrorasierer f\u00fcr Frauen hat eine super Energiespeicherkapazit\u00e4t, ohne weitere Batterien zu kaufen.\uff08Bitte laden Sie 2-3 Stunden vor dem Gebrauch\uff09<br \/>\n\ud83c\udf80\u3010Wasserdicht &amp; leicht zu reinigen\u3011Der Ohr- und Nasentrimmer f\u00fcr Frauen hat einen abwaschbaren Kopf, damit Ihr Stifttrimmer nach jedem Gebrauch sauber ist. Au\u00dferdem gibt es eine Reinigungsb\u00fcrste und eine Staubkappe, die die Wartung und Reinigung erleichtern.<br \/>\n\ud83c\udf80\u3010Wasserdicht &amp; leicht zu reinigen\u3011Der Ohr- und Nasentrimmer f\u00fcr Frauen hat einen abwaschbaren Kopf, damit Ihr Stifttrimmer nach jedem Gebrauch sauber ist. Au\u00dferdem gibt es eine Reinigungsb\u00fcrste und eine Staubkappe, die die Wartung und Reinigung erleichtern.<br \/>\n\ud83c\udf80\u3010Kompakt &amp; Tragbar\u3011Der Brow Trimmer f\u00fcr Frauen hat ein elegantes Design im Taschenformat, das platzsparend und leicht ist. Dank des kompakten Designs des Flawless Facial Hair Removers k\u00f6nnen Sie dieses Ger\u00e4t \u00fcberallhin mitnehmen, um sich auch unterwegs zu pflegen.<br \/>\n\ud83c\udf80\u3010Unkomplizierte Geld-zur\u00fcck-Garantie\u3011Dieser Haarentferner f\u00fcr das weibliche Gesicht kommt mit einem 30-t\u00e4gigen R\u00fcckgaberecht und einer 1-Jahres-Garantie. Aufmerksamer Kundensupport 7 Tage die Woche. Wenn Sie Fragen haben, k\u00f6nnen Sie uns gerne eine E-Mail schicken und wir werden Ihnen innerhalb von 24 Stunden weiterhelfen.<br \/>\n<div class=\"main-cross-sell\" data-asin=\"B0BN1TJR6B\">\n\n\t<div class=\"WooZone-cross-sell-loader\">\n\t\t<div>\n\t\t\t<div id=\"floatingBarsG\">\n\t\t\t\t<div class=\"blockG\" id=\"rotateG_01\"><\/div>\n\t\t\t\t<div class=\"blockG\" id=\"rotateG_02\"><\/div>\n\t\t\t\t<div class=\"blockG\" id=\"rotateG_03\"><\/div>\n\t\t\t\t<div class=\"blockG\" id=\"rotateG_04\"><\/div>\n\t\t\t\t<div class=\"blockG\" id=\"rotateG_05\"><\/div>\n\t\t\t\t<div class=\"blockG\" id=\"rotateG_06\"><\/div>\n\t\t\t\t<div class=\"blockG\" id=\"rotateG_07\"><\/div>\n\t\t\t\t<div class=\"blockG\" id=\"rotateG_08\"><\/div>\n\t\t\t<\/div>\n\t\t\t<div class=\"WooZone-cross-sell-loader-text\"><\/div>\n\t\t<\/div>\n\t<\/div>\n\n\t\t\n<\/div>\n<div style=\"clear:both;\"><\/div><\/p>\n","protected":false},"excerpt":{"rendered":"<p>\ud83c\udf80\u3010Multifunktionaler Nasenhaartrimmer\u3011Dieser 2-in-1-Gesichtstrimmer umfasst einen Augenbrauentrimmer, einen Nasenhaartrimmer, einen Ohrhaartrimmer und einen Bikini-Rasierer, die leicht zu ersetzen, ger\u00e4uschlos, bequem und leise sind und Ihren unterschiedlichen Bed\u00fcrfnissen entsprechen.<br \/>\n\ud83c\udf80\u3010Leistungsstark &amp; schmerzlos\u3011Es bleibt glatt und weich auf empfindlicher Haut und hat eine Schutzfolie, die die Haut vor Irritationen sch\u00fctzt. Der frauenspezifische Trimmer verf\u00fcgt \u00fcber ein verbessertes 360\u00b0-Rotationsschneidesystem und einen hochwertigen, leistungsstarken Motor, der gleichm\u00e4\u00dfig und sauber durch die Haare im Inneren der Ohren und der Nasentrimmer sowie die Koteletten schneidet und das schmerzfrei. Sorgt daf\u00fcr, dass Sie den ganzen Tag \u00fcber mit Selbstvertrauen aufbl\u00fchen k\u00f6nnen.<br \/>\n\ud83c\udf80\u3010USB Wiederaufladbar\u3011Nasenhaartrimmer verabschieden sich von dem \u00c4rger, Batterien zu ersetzen, dieser wiederaufladbare Elektrorasierer f\u00fcr Frauen hat eine super Energiespeicherkapazit\u00e4t, ohne weitere Batterien zu kaufen.\uff08Bitte laden Sie 2-3 Stunden vor dem Gebrauch\uff09<\/p>\n","protected":false},"featured_media":202872,"comment_status":"open","ping_status":"closed","template":"","meta":[],"product_brand":[],"product_cat":[566,6190],"product_tag":[],"class_list":{"0":"post-202871","1":"product","2":"type-product","3":"status-publish","4":"has-post-thumbnail","6":"product_cat-drogerie-koerperpflege","7":"product_cat-rasur-enthaarung","8":"pa_brand-brigin","9":"pa_color-schwarz","10":"pa_manufacturer-brigin","12":"first","13":"instock","14":"shipping-taxable","15":"purchasable","16":"product-type-simple","17":"customify-col","18":"product-has-gallery"},"yoast_head":"<!-- This site is optimized with the Yoast SEO plugin v27.4 - https:\/\/yoast.com\/product\/yoast-seo-wordpress\/ -->\n<title>Nasenhaartrimmer Nasenhaarschneider Ohrhaartrimmer, 2 in 1 Professioneller Nasenhaartrimmer, Pr\u00e4zisions Frauen Augenbrauen- und Gesichtshaartrimmer, IPX7 Wasserdichte Doppelklinge, leicht zu reinigen - Markt-XXL<\/title>\n<meta name=\"description\" content=\"Markt-XXL Nasenhaartrimmer Nasenhaarschneider Ohrhaartrimmer, 2 in 1 Professioneller Nasenhaartrimmer, Pr\u00e4zisions Frauen Augenbrauen- und Gesichtshaartrimmer, IPX7 Wasserdichte Doppelklinge, leicht zu reinigen\" \/>\n<meta name=\"robots\" content=\"index, follow, max-snippet:-1, max-image-preview:large, max-video-preview:-1\" \/>\n<link rel=\"canonical\" href=\"https:\/\/marktxxl.de\/markt\/produkt\/nasenhaartrimmer-nasenhaarschneider-ohrhaartrimmer-2-in-1-professioneller-nasenhaartrimmer-praezisions-frauen-augenbrauen-und-gesichtshaartrimmer-ipx7-wasserdichte-doppelklinge-leicht-zu-reinigen\/\" \/>\n<meta property=\"og:locale\" content=\"de_DE\" \/>\n<meta property=\"og:type\" content=\"article\" \/>\n<meta property=\"og:title\" content=\"Nasenhaartrimmer Nasenhaarschneider Ohrhaartrimmer, 2 in 1 Professioneller Nasenhaartrimmer, Pr\u00e4zisions Frauen Augenbrauen- und Gesichtshaartrimmer, IPX7 Wasserdichte Doppelklinge, leicht zu reinigen - Markt-XXL\" \/>\n<meta property=\"og:description\" content=\"Markt-XXL Nasenhaartrimmer Nasenhaarschneider Ohrhaartrimmer, 2 in 1 Professioneller Nasenhaartrimmer, Pr\u00e4zisions Frauen Augenbrauen- und Gesichtshaartrimmer, IPX7 Wasserdichte Doppelklinge, leicht zu reinigen\" \/>\n<meta property=\"og:url\" content=\"https:\/\/marktxxl.de\/markt\/produkt\/nasenhaartrimmer-nasenhaarschneider-ohrhaartrimmer-2-in-1-professioneller-nasenhaartrimmer-praezisions-frauen-augenbrauen-und-gesichtshaartrimmer-ipx7-wasserdichte-doppelklinge-leicht-zu-reinigen\/\" \/>\n<meta property=\"og:site_name\" content=\"Markt-XXL\" \/>\n<meta name=\"twitter:card\" content=\"summary_large_image\" \/>\n<meta name=\"twitter:label1\" content=\"Gesch\u00e4tzte Lesezeit\" \/>\n\t<meta name=\"twitter:data1\" content=\"2\u00a0Minuten\" \/>\n<script type=\"application\/ld+json\" class=\"yoast-schema-graph\">{\"@context\":\"https:\\\/\\\/schema.org\",\"@graph\":[{\"@type\":\"WebPage\",\"@id\":\"https:\\\/\\\/marktxxl.de\\\/markt\\\/produkt\\\/nasenhaartrimmer-nasenhaarschneider-ohrhaartrimmer-2-in-1-professioneller-nasenhaartrimmer-praezisions-frauen-augenbrauen-und-gesichtshaartrimmer-ipx7-wasserdichte-doppelklinge-leicht-zu-reinigen\\\/\",\"url\":\"https:\\\/\\\/marktxxl.de\\\/markt\\\/produkt\\\/nasenhaartrimmer-nasenhaarschneider-ohrhaartrimmer-2-in-1-professioneller-nasenhaartrimmer-praezisions-frauen-augenbrauen-und-gesichtshaartrimmer-ipx7-wasserdichte-doppelklinge-leicht-zu-reinigen\\\/\",\"name\":\"Nasenhaartrimmer Nasenhaarschneider Ohrhaartrimmer, 2 in 1 Professioneller Nasenhaartrimmer, Pr\u00e4zisions Frauen Augenbrauen- und Gesichtshaartrimmer, IPX7 Wasserdichte Doppelklinge, leicht zu reinigen - Markt-XXL\",\"isPartOf\":{\"@id\":\"https:\\\/\\\/marktxxl.de\\\/markt\\\/#website\"},\"primaryImageOfPage\":{\"@id\":\"https:\\\/\\\/marktxxl.de\\\/markt\\\/produkt\\\/nasenhaartrimmer-nasenhaarschneider-ohrhaartrimmer-2-in-1-professioneller-nasenhaartrimmer-praezisions-frauen-augenbrauen-und-gesichtshaartrimmer-ipx7-wasserdichte-doppelklinge-leicht-zu-reinigen\\\/#primaryimage\"},\"image\":{\"@id\":\"https:\\\/\\\/marktxxl.de\\\/markt\\\/produkt\\\/nasenhaartrimmer-nasenhaarschneider-ohrhaartrimmer-2-in-1-professioneller-nasenhaartrimmer-praezisions-frauen-augenbrauen-und-gesichtshaartrimmer-ipx7-wasserdichte-doppelklinge-leicht-zu-reinigen\\\/#primaryimage\"},\"thumbnailUrl\":\"https:\\\/\\\/m.media-amazon.com\\\/images\\\/I\\\/41F+ORSc1VL._SL500_.jpg\",\"datePublished\":\"2023-04-10T13:55:47+00:00\",\"description\":\"Markt-XXL Nasenhaartrimmer Nasenhaarschneider Ohrhaartrimmer, 2 in 1 Professioneller Nasenhaartrimmer, Pr\u00e4zisions Frauen Augenbrauen- und Gesichtshaartrimmer, IPX7 Wasserdichte Doppelklinge, leicht zu reinigen\",\"breadcrumb\":{\"@id\":\"https:\\\/\\\/marktxxl.de\\\/markt\\\/produkt\\\/nasenhaartrimmer-nasenhaarschneider-ohrhaartrimmer-2-in-1-professioneller-nasenhaartrimmer-praezisions-frauen-augenbrauen-und-gesichtshaartrimmer-ipx7-wasserdichte-doppelklinge-leicht-zu-reinigen\\\/#breadcrumb\"},\"inLanguage\":\"de\",\"potentialAction\":[{\"@type\":\"ReadAction\",\"target\":[\"https:\\\/\\\/marktxxl.de\\\/markt\\\/produkt\\\/nasenhaartrimmer-nasenhaarschneider-ohrhaartrimmer-2-in-1-professioneller-nasenhaartrimmer-praezisions-frauen-augenbrauen-und-gesichtshaartrimmer-ipx7-wasserdichte-doppelklinge-leicht-zu-reinigen\\\/\"]}]},{\"@type\":\"ImageObject\",\"inLanguage\":\"de\",\"@id\":\"https:\\\/\\\/marktxxl.de\\\/markt\\\/produkt\\\/nasenhaartrimmer-nasenhaarschneider-ohrhaartrimmer-2-in-1-professioneller-nasenhaartrimmer-praezisions-frauen-augenbrauen-und-gesichtshaartrimmer-ipx7-wasserdichte-doppelklinge-leicht-zu-reinigen\\\/#primaryimage\",\"url\":\"https:\\\/\\\/m.media-amazon.com\\\/images\\\/I\\\/41F+ORSc1VL._SL500_.jpg\",\"contentUrl\":\"https:\\\/\\\/m.media-amazon.com\\\/images\\\/I\\\/41F+ORSc1VL._SL500_.jpg\",\"width\":500,\"height\":500},{\"@type\":\"BreadcrumbList\",\"@id\":\"https:\\\/\\\/marktxxl.de\\\/markt\\\/produkt\\\/nasenhaartrimmer-nasenhaarschneider-ohrhaartrimmer-2-in-1-professioneller-nasenhaartrimmer-praezisions-frauen-augenbrauen-und-gesichtshaartrimmer-ipx7-wasserdichte-doppelklinge-leicht-zu-reinigen\\\/#breadcrumb\",\"itemListElement\":[{\"@type\":\"ListItem\",\"position\":1,\"name\":\"Startseite\",\"item\":\"https:\\\/\\\/marktxxl.de\\\/markt\\\/\"},{\"@type\":\"ListItem\",\"position\":2,\"name\":\"Markt\",\"item\":\"https:\\\/\\\/marktxxl.de\\\/markt\\\/\"},{\"@type\":\"ListItem\",\"position\":3,\"name\":\"Nasenhaartrimmer Nasenhaarschneider Ohrhaartrimmer, 2 in 1 Professioneller Nasenhaartrimmer, Pr\u00e4zisions Frauen Augenbrauen- und Gesichtshaartrimmer, IPX7 Wasserdichte Doppelklinge, leicht zu reinigen\"}]},{\"@type\":\"WebSite\",\"@id\":\"https:\\\/\\\/marktxxl.de\\\/markt\\\/#website\",\"url\":\"https:\\\/\\\/marktxxl.de\\\/markt\\\/\",\"name\":\"Markt-XXL\",\"description\":\"Ihr Markt Online\",\"publisher\":{\"@id\":\"https:\\\/\\\/marktxxl.de\\\/markt\\\/#organization\"},\"potentialAction\":[{\"@type\":\"SearchAction\",\"target\":{\"@type\":\"EntryPoint\",\"urlTemplate\":\"https:\\\/\\\/marktxxl.de\\\/markt\\\/?s={search_term_string}\"},\"query-input\":{\"@type\":\"PropertyValueSpecification\",\"valueRequired\":true,\"valueName\":\"search_term_string\"}}],\"inLanguage\":\"de\"},{\"@type\":\"Organization\",\"@id\":\"https:\\\/\\\/marktxxl.de\\\/markt\\\/#organization\",\"name\":\"Markt-XXL\",\"url\":\"https:\\\/\\\/marktxxl.de\\\/markt\\\/\",\"logo\":{\"@type\":\"ImageObject\",\"inLanguage\":\"de\",\"@id\":\"https:\\\/\\\/marktxxl.de\\\/markt\\\/#\\\/schema\\\/logo\\\/image\\\/\",\"url\":\"https:\\\/\\\/marktxxl.de\\\/markt\\\/wp-content\\\/uploads\\\/sites\\\/3\\\/2020\\\/12\\\/logo.png\",\"contentUrl\":\"https:\\\/\\\/marktxxl.de\\\/markt\\\/wp-content\\\/uploads\\\/sites\\\/3\\\/2020\\\/12\\\/logo.png\",\"width\":200,\"height\":70,\"caption\":\"Markt-XXL\"},\"image\":{\"@id\":\"https:\\\/\\\/marktxxl.de\\\/markt\\\/#\\\/schema\\\/logo\\\/image\\\/\"}}]}<\/script>\n<!-- \/ Yoast SEO plugin. -->","yoast_head_json":{"title":"Nasenhaartrimmer Nasenhaarschneider Ohrhaartrimmer, 2 in 1 Professioneller Nasenhaartrimmer, Pr\u00e4zisions Frauen Augenbrauen- und Gesichtshaartrimmer, IPX7 Wasserdichte Doppelklinge, leicht zu reinigen - Markt-XXL","description":"Markt-XXL Nasenhaartrimmer Nasenhaarschneider Ohrhaartrimmer, 2 in 1 Professioneller Nasenhaartrimmer, Pr\u00e4zisions Frauen Augenbrauen- und Gesichtshaartrimmer, IPX7 Wasserdichte Doppelklinge, leicht zu reinigen","robots":{"index":"index","follow":"follow","max-snippet":"max-snippet:-1","max-image-preview":"max-image-preview:large","max-video-preview":"max-video-preview:-1"},"canonical":"https:\/\/marktxxl.de\/markt\/produkt\/nasenhaartrimmer-nasenhaarschneider-ohrhaartrimmer-2-in-1-professioneller-nasenhaartrimmer-praezisions-frauen-augenbrauen-und-gesichtshaartrimmer-ipx7-wasserdichte-doppelklinge-leicht-zu-reinigen\/","og_locale":"de_DE","og_type":"article","og_title":"Nasenhaartrimmer Nasenhaarschneider Ohrhaartrimmer, 2 in 1 Professioneller Nasenhaartrimmer, Pr\u00e4zisions Frauen Augenbrauen- und Gesichtshaartrimmer, IPX7 Wasserdichte Doppelklinge, leicht zu reinigen - Markt-XXL","og_description":"Markt-XXL Nasenhaartrimmer Nasenhaarschneider Ohrhaartrimmer, 2 in 1 Professioneller Nasenhaartrimmer, Pr\u00e4zisions Frauen Augenbrauen- und Gesichtshaartrimmer, IPX7 Wasserdichte Doppelklinge, leicht zu reinigen","og_url":"https:\/\/marktxxl.de\/markt\/produkt\/nasenhaartrimmer-nasenhaarschneider-ohrhaartrimmer-2-in-1-professioneller-nasenhaartrimmer-praezisions-frauen-augenbrauen-und-gesichtshaartrimmer-ipx7-wasserdichte-doppelklinge-leicht-zu-reinigen\/","og_site_name":"Markt-XXL","twitter_card":"summary_large_image","twitter_misc":{"Gesch\u00e4tzte Lesezeit":"2\u00a0Minuten"},"schema":{"@context":"https:\/\/schema.org","@graph":[{"@type":"WebPage","@id":"https:\/\/marktxxl.de\/markt\/produkt\/nasenhaartrimmer-nasenhaarschneider-ohrhaartrimmer-2-in-1-professioneller-nasenhaartrimmer-praezisions-frauen-augenbrauen-und-gesichtshaartrimmer-ipx7-wasserdichte-doppelklinge-leicht-zu-reinigen\/","url":"https:\/\/marktxxl.de\/markt\/produkt\/nasenhaartrimmer-nasenhaarschneider-ohrhaartrimmer-2-in-1-professioneller-nasenhaartrimmer-praezisions-frauen-augenbrauen-und-gesichtshaartrimmer-ipx7-wasserdichte-doppelklinge-leicht-zu-reinigen\/","name":"Nasenhaartrimmer Nasenhaarschneider Ohrhaartrimmer, 2 in 1 Professioneller Nasenhaartrimmer, Pr\u00e4zisions Frauen Augenbrauen- und Gesichtshaartrimmer, IPX7 Wasserdichte Doppelklinge, leicht zu reinigen - Markt-XXL","isPartOf":{"@id":"https:\/\/marktxxl.de\/markt\/#website"},"primaryImageOfPage":{"@id":"https:\/\/marktxxl.de\/markt\/produkt\/nasenhaartrimmer-nasenhaarschneider-ohrhaartrimmer-2-in-1-professioneller-nasenhaartrimmer-praezisions-frauen-augenbrauen-und-gesichtshaartrimmer-ipx7-wasserdichte-doppelklinge-leicht-zu-reinigen\/#primaryimage"},"image":{"@id":"https:\/\/marktxxl.de\/markt\/produkt\/nasenhaartrimmer-nasenhaarschneider-ohrhaartrimmer-2-in-1-professioneller-nasenhaartrimmer-praezisions-frauen-augenbrauen-und-gesichtshaartrimmer-ipx7-wasserdichte-doppelklinge-leicht-zu-reinigen\/#primaryimage"},"thumbnailUrl":"https:\/\/m.media-amazon.com\/images\/I\/41F+ORSc1VL._SL500_.jpg","datePublished":"2023-04-10T13:55:47+00:00","description":"Markt-XXL Nasenhaartrimmer Nasenhaarschneider Ohrhaartrimmer, 2 in 1 Professioneller Nasenhaartrimmer, Pr\u00e4zisions Frauen Augenbrauen- und Gesichtshaartrimmer, IPX7 Wasserdichte Doppelklinge, leicht zu reinigen","breadcrumb":{"@id":"https:\/\/marktxxl.de\/markt\/produkt\/nasenhaartrimmer-nasenhaarschneider-ohrhaartrimmer-2-in-1-professioneller-nasenhaartrimmer-praezisions-frauen-augenbrauen-und-gesichtshaartrimmer-ipx7-wasserdichte-doppelklinge-leicht-zu-reinigen\/#breadcrumb"},"inLanguage":"de","potentialAction":[{"@type":"ReadAction","target":["https:\/\/marktxxl.de\/markt\/produkt\/nasenhaartrimmer-nasenhaarschneider-ohrhaartrimmer-2-in-1-professioneller-nasenhaartrimmer-praezisions-frauen-augenbrauen-und-gesichtshaartrimmer-ipx7-wasserdichte-doppelklinge-leicht-zu-reinigen\/"]}]},{"@type":"ImageObject","inLanguage":"de","@id":"https:\/\/marktxxl.de\/markt\/produkt\/nasenhaartrimmer-nasenhaarschneider-ohrhaartrimmer-2-in-1-professioneller-nasenhaartrimmer-praezisions-frauen-augenbrauen-und-gesichtshaartrimmer-ipx7-wasserdichte-doppelklinge-leicht-zu-reinigen\/#primaryimage","url":"https:\/\/m.media-amazon.com\/images\/I\/41F+ORSc1VL._SL500_.jpg","contentUrl":"https:\/\/m.media-amazon.com\/images\/I\/41F+ORSc1VL._SL500_.jpg","width":500,"height":500},{"@type":"BreadcrumbList","@id":"https:\/\/marktxxl.de\/markt\/produkt\/nasenhaartrimmer-nasenhaarschneider-ohrhaartrimmer-2-in-1-professioneller-nasenhaartrimmer-praezisions-frauen-augenbrauen-und-gesichtshaartrimmer-ipx7-wasserdichte-doppelklinge-leicht-zu-reinigen\/#breadcrumb","itemListElement":[{"@type":"ListItem","position":1,"name":"Startseite","item":"https:\/\/marktxxl.de\/markt\/"},{"@type":"ListItem","position":2,"name":"Markt","item":"https:\/\/marktxxl.de\/markt\/"},{"@type":"ListItem","position":3,"name":"Nasenhaartrimmer Nasenhaarschneider Ohrhaartrimmer, 2 in 1 Professioneller Nasenhaartrimmer, Pr\u00e4zisions Frauen Augenbrauen- und Gesichtshaartrimmer, IPX7 Wasserdichte Doppelklinge, leicht zu reinigen"}]},{"@type":"WebSite","@id":"https:\/\/marktxxl.de\/markt\/#website","url":"https:\/\/marktxxl.de\/markt\/","name":"Markt-XXL","description":"Ihr Markt Online","publisher":{"@id":"https:\/\/marktxxl.de\/markt\/#organization"},"potentialAction":[{"@type":"SearchAction","target":{"@type":"EntryPoint","urlTemplate":"https:\/\/marktxxl.de\/markt\/?s={search_term_string}"},"query-input":{"@type":"PropertyValueSpecification","valueRequired":true,"valueName":"search_term_string"}}],"inLanguage":"de"},{"@type":"Organization","@id":"https:\/\/marktxxl.de\/markt\/#organization","name":"Markt-XXL","url":"https:\/\/marktxxl.de\/markt\/","logo":{"@type":"ImageObject","inLanguage":"de","@id":"https:\/\/marktxxl.de\/markt\/#\/schema\/logo\/image\/","url":"https:\/\/marktxxl.de\/markt\/wp-content\/uploads\/sites\/3\/2020\/12\/logo.png","contentUrl":"https:\/\/marktxxl.de\/markt\/wp-content\/uploads\/sites\/3\/2020\/12\/logo.png","width":200,"height":70,"caption":"Markt-XXL"},"image":{"@id":"https:\/\/marktxxl.de\/markt\/#\/schema\/logo\/image\/"}}]}},"_links":{"self":[{"href":"https:\/\/marktxxl.de\/markt\/wp-json\/wp\/v2\/product\/202871","targetHints":{"allow":["GET"]}}],"collection":[{"href":"https:\/\/marktxxl.de\/markt\/wp-json\/wp\/v2\/product"}],"about":[{"href":"https:\/\/marktxxl.de\/markt\/wp-json\/wp\/v2\/types\/product"}],"replies":[{"embeddable":true,"href":"https:\/\/marktxxl.de\/markt\/wp-json\/wp\/v2\/comments?post=202871"}],"wp:featuredmedia":[{"embeddable":true,"href":"https:\/\/marktxxl.de\/markt\/wp-json\/wp\/v2\/media\/202872"}],"wp:attachment":[{"href":"https:\/\/marktxxl.de\/markt\/wp-json\/wp\/v2\/media?parent=202871"}],"wp:term":[{"taxonomy":"product_brand","embeddable":true,"href":"https:\/\/marktxxl.de\/markt\/wp-json\/wp\/v2\/product_brand?post=202871"},{"taxonomy":"product_cat","embeddable":true,"href":"https:\/\/marktxxl.de\/markt\/wp-json\/wp\/v2\/product_cat?post=202871"},{"taxonomy":"product_tag","embeddable":true,"href":"https:\/\/marktxxl.de\/markt\/wp-json\/wp\/v2\/product_tag?post=202871"}],"curies":[{"name":"wp","href":"https:\/\/api.w.org\/{rel}","templated":true}]}}