{"id":202427,"date":"2023-04-10T15:11:34","date_gmt":"2023-04-10T13:11:34","guid":{"rendered":"https:\/\/marktxxl.de\/markt\/produkt\/anker-usb-c-hub-332-usb-c-hub-5-in-1-mit-4k-hdmi-display-5x-gbps-usb-c-data-port-und-2x-5-gbps-usb-a-data-ports-fuer-macbook-pro-macbook-air-dell-xps-lenovo-thinkpad-hp-laptops-und-weitere\/"},"modified":"2023-04-10T15:11:34","modified_gmt":"2023-04-10T13:11:34","slug":"anker-usb-c-hub-332-usb-c-hub-5-in-1-mit-4k-hdmi-display-5x-gbps-usb-c-data-port-und-2x-5-gbps-usb-a-data-ports-fuer-macbook-pro-macbook-air-dell-xps-lenovo-thinkpad-hp-laptops-und-weitere","status":"publish","type":"product","link":"https:\/\/marktxxl.de\/markt\/produkt\/anker-usb-c-hub-332-usb-c-hub-5-in-1-mit-4k-hdmi-display-5x-gbps-usb-c-data-port-und-2x-5-gbps-usb-a-data-ports-fuer-macbook-pro-macbook-air-dell-xps-lenovo-thinkpad-hp-laptops-und-weitere\/","title":{"rendered":"Anker USB C Hub, 332 USB-C Hub (5-in-1) mit 4K HDMI Display, 5X Gbps USB-C Data Port und 2X 5 Gbps USB-A Data Ports f\u00fcr MacBook Pro, MacBook Air, Dell XPS, Lenovo Thinkpad, HP Laptops und weitere"},"content":{"rendered":"<p>5-IN-1-KONNEKTIVIT\u00c4T: Ausgestattet mit einem 4K-HDMI-Anschluss, einem USB-C-Datenanschluss mit 5 Gbit\/s, zwei USB-A-Anschl\u00fcssen mit 5 Gbit\/s und einem 100W-PD-IN-Anschluss.<br \/>\nPASS-THROUGH-LADEN: Unterst\u00fctzt bis zu 85W Pass-Through Laden, damit du deinen Laptop aufladen kannst, w\u00e4hrend du den Hub benutzt. Hinweis: F\u00fcr das Pass-Through Laden ist ein Ladeger\u00e4t erforderlich (nicht im Lieferumfang enthalten).<br \/>\nDATEN\u00dcBERTRAGUNG IN SEKUNDEN: \u00dcber die USB-C- und USB-A-Anschl\u00fcsse k\u00f6nnen Dateien mit einer Geschwindigkeit von bis zu 5 Gbit\/s auf und von deinem Laptop \u00fcbertragen werden.<br \/>\nHD-ANZEIGE: Verbinde einen externen Monitor mit dem HDMI-Anschluss, um Inhalte mit einer Aufl\u00f6sung von bis zu 4K@30Hz zu streamen oder zu spiegeln. Hinweis: Die USB-C-Anschl\u00fcsse unterst\u00fctzen keine Videoausgabe.<br \/>\nLIEFERUMFANG: Anker 332 USB-C Hub (5-in-1), Willkommensleitfaden, unsere 18-monatige Garantie und ein freundlicher Kundenservice.<br \/>\n<div class=\"main-cross-sell\" data-asin=\"B0BQLLB61B\">\n\n\t<div class=\"WooZone-cross-sell-loader\">\n\t\t<div>\n\t\t\t<div id=\"floatingBarsG\">\n\t\t\t\t<div class=\"blockG\" id=\"rotateG_01\"><\/div>\n\t\t\t\t<div class=\"blockG\" id=\"rotateG_02\"><\/div>\n\t\t\t\t<div class=\"blockG\" id=\"rotateG_03\"><\/div>\n\t\t\t\t<div class=\"blockG\" id=\"rotateG_04\"><\/div>\n\t\t\t\t<div class=\"blockG\" id=\"rotateG_05\"><\/div>\n\t\t\t\t<div class=\"blockG\" id=\"rotateG_06\"><\/div>\n\t\t\t\t<div class=\"blockG\" id=\"rotateG_07\"><\/div>\n\t\t\t\t<div class=\"blockG\" id=\"rotateG_08\"><\/div>\n\t\t\t<\/div>\n\t\t\t<div class=\"WooZone-cross-sell-loader-text\"><\/div>\n\t\t<\/div>\n\t<\/div>\n\n\t\t\n<\/div>\n<div style=\"clear:both;\"><\/div><\/p>\n","protected":false},"excerpt":{"rendered":"<p>5-IN-1-KONNEKTIVIT\u00c4T: Ausgestattet mit einem 4K-HDMI-Anschluss, einem USB-C-Datenanschluss mit 5 Gbit\/s, zwei USB-A-Anschl\u00fcssen mit 5 Gbit\/s und einem 100W-PD-IN-Anschluss.<br \/>\nPASS-THROUGH-LADEN: Unterst\u00fctzt bis zu 85W Pass-Through Laden, damit du deinen Laptop aufladen kannst, w\u00e4hrend du den Hub benutzt. Hinweis: F\u00fcr das Pass-Through Laden ist ein Ladeger\u00e4t erforderlich (nicht im Lieferumfang enthalten).<br \/>\nDATEN\u00dcBERTRAGUNG IN SEKUNDEN: \u00dcber die USB-C- und USB-A-Anschl\u00fcsse k\u00f6nnen Dateien mit einer Geschwindigkeit von bis zu 5 Gbit\/s auf und von deinem Laptop \u00fcbertragen werden.<\/p>\n","protected":false},"featured_media":202428,"comment_status":"open","ping_status":"closed","template":"","meta":[],"product_brand":[],"product_cat":[863],"product_tag":[],"class_list":{"0":"post-202427","1":"product","2":"type-product","3":"status-publish","4":"has-post-thumbnail","6":"product_cat-computer-zubehoer","7":"pa_binding-personal-computers","8":"pa_brand-anker","9":"pa_color-black","10":"pa_height-0-452755-zoll","11":"pa_length-4-783455-zoll","12":"pa_manufacturer-anker","13":"pa_model-a8355011","14":"pa_weight-0-0875-pfund","15":"pa_width-1-594485-zoll","17":"first","18":"instock","19":"sale","20":"shipping-taxable","21":"purchasable","22":"product-type-simple","23":"customify-col","24":"product-has-gallery"},"yoast_head":"<!-- This site is optimized with the Yoast SEO plugin v27.3 - https:\/\/yoast.com\/product\/yoast-seo-wordpress\/ -->\n<title>Anker USB C Hub, 332 USB-C Hub (5-in-1) mit 4K HDMI Display, 5X Gbps USB-C Data Port und 2X 5 Gbps USB-A Data Ports f\u00fcr MacBook Pro, MacBook Air, Dell XPS, Lenovo Thinkpad, HP Laptops und weitere - Markt-XXL<\/title>\n<meta name=\"description\" content=\"Markt-XXL Anker USB C Hub, 332 USB-C Hub (5-in-1) mit 4K HDMI Display, 5X Gbps USB-C Data Port und 2X 5 Gbps USB-A Data Ports f\u00fcr MacBook Pro, MacBook Air, Dell XPS, Lenovo Thinkpad, HP Laptops und weitere\" \/>\n<meta name=\"robots\" content=\"index, follow, max-snippet:-1, max-image-preview:large, max-video-preview:-1\" \/>\n<link rel=\"canonical\" href=\"https:\/\/marktxxl.de\/markt\/produkt\/anker-usb-c-hub-332-usb-c-hub-5-in-1-mit-4k-hdmi-display-5x-gbps-usb-c-data-port-und-2x-5-gbps-usb-a-data-ports-fuer-macbook-pro-macbook-air-dell-xps-lenovo-thinkpad-hp-laptops-und-weitere\/\" \/>\n<meta property=\"og:locale\" content=\"de_DE\" \/>\n<meta property=\"og:type\" content=\"article\" \/>\n<meta property=\"og:title\" content=\"Anker USB C Hub, 332 USB-C Hub (5-in-1) mit 4K HDMI Display, 5X Gbps USB-C Data Port und 2X 5 Gbps USB-A Data Ports f\u00fcr MacBook Pro, MacBook Air, Dell XPS, Lenovo Thinkpad, HP Laptops und weitere - Markt-XXL\" \/>\n<meta property=\"og:description\" content=\"Markt-XXL Anker USB C Hub, 332 USB-C Hub (5-in-1) mit 4K HDMI Display, 5X Gbps USB-C Data Port und 2X 5 Gbps USB-A Data Ports f\u00fcr MacBook Pro, MacBook Air, Dell XPS, Lenovo Thinkpad, HP Laptops und weitere\" \/>\n<meta property=\"og:url\" content=\"https:\/\/marktxxl.de\/markt\/produkt\/anker-usb-c-hub-332-usb-c-hub-5-in-1-mit-4k-hdmi-display-5x-gbps-usb-c-data-port-und-2x-5-gbps-usb-a-data-ports-fuer-macbook-pro-macbook-air-dell-xps-lenovo-thinkpad-hp-laptops-und-weitere\/\" \/>\n<meta property=\"og:site_name\" content=\"Markt-XXL\" \/>\n<meta name=\"twitter:card\" content=\"summary_large_image\" \/>\n<meta name=\"twitter:label1\" content=\"Gesch\u00e4tzte Lesezeit\" \/>\n\t<meta name=\"twitter:data1\" content=\"1\u00a0Minute\" \/>\n<script type=\"application\/ld+json\" class=\"yoast-schema-graph\">{\"@context\":\"https:\\\/\\\/schema.org\",\"@graph\":[{\"@type\":\"WebPage\",\"@id\":\"https:\\\/\\\/marktxxl.de\\\/markt\\\/produkt\\\/anker-usb-c-hub-332-usb-c-hub-5-in-1-mit-4k-hdmi-display-5x-gbps-usb-c-data-port-und-2x-5-gbps-usb-a-data-ports-fuer-macbook-pro-macbook-air-dell-xps-lenovo-thinkpad-hp-laptops-und-weitere\\\/\",\"url\":\"https:\\\/\\\/marktxxl.de\\\/markt\\\/produkt\\\/anker-usb-c-hub-332-usb-c-hub-5-in-1-mit-4k-hdmi-display-5x-gbps-usb-c-data-port-und-2x-5-gbps-usb-a-data-ports-fuer-macbook-pro-macbook-air-dell-xps-lenovo-thinkpad-hp-laptops-und-weitere\\\/\",\"name\":\"Anker USB C Hub, 332 USB-C Hub (5-in-1) mit 4K HDMI Display, 5X Gbps USB-C Data Port und 2X 5 Gbps USB-A Data Ports f\u00fcr MacBook Pro, MacBook Air, Dell XPS, Lenovo Thinkpad, HP Laptops und weitere - Markt-XXL\",\"isPartOf\":{\"@id\":\"https:\\\/\\\/marktxxl.de\\\/markt\\\/#website\"},\"primaryImageOfPage\":{\"@id\":\"https:\\\/\\\/marktxxl.de\\\/markt\\\/produkt\\\/anker-usb-c-hub-332-usb-c-hub-5-in-1-mit-4k-hdmi-display-5x-gbps-usb-c-data-port-und-2x-5-gbps-usb-a-data-ports-fuer-macbook-pro-macbook-air-dell-xps-lenovo-thinkpad-hp-laptops-und-weitere\\\/#primaryimage\"},\"image\":{\"@id\":\"https:\\\/\\\/marktxxl.de\\\/markt\\\/produkt\\\/anker-usb-c-hub-332-usb-c-hub-5-in-1-mit-4k-hdmi-display-5x-gbps-usb-c-data-port-und-2x-5-gbps-usb-a-data-ports-fuer-macbook-pro-macbook-air-dell-xps-lenovo-thinkpad-hp-laptops-und-weitere\\\/#primaryimage\"},\"thumbnailUrl\":\"https:\\\/\\\/m.media-amazon.com\\\/images\\\/I\\\/31t5F2jY+RL._SL500_.jpg\",\"datePublished\":\"2023-04-10T13:11:34+00:00\",\"description\":\"Markt-XXL Anker USB C Hub, 332 USB-C Hub (5-in-1) mit 4K HDMI Display, 5X Gbps USB-C Data Port und 2X 5 Gbps USB-A Data Ports f\u00fcr MacBook Pro, MacBook Air, Dell XPS, Lenovo Thinkpad, HP Laptops und weitere\",\"breadcrumb\":{\"@id\":\"https:\\\/\\\/marktxxl.de\\\/markt\\\/produkt\\\/anker-usb-c-hub-332-usb-c-hub-5-in-1-mit-4k-hdmi-display-5x-gbps-usb-c-data-port-und-2x-5-gbps-usb-a-data-ports-fuer-macbook-pro-macbook-air-dell-xps-lenovo-thinkpad-hp-laptops-und-weitere\\\/#breadcrumb\"},\"inLanguage\":\"de\",\"potentialAction\":[{\"@type\":\"ReadAction\",\"target\":[\"https:\\\/\\\/marktxxl.de\\\/markt\\\/produkt\\\/anker-usb-c-hub-332-usb-c-hub-5-in-1-mit-4k-hdmi-display-5x-gbps-usb-c-data-port-und-2x-5-gbps-usb-a-data-ports-fuer-macbook-pro-macbook-air-dell-xps-lenovo-thinkpad-hp-laptops-und-weitere\\\/\"]}]},{\"@type\":\"ImageObject\",\"inLanguage\":\"de\",\"@id\":\"https:\\\/\\\/marktxxl.de\\\/markt\\\/produkt\\\/anker-usb-c-hub-332-usb-c-hub-5-in-1-mit-4k-hdmi-display-5x-gbps-usb-c-data-port-und-2x-5-gbps-usb-a-data-ports-fuer-macbook-pro-macbook-air-dell-xps-lenovo-thinkpad-hp-laptops-und-weitere\\\/#primaryimage\",\"url\":\"https:\\\/\\\/m.media-amazon.com\\\/images\\\/I\\\/31t5F2jY+RL._SL500_.jpg\",\"contentUrl\":\"https:\\\/\\\/m.media-amazon.com\\\/images\\\/I\\\/31t5F2jY+RL._SL500_.jpg\",\"width\":400,\"height\":500},{\"@type\":\"BreadcrumbList\",\"@id\":\"https:\\\/\\\/marktxxl.de\\\/markt\\\/produkt\\\/anker-usb-c-hub-332-usb-c-hub-5-in-1-mit-4k-hdmi-display-5x-gbps-usb-c-data-port-und-2x-5-gbps-usb-a-data-ports-fuer-macbook-pro-macbook-air-dell-xps-lenovo-thinkpad-hp-laptops-und-weitere\\\/#breadcrumb\",\"itemListElement\":[{\"@type\":\"ListItem\",\"position\":1,\"name\":\"Startseite\",\"item\":\"https:\\\/\\\/marktxxl.de\\\/markt\\\/\"},{\"@type\":\"ListItem\",\"position\":2,\"name\":\"Markt\",\"item\":\"https:\\\/\\\/marktxxl.de\\\/markt\\\/\"},{\"@type\":\"ListItem\",\"position\":3,\"name\":\"Anker USB C Hub, 332 USB-C Hub (5-in-1) mit 4K HDMI Display, 5X Gbps USB-C Data Port und 2X 5 Gbps USB-A Data Ports f\u00fcr MacBook Pro, MacBook Air, Dell XPS, Lenovo Thinkpad, HP Laptops und weitere\"}]},{\"@type\":\"WebSite\",\"@id\":\"https:\\\/\\\/marktxxl.de\\\/markt\\\/#website\",\"url\":\"https:\\\/\\\/marktxxl.de\\\/markt\\\/\",\"name\":\"Markt-XXL\",\"description\":\"Ihr Markt Online\",\"publisher\":{\"@id\":\"https:\\\/\\\/marktxxl.de\\\/markt\\\/#organization\"},\"potentialAction\":[{\"@type\":\"SearchAction\",\"target\":{\"@type\":\"EntryPoint\",\"urlTemplate\":\"https:\\\/\\\/marktxxl.de\\\/markt\\\/?s={search_term_string}\"},\"query-input\":{\"@type\":\"PropertyValueSpecification\",\"valueRequired\":true,\"valueName\":\"search_term_string\"}}],\"inLanguage\":\"de\"},{\"@type\":\"Organization\",\"@id\":\"https:\\\/\\\/marktxxl.de\\\/markt\\\/#organization\",\"name\":\"Markt-XXL\",\"url\":\"https:\\\/\\\/marktxxl.de\\\/markt\\\/\",\"logo\":{\"@type\":\"ImageObject\",\"inLanguage\":\"de\",\"@id\":\"https:\\\/\\\/marktxxl.de\\\/markt\\\/#\\\/schema\\\/logo\\\/image\\\/\",\"url\":\"https:\\\/\\\/marktxxl.de\\\/markt\\\/wp-content\\\/uploads\\\/sites\\\/3\\\/2020\\\/12\\\/logo.png\",\"contentUrl\":\"https:\\\/\\\/marktxxl.de\\\/markt\\\/wp-content\\\/uploads\\\/sites\\\/3\\\/2020\\\/12\\\/logo.png\",\"width\":200,\"height\":70,\"caption\":\"Markt-XXL\"},\"image\":{\"@id\":\"https:\\\/\\\/marktxxl.de\\\/markt\\\/#\\\/schema\\\/logo\\\/image\\\/\"}}]}<\/script>\n<!-- \/ Yoast SEO plugin. -->","yoast_head_json":{"title":"Anker USB C Hub, 332 USB-C Hub (5-in-1) mit 4K HDMI Display, 5X Gbps USB-C Data Port und 2X 5 Gbps USB-A Data Ports f\u00fcr MacBook Pro, MacBook Air, Dell XPS, Lenovo Thinkpad, HP Laptops und weitere - Markt-XXL","description":"Markt-XXL Anker USB C Hub, 332 USB-C Hub (5-in-1) mit 4K HDMI Display, 5X Gbps USB-C Data Port und 2X 5 Gbps USB-A Data Ports f\u00fcr MacBook Pro, MacBook Air, Dell XPS, Lenovo Thinkpad, HP Laptops und weitere","robots":{"index":"index","follow":"follow","max-snippet":"max-snippet:-1","max-image-preview":"max-image-preview:large","max-video-preview":"max-video-preview:-1"},"canonical":"https:\/\/marktxxl.de\/markt\/produkt\/anker-usb-c-hub-332-usb-c-hub-5-in-1-mit-4k-hdmi-display-5x-gbps-usb-c-data-port-und-2x-5-gbps-usb-a-data-ports-fuer-macbook-pro-macbook-air-dell-xps-lenovo-thinkpad-hp-laptops-und-weitere\/","og_locale":"de_DE","og_type":"article","og_title":"Anker USB C Hub, 332 USB-C Hub (5-in-1) mit 4K HDMI Display, 5X Gbps USB-C Data Port und 2X 5 Gbps USB-A Data Ports f\u00fcr MacBook Pro, MacBook Air, Dell XPS, Lenovo Thinkpad, HP Laptops und weitere - Markt-XXL","og_description":"Markt-XXL Anker USB C Hub, 332 USB-C Hub (5-in-1) mit 4K HDMI Display, 5X Gbps USB-C Data Port und 2X 5 Gbps USB-A Data Ports f\u00fcr MacBook Pro, MacBook Air, Dell XPS, Lenovo Thinkpad, HP Laptops und weitere","og_url":"https:\/\/marktxxl.de\/markt\/produkt\/anker-usb-c-hub-332-usb-c-hub-5-in-1-mit-4k-hdmi-display-5x-gbps-usb-c-data-port-und-2x-5-gbps-usb-a-data-ports-fuer-macbook-pro-macbook-air-dell-xps-lenovo-thinkpad-hp-laptops-und-weitere\/","og_site_name":"Markt-XXL","twitter_card":"summary_large_image","twitter_misc":{"Gesch\u00e4tzte Lesezeit":"1\u00a0Minute"},"schema":{"@context":"https:\/\/schema.org","@graph":[{"@type":"WebPage","@id":"https:\/\/marktxxl.de\/markt\/produkt\/anker-usb-c-hub-332-usb-c-hub-5-in-1-mit-4k-hdmi-display-5x-gbps-usb-c-data-port-und-2x-5-gbps-usb-a-data-ports-fuer-macbook-pro-macbook-air-dell-xps-lenovo-thinkpad-hp-laptops-und-weitere\/","url":"https:\/\/marktxxl.de\/markt\/produkt\/anker-usb-c-hub-332-usb-c-hub-5-in-1-mit-4k-hdmi-display-5x-gbps-usb-c-data-port-und-2x-5-gbps-usb-a-data-ports-fuer-macbook-pro-macbook-air-dell-xps-lenovo-thinkpad-hp-laptops-und-weitere\/","name":"Anker USB C Hub, 332 USB-C Hub (5-in-1) mit 4K HDMI Display, 5X Gbps USB-C Data Port und 2X 5 Gbps USB-A Data Ports f\u00fcr MacBook Pro, MacBook Air, Dell XPS, Lenovo Thinkpad, HP Laptops und weitere - Markt-XXL","isPartOf":{"@id":"https:\/\/marktxxl.de\/markt\/#website"},"primaryImageOfPage":{"@id":"https:\/\/marktxxl.de\/markt\/produkt\/anker-usb-c-hub-332-usb-c-hub-5-in-1-mit-4k-hdmi-display-5x-gbps-usb-c-data-port-und-2x-5-gbps-usb-a-data-ports-fuer-macbook-pro-macbook-air-dell-xps-lenovo-thinkpad-hp-laptops-und-weitere\/#primaryimage"},"image":{"@id":"https:\/\/marktxxl.de\/markt\/produkt\/anker-usb-c-hub-332-usb-c-hub-5-in-1-mit-4k-hdmi-display-5x-gbps-usb-c-data-port-und-2x-5-gbps-usb-a-data-ports-fuer-macbook-pro-macbook-air-dell-xps-lenovo-thinkpad-hp-laptops-und-weitere\/#primaryimage"},"thumbnailUrl":"https:\/\/m.media-amazon.com\/images\/I\/31t5F2jY+RL._SL500_.jpg","datePublished":"2023-04-10T13:11:34+00:00","description":"Markt-XXL Anker USB C Hub, 332 USB-C Hub (5-in-1) mit 4K HDMI Display, 5X Gbps USB-C Data Port und 2X 5 Gbps USB-A Data Ports f\u00fcr MacBook Pro, MacBook Air, Dell XPS, Lenovo Thinkpad, HP Laptops und weitere","breadcrumb":{"@id":"https:\/\/marktxxl.de\/markt\/produkt\/anker-usb-c-hub-332-usb-c-hub-5-in-1-mit-4k-hdmi-display-5x-gbps-usb-c-data-port-und-2x-5-gbps-usb-a-data-ports-fuer-macbook-pro-macbook-air-dell-xps-lenovo-thinkpad-hp-laptops-und-weitere\/#breadcrumb"},"inLanguage":"de","potentialAction":[{"@type":"ReadAction","target":["https:\/\/marktxxl.de\/markt\/produkt\/anker-usb-c-hub-332-usb-c-hub-5-in-1-mit-4k-hdmi-display-5x-gbps-usb-c-data-port-und-2x-5-gbps-usb-a-data-ports-fuer-macbook-pro-macbook-air-dell-xps-lenovo-thinkpad-hp-laptops-und-weitere\/"]}]},{"@type":"ImageObject","inLanguage":"de","@id":"https:\/\/marktxxl.de\/markt\/produkt\/anker-usb-c-hub-332-usb-c-hub-5-in-1-mit-4k-hdmi-display-5x-gbps-usb-c-data-port-und-2x-5-gbps-usb-a-data-ports-fuer-macbook-pro-macbook-air-dell-xps-lenovo-thinkpad-hp-laptops-und-weitere\/#primaryimage","url":"https:\/\/m.media-amazon.com\/images\/I\/31t5F2jY+RL._SL500_.jpg","contentUrl":"https:\/\/m.media-amazon.com\/images\/I\/31t5F2jY+RL._SL500_.jpg","width":400,"height":500},{"@type":"BreadcrumbList","@id":"https:\/\/marktxxl.de\/markt\/produkt\/anker-usb-c-hub-332-usb-c-hub-5-in-1-mit-4k-hdmi-display-5x-gbps-usb-c-data-port-und-2x-5-gbps-usb-a-data-ports-fuer-macbook-pro-macbook-air-dell-xps-lenovo-thinkpad-hp-laptops-und-weitere\/#breadcrumb","itemListElement":[{"@type":"ListItem","position":1,"name":"Startseite","item":"https:\/\/marktxxl.de\/markt\/"},{"@type":"ListItem","position":2,"name":"Markt","item":"https:\/\/marktxxl.de\/markt\/"},{"@type":"ListItem","position":3,"name":"Anker USB C Hub, 332 USB-C Hub (5-in-1) mit 4K HDMI Display, 5X Gbps USB-C Data Port und 2X 5 Gbps USB-A Data Ports f\u00fcr MacBook Pro, MacBook Air, Dell XPS, Lenovo Thinkpad, HP Laptops und weitere"}]},{"@type":"WebSite","@id":"https:\/\/marktxxl.de\/markt\/#website","url":"https:\/\/marktxxl.de\/markt\/","name":"Markt-XXL","description":"Ihr Markt Online","publisher":{"@id":"https:\/\/marktxxl.de\/markt\/#organization"},"potentialAction":[{"@type":"SearchAction","target":{"@type":"EntryPoint","urlTemplate":"https:\/\/marktxxl.de\/markt\/?s={search_term_string}"},"query-input":{"@type":"PropertyValueSpecification","valueRequired":true,"valueName":"search_term_string"}}],"inLanguage":"de"},{"@type":"Organization","@id":"https:\/\/marktxxl.de\/markt\/#organization","name":"Markt-XXL","url":"https:\/\/marktxxl.de\/markt\/","logo":{"@type":"ImageObject","inLanguage":"de","@id":"https:\/\/marktxxl.de\/markt\/#\/schema\/logo\/image\/","url":"https:\/\/marktxxl.de\/markt\/wp-content\/uploads\/sites\/3\/2020\/12\/logo.png","contentUrl":"https:\/\/marktxxl.de\/markt\/wp-content\/uploads\/sites\/3\/2020\/12\/logo.png","width":200,"height":70,"caption":"Markt-XXL"},"image":{"@id":"https:\/\/marktxxl.de\/markt\/#\/schema\/logo\/image\/"}}]}},"_links":{"self":[{"href":"https:\/\/marktxxl.de\/markt\/wp-json\/wp\/v2\/product\/202427","targetHints":{"allow":["GET"]}}],"collection":[{"href":"https:\/\/marktxxl.de\/markt\/wp-json\/wp\/v2\/product"}],"about":[{"href":"https:\/\/marktxxl.de\/markt\/wp-json\/wp\/v2\/types\/product"}],"replies":[{"embeddable":true,"href":"https:\/\/marktxxl.de\/markt\/wp-json\/wp\/v2\/comments?post=202427"}],"wp:featuredmedia":[{"embeddable":true,"href":"https:\/\/marktxxl.de\/markt\/wp-json\/wp\/v2\/media\/202428"}],"wp:attachment":[{"href":"https:\/\/marktxxl.de\/markt\/wp-json\/wp\/v2\/media?parent=202427"}],"wp:term":[{"taxonomy":"product_brand","embeddable":true,"href":"https:\/\/marktxxl.de\/markt\/wp-json\/wp\/v2\/product_brand?post=202427"},{"taxonomy":"product_cat","embeddable":true,"href":"https:\/\/marktxxl.de\/markt\/wp-json\/wp\/v2\/product_cat?post=202427"},{"taxonomy":"product_tag","embeddable":true,"href":"https:\/\/marktxxl.de\/markt\/wp-json\/wp\/v2\/product_tag?post=202427"}],"curies":[{"name":"wp","href":"https:\/\/api.w.org\/{rel}","templated":true}]}}