{"id":202411,"date":"2023-04-10T15:11:09","date_gmt":"2023-04-10T13:11:09","guid":{"rendered":"https:\/\/marktxxl.de\/markt\/produkt\/doohoeek-trennbare-tastatur-huelle-fuer-samsung-galaxy-tab-s8-s7-s7-fe-124-bluetooth-kabellose-keyboard-folio-mit-multi-touch-trackpad-beleuchtung-130-verstellbar-staend\/"},"modified":"2023-04-10T15:11:09","modified_gmt":"2023-04-10T13:11:09","slug":"doohoeek-trennbare-tastatur-huelle-fuer-samsung-galaxy-tab-s8-s7-s7-fe-124-bluetooth-kabellose-keyboard-folio-mit-multi-touch-trackpad-beleuchtung-130-verstellbar-staend","status":"publish","type":"product","link":"https:\/\/marktxxl.de\/markt\/produkt\/doohoeek-trennbare-tastatur-huelle-fuer-samsung-galaxy-tab-s8-s7-s7-fe-124-bluetooth-kabellose-keyboard-folio-mit-multi-touch-trackpad-beleuchtung-130-verstellbar-staend\/","title":{"rendered":"Doohoeek Trennbare Tastatur H\u00fclle f\u00fcr Samsung Galaxy Tab S8+\/S7+\/S7 FE 12,4\u201c, Bluetooth Kabellose Keyboard Folio mit Multi-Touch Trackpad &amp; Beleuchtung &amp; 130\u00b0 Verstellbar St\u00e4nder, QWERTZ"},"content":{"rendered":"<p>GANZ TRENNBARES DESIGN &#8211; Die H\u00fclle und Tastatur verbinder sich durch Magnet und l\u00e4sst sich ganz trennen, damit k\u00f6nnen Sie Ihr Galaxy Tab durch Tastatur fernbedienen. Falls Sie die Tastatur zeitweilig nicht zum Gebrauch ben\u00f6tigen, nehmen Sie nur das Tab mit H\u00fclle mit.<br \/>\n130\u00b0 VERSTELLBARER ST\u00c4NDER &#8211; durch den Multi-Winkel verstellbaren St\u00e4nder k\u00f6nnten Sie den Winkel innerhalb 130\u00b0 beliebig einstellen, damit das Galaxy Tab f\u00fcr unterschiedlichen Bedienungszweck besser erf\u00fcllen kann. Z.B. Arbeiten, Lernen oder Vergn\u00fcgen. Das Metallscharnier erschwingt \u00fcber zehntausende mal Drehung.<br \/>\nBELEUCHTETE &amp; WIEDERAUFLADBARE TASTAUR F\u00dcR GALAXY TAB &#8211; die multifunktionale Tastatur verf\u00fcgt \u00fcber 7-farbigen Hintergrundbeleuchtung und 3-Stufen Heilligkeit. Mit 650mAh gro\u00dfer Kapazit\u00e4t erm\u00f6glicht die Tastatur eine Dauerarbeitszeit bis zu 220 Stunden ohne Beleuchtung, 6 Stunden mit Beleuchtung, mit USB C Kabel aufladen.<br \/>\nMIT TRACKPAD DAS TAB STEUERN \u2013 die drahtlose Tastatur ist mit einem empfindlichen Multi-Touch-Trackpad ausgestattet, mit dem Sie Ihr Galaxy Tab durch mehrere Gesten steuern k\u00f6nnen. Die H\u00fclle mit Tastatur mit Touchpad verwandelt Ihr Tab gr\u00fcndlich in einen Laptop.<br \/>\nKOMPATIBILIT\u00c4T &#8211; Exklusiv f\u00fcr Samsung Galaxy Tab S7 FE &amp; S7+ Plus \/S8+ Plus entwickelt. Die H\u00fclle ist nur kompatibel mit Samsung Galaxy Tab S8 plus &amp; S7 FE 12.4&#8243; 2021 &amp; S7 Plus 2020 (SM-T970\/T975\/T976\/T978), bitte gehen Sie zu \u201e Einstellungen\u201c, \u201e\u00dcber das Tablet\u201c und \u00fcberpr\u00fcfen Sie vor dem Kauf die \u201eModellnummer\u201c.<br \/>\nLieferumfang &amp; Garantie: 1 x beleuchtete Tastatur mit Sch\u00fctzh\u00fclle f\u00fcr Samsung Galaxy Tab S7FE\/S8+\/S7+, 1 x USB C Ladekabel, 1 x Bedienungsanleitung. F\u00fcr Problem und Fragen k\u00f6nnten Sie und jederzeit per E-Mail mit uns Kontakt aufnehmen.<br \/>\n<div class=\"main-cross-sell\" data-asin=\"B0BVFK2TJ9\">\n\n\t<div class=\"WooZone-cross-sell-loader\">\n\t\t<div>\n\t\t\t<div id=\"floatingBarsG\">\n\t\t\t\t<div class=\"blockG\" id=\"rotateG_01\"><\/div>\n\t\t\t\t<div class=\"blockG\" id=\"rotateG_02\"><\/div>\n\t\t\t\t<div class=\"blockG\" id=\"rotateG_03\"><\/div>\n\t\t\t\t<div class=\"blockG\" id=\"rotateG_04\"><\/div>\n\t\t\t\t<div class=\"blockG\" id=\"rotateG_05\"><\/div>\n\t\t\t\t<div class=\"blockG\" id=\"rotateG_06\"><\/div>\n\t\t\t\t<div class=\"blockG\" id=\"rotateG_07\"><\/div>\n\t\t\t\t<div class=\"blockG\" id=\"rotateG_08\"><\/div>\n\t\t\t<\/div>\n\t\t\t<div class=\"WooZone-cross-sell-loader-text\"><\/div>\n\t\t<\/div>\n\t<\/div>\n\n\t\t\n<\/div>\n<div style=\"clear:both;\"><\/div><\/p>\n","protected":false},"excerpt":{"rendered":"<p>GANZ TRENNBARES DESIGN &#8211; Die H\u00fclle und Tastatur verbinder sich durch Magnet und l\u00e4sst sich ganz trennen, damit k\u00f6nnen Sie Ihr Galaxy Tab durch Tastatur fernbedienen. Falls Sie die Tastatur zeitweilig nicht zum Gebrauch ben\u00f6tigen, nehmen Sie nur das Tab mit H\u00fclle mit.<br \/>\n130\u00b0 VERSTELLBARER ST\u00c4NDER &#8211; durch den Multi-Winkel verstellbaren St\u00e4nder k\u00f6nnten Sie den Winkel innerhalb 130\u00b0 beliebig einstellen, damit das Galaxy Tab f\u00fcr unterschiedlichen Bedienungszweck besser erf\u00fcllen kann. Z.B. Arbeiten, Lernen oder Vergn\u00fcgen. Das Metallscharnier erschwingt \u00fcber zehntausende mal Drehung.<br \/>\nBELEUCHTETE &amp; WIEDERAUFLADBARE TASTAUR F\u00dcR GALAXY TAB &#8211; die multifunktionale Tastatur verf\u00fcgt \u00fcber 7-farbigen Hintergrundbeleuchtung und 3-Stufen Heilligkeit. Mit 650mAh gro\u00dfer Kapazit\u00e4t erm\u00f6glicht die Tastatur eine Dauerarbeitszeit bis zu 220 Stunden ohne Beleuchtung, 6 Stunden mit Beleuchtung, mit USB C Kabel aufladen.<\/p>\n","protected":false},"featured_media":202412,"comment_status":"open","ping_status":"closed","template":"","meta":[],"product_brand":[],"product_cat":[863],"product_tag":[],"class_list":{"0":"post-202411","1":"product","2":"type-product","3":"status-publish","4":"has-post-thumbnail","6":"product_cat-computer-zubehoer","7":"pa_brand-doohoeek","8":"pa_color-schwarz","9":"pa_languages-originalsprache-deutsch","10":"pa_manufacturer-doohoeek","11":"pa_warranty-1013","13":"first","14":"instock","15":"shipping-taxable","16":"purchasable","17":"product-type-simple","18":"customify-col","19":"product-has-gallery"},"yoast_head":"<!-- This site is optimized with the Yoast SEO plugin v27.4 - https:\/\/yoast.com\/product\/yoast-seo-wordpress\/ -->\n<title>Doohoeek Trennbare Tastatur H\u00fclle f\u00fcr Samsung Galaxy Tab S8+\/S7+\/S7 FE 12,4\u201c, Bluetooth Kabellose Keyboard Folio mit Multi-Touch Trackpad &amp; Beleuchtung &amp; 130\u00b0 Verstellbar St\u00e4nder, QWERTZ - Markt-XXL<\/title>\n<meta name=\"description\" content=\"Markt-XXL Doohoeek Trennbare Tastatur H\u00fclle f\u00fcr Samsung Galaxy Tab S8+\/S7+\/S7 FE 12,4\u201c, Bluetooth Kabellose Keyboard Folio mit Multi-Touch Trackpad &amp; Beleuchtung &amp; 130\u00b0 Verstellbar St\u00e4nder, QWERTZ\" \/>\n<meta name=\"robots\" content=\"index, follow, max-snippet:-1, max-image-preview:large, max-video-preview:-1\" \/>\n<link rel=\"canonical\" href=\"https:\/\/marktxxl.de\/markt\/produkt\/doohoeek-trennbare-tastatur-huelle-fuer-samsung-galaxy-tab-s8-s7-s7-fe-124-bluetooth-kabellose-keyboard-folio-mit-multi-touch-trackpad-beleuchtung-130-verstellbar-staend\/\" \/>\n<meta property=\"og:locale\" content=\"de_DE\" \/>\n<meta property=\"og:type\" content=\"article\" \/>\n<meta property=\"og:title\" content=\"Doohoeek Trennbare Tastatur H\u00fclle f\u00fcr Samsung Galaxy Tab S8+\/S7+\/S7 FE 12,4\u201c, Bluetooth Kabellose Keyboard Folio mit Multi-Touch Trackpad &amp; Beleuchtung &amp; 130\u00b0 Verstellbar St\u00e4nder, QWERTZ - Markt-XXL\" \/>\n<meta property=\"og:description\" content=\"Markt-XXL Doohoeek Trennbare Tastatur H\u00fclle f\u00fcr Samsung Galaxy Tab S8+\/S7+\/S7 FE 12,4\u201c, Bluetooth Kabellose Keyboard Folio mit Multi-Touch Trackpad &amp; Beleuchtung &amp; 130\u00b0 Verstellbar St\u00e4nder, QWERTZ\" \/>\n<meta property=\"og:url\" content=\"https:\/\/marktxxl.de\/markt\/produkt\/doohoeek-trennbare-tastatur-huelle-fuer-samsung-galaxy-tab-s8-s7-s7-fe-124-bluetooth-kabellose-keyboard-folio-mit-multi-touch-trackpad-beleuchtung-130-verstellbar-staend\/\" \/>\n<meta property=\"og:site_name\" content=\"Markt-XXL\" \/>\n<meta name=\"twitter:card\" content=\"summary_large_image\" \/>\n<meta name=\"twitter:label1\" content=\"Gesch\u00e4tzte Lesezeit\" \/>\n\t<meta name=\"twitter:data1\" content=\"1\u00a0Minute\" \/>\n<script type=\"application\/ld+json\" class=\"yoast-schema-graph\">{\"@context\":\"https:\\\/\\\/schema.org\",\"@graph\":[{\"@type\":\"WebPage\",\"@id\":\"https:\\\/\\\/marktxxl.de\\\/markt\\\/produkt\\\/doohoeek-trennbare-tastatur-huelle-fuer-samsung-galaxy-tab-s8-s7-s7-fe-124-bluetooth-kabellose-keyboard-folio-mit-multi-touch-trackpad-beleuchtung-130-verstellbar-staend\\\/\",\"url\":\"https:\\\/\\\/marktxxl.de\\\/markt\\\/produkt\\\/doohoeek-trennbare-tastatur-huelle-fuer-samsung-galaxy-tab-s8-s7-s7-fe-124-bluetooth-kabellose-keyboard-folio-mit-multi-touch-trackpad-beleuchtung-130-verstellbar-staend\\\/\",\"name\":\"Doohoeek Trennbare Tastatur H\u00fclle f\u00fcr Samsung Galaxy Tab S8+\\\/S7+\\\/S7 FE 12,4\u201c, Bluetooth Kabellose Keyboard Folio mit Multi-Touch Trackpad &amp; Beleuchtung &amp; 130\u00b0 Verstellbar St\u00e4nder, QWERTZ - Markt-XXL\",\"isPartOf\":{\"@id\":\"https:\\\/\\\/marktxxl.de\\\/markt\\\/#website\"},\"primaryImageOfPage\":{\"@id\":\"https:\\\/\\\/marktxxl.de\\\/markt\\\/produkt\\\/doohoeek-trennbare-tastatur-huelle-fuer-samsung-galaxy-tab-s8-s7-s7-fe-124-bluetooth-kabellose-keyboard-folio-mit-multi-touch-trackpad-beleuchtung-130-verstellbar-staend\\\/#primaryimage\"},\"image\":{\"@id\":\"https:\\\/\\\/marktxxl.de\\\/markt\\\/produkt\\\/doohoeek-trennbare-tastatur-huelle-fuer-samsung-galaxy-tab-s8-s7-s7-fe-124-bluetooth-kabellose-keyboard-folio-mit-multi-touch-trackpad-beleuchtung-130-verstellbar-staend\\\/#primaryimage\"},\"thumbnailUrl\":\"https:\\\/\\\/m.media-amazon.com\\\/images\\\/I\\\/41GP65RpdSL._SL500_.jpg\",\"datePublished\":\"2023-04-10T13:11:09+00:00\",\"description\":\"Markt-XXL Doohoeek Trennbare Tastatur H\u00fclle f\u00fcr Samsung Galaxy Tab S8+\\\/S7+\\\/S7 FE 12,4\u201c, Bluetooth Kabellose Keyboard Folio mit Multi-Touch Trackpad &amp; Beleuchtung &amp; 130\u00b0 Verstellbar St\u00e4nder, QWERTZ\",\"breadcrumb\":{\"@id\":\"https:\\\/\\\/marktxxl.de\\\/markt\\\/produkt\\\/doohoeek-trennbare-tastatur-huelle-fuer-samsung-galaxy-tab-s8-s7-s7-fe-124-bluetooth-kabellose-keyboard-folio-mit-multi-touch-trackpad-beleuchtung-130-verstellbar-staend\\\/#breadcrumb\"},\"inLanguage\":\"de\",\"potentialAction\":[{\"@type\":\"ReadAction\",\"target\":[\"https:\\\/\\\/marktxxl.de\\\/markt\\\/produkt\\\/doohoeek-trennbare-tastatur-huelle-fuer-samsung-galaxy-tab-s8-s7-s7-fe-124-bluetooth-kabellose-keyboard-folio-mit-multi-touch-trackpad-beleuchtung-130-verstellbar-staend\\\/\"]}]},{\"@type\":\"ImageObject\",\"inLanguage\":\"de\",\"@id\":\"https:\\\/\\\/marktxxl.de\\\/markt\\\/produkt\\\/doohoeek-trennbare-tastatur-huelle-fuer-samsung-galaxy-tab-s8-s7-s7-fe-124-bluetooth-kabellose-keyboard-folio-mit-multi-touch-trackpad-beleuchtung-130-verstellbar-staend\\\/#primaryimage\",\"url\":\"https:\\\/\\\/m.media-amazon.com\\\/images\\\/I\\\/41GP65RpdSL._SL500_.jpg\",\"contentUrl\":\"https:\\\/\\\/m.media-amazon.com\\\/images\\\/I\\\/41GP65RpdSL._SL500_.jpg\",\"width\":500,\"height\":500},{\"@type\":\"BreadcrumbList\",\"@id\":\"https:\\\/\\\/marktxxl.de\\\/markt\\\/produkt\\\/doohoeek-trennbare-tastatur-huelle-fuer-samsung-galaxy-tab-s8-s7-s7-fe-124-bluetooth-kabellose-keyboard-folio-mit-multi-touch-trackpad-beleuchtung-130-verstellbar-staend\\\/#breadcrumb\",\"itemListElement\":[{\"@type\":\"ListItem\",\"position\":1,\"name\":\"Startseite\",\"item\":\"https:\\\/\\\/marktxxl.de\\\/markt\\\/\"},{\"@type\":\"ListItem\",\"position\":2,\"name\":\"Markt\",\"item\":\"https:\\\/\\\/marktxxl.de\\\/markt\\\/\"},{\"@type\":\"ListItem\",\"position\":3,\"name\":\"Doohoeek Trennbare Tastatur H\u00fclle f\u00fcr Samsung Galaxy Tab S8+\\\/S7+\\\/S7 FE 12,4\u201c, Bluetooth Kabellose Keyboard Folio mit Multi-Touch Trackpad &amp; Beleuchtung &amp; 130\u00b0 Verstellbar St\u00e4nder, QWERTZ\"}]},{\"@type\":\"WebSite\",\"@id\":\"https:\\\/\\\/marktxxl.de\\\/markt\\\/#website\",\"url\":\"https:\\\/\\\/marktxxl.de\\\/markt\\\/\",\"name\":\"Markt-XXL\",\"description\":\"Ihr Markt Online\",\"publisher\":{\"@id\":\"https:\\\/\\\/marktxxl.de\\\/markt\\\/#organization\"},\"potentialAction\":[{\"@type\":\"SearchAction\",\"target\":{\"@type\":\"EntryPoint\",\"urlTemplate\":\"https:\\\/\\\/marktxxl.de\\\/markt\\\/?s={search_term_string}\"},\"query-input\":{\"@type\":\"PropertyValueSpecification\",\"valueRequired\":true,\"valueName\":\"search_term_string\"}}],\"inLanguage\":\"de\"},{\"@type\":\"Organization\",\"@id\":\"https:\\\/\\\/marktxxl.de\\\/markt\\\/#organization\",\"name\":\"Markt-XXL\",\"url\":\"https:\\\/\\\/marktxxl.de\\\/markt\\\/\",\"logo\":{\"@type\":\"ImageObject\",\"inLanguage\":\"de\",\"@id\":\"https:\\\/\\\/marktxxl.de\\\/markt\\\/#\\\/schema\\\/logo\\\/image\\\/\",\"url\":\"https:\\\/\\\/marktxxl.de\\\/markt\\\/wp-content\\\/uploads\\\/sites\\\/3\\\/2020\\\/12\\\/logo.png\",\"contentUrl\":\"https:\\\/\\\/marktxxl.de\\\/markt\\\/wp-content\\\/uploads\\\/sites\\\/3\\\/2020\\\/12\\\/logo.png\",\"width\":200,\"height\":70,\"caption\":\"Markt-XXL\"},\"image\":{\"@id\":\"https:\\\/\\\/marktxxl.de\\\/markt\\\/#\\\/schema\\\/logo\\\/image\\\/\"}}]}<\/script>\n<!-- \/ Yoast SEO plugin. -->","yoast_head_json":{"title":"Doohoeek Trennbare Tastatur H\u00fclle f\u00fcr Samsung Galaxy Tab S8+\/S7+\/S7 FE 12,4\u201c, Bluetooth Kabellose Keyboard Folio mit Multi-Touch Trackpad &amp; Beleuchtung &amp; 130\u00b0 Verstellbar St\u00e4nder, QWERTZ - Markt-XXL","description":"Markt-XXL Doohoeek Trennbare Tastatur H\u00fclle f\u00fcr Samsung Galaxy Tab S8+\/S7+\/S7 FE 12,4\u201c, Bluetooth Kabellose Keyboard Folio mit Multi-Touch Trackpad &amp; Beleuchtung &amp; 130\u00b0 Verstellbar St\u00e4nder, QWERTZ","robots":{"index":"index","follow":"follow","max-snippet":"max-snippet:-1","max-image-preview":"max-image-preview:large","max-video-preview":"max-video-preview:-1"},"canonical":"https:\/\/marktxxl.de\/markt\/produkt\/doohoeek-trennbare-tastatur-huelle-fuer-samsung-galaxy-tab-s8-s7-s7-fe-124-bluetooth-kabellose-keyboard-folio-mit-multi-touch-trackpad-beleuchtung-130-verstellbar-staend\/","og_locale":"de_DE","og_type":"article","og_title":"Doohoeek Trennbare Tastatur H\u00fclle f\u00fcr Samsung Galaxy Tab S8+\/S7+\/S7 FE 12,4\u201c, Bluetooth Kabellose Keyboard Folio mit Multi-Touch Trackpad &amp; Beleuchtung &amp; 130\u00b0 Verstellbar St\u00e4nder, QWERTZ - Markt-XXL","og_description":"Markt-XXL Doohoeek Trennbare Tastatur H\u00fclle f\u00fcr Samsung Galaxy Tab S8+\/S7+\/S7 FE 12,4\u201c, Bluetooth Kabellose Keyboard Folio mit Multi-Touch Trackpad &amp; Beleuchtung &amp; 130\u00b0 Verstellbar St\u00e4nder, QWERTZ","og_url":"https:\/\/marktxxl.de\/markt\/produkt\/doohoeek-trennbare-tastatur-huelle-fuer-samsung-galaxy-tab-s8-s7-s7-fe-124-bluetooth-kabellose-keyboard-folio-mit-multi-touch-trackpad-beleuchtung-130-verstellbar-staend\/","og_site_name":"Markt-XXL","twitter_card":"summary_large_image","twitter_misc":{"Gesch\u00e4tzte Lesezeit":"1\u00a0Minute"},"schema":{"@context":"https:\/\/schema.org","@graph":[{"@type":"WebPage","@id":"https:\/\/marktxxl.de\/markt\/produkt\/doohoeek-trennbare-tastatur-huelle-fuer-samsung-galaxy-tab-s8-s7-s7-fe-124-bluetooth-kabellose-keyboard-folio-mit-multi-touch-trackpad-beleuchtung-130-verstellbar-staend\/","url":"https:\/\/marktxxl.de\/markt\/produkt\/doohoeek-trennbare-tastatur-huelle-fuer-samsung-galaxy-tab-s8-s7-s7-fe-124-bluetooth-kabellose-keyboard-folio-mit-multi-touch-trackpad-beleuchtung-130-verstellbar-staend\/","name":"Doohoeek Trennbare Tastatur H\u00fclle f\u00fcr Samsung Galaxy Tab S8+\/S7+\/S7 FE 12,4\u201c, Bluetooth Kabellose Keyboard Folio mit Multi-Touch Trackpad &amp; Beleuchtung &amp; 130\u00b0 Verstellbar St\u00e4nder, QWERTZ - Markt-XXL","isPartOf":{"@id":"https:\/\/marktxxl.de\/markt\/#website"},"primaryImageOfPage":{"@id":"https:\/\/marktxxl.de\/markt\/produkt\/doohoeek-trennbare-tastatur-huelle-fuer-samsung-galaxy-tab-s8-s7-s7-fe-124-bluetooth-kabellose-keyboard-folio-mit-multi-touch-trackpad-beleuchtung-130-verstellbar-staend\/#primaryimage"},"image":{"@id":"https:\/\/marktxxl.de\/markt\/produkt\/doohoeek-trennbare-tastatur-huelle-fuer-samsung-galaxy-tab-s8-s7-s7-fe-124-bluetooth-kabellose-keyboard-folio-mit-multi-touch-trackpad-beleuchtung-130-verstellbar-staend\/#primaryimage"},"thumbnailUrl":"https:\/\/m.media-amazon.com\/images\/I\/41GP65RpdSL._SL500_.jpg","datePublished":"2023-04-10T13:11:09+00:00","description":"Markt-XXL Doohoeek Trennbare Tastatur H\u00fclle f\u00fcr Samsung Galaxy Tab S8+\/S7+\/S7 FE 12,4\u201c, Bluetooth Kabellose Keyboard Folio mit Multi-Touch Trackpad &amp; Beleuchtung &amp; 130\u00b0 Verstellbar St\u00e4nder, QWERTZ","breadcrumb":{"@id":"https:\/\/marktxxl.de\/markt\/produkt\/doohoeek-trennbare-tastatur-huelle-fuer-samsung-galaxy-tab-s8-s7-s7-fe-124-bluetooth-kabellose-keyboard-folio-mit-multi-touch-trackpad-beleuchtung-130-verstellbar-staend\/#breadcrumb"},"inLanguage":"de","potentialAction":[{"@type":"ReadAction","target":["https:\/\/marktxxl.de\/markt\/produkt\/doohoeek-trennbare-tastatur-huelle-fuer-samsung-galaxy-tab-s8-s7-s7-fe-124-bluetooth-kabellose-keyboard-folio-mit-multi-touch-trackpad-beleuchtung-130-verstellbar-staend\/"]}]},{"@type":"ImageObject","inLanguage":"de","@id":"https:\/\/marktxxl.de\/markt\/produkt\/doohoeek-trennbare-tastatur-huelle-fuer-samsung-galaxy-tab-s8-s7-s7-fe-124-bluetooth-kabellose-keyboard-folio-mit-multi-touch-trackpad-beleuchtung-130-verstellbar-staend\/#primaryimage","url":"https:\/\/m.media-amazon.com\/images\/I\/41GP65RpdSL._SL500_.jpg","contentUrl":"https:\/\/m.media-amazon.com\/images\/I\/41GP65RpdSL._SL500_.jpg","width":500,"height":500},{"@type":"BreadcrumbList","@id":"https:\/\/marktxxl.de\/markt\/produkt\/doohoeek-trennbare-tastatur-huelle-fuer-samsung-galaxy-tab-s8-s7-s7-fe-124-bluetooth-kabellose-keyboard-folio-mit-multi-touch-trackpad-beleuchtung-130-verstellbar-staend\/#breadcrumb","itemListElement":[{"@type":"ListItem","position":1,"name":"Startseite","item":"https:\/\/marktxxl.de\/markt\/"},{"@type":"ListItem","position":2,"name":"Markt","item":"https:\/\/marktxxl.de\/markt\/"},{"@type":"ListItem","position":3,"name":"Doohoeek Trennbare Tastatur H\u00fclle f\u00fcr Samsung Galaxy Tab S8+\/S7+\/S7 FE 12,4\u201c, Bluetooth Kabellose Keyboard Folio mit Multi-Touch Trackpad &amp; Beleuchtung &amp; 130\u00b0 Verstellbar St\u00e4nder, QWERTZ"}]},{"@type":"WebSite","@id":"https:\/\/marktxxl.de\/markt\/#website","url":"https:\/\/marktxxl.de\/markt\/","name":"Markt-XXL","description":"Ihr Markt Online","publisher":{"@id":"https:\/\/marktxxl.de\/markt\/#organization"},"potentialAction":[{"@type":"SearchAction","target":{"@type":"EntryPoint","urlTemplate":"https:\/\/marktxxl.de\/markt\/?s={search_term_string}"},"query-input":{"@type":"PropertyValueSpecification","valueRequired":true,"valueName":"search_term_string"}}],"inLanguage":"de"},{"@type":"Organization","@id":"https:\/\/marktxxl.de\/markt\/#organization","name":"Markt-XXL","url":"https:\/\/marktxxl.de\/markt\/","logo":{"@type":"ImageObject","inLanguage":"de","@id":"https:\/\/marktxxl.de\/markt\/#\/schema\/logo\/image\/","url":"https:\/\/marktxxl.de\/markt\/wp-content\/uploads\/sites\/3\/2020\/12\/logo.png","contentUrl":"https:\/\/marktxxl.de\/markt\/wp-content\/uploads\/sites\/3\/2020\/12\/logo.png","width":200,"height":70,"caption":"Markt-XXL"},"image":{"@id":"https:\/\/marktxxl.de\/markt\/#\/schema\/logo\/image\/"}}]}},"_links":{"self":[{"href":"https:\/\/marktxxl.de\/markt\/wp-json\/wp\/v2\/product\/202411","targetHints":{"allow":["GET"]}}],"collection":[{"href":"https:\/\/marktxxl.de\/markt\/wp-json\/wp\/v2\/product"}],"about":[{"href":"https:\/\/marktxxl.de\/markt\/wp-json\/wp\/v2\/types\/product"}],"replies":[{"embeddable":true,"href":"https:\/\/marktxxl.de\/markt\/wp-json\/wp\/v2\/comments?post=202411"}],"wp:featuredmedia":[{"embeddable":true,"href":"https:\/\/marktxxl.de\/markt\/wp-json\/wp\/v2\/media\/202412"}],"wp:attachment":[{"href":"https:\/\/marktxxl.de\/markt\/wp-json\/wp\/v2\/media?parent=202411"}],"wp:term":[{"taxonomy":"product_brand","embeddable":true,"href":"https:\/\/marktxxl.de\/markt\/wp-json\/wp\/v2\/product_brand?post=202411"},{"taxonomy":"product_cat","embeddable":true,"href":"https:\/\/marktxxl.de\/markt\/wp-json\/wp\/v2\/product_cat?post=202411"},{"taxonomy":"product_tag","embeddable":true,"href":"https:\/\/marktxxl.de\/markt\/wp-json\/wp\/v2\/product_tag?post=202411"}],"curies":[{"name":"wp","href":"https:\/\/api.w.org\/{rel}","templated":true}]}}