{"id":202373,"date":"2023-04-10T15:09:04","date_gmt":"2023-04-10T13:09:04","guid":{"rendered":"https:\/\/marktxxl.de\/markt\/produkt\/963xl-multipack-kompatibel-fuer-hp-963xl-tintenpatronen-fuer-hp-963-xl-963xl-multipack-druckerpatronen-fuer-hp-officejet-pro-9010-9012-9020-9014-9022-9025-9019-9016-9015-9018-4-pack\/"},"modified":"2023-04-10T15:09:04","modified_gmt":"2023-04-10T13:09:04","slug":"963xl-multipack-kompatibel-fuer-hp-963xl-tintenpatronen-fuer-hp-963-xl-963xl-multipack-druckerpatronen-fuer-hp-officejet-pro-9010-9012-9020-9014-9022-9025-9019-9016-9015-9018-4-pack","status":"publish","type":"product","link":"https:\/\/marktxxl.de\/markt\/produkt\/963xl-multipack-kompatibel-fuer-hp-963xl-tintenpatronen-fuer-hp-963-xl-963xl-multipack-druckerpatronen-fuer-hp-officejet-pro-9010-9012-9020-9014-9022-9025-9019-9016-9015-9018-4-pack\/","title":{"rendered":"963XL Multipack Kompatibel f\u00fcr HP 963XL Tintenpatronen f\u00fcr HP 963 XL 963XL Multipack Druckerpatronen f\u00fcr HP Officejet Pro 9010 9012 9020 9014 9022 9025 9019 9016 9015 9018 (4 Pack)"},"content":{"rendered":"<p>F\u00fcr HP 963XL Multipack Druckerkompatibilit\u00e4t: Kompatible f\u00fcr HP OfficeJet Pro 9010 9012 9013 9014 9015 9016 9018 9019 9020 9022 9023 9025 9026 9027 9028 9029 e Series All-in-One Drucker.<br \/>\nHohe Seitenleistung: 2000 Seiten f\u00fcr 963XL Schwarz Tintenpatrone, 1600 Seiten pro 963 XL Tintenpatrone Farbe (bei 5% Deckung A4\/Letter ).<br \/>\nPackungsinhalt: 1 963XL Schwarz, 1 963XL Cyan, 1 963XL Magenta, 1 963XL Gelb.<br \/>\nSchnellreaktionsservice: Egal auf welches Problem Sie sto\u00dfen, Sie k\u00f6nnen sich gerne an uns wenden. Wir werden Ihre E-Mail innerhalb von 24 Stunden beantworten.<br \/>\nVersand in umweltfreundlicher Verpackung, die tats\u00e4chliche Verpackung kann von der Abbildung abweichen.<br \/>\n<div class=\"main-cross-sell\" data-asin=\"B0BZHFCBX7\">\n\n\t<div class=\"WooZone-cross-sell-loader\">\n\t\t<div>\n\t\t\t<div id=\"floatingBarsG\">\n\t\t\t\t<div class=\"blockG\" id=\"rotateG_01\"><\/div>\n\t\t\t\t<div class=\"blockG\" id=\"rotateG_02\"><\/div>\n\t\t\t\t<div class=\"blockG\" id=\"rotateG_03\"><\/div>\n\t\t\t\t<div class=\"blockG\" id=\"rotateG_04\"><\/div>\n\t\t\t\t<div class=\"blockG\" id=\"rotateG_05\"><\/div>\n\t\t\t\t<div class=\"blockG\" id=\"rotateG_06\"><\/div>\n\t\t\t\t<div class=\"blockG\" id=\"rotateG_07\"><\/div>\n\t\t\t\t<div class=\"blockG\" id=\"rotateG_08\"><\/div>\n\t\t\t<\/div>\n\t\t\t<div class=\"WooZone-cross-sell-loader-text\"><\/div>\n\t\t<\/div>\n\t<\/div>\n\n\t\t\n<\/div>\n<div style=\"clear:both;\"><\/div><\/p>\n","protected":false},"excerpt":{"rendered":"<p>F\u00fcr HP 963XL Multipack Druckerkompatibilit\u00e4t: Kompatible f\u00fcr HP OfficeJet Pro 9010 9012 9013 9014 9015 9016 9018 9019 9020 9022 9023 9025 9026 9027 9028 9029 e Series All-in-One Drucker.<br \/>\nHohe Seitenleistung: 2000 Seiten f\u00fcr 963XL Schwarz Tintenpatrone, 1600 Seiten pro 963 XL Tintenpatrone Farbe (bei 5% Deckung A4\/Letter ).<br \/>\nPackungsinhalt: 1 963XL Schwarz, 1 963XL Cyan, 1 963XL Magenta, 1 963XL Gelb.<\/p>\n","protected":false},"featured_media":202374,"comment_status":"open","ping_status":"closed","template":"","meta":[],"product_brand":[],"product_cat":[863],"product_tag":[],"class_list":{"0":"post-202373","1":"product","2":"type-product","3":"status-publish","4":"has-post-thumbnail","6":"product_cat-computer-zubehoer","7":"pa_brand-tomkira","8":"pa_color-schwarz-cyan-magenta-gelb","9":"pa_manufacturer-tomkira-for-hp-963xl-multipack","10":"pa_size-963xl-druckerpatronen-963xl-multipack","12":"first","13":"instock","14":"sale","15":"shipping-taxable","16":"purchasable","17":"product-type-simple","18":"customify-col","19":"product-has-gallery"},"yoast_head":"<!-- This site is optimized with the Yoast SEO plugin v27.4 - https:\/\/yoast.com\/product\/yoast-seo-wordpress\/ -->\n<title>963XL Multipack Kompatibel f\u00fcr HP 963XL Tintenpatronen f\u00fcr HP 963 XL 963XL Multipack Druckerpatronen f\u00fcr HP Officejet Pro 9010 9012 9020 9014 9022 9025 9019 9016 9015 9018 (4 Pack) - Markt-XXL<\/title>\n<meta name=\"description\" content=\"Markt-XXL 963XL Multipack Kompatibel f\u00fcr HP 963XL Tintenpatronen f\u00fcr HP 963 XL 963XL Multipack Druckerpatronen f\u00fcr HP Officejet Pro 9010 9012 9020 9014 9022 9025 9019 9016 9015 9018 (4 Pack)\" \/>\n<meta name=\"robots\" content=\"index, follow, max-snippet:-1, max-image-preview:large, max-video-preview:-1\" \/>\n<link rel=\"canonical\" href=\"https:\/\/marktxxl.de\/markt\/produkt\/963xl-multipack-kompatibel-fuer-hp-963xl-tintenpatronen-fuer-hp-963-xl-963xl-multipack-druckerpatronen-fuer-hp-officejet-pro-9010-9012-9020-9014-9022-9025-9019-9016-9015-9018-4-pack\/\" \/>\n<meta property=\"og:locale\" content=\"de_DE\" \/>\n<meta property=\"og:type\" content=\"article\" \/>\n<meta property=\"og:title\" content=\"963XL Multipack Kompatibel f\u00fcr HP 963XL Tintenpatronen f\u00fcr HP 963 XL 963XL Multipack Druckerpatronen f\u00fcr HP Officejet Pro 9010 9012 9020 9014 9022 9025 9019 9016 9015 9018 (4 Pack) - Markt-XXL\" \/>\n<meta property=\"og:description\" content=\"Markt-XXL 963XL Multipack Kompatibel f\u00fcr HP 963XL Tintenpatronen f\u00fcr HP 963 XL 963XL Multipack Druckerpatronen f\u00fcr HP Officejet Pro 9010 9012 9020 9014 9022 9025 9019 9016 9015 9018 (4 Pack)\" \/>\n<meta property=\"og:url\" content=\"https:\/\/marktxxl.de\/markt\/produkt\/963xl-multipack-kompatibel-fuer-hp-963xl-tintenpatronen-fuer-hp-963-xl-963xl-multipack-druckerpatronen-fuer-hp-officejet-pro-9010-9012-9020-9014-9022-9025-9019-9016-9015-9018-4-pack\/\" \/>\n<meta property=\"og:site_name\" content=\"Markt-XXL\" \/>\n<meta name=\"twitter:card\" content=\"summary_large_image\" \/>\n<script type=\"application\/ld+json\" class=\"yoast-schema-graph\">{\"@context\":\"https:\\\/\\\/schema.org\",\"@graph\":[{\"@type\":\"WebPage\",\"@id\":\"https:\\\/\\\/marktxxl.de\\\/markt\\\/produkt\\\/963xl-multipack-kompatibel-fuer-hp-963xl-tintenpatronen-fuer-hp-963-xl-963xl-multipack-druckerpatronen-fuer-hp-officejet-pro-9010-9012-9020-9014-9022-9025-9019-9016-9015-9018-4-pack\\\/\",\"url\":\"https:\\\/\\\/marktxxl.de\\\/markt\\\/produkt\\\/963xl-multipack-kompatibel-fuer-hp-963xl-tintenpatronen-fuer-hp-963-xl-963xl-multipack-druckerpatronen-fuer-hp-officejet-pro-9010-9012-9020-9014-9022-9025-9019-9016-9015-9018-4-pack\\\/\",\"name\":\"963XL Multipack Kompatibel f\u00fcr HP 963XL Tintenpatronen f\u00fcr HP 963 XL 963XL Multipack Druckerpatronen f\u00fcr HP Officejet Pro 9010 9012 9020 9014 9022 9025 9019 9016 9015 9018 (4 Pack) - Markt-XXL\",\"isPartOf\":{\"@id\":\"https:\\\/\\\/marktxxl.de\\\/markt\\\/#website\"},\"primaryImageOfPage\":{\"@id\":\"https:\\\/\\\/marktxxl.de\\\/markt\\\/produkt\\\/963xl-multipack-kompatibel-fuer-hp-963xl-tintenpatronen-fuer-hp-963-xl-963xl-multipack-druckerpatronen-fuer-hp-officejet-pro-9010-9012-9020-9014-9022-9025-9019-9016-9015-9018-4-pack\\\/#primaryimage\"},\"image\":{\"@id\":\"https:\\\/\\\/marktxxl.de\\\/markt\\\/produkt\\\/963xl-multipack-kompatibel-fuer-hp-963xl-tintenpatronen-fuer-hp-963-xl-963xl-multipack-druckerpatronen-fuer-hp-officejet-pro-9010-9012-9020-9014-9022-9025-9019-9016-9015-9018-4-pack\\\/#primaryimage\"},\"thumbnailUrl\":\"https:\\\/\\\/m.media-amazon.com\\\/images\\\/I\\\/51ZgZEPP6ZL._SL500_.jpg\",\"datePublished\":\"2023-04-10T13:09:04+00:00\",\"description\":\"Markt-XXL 963XL Multipack Kompatibel f\u00fcr HP 963XL Tintenpatronen f\u00fcr HP 963 XL 963XL Multipack Druckerpatronen f\u00fcr HP Officejet Pro 9010 9012 9020 9014 9022 9025 9019 9016 9015 9018 (4 Pack)\",\"breadcrumb\":{\"@id\":\"https:\\\/\\\/marktxxl.de\\\/markt\\\/produkt\\\/963xl-multipack-kompatibel-fuer-hp-963xl-tintenpatronen-fuer-hp-963-xl-963xl-multipack-druckerpatronen-fuer-hp-officejet-pro-9010-9012-9020-9014-9022-9025-9019-9016-9015-9018-4-pack\\\/#breadcrumb\"},\"inLanguage\":\"de\",\"potentialAction\":[{\"@type\":\"ReadAction\",\"target\":[\"https:\\\/\\\/marktxxl.de\\\/markt\\\/produkt\\\/963xl-multipack-kompatibel-fuer-hp-963xl-tintenpatronen-fuer-hp-963-xl-963xl-multipack-druckerpatronen-fuer-hp-officejet-pro-9010-9012-9020-9014-9022-9025-9019-9016-9015-9018-4-pack\\\/\"]}]},{\"@type\":\"ImageObject\",\"inLanguage\":\"de\",\"@id\":\"https:\\\/\\\/marktxxl.de\\\/markt\\\/produkt\\\/963xl-multipack-kompatibel-fuer-hp-963xl-tintenpatronen-fuer-hp-963-xl-963xl-multipack-druckerpatronen-fuer-hp-officejet-pro-9010-9012-9020-9014-9022-9025-9019-9016-9015-9018-4-pack\\\/#primaryimage\",\"url\":\"https:\\\/\\\/m.media-amazon.com\\\/images\\\/I\\\/51ZgZEPP6ZL._SL500_.jpg\",\"contentUrl\":\"https:\\\/\\\/m.media-amazon.com\\\/images\\\/I\\\/51ZgZEPP6ZL._SL500_.jpg\",\"width\":500,\"height\":500},{\"@type\":\"BreadcrumbList\",\"@id\":\"https:\\\/\\\/marktxxl.de\\\/markt\\\/produkt\\\/963xl-multipack-kompatibel-fuer-hp-963xl-tintenpatronen-fuer-hp-963-xl-963xl-multipack-druckerpatronen-fuer-hp-officejet-pro-9010-9012-9020-9014-9022-9025-9019-9016-9015-9018-4-pack\\\/#breadcrumb\",\"itemListElement\":[{\"@type\":\"ListItem\",\"position\":1,\"name\":\"Startseite\",\"item\":\"https:\\\/\\\/marktxxl.de\\\/markt\\\/\"},{\"@type\":\"ListItem\",\"position\":2,\"name\":\"Markt\",\"item\":\"https:\\\/\\\/marktxxl.de\\\/markt\\\/\"},{\"@type\":\"ListItem\",\"position\":3,\"name\":\"963XL Multipack Kompatibel f\u00fcr HP 963XL Tintenpatronen f\u00fcr HP 963 XL 963XL Multipack Druckerpatronen f\u00fcr HP Officejet Pro 9010 9012 9020 9014 9022 9025 9019 9016 9015 9018 (4 Pack)\"}]},{\"@type\":\"WebSite\",\"@id\":\"https:\\\/\\\/marktxxl.de\\\/markt\\\/#website\",\"url\":\"https:\\\/\\\/marktxxl.de\\\/markt\\\/\",\"name\":\"Markt-XXL\",\"description\":\"Ihr Markt Online\",\"publisher\":{\"@id\":\"https:\\\/\\\/marktxxl.de\\\/markt\\\/#organization\"},\"potentialAction\":[{\"@type\":\"SearchAction\",\"target\":{\"@type\":\"EntryPoint\",\"urlTemplate\":\"https:\\\/\\\/marktxxl.de\\\/markt\\\/?s={search_term_string}\"},\"query-input\":{\"@type\":\"PropertyValueSpecification\",\"valueRequired\":true,\"valueName\":\"search_term_string\"}}],\"inLanguage\":\"de\"},{\"@type\":\"Organization\",\"@id\":\"https:\\\/\\\/marktxxl.de\\\/markt\\\/#organization\",\"name\":\"Markt-XXL\",\"url\":\"https:\\\/\\\/marktxxl.de\\\/markt\\\/\",\"logo\":{\"@type\":\"ImageObject\",\"inLanguage\":\"de\",\"@id\":\"https:\\\/\\\/marktxxl.de\\\/markt\\\/#\\\/schema\\\/logo\\\/image\\\/\",\"url\":\"https:\\\/\\\/marktxxl.de\\\/markt\\\/wp-content\\\/uploads\\\/sites\\\/3\\\/2020\\\/12\\\/logo.png\",\"contentUrl\":\"https:\\\/\\\/marktxxl.de\\\/markt\\\/wp-content\\\/uploads\\\/sites\\\/3\\\/2020\\\/12\\\/logo.png\",\"width\":200,\"height\":70,\"caption\":\"Markt-XXL\"},\"image\":{\"@id\":\"https:\\\/\\\/marktxxl.de\\\/markt\\\/#\\\/schema\\\/logo\\\/image\\\/\"}}]}<\/script>\n<!-- \/ Yoast SEO plugin. -->","yoast_head_json":{"title":"963XL Multipack Kompatibel f\u00fcr HP 963XL Tintenpatronen f\u00fcr HP 963 XL 963XL Multipack Druckerpatronen f\u00fcr HP Officejet Pro 9010 9012 9020 9014 9022 9025 9019 9016 9015 9018 (4 Pack) - Markt-XXL","description":"Markt-XXL 963XL Multipack Kompatibel f\u00fcr HP 963XL Tintenpatronen f\u00fcr HP 963 XL 963XL Multipack Druckerpatronen f\u00fcr HP Officejet Pro 9010 9012 9020 9014 9022 9025 9019 9016 9015 9018 (4 Pack)","robots":{"index":"index","follow":"follow","max-snippet":"max-snippet:-1","max-image-preview":"max-image-preview:large","max-video-preview":"max-video-preview:-1"},"canonical":"https:\/\/marktxxl.de\/markt\/produkt\/963xl-multipack-kompatibel-fuer-hp-963xl-tintenpatronen-fuer-hp-963-xl-963xl-multipack-druckerpatronen-fuer-hp-officejet-pro-9010-9012-9020-9014-9022-9025-9019-9016-9015-9018-4-pack\/","og_locale":"de_DE","og_type":"article","og_title":"963XL Multipack Kompatibel f\u00fcr HP 963XL Tintenpatronen f\u00fcr HP 963 XL 963XL Multipack Druckerpatronen f\u00fcr HP Officejet Pro 9010 9012 9020 9014 9022 9025 9019 9016 9015 9018 (4 Pack) - Markt-XXL","og_description":"Markt-XXL 963XL Multipack Kompatibel f\u00fcr HP 963XL Tintenpatronen f\u00fcr HP 963 XL 963XL Multipack Druckerpatronen f\u00fcr HP Officejet Pro 9010 9012 9020 9014 9022 9025 9019 9016 9015 9018 (4 Pack)","og_url":"https:\/\/marktxxl.de\/markt\/produkt\/963xl-multipack-kompatibel-fuer-hp-963xl-tintenpatronen-fuer-hp-963-xl-963xl-multipack-druckerpatronen-fuer-hp-officejet-pro-9010-9012-9020-9014-9022-9025-9019-9016-9015-9018-4-pack\/","og_site_name":"Markt-XXL","twitter_card":"summary_large_image","schema":{"@context":"https:\/\/schema.org","@graph":[{"@type":"WebPage","@id":"https:\/\/marktxxl.de\/markt\/produkt\/963xl-multipack-kompatibel-fuer-hp-963xl-tintenpatronen-fuer-hp-963-xl-963xl-multipack-druckerpatronen-fuer-hp-officejet-pro-9010-9012-9020-9014-9022-9025-9019-9016-9015-9018-4-pack\/","url":"https:\/\/marktxxl.de\/markt\/produkt\/963xl-multipack-kompatibel-fuer-hp-963xl-tintenpatronen-fuer-hp-963-xl-963xl-multipack-druckerpatronen-fuer-hp-officejet-pro-9010-9012-9020-9014-9022-9025-9019-9016-9015-9018-4-pack\/","name":"963XL Multipack Kompatibel f\u00fcr HP 963XL Tintenpatronen f\u00fcr HP 963 XL 963XL Multipack Druckerpatronen f\u00fcr HP Officejet Pro 9010 9012 9020 9014 9022 9025 9019 9016 9015 9018 (4 Pack) - Markt-XXL","isPartOf":{"@id":"https:\/\/marktxxl.de\/markt\/#website"},"primaryImageOfPage":{"@id":"https:\/\/marktxxl.de\/markt\/produkt\/963xl-multipack-kompatibel-fuer-hp-963xl-tintenpatronen-fuer-hp-963-xl-963xl-multipack-druckerpatronen-fuer-hp-officejet-pro-9010-9012-9020-9014-9022-9025-9019-9016-9015-9018-4-pack\/#primaryimage"},"image":{"@id":"https:\/\/marktxxl.de\/markt\/produkt\/963xl-multipack-kompatibel-fuer-hp-963xl-tintenpatronen-fuer-hp-963-xl-963xl-multipack-druckerpatronen-fuer-hp-officejet-pro-9010-9012-9020-9014-9022-9025-9019-9016-9015-9018-4-pack\/#primaryimage"},"thumbnailUrl":"https:\/\/m.media-amazon.com\/images\/I\/51ZgZEPP6ZL._SL500_.jpg","datePublished":"2023-04-10T13:09:04+00:00","description":"Markt-XXL 963XL Multipack Kompatibel f\u00fcr HP 963XL Tintenpatronen f\u00fcr HP 963 XL 963XL Multipack Druckerpatronen f\u00fcr HP Officejet Pro 9010 9012 9020 9014 9022 9025 9019 9016 9015 9018 (4 Pack)","breadcrumb":{"@id":"https:\/\/marktxxl.de\/markt\/produkt\/963xl-multipack-kompatibel-fuer-hp-963xl-tintenpatronen-fuer-hp-963-xl-963xl-multipack-druckerpatronen-fuer-hp-officejet-pro-9010-9012-9020-9014-9022-9025-9019-9016-9015-9018-4-pack\/#breadcrumb"},"inLanguage":"de","potentialAction":[{"@type":"ReadAction","target":["https:\/\/marktxxl.de\/markt\/produkt\/963xl-multipack-kompatibel-fuer-hp-963xl-tintenpatronen-fuer-hp-963-xl-963xl-multipack-druckerpatronen-fuer-hp-officejet-pro-9010-9012-9020-9014-9022-9025-9019-9016-9015-9018-4-pack\/"]}]},{"@type":"ImageObject","inLanguage":"de","@id":"https:\/\/marktxxl.de\/markt\/produkt\/963xl-multipack-kompatibel-fuer-hp-963xl-tintenpatronen-fuer-hp-963-xl-963xl-multipack-druckerpatronen-fuer-hp-officejet-pro-9010-9012-9020-9014-9022-9025-9019-9016-9015-9018-4-pack\/#primaryimage","url":"https:\/\/m.media-amazon.com\/images\/I\/51ZgZEPP6ZL._SL500_.jpg","contentUrl":"https:\/\/m.media-amazon.com\/images\/I\/51ZgZEPP6ZL._SL500_.jpg","width":500,"height":500},{"@type":"BreadcrumbList","@id":"https:\/\/marktxxl.de\/markt\/produkt\/963xl-multipack-kompatibel-fuer-hp-963xl-tintenpatronen-fuer-hp-963-xl-963xl-multipack-druckerpatronen-fuer-hp-officejet-pro-9010-9012-9020-9014-9022-9025-9019-9016-9015-9018-4-pack\/#breadcrumb","itemListElement":[{"@type":"ListItem","position":1,"name":"Startseite","item":"https:\/\/marktxxl.de\/markt\/"},{"@type":"ListItem","position":2,"name":"Markt","item":"https:\/\/marktxxl.de\/markt\/"},{"@type":"ListItem","position":3,"name":"963XL Multipack Kompatibel f\u00fcr HP 963XL Tintenpatronen f\u00fcr HP 963 XL 963XL Multipack Druckerpatronen f\u00fcr HP Officejet Pro 9010 9012 9020 9014 9022 9025 9019 9016 9015 9018 (4 Pack)"}]},{"@type":"WebSite","@id":"https:\/\/marktxxl.de\/markt\/#website","url":"https:\/\/marktxxl.de\/markt\/","name":"Markt-XXL","description":"Ihr Markt Online","publisher":{"@id":"https:\/\/marktxxl.de\/markt\/#organization"},"potentialAction":[{"@type":"SearchAction","target":{"@type":"EntryPoint","urlTemplate":"https:\/\/marktxxl.de\/markt\/?s={search_term_string}"},"query-input":{"@type":"PropertyValueSpecification","valueRequired":true,"valueName":"search_term_string"}}],"inLanguage":"de"},{"@type":"Organization","@id":"https:\/\/marktxxl.de\/markt\/#organization","name":"Markt-XXL","url":"https:\/\/marktxxl.de\/markt\/","logo":{"@type":"ImageObject","inLanguage":"de","@id":"https:\/\/marktxxl.de\/markt\/#\/schema\/logo\/image\/","url":"https:\/\/marktxxl.de\/markt\/wp-content\/uploads\/sites\/3\/2020\/12\/logo.png","contentUrl":"https:\/\/marktxxl.de\/markt\/wp-content\/uploads\/sites\/3\/2020\/12\/logo.png","width":200,"height":70,"caption":"Markt-XXL"},"image":{"@id":"https:\/\/marktxxl.de\/markt\/#\/schema\/logo\/image\/"}}]}},"_links":{"self":[{"href":"https:\/\/marktxxl.de\/markt\/wp-json\/wp\/v2\/product\/202373","targetHints":{"allow":["GET"]}}],"collection":[{"href":"https:\/\/marktxxl.de\/markt\/wp-json\/wp\/v2\/product"}],"about":[{"href":"https:\/\/marktxxl.de\/markt\/wp-json\/wp\/v2\/types\/product"}],"replies":[{"embeddable":true,"href":"https:\/\/marktxxl.de\/markt\/wp-json\/wp\/v2\/comments?post=202373"}],"wp:featuredmedia":[{"embeddable":true,"href":"https:\/\/marktxxl.de\/markt\/wp-json\/wp\/v2\/media\/202374"}],"wp:attachment":[{"href":"https:\/\/marktxxl.de\/markt\/wp-json\/wp\/v2\/media?parent=202373"}],"wp:term":[{"taxonomy":"product_brand","embeddable":true,"href":"https:\/\/marktxxl.de\/markt\/wp-json\/wp\/v2\/product_brand?post=202373"},{"taxonomy":"product_cat","embeddable":true,"href":"https:\/\/marktxxl.de\/markt\/wp-json\/wp\/v2\/product_cat?post=202373"},{"taxonomy":"product_tag","embeddable":true,"href":"https:\/\/marktxxl.de\/markt\/wp-json\/wp\/v2\/product_tag?post=202373"}],"curies":[{"name":"wp","href":"https:\/\/api.w.org\/{rel}","templated":true}]}}