{"id":202253,"date":"2023-04-10T15:04:56","date_gmt":"2023-04-10T13:04:56","guid":{"rendered":"https:\/\/marktxxl.de\/markt\/produkt\/qetlavee-4-stueck-spitzen-kompatibel-fuer-ap-ple-pencil-1-2-generation2stk-hochempfindlich-nib2stk-verbesserte-ersatzspitzenkeine-abnutzung-feine-spitze-praezise-kontrolle-kompatibel-fu\/"},"modified":"2023-04-10T15:04:56","modified_gmt":"2023-04-10T13:04:56","slug":"qetlavee-4-stueck-spitzen-kompatibel-fuer-ap-ple-pencil-1-2-generation2stk-hochempfindlich-nib2stk-verbesserte-ersatzspitzenkeine-abnutzung-feine-spitze-praezise-kontrolle-kompatibel-fu","status":"publish","type":"product","link":"https:\/\/marktxxl.de\/markt\/produkt\/qetlavee-4-stueck-spitzen-kompatibel-fuer-ap-ple-pencil-1-2-generation2stk-hochempfindlich-nib2stk-verbesserte-ersatzspitzenkeine-abnutzung-feine-spitze-praezise-kontrolle-kompatibel-fu\/","title":{"rendered":"Qetlavee 4 St\u00fcck Spitzen Kompatibel f\u00fcr ap ple Pencil 1. &amp; 2. Generation,2stk Hochempfindlich Nib&amp;2stk Verbesserte Ersatzspitzen,Keine Abnutzung Feine Spitze Pr\u00e4zise Kontrolle Kompatibel f\u00fcr IPA d"},"content":{"rendered":"<p>\ud83d\udc8e\u3010Upgraded Stainless Pencil Nibs\u30112 stuck Kompatibel fur ap ple Pencil Spitzen besteht aus POM-material mit integrierten vergoldeten Pogo-Stiften und 2 stuck Die neu verbesserten Ersatzstiftspitzen f\u00fcr die Feinlinienkontrolle. Das Erh\u00f6hen der L\u00e4nge der Metallspitze ist vorteilhaft f\u00fcr das Schr\u00e4gzeichnen und Skizzieren. Hochfestes Abdeckmaterial und verbesserter Schwei\u00dfprozess sind nicht leicht durch Herunterfallen zu brechen.Bietet die gleiche gute Erfahrung wie das Original.<br \/>\n\ud83d\udc8e\u3010Responsiv und Pr\u00e4zise Steuerung\u3011Die Kompatibel fur ap ple Pencil 2. Generation Spitze bietet eine pr\u00e4zise Kontrolle von Details, die gleiche hohe Drucksensitivit\u00e4t wie die urspr\u00fcngliche Bleistiftspitze, keine Verz\u00f6gerung, glattes Schreiben und geneigtes Zeichnen mit Flexibilit\u00e4t und Genauigkeit.Geeignet f\u00fcr Studenten, B\u00fcronotizen, Illustratoren, insbesondere f\u00fcr K\u00fcnstler, um digitale Designerzeichnungen zu erstellen.<br \/>\n\ud83d\udc8e\u3010Verschlei\u00dffestigkeit\u3011Diese ipen cil Stifte passen genau zu Ihrem Apfelstift und lassen sich einfach anbringen oder abnehmen. Das Paket beinhaltet: Kompatibel fur ap ple Pencil Ersatzspitze x 4. Mini &amp; Compact, bequem zu tragen, Die Spitze der Bleistiftspitzen besteht mit einer zuverl\u00e4ssigen Anti-Kratz-Kugel. Selbst wenn der papier\u00e4hnliche Displayschutz verwendet wird, nutzt er sich nicht ab und zerkratzt Ihren Displayschutz nicht.<br \/>\n\ud83d\udc8e\u3010Compatibility\u3011Perfekt Kompatibel fur ap ple Pencil 1. Generation und 2. Generation, ipa d Mini (5. Generation)\/ipa d (6. Generation und h\u00f6her)\/ipa d Air (3. Generation)\/12,9-Zoll-ipa d Pro (1. und 2. Generation)\/ipa d Pro (10,5 Zoll)\/ipa d Pro (9,7 Zoll)\/ipa d Mini (6. Generation)\/ipa d Air (4. Generation und h\u00f6her)\/12,9-Zoll-ipa d Pro (3. Generation und h\u00f6her)\/11-Zoll-ipa d Pro (1. Generation und h\u00f6her) Hinweis: Bleistift ist NICHT enthalten.<br \/>\n\ud83d\udc8e\u3010Was Sie bekommen werden\u3011Sie erhalten die Kompatibel fur ap ple Pencil Spitzen*4 und unseren perfekten After-Sales-Service! Wenn Sie Fragen haben, k\u00f6nnen Sie sich gerne an uns wenden. Wir werden Ihnen innerhalb von 24 Stunden eine zufriedenstellende Antwort geben.NOTE:Dieses Produkt ist Verbrauchsmaterial und seine Lebensdauer h\u00e4ngt von der Anzahl der Verwendungen ab<br \/>\n<div class=\"main-cross-sell\" data-asin=\"B0BV5SSZCZ\">\n\n\t<div class=\"WooZone-cross-sell-loader\">\n\t\t<div>\n\t\t\t<div id=\"floatingBarsG\">\n\t\t\t\t<div class=\"blockG\" id=\"rotateG_01\"><\/div>\n\t\t\t\t<div class=\"blockG\" id=\"rotateG_02\"><\/div>\n\t\t\t\t<div class=\"blockG\" id=\"rotateG_03\"><\/div>\n\t\t\t\t<div class=\"blockG\" id=\"rotateG_04\"><\/div>\n\t\t\t\t<div class=\"blockG\" id=\"rotateG_05\"><\/div>\n\t\t\t\t<div class=\"blockG\" id=\"rotateG_06\"><\/div>\n\t\t\t\t<div class=\"blockG\" id=\"rotateG_07\"><\/div>\n\t\t\t\t<div class=\"blockG\" id=\"rotateG_08\"><\/div>\n\t\t\t<\/div>\n\t\t\t<div class=\"WooZone-cross-sell-loader-text\"><\/div>\n\t\t<\/div>\n\t<\/div>\n\n\t\t\n<\/div>\n<div style=\"clear:both;\"><\/div><\/p>\n","protected":false},"excerpt":{"rendered":"<p>\ud83d\udc8e\u3010Upgraded Stainless Pencil Nibs\u30112 stuck Kompatibel fur ap ple Pencil Spitzen besteht aus POM-material mit integrierten vergoldeten Pogo-Stiften und 2 stuck Die neu verbesserten Ersatzstiftspitzen f\u00fcr die Feinlinienkontrolle. Das Erh\u00f6hen der L\u00e4nge der Metallspitze ist vorteilhaft f\u00fcr das Schr\u00e4gzeichnen und Skizzieren. Hochfestes Abdeckmaterial und verbesserter Schwei\u00dfprozess sind nicht leicht durch Herunterfallen zu brechen.Bietet die gleiche gute Erfahrung wie das Original.<br \/>\n\ud83d\udc8e\u3010Responsiv und Pr\u00e4zise Steuerung\u3011Die Kompatibel fur ap ple Pencil 2. Generation Spitze bietet eine pr\u00e4zise Kontrolle von Details, die gleiche hohe Drucksensitivit\u00e4t wie die urspr\u00fcngliche Bleistiftspitze, keine Verz\u00f6gerung, glattes Schreiben und geneigtes Zeichnen mit Flexibilit\u00e4t und Genauigkeit.Geeignet f\u00fcr Studenten, B\u00fcronotizen, Illustratoren, insbesondere f\u00fcr K\u00fcnstler, um digitale Designerzeichnungen zu erstellen.<br \/>\n\ud83d\udc8e\u3010Verschlei\u00dffestigkeit\u3011Diese ipen cil Stifte passen genau zu Ihrem Apfelstift und lassen sich einfach anbringen oder abnehmen. Das Paket beinhaltet: Kompatibel fur ap ple Pencil Ersatzspitze x 4. Mini &amp; Compact, bequem zu tragen, Die Spitze der Bleistiftspitzen besteht mit einer zuverl\u00e4ssigen Anti-Kratz-Kugel. Selbst wenn der papier\u00e4hnliche Displayschutz verwendet wird, nutzt er sich nicht ab und zerkratzt Ihren Displayschutz nicht.<\/p>\n","protected":false},"featured_media":202254,"comment_status":"open","ping_status":"closed","template":"","meta":[],"product_brand":[],"product_cat":[863],"product_tag":[],"class_list":{"0":"post-202253","1":"product","2":"type-product","3":"status-publish","4":"has-post-thumbnail","6":"product_cat-computer-zubehoer","7":"pa_binding-personal-computers","8":"pa_brand-qetlavee","9":"pa_manufacturer-qetlavee","10":"pa_model-bj001","11":"pa_warranty-no","13":"first","14":"instock","15":"shipping-taxable","16":"purchasable","17":"product-type-simple","18":"customify-col","19":"product-has-gallery"},"yoast_head":"<!-- This site is optimized with the Yoast SEO plugin v27.4 - https:\/\/yoast.com\/product\/yoast-seo-wordpress\/ -->\n<title>Qetlavee 4 St\u00fcck Spitzen Kompatibel f\u00fcr ap ple Pencil 1. &amp; 2. Generation,2stk Hochempfindlich Nib&amp;2stk Verbesserte Ersatzspitzen,Keine Abnutzung Feine Spitze Pr\u00e4zise Kontrolle Kompatibel f\u00fcr IPA d - Markt-XXL<\/title>\n<meta name=\"description\" content=\"Markt-XXL Qetlavee 4 St\u00fcck Spitzen Kompatibel f\u00fcr ap ple Pencil 1. &amp; 2. Generation,2stk Hochempfindlich Nib&amp;2stk Verbesserte Ersatzspitzen,Keine Abnutzung Feine Spitze Pr\u00e4zise Kontrolle Kompatibel f\u00fcr IPA d\" \/>\n<meta name=\"robots\" content=\"index, follow, max-snippet:-1, max-image-preview:large, max-video-preview:-1\" \/>\n<link rel=\"canonical\" href=\"https:\/\/marktxxl.de\/markt\/produkt\/qetlavee-4-stueck-spitzen-kompatibel-fuer-ap-ple-pencil-1-2-generation2stk-hochempfindlich-nib2stk-verbesserte-ersatzspitzenkeine-abnutzung-feine-spitze-praezise-kontrolle-kompatibel-fu\/\" \/>\n<meta property=\"og:locale\" content=\"de_DE\" \/>\n<meta property=\"og:type\" content=\"article\" \/>\n<meta property=\"og:title\" content=\"Qetlavee 4 St\u00fcck Spitzen Kompatibel f\u00fcr ap ple Pencil 1. &amp; 2. Generation,2stk Hochempfindlich Nib&amp;2stk Verbesserte Ersatzspitzen,Keine Abnutzung Feine Spitze Pr\u00e4zise Kontrolle Kompatibel f\u00fcr IPA d - Markt-XXL\" \/>\n<meta property=\"og:description\" content=\"Markt-XXL Qetlavee 4 St\u00fcck Spitzen Kompatibel f\u00fcr ap ple Pencil 1. &amp; 2. Generation,2stk Hochempfindlich Nib&amp;2stk Verbesserte Ersatzspitzen,Keine Abnutzung Feine Spitze Pr\u00e4zise Kontrolle Kompatibel f\u00fcr IPA d\" \/>\n<meta property=\"og:url\" content=\"https:\/\/marktxxl.de\/markt\/produkt\/qetlavee-4-stueck-spitzen-kompatibel-fuer-ap-ple-pencil-1-2-generation2stk-hochempfindlich-nib2stk-verbesserte-ersatzspitzenkeine-abnutzung-feine-spitze-praezise-kontrolle-kompatibel-fu\/\" \/>\n<meta property=\"og:site_name\" content=\"Markt-XXL\" \/>\n<meta name=\"twitter:card\" content=\"summary_large_image\" \/>\n<meta name=\"twitter:label1\" content=\"Gesch\u00e4tzte Lesezeit\" \/>\n\t<meta name=\"twitter:data1\" content=\"2\u00a0Minuten\" \/>\n<script type=\"application\/ld+json\" class=\"yoast-schema-graph\">{\"@context\":\"https:\\\/\\\/schema.org\",\"@graph\":[{\"@type\":\"WebPage\",\"@id\":\"https:\\\/\\\/marktxxl.de\\\/markt\\\/produkt\\\/qetlavee-4-stueck-spitzen-kompatibel-fuer-ap-ple-pencil-1-2-generation2stk-hochempfindlich-nib2stk-verbesserte-ersatzspitzenkeine-abnutzung-feine-spitze-praezise-kontrolle-kompatibel-fu\\\/\",\"url\":\"https:\\\/\\\/marktxxl.de\\\/markt\\\/produkt\\\/qetlavee-4-stueck-spitzen-kompatibel-fuer-ap-ple-pencil-1-2-generation2stk-hochempfindlich-nib2stk-verbesserte-ersatzspitzenkeine-abnutzung-feine-spitze-praezise-kontrolle-kompatibel-fu\\\/\",\"name\":\"Qetlavee 4 St\u00fcck Spitzen Kompatibel f\u00fcr ap ple Pencil 1. &amp; 2. Generation,2stk Hochempfindlich Nib&amp;2stk Verbesserte Ersatzspitzen,Keine Abnutzung Feine Spitze Pr\u00e4zise Kontrolle Kompatibel f\u00fcr IPA d - Markt-XXL\",\"isPartOf\":{\"@id\":\"https:\\\/\\\/marktxxl.de\\\/markt\\\/#website\"},\"primaryImageOfPage\":{\"@id\":\"https:\\\/\\\/marktxxl.de\\\/markt\\\/produkt\\\/qetlavee-4-stueck-spitzen-kompatibel-fuer-ap-ple-pencil-1-2-generation2stk-hochempfindlich-nib2stk-verbesserte-ersatzspitzenkeine-abnutzung-feine-spitze-praezise-kontrolle-kompatibel-fu\\\/#primaryimage\"},\"image\":{\"@id\":\"https:\\\/\\\/marktxxl.de\\\/markt\\\/produkt\\\/qetlavee-4-stueck-spitzen-kompatibel-fuer-ap-ple-pencil-1-2-generation2stk-hochempfindlich-nib2stk-verbesserte-ersatzspitzenkeine-abnutzung-feine-spitze-praezise-kontrolle-kompatibel-fu\\\/#primaryimage\"},\"thumbnailUrl\":\"https:\\\/\\\/m.media-amazon.com\\\/images\\\/I\\\/31PJr0VcJtL._SL500_.jpg\",\"datePublished\":\"2023-04-10T13:04:56+00:00\",\"description\":\"Markt-XXL Qetlavee 4 St\u00fcck Spitzen Kompatibel f\u00fcr ap ple Pencil 1. &amp; 2. Generation,2stk Hochempfindlich Nib&amp;2stk Verbesserte Ersatzspitzen,Keine Abnutzung Feine Spitze Pr\u00e4zise Kontrolle Kompatibel f\u00fcr IPA d\",\"breadcrumb\":{\"@id\":\"https:\\\/\\\/marktxxl.de\\\/markt\\\/produkt\\\/qetlavee-4-stueck-spitzen-kompatibel-fuer-ap-ple-pencil-1-2-generation2stk-hochempfindlich-nib2stk-verbesserte-ersatzspitzenkeine-abnutzung-feine-spitze-praezise-kontrolle-kompatibel-fu\\\/#breadcrumb\"},\"inLanguage\":\"de\",\"potentialAction\":[{\"@type\":\"ReadAction\",\"target\":[\"https:\\\/\\\/marktxxl.de\\\/markt\\\/produkt\\\/qetlavee-4-stueck-spitzen-kompatibel-fuer-ap-ple-pencil-1-2-generation2stk-hochempfindlich-nib2stk-verbesserte-ersatzspitzenkeine-abnutzung-feine-spitze-praezise-kontrolle-kompatibel-fu\\\/\"]}]},{\"@type\":\"ImageObject\",\"inLanguage\":\"de\",\"@id\":\"https:\\\/\\\/marktxxl.de\\\/markt\\\/produkt\\\/qetlavee-4-stueck-spitzen-kompatibel-fuer-ap-ple-pencil-1-2-generation2stk-hochempfindlich-nib2stk-verbesserte-ersatzspitzenkeine-abnutzung-feine-spitze-praezise-kontrolle-kompatibel-fu\\\/#primaryimage\",\"url\":\"https:\\\/\\\/m.media-amazon.com\\\/images\\\/I\\\/31PJr0VcJtL._SL500_.jpg\",\"contentUrl\":\"https:\\\/\\\/m.media-amazon.com\\\/images\\\/I\\\/31PJr0VcJtL._SL500_.jpg\",\"width\":500,\"height\":500},{\"@type\":\"BreadcrumbList\",\"@id\":\"https:\\\/\\\/marktxxl.de\\\/markt\\\/produkt\\\/qetlavee-4-stueck-spitzen-kompatibel-fuer-ap-ple-pencil-1-2-generation2stk-hochempfindlich-nib2stk-verbesserte-ersatzspitzenkeine-abnutzung-feine-spitze-praezise-kontrolle-kompatibel-fu\\\/#breadcrumb\",\"itemListElement\":[{\"@type\":\"ListItem\",\"position\":1,\"name\":\"Startseite\",\"item\":\"https:\\\/\\\/marktxxl.de\\\/markt\\\/\"},{\"@type\":\"ListItem\",\"position\":2,\"name\":\"Markt\",\"item\":\"https:\\\/\\\/marktxxl.de\\\/markt\\\/\"},{\"@type\":\"ListItem\",\"position\":3,\"name\":\"Qetlavee 4 St\u00fcck Spitzen Kompatibel f\u00fcr ap ple Pencil 1. &amp; 2. Generation,2stk Hochempfindlich Nib&amp;2stk Verbesserte Ersatzspitzen,Keine Abnutzung Feine Spitze Pr\u00e4zise Kontrolle Kompatibel f\u00fcr IPA d\"}]},{\"@type\":\"WebSite\",\"@id\":\"https:\\\/\\\/marktxxl.de\\\/markt\\\/#website\",\"url\":\"https:\\\/\\\/marktxxl.de\\\/markt\\\/\",\"name\":\"Markt-XXL\",\"description\":\"Ihr Markt Online\",\"publisher\":{\"@id\":\"https:\\\/\\\/marktxxl.de\\\/markt\\\/#organization\"},\"potentialAction\":[{\"@type\":\"SearchAction\",\"target\":{\"@type\":\"EntryPoint\",\"urlTemplate\":\"https:\\\/\\\/marktxxl.de\\\/markt\\\/?s={search_term_string}\"},\"query-input\":{\"@type\":\"PropertyValueSpecification\",\"valueRequired\":true,\"valueName\":\"search_term_string\"}}],\"inLanguage\":\"de\"},{\"@type\":\"Organization\",\"@id\":\"https:\\\/\\\/marktxxl.de\\\/markt\\\/#organization\",\"name\":\"Markt-XXL\",\"url\":\"https:\\\/\\\/marktxxl.de\\\/markt\\\/\",\"logo\":{\"@type\":\"ImageObject\",\"inLanguage\":\"de\",\"@id\":\"https:\\\/\\\/marktxxl.de\\\/markt\\\/#\\\/schema\\\/logo\\\/image\\\/\",\"url\":\"https:\\\/\\\/marktxxl.de\\\/markt\\\/wp-content\\\/uploads\\\/sites\\\/3\\\/2020\\\/12\\\/logo.png\",\"contentUrl\":\"https:\\\/\\\/marktxxl.de\\\/markt\\\/wp-content\\\/uploads\\\/sites\\\/3\\\/2020\\\/12\\\/logo.png\",\"width\":200,\"height\":70,\"caption\":\"Markt-XXL\"},\"image\":{\"@id\":\"https:\\\/\\\/marktxxl.de\\\/markt\\\/#\\\/schema\\\/logo\\\/image\\\/\"}}]}<\/script>\n<!-- \/ Yoast SEO plugin. -->","yoast_head_json":{"title":"Qetlavee 4 St\u00fcck Spitzen Kompatibel f\u00fcr ap ple Pencil 1. &amp; 2. Generation,2stk Hochempfindlich Nib&amp;2stk Verbesserte Ersatzspitzen,Keine Abnutzung Feine Spitze Pr\u00e4zise Kontrolle Kompatibel f\u00fcr IPA d - Markt-XXL","description":"Markt-XXL Qetlavee 4 St\u00fcck Spitzen Kompatibel f\u00fcr ap ple Pencil 1. &amp; 2. Generation,2stk Hochempfindlich Nib&amp;2stk Verbesserte Ersatzspitzen,Keine Abnutzung Feine Spitze Pr\u00e4zise Kontrolle Kompatibel f\u00fcr IPA d","robots":{"index":"index","follow":"follow","max-snippet":"max-snippet:-1","max-image-preview":"max-image-preview:large","max-video-preview":"max-video-preview:-1"},"canonical":"https:\/\/marktxxl.de\/markt\/produkt\/qetlavee-4-stueck-spitzen-kompatibel-fuer-ap-ple-pencil-1-2-generation2stk-hochempfindlich-nib2stk-verbesserte-ersatzspitzenkeine-abnutzung-feine-spitze-praezise-kontrolle-kompatibel-fu\/","og_locale":"de_DE","og_type":"article","og_title":"Qetlavee 4 St\u00fcck Spitzen Kompatibel f\u00fcr ap ple Pencil 1. &amp; 2. Generation,2stk Hochempfindlich Nib&amp;2stk Verbesserte Ersatzspitzen,Keine Abnutzung Feine Spitze Pr\u00e4zise Kontrolle Kompatibel f\u00fcr IPA d - Markt-XXL","og_description":"Markt-XXL Qetlavee 4 St\u00fcck Spitzen Kompatibel f\u00fcr ap ple Pencil 1. &amp; 2. Generation,2stk Hochempfindlich Nib&amp;2stk Verbesserte Ersatzspitzen,Keine Abnutzung Feine Spitze Pr\u00e4zise Kontrolle Kompatibel f\u00fcr IPA d","og_url":"https:\/\/marktxxl.de\/markt\/produkt\/qetlavee-4-stueck-spitzen-kompatibel-fuer-ap-ple-pencil-1-2-generation2stk-hochempfindlich-nib2stk-verbesserte-ersatzspitzenkeine-abnutzung-feine-spitze-praezise-kontrolle-kompatibel-fu\/","og_site_name":"Markt-XXL","twitter_card":"summary_large_image","twitter_misc":{"Gesch\u00e4tzte Lesezeit":"2\u00a0Minuten"},"schema":{"@context":"https:\/\/schema.org","@graph":[{"@type":"WebPage","@id":"https:\/\/marktxxl.de\/markt\/produkt\/qetlavee-4-stueck-spitzen-kompatibel-fuer-ap-ple-pencil-1-2-generation2stk-hochempfindlich-nib2stk-verbesserte-ersatzspitzenkeine-abnutzung-feine-spitze-praezise-kontrolle-kompatibel-fu\/","url":"https:\/\/marktxxl.de\/markt\/produkt\/qetlavee-4-stueck-spitzen-kompatibel-fuer-ap-ple-pencil-1-2-generation2stk-hochempfindlich-nib2stk-verbesserte-ersatzspitzenkeine-abnutzung-feine-spitze-praezise-kontrolle-kompatibel-fu\/","name":"Qetlavee 4 St\u00fcck Spitzen Kompatibel f\u00fcr ap ple Pencil 1. &amp; 2. Generation,2stk Hochempfindlich Nib&amp;2stk Verbesserte Ersatzspitzen,Keine Abnutzung Feine Spitze Pr\u00e4zise Kontrolle Kompatibel f\u00fcr IPA d - Markt-XXL","isPartOf":{"@id":"https:\/\/marktxxl.de\/markt\/#website"},"primaryImageOfPage":{"@id":"https:\/\/marktxxl.de\/markt\/produkt\/qetlavee-4-stueck-spitzen-kompatibel-fuer-ap-ple-pencil-1-2-generation2stk-hochempfindlich-nib2stk-verbesserte-ersatzspitzenkeine-abnutzung-feine-spitze-praezise-kontrolle-kompatibel-fu\/#primaryimage"},"image":{"@id":"https:\/\/marktxxl.de\/markt\/produkt\/qetlavee-4-stueck-spitzen-kompatibel-fuer-ap-ple-pencil-1-2-generation2stk-hochempfindlich-nib2stk-verbesserte-ersatzspitzenkeine-abnutzung-feine-spitze-praezise-kontrolle-kompatibel-fu\/#primaryimage"},"thumbnailUrl":"https:\/\/m.media-amazon.com\/images\/I\/31PJr0VcJtL._SL500_.jpg","datePublished":"2023-04-10T13:04:56+00:00","description":"Markt-XXL Qetlavee 4 St\u00fcck Spitzen Kompatibel f\u00fcr ap ple Pencil 1. &amp; 2. Generation,2stk Hochempfindlich Nib&amp;2stk Verbesserte Ersatzspitzen,Keine Abnutzung Feine Spitze Pr\u00e4zise Kontrolle Kompatibel f\u00fcr IPA d","breadcrumb":{"@id":"https:\/\/marktxxl.de\/markt\/produkt\/qetlavee-4-stueck-spitzen-kompatibel-fuer-ap-ple-pencil-1-2-generation2stk-hochempfindlich-nib2stk-verbesserte-ersatzspitzenkeine-abnutzung-feine-spitze-praezise-kontrolle-kompatibel-fu\/#breadcrumb"},"inLanguage":"de","potentialAction":[{"@type":"ReadAction","target":["https:\/\/marktxxl.de\/markt\/produkt\/qetlavee-4-stueck-spitzen-kompatibel-fuer-ap-ple-pencil-1-2-generation2stk-hochempfindlich-nib2stk-verbesserte-ersatzspitzenkeine-abnutzung-feine-spitze-praezise-kontrolle-kompatibel-fu\/"]}]},{"@type":"ImageObject","inLanguage":"de","@id":"https:\/\/marktxxl.de\/markt\/produkt\/qetlavee-4-stueck-spitzen-kompatibel-fuer-ap-ple-pencil-1-2-generation2stk-hochempfindlich-nib2stk-verbesserte-ersatzspitzenkeine-abnutzung-feine-spitze-praezise-kontrolle-kompatibel-fu\/#primaryimage","url":"https:\/\/m.media-amazon.com\/images\/I\/31PJr0VcJtL._SL500_.jpg","contentUrl":"https:\/\/m.media-amazon.com\/images\/I\/31PJr0VcJtL._SL500_.jpg","width":500,"height":500},{"@type":"BreadcrumbList","@id":"https:\/\/marktxxl.de\/markt\/produkt\/qetlavee-4-stueck-spitzen-kompatibel-fuer-ap-ple-pencil-1-2-generation2stk-hochempfindlich-nib2stk-verbesserte-ersatzspitzenkeine-abnutzung-feine-spitze-praezise-kontrolle-kompatibel-fu\/#breadcrumb","itemListElement":[{"@type":"ListItem","position":1,"name":"Startseite","item":"https:\/\/marktxxl.de\/markt\/"},{"@type":"ListItem","position":2,"name":"Markt","item":"https:\/\/marktxxl.de\/markt\/"},{"@type":"ListItem","position":3,"name":"Qetlavee 4 St\u00fcck Spitzen Kompatibel f\u00fcr ap ple Pencil 1. &amp; 2. Generation,2stk Hochempfindlich Nib&amp;2stk Verbesserte Ersatzspitzen,Keine Abnutzung Feine Spitze Pr\u00e4zise Kontrolle Kompatibel f\u00fcr IPA d"}]},{"@type":"WebSite","@id":"https:\/\/marktxxl.de\/markt\/#website","url":"https:\/\/marktxxl.de\/markt\/","name":"Markt-XXL","description":"Ihr Markt Online","publisher":{"@id":"https:\/\/marktxxl.de\/markt\/#organization"},"potentialAction":[{"@type":"SearchAction","target":{"@type":"EntryPoint","urlTemplate":"https:\/\/marktxxl.de\/markt\/?s={search_term_string}"},"query-input":{"@type":"PropertyValueSpecification","valueRequired":true,"valueName":"search_term_string"}}],"inLanguage":"de"},{"@type":"Organization","@id":"https:\/\/marktxxl.de\/markt\/#organization","name":"Markt-XXL","url":"https:\/\/marktxxl.de\/markt\/","logo":{"@type":"ImageObject","inLanguage":"de","@id":"https:\/\/marktxxl.de\/markt\/#\/schema\/logo\/image\/","url":"https:\/\/marktxxl.de\/markt\/wp-content\/uploads\/sites\/3\/2020\/12\/logo.png","contentUrl":"https:\/\/marktxxl.de\/markt\/wp-content\/uploads\/sites\/3\/2020\/12\/logo.png","width":200,"height":70,"caption":"Markt-XXL"},"image":{"@id":"https:\/\/marktxxl.de\/markt\/#\/schema\/logo\/image\/"}}]}},"_links":{"self":[{"href":"https:\/\/marktxxl.de\/markt\/wp-json\/wp\/v2\/product\/202253","targetHints":{"allow":["GET"]}}],"collection":[{"href":"https:\/\/marktxxl.de\/markt\/wp-json\/wp\/v2\/product"}],"about":[{"href":"https:\/\/marktxxl.de\/markt\/wp-json\/wp\/v2\/types\/product"}],"replies":[{"embeddable":true,"href":"https:\/\/marktxxl.de\/markt\/wp-json\/wp\/v2\/comments?post=202253"}],"wp:featuredmedia":[{"embeddable":true,"href":"https:\/\/marktxxl.de\/markt\/wp-json\/wp\/v2\/media\/202254"}],"wp:attachment":[{"href":"https:\/\/marktxxl.de\/markt\/wp-json\/wp\/v2\/media?parent=202253"}],"wp:term":[{"taxonomy":"product_brand","embeddable":true,"href":"https:\/\/marktxxl.de\/markt\/wp-json\/wp\/v2\/product_brand?post=202253"},{"taxonomy":"product_cat","embeddable":true,"href":"https:\/\/marktxxl.de\/markt\/wp-json\/wp\/v2\/product_cat?post=202253"},{"taxonomy":"product_tag","embeddable":true,"href":"https:\/\/marktxxl.de\/markt\/wp-json\/wp\/v2\/product_tag?post=202253"}],"curies":[{"name":"wp","href":"https:\/\/api.w.org\/{rel}","templated":true}]}}