{"id":202080,"date":"2023-04-10T14:19:57","date_gmt":"2023-04-10T12:19:57","guid":{"rendered":"https:\/\/marktxxl.de\/markt\/produkt\/stylus-stift-fuer-apple-ipad-2-generation-pencil-mit-wireless-charging-palm-rejection-neigungsempfindlich-magnetische-fuer-ipad-pro-11-4-3-2-1-ipad-pro-129-6-5-4-3-ipad-air-4-5-ipad-mini\/"},"modified":"2023-04-10T14:19:57","modified_gmt":"2023-04-10T12:19:57","slug":"stylus-stift-fuer-apple-ipad-2-generation-pencil-mit-wireless-charging-palm-rejection-neigungsempfindlich-magnetische-fuer-ipad-pro-11-4-3-2-1-ipad-pro-129-6-5-4-3-ipad-air-4-5-ipad-mini","status":"publish","type":"product","link":"https:\/\/marktxxl.de\/markt\/produkt\/stylus-stift-fuer-apple-ipad-2-generation-pencil-mit-wireless-charging-palm-rejection-neigungsempfindlich-magnetische-fuer-ipad-pro-11-4-3-2-1-ipad-pro-129-6-5-4-3-ipad-air-4-5-ipad-mini\/","title":{"rendered":"Stylus Stift f\u00fcr Apple iPad, 2. Generation Pencil mit Wireless Charging, Palm Rejection, Neigungsempfindlich, Magnetische f\u00fcr iPad Pro 11&#8243; 4\/3\/2\/1, iPad Pro 12,9&#8243; 6\/5\/4\/3, iPad Air 4\/5, iPad Mini 6"},"content":{"rendered":"<p>\u3010Kompatibilit\u00e4t\u3011: Unterst\u00fctzt die kabellose magnetische Aufladung des Stylus-Stiftes f\u00fcr folgende iPad-Modelle: iPad Pro 1. \/ 2. \/ 3. \/ 4. \/ 5. \/ 6. Generation, iPad Air 4. \/ 5. Generation und iPad Mini 6. Generation. Bitte best\u00e4tigen Sie Ihr Ger\u00e4temodell und aktualisieren Sie das System auf 12.2 oder h\u00f6her. Hinweis: Andere iPad-Modelle (Air 3., Mini 5., iPad 10\/9\/8\/7\/6) unterst\u00fctzen nur das Schreiben und unterst\u00fctzen keine kabellose magnetische Aufladung.<br \/>\n\u3010Magnetische kabellose Aufladung\u3011: Der revolution\u00e4re Stift der 2. Generation f\u00fcr das iPad l\u00e4sst sich einfach am iPad befestigen und bietet ein einfaches kabelloses Aufladen. Der Akkustatus kann in Echtzeit \u00fcber Bluetooth in den Widgets des iPads angezeigt werden. Der iPad Stift verf\u00fcgt auch \u00fcber eine automatische Schlaffunktion, nach nur 5 Minuten Inaktivit\u00e4t geht der Stift in den Schlafmodus. Verbessern Sie Ihre digitale Zeichen- und Notizaufnahmeerfahrung ab sofort.<br \/>\n\u3010Palm Rejection\u3011: Verwendet die Palm-Rejection-Technologie, so dass Sie problemlos schreiben oder Ihr Handgelenk anheben k\u00f6nnen, ohne Handschuhe zu tragen, und Ihre Hand bequem auf dem iPad-Bildschirm liegt. Schreiben und zeichnen Sie frei, als ob Sie auf Papier schreiben, und genie\u00dfen Sie das Schreiben mit einem Stift.<br \/>\n\u3010Neigungsempfindlich und Pixelgenau\u3011: Mit der F\u00e4higkeit, die Strichst\u00e4rke durch Neigen der Spitze m\u00fchelos zu variieren, erm\u00f6glicht der iPad-Stylus-Stift detaillierte Zeichnungen, Schreiben und Design. Ideal zum Zeichnen, Designen und Notieren, ist dieser Stylus-Stift der Schl\u00fcssel zur Entfesselung unendlicher kreativer Potenziale auf Ihrem iPad. HINWEIS: Der Stylus-Stift hat kein Druck-Empfindlichkeits-Design.<br \/>\n\u3010Original-Stift-Spitzen und elegantes Stiftetui\u3011: Mit der austauschbaren Original-Stift-Spitze m\u00fcssen Sie sich nie wieder Gedanken \u00fcber einen Ersatz machen. Die POM-1,5MM-Spitze bietet eine pr\u00e4zise, versatzfreie und ruckelfreie Steuerungserfahrung, die Ihre Mark<br \/>\n<div class=\"main-cross-sell\" data-asin=\"B0BVG163DR\">\n\n\t<div class=\"WooZone-cross-sell-loader\">\n\t\t<div>\n\t\t\t<div id=\"floatingBarsG\">\n\t\t\t\t<div class=\"blockG\" id=\"rotateG_01\"><\/div>\n\t\t\t\t<div class=\"blockG\" id=\"rotateG_02\"><\/div>\n\t\t\t\t<div class=\"blockG\" id=\"rotateG_03\"><\/div>\n\t\t\t\t<div class=\"blockG\" id=\"rotateG_04\"><\/div>\n\t\t\t\t<div class=\"blockG\" id=\"rotateG_05\"><\/div>\n\t\t\t\t<div class=\"blockG\" id=\"rotateG_06\"><\/div>\n\t\t\t\t<div class=\"blockG\" id=\"rotateG_07\"><\/div>\n\t\t\t\t<div class=\"blockG\" id=\"rotateG_08\"><\/div>\n\t\t\t<\/div>\n\t\t\t<div class=\"WooZone-cross-sell-loader-text\"><\/div>\n\t\t<\/div>\n\t<\/div>\n\n\t\t\n<\/div>\n<div style=\"clear:both;\"><\/div><\/p>\n","protected":false},"excerpt":{"rendered":"<p>\u3010Kompatibilit\u00e4t\u3011: Unterst\u00fctzt die kabellose magnetische Aufladung des Stylus-Stiftes f\u00fcr folgende iPad-Modelle: iPad Pro 1. \/ 2. \/ 3. \/ 4. \/ 5. \/ 6. Generation, iPad Air 4. \/ 5. Generation und iPad Mini 6. Generation. Bitte best\u00e4tigen Sie Ihr Ger\u00e4temodell und aktualisieren Sie das System auf 12.2 oder h\u00f6her. Hinweis: Andere iPad-Modelle (Air 3., Mini 5., iPad 10\/9\/8\/7\/6) unterst\u00fctzen nur das Schreiben und unterst\u00fctzen keine kabellose magnetische Aufladung.<br \/>\n\u3010Magnetische kabellose Aufladung\u3011: Der revolution\u00e4re Stift der 2. Generation f\u00fcr das iPad l\u00e4sst sich einfach am iPad befestigen und bietet ein einfaches kabelloses Aufladen. Der Akkustatus kann in Echtzeit \u00fcber Bluetooth in den Widgets des iPads angezeigt werden. Der iPad Stift verf\u00fcgt auch \u00fcber eine automatische Schlaffunktion, nach nur 5 Minuten Inaktivit\u00e4t geht der Stift in den Schlafmodus. Verbessern Sie Ihre digitale Zeichen- und Notizaufnahmeerfahrung ab sofort.<br \/>\n\u3010Palm Rejection\u3011: Verwendet die Palm-Rejection-Technologie, so dass Sie problemlos schreiben oder Ihr Handgelenk anheben k\u00f6nnen, ohne Handschuhe zu tragen, und Ihre Hand bequem auf dem iPad-Bildschirm liegt. Schreiben und zeichnen Sie frei, als ob Sie auf Papier schreiben, und genie\u00dfen Sie das Schreiben mit einem Stift.<\/p>\n","protected":false},"featured_media":202081,"comment_status":"open","ping_status":"closed","template":"","meta":[],"product_brand":[],"product_cat":[863],"product_tag":[],"class_list":{"0":"post-202080","1":"product","2":"type-product","3":"status-publish","4":"has-post-thumbnail","6":"product_cat-computer-zubehoer","7":"pa_brand-zcitek","8":"pa_color-a-weiss","9":"pa_height-0-1968503935-zoll","10":"pa_length-6-49999999337-zoll","11":"pa_manufacturer-zcitek","12":"pa_warranty-24-monate-garantie","13":"pa_weight-0-03086471668-pfund","14":"pa_width-0-3149606296-zoll","16":"first","17":"instock","18":"shipping-taxable","19":"purchasable","20":"product-type-simple","21":"customify-col","22":"product-has-gallery"},"yoast_head":"<!-- This site is optimized with the Yoast SEO plugin v27.4 - https:\/\/yoast.com\/product\/yoast-seo-wordpress\/ -->\n<title>Stylus Stift f\u00fcr Apple iPad, 2. Generation Pencil mit Wireless Charging, Palm Rejection, Neigungsempfindlich, Magnetische f\u00fcr iPad Pro 11&quot; 4\/3\/2\/1, iPad Pro 12,9&quot; 6\/5\/4\/3, iPad Air 4\/5, iPad Mini 6 - Markt-XXL<\/title>\n<meta name=\"description\" content=\"Markt-XXL Stylus Stift f\u00fcr Apple iPad, 2. Generation Pencil mit Wireless Charging, Palm Rejection, Neigungsempfindlich, Magnetische f\u00fcr iPad Pro 11&quot; 4\/3\/2\/1, iPad Pro 12,9&quot; 6\/5\/4\/3, iPad Air 4\/5, iPad Mini 6\" \/>\n<meta name=\"robots\" content=\"index, follow, max-snippet:-1, max-image-preview:large, max-video-preview:-1\" \/>\n<link rel=\"canonical\" href=\"https:\/\/marktxxl.de\/markt\/produkt\/stylus-stift-fuer-apple-ipad-2-generation-pencil-mit-wireless-charging-palm-rejection-neigungsempfindlich-magnetische-fuer-ipad-pro-11-4-3-2-1-ipad-pro-129-6-5-4-3-ipad-air-4-5-ipad-mini\/\" \/>\n<meta property=\"og:locale\" content=\"de_DE\" \/>\n<meta property=\"og:type\" content=\"article\" \/>\n<meta property=\"og:title\" content=\"Stylus Stift f\u00fcr Apple iPad, 2. Generation Pencil mit Wireless Charging, Palm Rejection, Neigungsempfindlich, Magnetische f\u00fcr iPad Pro 11&quot; 4\/3\/2\/1, iPad Pro 12,9&quot; 6\/5\/4\/3, iPad Air 4\/5, iPad Mini 6 - Markt-XXL\" \/>\n<meta property=\"og:description\" content=\"Markt-XXL Stylus Stift f\u00fcr Apple iPad, 2. Generation Pencil mit Wireless Charging, Palm Rejection, Neigungsempfindlich, Magnetische f\u00fcr iPad Pro 11&quot; 4\/3\/2\/1, iPad Pro 12,9&quot; 6\/5\/4\/3, iPad Air 4\/5, iPad Mini 6\" \/>\n<meta property=\"og:url\" content=\"https:\/\/marktxxl.de\/markt\/produkt\/stylus-stift-fuer-apple-ipad-2-generation-pencil-mit-wireless-charging-palm-rejection-neigungsempfindlich-magnetische-fuer-ipad-pro-11-4-3-2-1-ipad-pro-129-6-5-4-3-ipad-air-4-5-ipad-mini\/\" \/>\n<meta property=\"og:site_name\" content=\"Markt-XXL\" \/>\n<meta name=\"twitter:card\" content=\"summary_large_image\" \/>\n<meta name=\"twitter:label1\" content=\"Gesch\u00e4tzte Lesezeit\" \/>\n\t<meta name=\"twitter:data1\" content=\"1\u00a0Minute\" \/>\n<script type=\"application\/ld+json\" class=\"yoast-schema-graph\">{\"@context\":\"https:\\\/\\\/schema.org\",\"@graph\":[{\"@type\":\"WebPage\",\"@id\":\"https:\\\/\\\/marktxxl.de\\\/markt\\\/produkt\\\/stylus-stift-fuer-apple-ipad-2-generation-pencil-mit-wireless-charging-palm-rejection-neigungsempfindlich-magnetische-fuer-ipad-pro-11-4-3-2-1-ipad-pro-129-6-5-4-3-ipad-air-4-5-ipad-mini\\\/\",\"url\":\"https:\\\/\\\/marktxxl.de\\\/markt\\\/produkt\\\/stylus-stift-fuer-apple-ipad-2-generation-pencil-mit-wireless-charging-palm-rejection-neigungsempfindlich-magnetische-fuer-ipad-pro-11-4-3-2-1-ipad-pro-129-6-5-4-3-ipad-air-4-5-ipad-mini\\\/\",\"name\":\"Stylus Stift f\u00fcr Apple iPad, 2. Generation Pencil mit Wireless Charging, Palm Rejection, Neigungsempfindlich, Magnetische f\u00fcr iPad Pro 11\\\" 4\\\/3\\\/2\\\/1, iPad Pro 12,9\\\" 6\\\/5\\\/4\\\/3, iPad Air 4\\\/5, iPad Mini 6 - Markt-XXL\",\"isPartOf\":{\"@id\":\"https:\\\/\\\/marktxxl.de\\\/markt\\\/#website\"},\"primaryImageOfPage\":{\"@id\":\"https:\\\/\\\/marktxxl.de\\\/markt\\\/produkt\\\/stylus-stift-fuer-apple-ipad-2-generation-pencil-mit-wireless-charging-palm-rejection-neigungsempfindlich-magnetische-fuer-ipad-pro-11-4-3-2-1-ipad-pro-129-6-5-4-3-ipad-air-4-5-ipad-mini\\\/#primaryimage\"},\"image\":{\"@id\":\"https:\\\/\\\/marktxxl.de\\\/markt\\\/produkt\\\/stylus-stift-fuer-apple-ipad-2-generation-pencil-mit-wireless-charging-palm-rejection-neigungsempfindlich-magnetische-fuer-ipad-pro-11-4-3-2-1-ipad-pro-129-6-5-4-3-ipad-air-4-5-ipad-mini\\\/#primaryimage\"},\"thumbnailUrl\":\"https:\\\/\\\/m.media-amazon.com\\\/images\\\/I\\\/4132eTbFNzL._SL500_.jpg\",\"datePublished\":\"2023-04-10T12:19:57+00:00\",\"description\":\"Markt-XXL Stylus Stift f\u00fcr Apple iPad, 2. Generation Pencil mit Wireless Charging, Palm Rejection, Neigungsempfindlich, Magnetische f\u00fcr iPad Pro 11\\\" 4\\\/3\\\/2\\\/1, iPad Pro 12,9\\\" 6\\\/5\\\/4\\\/3, iPad Air 4\\\/5, iPad Mini 6\",\"breadcrumb\":{\"@id\":\"https:\\\/\\\/marktxxl.de\\\/markt\\\/produkt\\\/stylus-stift-fuer-apple-ipad-2-generation-pencil-mit-wireless-charging-palm-rejection-neigungsempfindlich-magnetische-fuer-ipad-pro-11-4-3-2-1-ipad-pro-129-6-5-4-3-ipad-air-4-5-ipad-mini\\\/#breadcrumb\"},\"inLanguage\":\"de\",\"potentialAction\":[{\"@type\":\"ReadAction\",\"target\":[\"https:\\\/\\\/marktxxl.de\\\/markt\\\/produkt\\\/stylus-stift-fuer-apple-ipad-2-generation-pencil-mit-wireless-charging-palm-rejection-neigungsempfindlich-magnetische-fuer-ipad-pro-11-4-3-2-1-ipad-pro-129-6-5-4-3-ipad-air-4-5-ipad-mini\\\/\"]}]},{\"@type\":\"ImageObject\",\"inLanguage\":\"de\",\"@id\":\"https:\\\/\\\/marktxxl.de\\\/markt\\\/produkt\\\/stylus-stift-fuer-apple-ipad-2-generation-pencil-mit-wireless-charging-palm-rejection-neigungsempfindlich-magnetische-fuer-ipad-pro-11-4-3-2-1-ipad-pro-129-6-5-4-3-ipad-air-4-5-ipad-mini\\\/#primaryimage\",\"url\":\"https:\\\/\\\/m.media-amazon.com\\\/images\\\/I\\\/4132eTbFNzL._SL500_.jpg\",\"contentUrl\":\"https:\\\/\\\/m.media-amazon.com\\\/images\\\/I\\\/4132eTbFNzL._SL500_.jpg\",\"width\":500,\"height\":500},{\"@type\":\"BreadcrumbList\",\"@id\":\"https:\\\/\\\/marktxxl.de\\\/markt\\\/produkt\\\/stylus-stift-fuer-apple-ipad-2-generation-pencil-mit-wireless-charging-palm-rejection-neigungsempfindlich-magnetische-fuer-ipad-pro-11-4-3-2-1-ipad-pro-129-6-5-4-3-ipad-air-4-5-ipad-mini\\\/#breadcrumb\",\"itemListElement\":[{\"@type\":\"ListItem\",\"position\":1,\"name\":\"Startseite\",\"item\":\"https:\\\/\\\/marktxxl.de\\\/markt\\\/\"},{\"@type\":\"ListItem\",\"position\":2,\"name\":\"Markt\",\"item\":\"https:\\\/\\\/marktxxl.de\\\/markt\\\/\"},{\"@type\":\"ListItem\",\"position\":3,\"name\":\"Stylus Stift f\u00fcr Apple iPad, 2. Generation Pencil mit Wireless Charging, Palm Rejection, Neigungsempfindlich, Magnetische f\u00fcr iPad Pro 11&#8243; 4\\\/3\\\/2\\\/1, iPad Pro 12,9&#8243; 6\\\/5\\\/4\\\/3, iPad Air 4\\\/5, iPad Mini 6\"}]},{\"@type\":\"WebSite\",\"@id\":\"https:\\\/\\\/marktxxl.de\\\/markt\\\/#website\",\"url\":\"https:\\\/\\\/marktxxl.de\\\/markt\\\/\",\"name\":\"Markt-XXL\",\"description\":\"Ihr Markt Online\",\"publisher\":{\"@id\":\"https:\\\/\\\/marktxxl.de\\\/markt\\\/#organization\"},\"potentialAction\":[{\"@type\":\"SearchAction\",\"target\":{\"@type\":\"EntryPoint\",\"urlTemplate\":\"https:\\\/\\\/marktxxl.de\\\/markt\\\/?s={search_term_string}\"},\"query-input\":{\"@type\":\"PropertyValueSpecification\",\"valueRequired\":true,\"valueName\":\"search_term_string\"}}],\"inLanguage\":\"de\"},{\"@type\":\"Organization\",\"@id\":\"https:\\\/\\\/marktxxl.de\\\/markt\\\/#organization\",\"name\":\"Markt-XXL\",\"url\":\"https:\\\/\\\/marktxxl.de\\\/markt\\\/\",\"logo\":{\"@type\":\"ImageObject\",\"inLanguage\":\"de\",\"@id\":\"https:\\\/\\\/marktxxl.de\\\/markt\\\/#\\\/schema\\\/logo\\\/image\\\/\",\"url\":\"https:\\\/\\\/marktxxl.de\\\/markt\\\/wp-content\\\/uploads\\\/sites\\\/3\\\/2020\\\/12\\\/logo.png\",\"contentUrl\":\"https:\\\/\\\/marktxxl.de\\\/markt\\\/wp-content\\\/uploads\\\/sites\\\/3\\\/2020\\\/12\\\/logo.png\",\"width\":200,\"height\":70,\"caption\":\"Markt-XXL\"},\"image\":{\"@id\":\"https:\\\/\\\/marktxxl.de\\\/markt\\\/#\\\/schema\\\/logo\\\/image\\\/\"}}]}<\/script>\n<!-- \/ Yoast SEO plugin. -->","yoast_head_json":{"title":"Stylus Stift f\u00fcr Apple iPad, 2. Generation Pencil mit Wireless Charging, Palm Rejection, Neigungsempfindlich, Magnetische f\u00fcr iPad Pro 11\" 4\/3\/2\/1, iPad Pro 12,9\" 6\/5\/4\/3, iPad Air 4\/5, iPad Mini 6 - Markt-XXL","description":"Markt-XXL Stylus Stift f\u00fcr Apple iPad, 2. Generation Pencil mit Wireless Charging, Palm Rejection, Neigungsempfindlich, Magnetische f\u00fcr iPad Pro 11\" 4\/3\/2\/1, iPad Pro 12,9\" 6\/5\/4\/3, iPad Air 4\/5, iPad Mini 6","robots":{"index":"index","follow":"follow","max-snippet":"max-snippet:-1","max-image-preview":"max-image-preview:large","max-video-preview":"max-video-preview:-1"},"canonical":"https:\/\/marktxxl.de\/markt\/produkt\/stylus-stift-fuer-apple-ipad-2-generation-pencil-mit-wireless-charging-palm-rejection-neigungsempfindlich-magnetische-fuer-ipad-pro-11-4-3-2-1-ipad-pro-129-6-5-4-3-ipad-air-4-5-ipad-mini\/","og_locale":"de_DE","og_type":"article","og_title":"Stylus Stift f\u00fcr Apple iPad, 2. Generation Pencil mit Wireless Charging, Palm Rejection, Neigungsempfindlich, Magnetische f\u00fcr iPad Pro 11\" 4\/3\/2\/1, iPad Pro 12,9\" 6\/5\/4\/3, iPad Air 4\/5, iPad Mini 6 - Markt-XXL","og_description":"Markt-XXL Stylus Stift f\u00fcr Apple iPad, 2. Generation Pencil mit Wireless Charging, Palm Rejection, Neigungsempfindlich, Magnetische f\u00fcr iPad Pro 11\" 4\/3\/2\/1, iPad Pro 12,9\" 6\/5\/4\/3, iPad Air 4\/5, iPad Mini 6","og_url":"https:\/\/marktxxl.de\/markt\/produkt\/stylus-stift-fuer-apple-ipad-2-generation-pencil-mit-wireless-charging-palm-rejection-neigungsempfindlich-magnetische-fuer-ipad-pro-11-4-3-2-1-ipad-pro-129-6-5-4-3-ipad-air-4-5-ipad-mini\/","og_site_name":"Markt-XXL","twitter_card":"summary_large_image","twitter_misc":{"Gesch\u00e4tzte Lesezeit":"1\u00a0Minute"},"schema":{"@context":"https:\/\/schema.org","@graph":[{"@type":"WebPage","@id":"https:\/\/marktxxl.de\/markt\/produkt\/stylus-stift-fuer-apple-ipad-2-generation-pencil-mit-wireless-charging-palm-rejection-neigungsempfindlich-magnetische-fuer-ipad-pro-11-4-3-2-1-ipad-pro-129-6-5-4-3-ipad-air-4-5-ipad-mini\/","url":"https:\/\/marktxxl.de\/markt\/produkt\/stylus-stift-fuer-apple-ipad-2-generation-pencil-mit-wireless-charging-palm-rejection-neigungsempfindlich-magnetische-fuer-ipad-pro-11-4-3-2-1-ipad-pro-129-6-5-4-3-ipad-air-4-5-ipad-mini\/","name":"Stylus Stift f\u00fcr Apple iPad, 2. Generation Pencil mit Wireless Charging, Palm Rejection, Neigungsempfindlich, Magnetische f\u00fcr iPad Pro 11\" 4\/3\/2\/1, iPad Pro 12,9\" 6\/5\/4\/3, iPad Air 4\/5, iPad Mini 6 - Markt-XXL","isPartOf":{"@id":"https:\/\/marktxxl.de\/markt\/#website"},"primaryImageOfPage":{"@id":"https:\/\/marktxxl.de\/markt\/produkt\/stylus-stift-fuer-apple-ipad-2-generation-pencil-mit-wireless-charging-palm-rejection-neigungsempfindlich-magnetische-fuer-ipad-pro-11-4-3-2-1-ipad-pro-129-6-5-4-3-ipad-air-4-5-ipad-mini\/#primaryimage"},"image":{"@id":"https:\/\/marktxxl.de\/markt\/produkt\/stylus-stift-fuer-apple-ipad-2-generation-pencil-mit-wireless-charging-palm-rejection-neigungsempfindlich-magnetische-fuer-ipad-pro-11-4-3-2-1-ipad-pro-129-6-5-4-3-ipad-air-4-5-ipad-mini\/#primaryimage"},"thumbnailUrl":"https:\/\/m.media-amazon.com\/images\/I\/4132eTbFNzL._SL500_.jpg","datePublished":"2023-04-10T12:19:57+00:00","description":"Markt-XXL Stylus Stift f\u00fcr Apple iPad, 2. Generation Pencil mit Wireless Charging, Palm Rejection, Neigungsempfindlich, Magnetische f\u00fcr iPad Pro 11\" 4\/3\/2\/1, iPad Pro 12,9\" 6\/5\/4\/3, iPad Air 4\/5, iPad Mini 6","breadcrumb":{"@id":"https:\/\/marktxxl.de\/markt\/produkt\/stylus-stift-fuer-apple-ipad-2-generation-pencil-mit-wireless-charging-palm-rejection-neigungsempfindlich-magnetische-fuer-ipad-pro-11-4-3-2-1-ipad-pro-129-6-5-4-3-ipad-air-4-5-ipad-mini\/#breadcrumb"},"inLanguage":"de","potentialAction":[{"@type":"ReadAction","target":["https:\/\/marktxxl.de\/markt\/produkt\/stylus-stift-fuer-apple-ipad-2-generation-pencil-mit-wireless-charging-palm-rejection-neigungsempfindlich-magnetische-fuer-ipad-pro-11-4-3-2-1-ipad-pro-129-6-5-4-3-ipad-air-4-5-ipad-mini\/"]}]},{"@type":"ImageObject","inLanguage":"de","@id":"https:\/\/marktxxl.de\/markt\/produkt\/stylus-stift-fuer-apple-ipad-2-generation-pencil-mit-wireless-charging-palm-rejection-neigungsempfindlich-magnetische-fuer-ipad-pro-11-4-3-2-1-ipad-pro-129-6-5-4-3-ipad-air-4-5-ipad-mini\/#primaryimage","url":"https:\/\/m.media-amazon.com\/images\/I\/4132eTbFNzL._SL500_.jpg","contentUrl":"https:\/\/m.media-amazon.com\/images\/I\/4132eTbFNzL._SL500_.jpg","width":500,"height":500},{"@type":"BreadcrumbList","@id":"https:\/\/marktxxl.de\/markt\/produkt\/stylus-stift-fuer-apple-ipad-2-generation-pencil-mit-wireless-charging-palm-rejection-neigungsempfindlich-magnetische-fuer-ipad-pro-11-4-3-2-1-ipad-pro-129-6-5-4-3-ipad-air-4-5-ipad-mini\/#breadcrumb","itemListElement":[{"@type":"ListItem","position":1,"name":"Startseite","item":"https:\/\/marktxxl.de\/markt\/"},{"@type":"ListItem","position":2,"name":"Markt","item":"https:\/\/marktxxl.de\/markt\/"},{"@type":"ListItem","position":3,"name":"Stylus Stift f\u00fcr Apple iPad, 2. Generation Pencil mit Wireless Charging, Palm Rejection, Neigungsempfindlich, Magnetische f\u00fcr iPad Pro 11&#8243; 4\/3\/2\/1, iPad Pro 12,9&#8243; 6\/5\/4\/3, iPad Air 4\/5, iPad Mini 6"}]},{"@type":"WebSite","@id":"https:\/\/marktxxl.de\/markt\/#website","url":"https:\/\/marktxxl.de\/markt\/","name":"Markt-XXL","description":"Ihr Markt Online","publisher":{"@id":"https:\/\/marktxxl.de\/markt\/#organization"},"potentialAction":[{"@type":"SearchAction","target":{"@type":"EntryPoint","urlTemplate":"https:\/\/marktxxl.de\/markt\/?s={search_term_string}"},"query-input":{"@type":"PropertyValueSpecification","valueRequired":true,"valueName":"search_term_string"}}],"inLanguage":"de"},{"@type":"Organization","@id":"https:\/\/marktxxl.de\/markt\/#organization","name":"Markt-XXL","url":"https:\/\/marktxxl.de\/markt\/","logo":{"@type":"ImageObject","inLanguage":"de","@id":"https:\/\/marktxxl.de\/markt\/#\/schema\/logo\/image\/","url":"https:\/\/marktxxl.de\/markt\/wp-content\/uploads\/sites\/3\/2020\/12\/logo.png","contentUrl":"https:\/\/marktxxl.de\/markt\/wp-content\/uploads\/sites\/3\/2020\/12\/logo.png","width":200,"height":70,"caption":"Markt-XXL"},"image":{"@id":"https:\/\/marktxxl.de\/markt\/#\/schema\/logo\/image\/"}}]}},"_links":{"self":[{"href":"https:\/\/marktxxl.de\/markt\/wp-json\/wp\/v2\/product\/202080","targetHints":{"allow":["GET"]}}],"collection":[{"href":"https:\/\/marktxxl.de\/markt\/wp-json\/wp\/v2\/product"}],"about":[{"href":"https:\/\/marktxxl.de\/markt\/wp-json\/wp\/v2\/types\/product"}],"replies":[{"embeddable":true,"href":"https:\/\/marktxxl.de\/markt\/wp-json\/wp\/v2\/comments?post=202080"}],"wp:featuredmedia":[{"embeddable":true,"href":"https:\/\/marktxxl.de\/markt\/wp-json\/wp\/v2\/media\/202081"}],"wp:attachment":[{"href":"https:\/\/marktxxl.de\/markt\/wp-json\/wp\/v2\/media?parent=202080"}],"wp:term":[{"taxonomy":"product_brand","embeddable":true,"href":"https:\/\/marktxxl.de\/markt\/wp-json\/wp\/v2\/product_brand?post=202080"},{"taxonomy":"product_cat","embeddable":true,"href":"https:\/\/marktxxl.de\/markt\/wp-json\/wp\/v2\/product_cat?post=202080"},{"taxonomy":"product_tag","embeddable":true,"href":"https:\/\/marktxxl.de\/markt\/wp-json\/wp\/v2\/product_tag?post=202080"}],"curies":[{"name":"wp","href":"https:\/\/api.w.org\/{rel}","templated":true}]}}