{"id":202039,"date":"2023-04-10T14:17:33","date_gmt":"2023-04-10T12:17:33","guid":{"rendered":"https:\/\/marktxxl.de\/markt\/produkt\/asus-rog-flow-z13-gaming-detachable-laptop-134-qhd-165hz-ips-display-intel-core-i9-13900h-32-gb-ram-1-tb-ssd-nvidia-rtx-4070-windows-11-qwertz-tastatur-special-acronym-edition\/"},"modified":"2023-04-10T14:17:33","modified_gmt":"2023-04-10T12:17:33","slug":"asus-rog-flow-z13-gaming-detachable-laptop-134-qhd-165hz-ips-display-intel-core-i9-13900h-32-gb-ram-1-tb-ssd-nvidia-rtx-4070-windows-11-qwertz-tastatur-special-acronym-edition","status":"publish","type":"product","link":"https:\/\/marktxxl.de\/markt\/produkt\/asus-rog-flow-z13-gaming-detachable-laptop-134-qhd-165hz-ips-display-intel-core-i9-13900h-32-gb-ram-1-tb-ssd-nvidia-rtx-4070-windows-11-qwertz-tastatur-special-acronym-edition\/","title":{"rendered":"ASUS ROG Flow Z13 Gaming Detachable Laptop | 13,4&#8243; QHD+ 165Hz IPS Display | Intel Core i9-13900H | 32 GB RAM | 1 TB SSD | NVIDIA RTX 4070 | Windows 11 | QWERTZ Tastatur | Special Acronym Edition"},"content":{"rendered":"<p>Das Flow Z13 in der Acronym Edition verbindet Produktivit\u00e4t f\u00fcr Kreative mit einem einzigartigen Style und neuen Funktionen. Die M\u00fcnchner Mode Spezialisten Acronym vereinen auf einzigartige Weise die technischen M\u00f6glichkeiten des High-End Gaming Detachables mit neuen Ideen der Nutzung f\u00fcr Kreative. Die integrierte Halterung f\u00fcr Schlaufen mit Funktionselementen des Taschendesigns erm\u00f6glichen die Freihand-Nutzung. Sie gibt Dir alle Freiheiten bei Deinen Projekten &#8211; egal ob als Designer, Filmschaffender oder Gamer. Das Ergebnis ist ein flexibles System, welches Dir mehr M\u00f6glichkeiten bietet, das Flow Z13-ACRNM RMT02 zu transportieren und zu nutzen.<br \/>\nDer neue Intel Core Prozessor der 13. Generation bietet mit seiner beispiellosen neuen Performance eine einzigartige Kombination aus Power und Effizienz, damit zu jeder Zeit eine extrem hohe, ultramobile Leistung f\u00fcr Gaming, Streaming, Arbeit und Surfen garantiert ist<br \/>\nNVIDIA RTX liefert Raytracing f\u00fcr das Grafik-Nonplusultra und DLSS f\u00fcr die kompromissloseste FPS-Beschleunigung<br \/>\nIm kompetitiven Gaming auf Profiniveau z\u00e4hlt jede Millisekunde. Die ultraschnelle Wiederholrate (165Hz) macht Reaktionszeiten auf Profiniveau erst m\u00f6glich<br \/>\nBis zu 15 Grad k\u00fchler Die einmalige Liquidmetal-W\u00e4rmeleitpaste garantiert dauerhaft hohe Taktraten ohne laute L\u00fcfter Von ASUS entwickelte Maschinen zum Auftragen des Liquidmetal garantieren den Leistungs- und Temperaturvorsprung<br \/>\n<div class=\"main-cross-sell\" data-asin=\"B0BTPGN825\">\n\n\t<div class=\"WooZone-cross-sell-loader\">\n\t\t<div>\n\t\t\t<div id=\"floatingBarsG\">\n\t\t\t\t<div class=\"blockG\" id=\"rotateG_01\"><\/div>\n\t\t\t\t<div class=\"blockG\" id=\"rotateG_02\"><\/div>\n\t\t\t\t<div class=\"blockG\" id=\"rotateG_03\"><\/div>\n\t\t\t\t<div class=\"blockG\" id=\"rotateG_04\"><\/div>\n\t\t\t\t<div class=\"blockG\" id=\"rotateG_05\"><\/div>\n\t\t\t\t<div class=\"blockG\" id=\"rotateG_06\"><\/div>\n\t\t\t\t<div class=\"blockG\" id=\"rotateG_07\"><\/div>\n\t\t\t\t<div class=\"blockG\" id=\"rotateG_08\"><\/div>\n\t\t\t<\/div>\n\t\t\t<div class=\"WooZone-cross-sell-loader-text\"><\/div>\n\t\t<\/div>\n\t<\/div>\n\n\t\t\n<\/div>\n<div style=\"clear:both;\"><\/div><\/p>\n","protected":false},"excerpt":{"rendered":"<p>Das Flow Z13 in der Acronym Edition verbindet Produktivit\u00e4t f\u00fcr Kreative mit einem einzigartigen Style und neuen Funktionen. Die M\u00fcnchner Mode Spezialisten Acronym vereinen auf einzigartige Weise die technischen M\u00f6glichkeiten des High-End Gaming Detachables mit neuen Ideen der Nutzung f\u00fcr Kreative. Die integrierte Halterung f\u00fcr Schlaufen mit Funktionselementen des Taschendesigns erm\u00f6glichen die Freihand-Nutzung. Sie gibt Dir alle Freiheiten bei Deinen Projekten &#8211; egal ob als Designer, Filmschaffender oder Gamer. Das Ergebnis ist ein flexibles System, welches Dir mehr M\u00f6glichkeiten bietet, das Flow Z13-ACRNM RMT02 zu transportieren und zu nutzen.<br \/>\nDer neue Intel Core Prozessor der 13. Generation bietet mit seiner beispiellosen neuen Performance eine einzigartige Kombination aus Power und Effizienz, damit zu jeder Zeit eine extrem hohe, ultramobile Leistung f\u00fcr Gaming, Streaming, Arbeit und Surfen garantiert ist<br \/>\nNVIDIA RTX liefert Raytracing f\u00fcr das Grafik-Nonplusultra und DLSS f\u00fcr die kompromissloseste FPS-Beschleunigung<\/p>\n","protected":false},"featured_media":202040,"comment_status":"open","ping_status":"closed","template":"","meta":[],"product_brand":[],"product_cat":[863],"product_tag":[],"class_list":{"0":"post-202039","1":"product","2":"type-product","3":"status-publish","4":"has-post-thumbnail","6":"product_cat-computer-zubehoer","7":"pa_binding-personal-computers","8":"pa_brand-asus","9":"pa_color-acronym","10":"pa_manufacturer-asus-computer","11":"pa_model-gz301vic-mu003w","12":"pa_warranty-2-jahre-herstellergarantie","13":"pa_weight-4-299014109-pfund","15":"first","16":"instock","17":"shipping-taxable","18":"purchasable","19":"product-type-simple","20":"customify-col","21":"product-has-gallery"},"yoast_head":"<!-- This site is optimized with the Yoast SEO plugin v27.4 - https:\/\/yoast.com\/product\/yoast-seo-wordpress\/ -->\n<title>ASUS ROG Flow Z13 Gaming Detachable Laptop | 13,4&quot; QHD+ 165Hz IPS Display | Intel Core i9-13900H | 32 GB RAM | 1 TB SSD | NVIDIA RTX 4070 | Windows 11 | QWERTZ Tastatur | Special Acronym Edition - Markt-XXL<\/title>\n<meta name=\"description\" content=\"Markt-XXL ASUS ROG Flow Z13 Gaming Detachable Laptop | 13,4&quot; QHD+ 165Hz IPS Display | Intel Core i9-13900H | 32 GB RAM | 1 TB SSD | NVIDIA RTX 4070 | Windows 11 | QWERTZ Tastatur | Special Acronym Edition\" \/>\n<meta name=\"robots\" content=\"index, follow, max-snippet:-1, max-image-preview:large, max-video-preview:-1\" \/>\n<link rel=\"canonical\" href=\"https:\/\/marktxxl.de\/markt\/produkt\/asus-rog-flow-z13-gaming-detachable-laptop-134-qhd-165hz-ips-display-intel-core-i9-13900h-32-gb-ram-1-tb-ssd-nvidia-rtx-4070-windows-11-qwertz-tastatur-special-acronym-edition\/\" \/>\n<meta property=\"og:locale\" content=\"de_DE\" \/>\n<meta property=\"og:type\" content=\"article\" \/>\n<meta property=\"og:title\" content=\"ASUS ROG Flow Z13 Gaming Detachable Laptop | 13,4&quot; QHD+ 165Hz IPS Display | Intel Core i9-13900H | 32 GB RAM | 1 TB SSD | NVIDIA RTX 4070 | Windows 11 | QWERTZ Tastatur | Special Acronym Edition - Markt-XXL\" \/>\n<meta property=\"og:description\" content=\"Markt-XXL ASUS ROG Flow Z13 Gaming Detachable Laptop | 13,4&quot; QHD+ 165Hz IPS Display | Intel Core i9-13900H | 32 GB RAM | 1 TB SSD | NVIDIA RTX 4070 | Windows 11 | QWERTZ Tastatur | Special Acronym Edition\" \/>\n<meta property=\"og:url\" content=\"https:\/\/marktxxl.de\/markt\/produkt\/asus-rog-flow-z13-gaming-detachable-laptop-134-qhd-165hz-ips-display-intel-core-i9-13900h-32-gb-ram-1-tb-ssd-nvidia-rtx-4070-windows-11-qwertz-tastatur-special-acronym-edition\/\" \/>\n<meta property=\"og:site_name\" content=\"Markt-XXL\" \/>\n<meta name=\"twitter:card\" content=\"summary_large_image\" \/>\n<meta name=\"twitter:label1\" content=\"Gesch\u00e4tzte Lesezeit\" \/>\n\t<meta name=\"twitter:data1\" content=\"1\u00a0Minute\" \/>\n<script type=\"application\/ld+json\" class=\"yoast-schema-graph\">{\"@context\":\"https:\\\/\\\/schema.org\",\"@graph\":[{\"@type\":\"WebPage\",\"@id\":\"https:\\\/\\\/marktxxl.de\\\/markt\\\/produkt\\\/asus-rog-flow-z13-gaming-detachable-laptop-134-qhd-165hz-ips-display-intel-core-i9-13900h-32-gb-ram-1-tb-ssd-nvidia-rtx-4070-windows-11-qwertz-tastatur-special-acronym-edition\\\/\",\"url\":\"https:\\\/\\\/marktxxl.de\\\/markt\\\/produkt\\\/asus-rog-flow-z13-gaming-detachable-laptop-134-qhd-165hz-ips-display-intel-core-i9-13900h-32-gb-ram-1-tb-ssd-nvidia-rtx-4070-windows-11-qwertz-tastatur-special-acronym-edition\\\/\",\"name\":\"ASUS ROG Flow Z13 Gaming Detachable Laptop | 13,4\\\" QHD+ 165Hz IPS Display | Intel Core i9-13900H | 32 GB RAM | 1 TB SSD | NVIDIA RTX 4070 | Windows 11 | QWERTZ Tastatur | Special Acronym Edition - Markt-XXL\",\"isPartOf\":{\"@id\":\"https:\\\/\\\/marktxxl.de\\\/markt\\\/#website\"},\"primaryImageOfPage\":{\"@id\":\"https:\\\/\\\/marktxxl.de\\\/markt\\\/produkt\\\/asus-rog-flow-z13-gaming-detachable-laptop-134-qhd-165hz-ips-display-intel-core-i9-13900h-32-gb-ram-1-tb-ssd-nvidia-rtx-4070-windows-11-qwertz-tastatur-special-acronym-edition\\\/#primaryimage\"},\"image\":{\"@id\":\"https:\\\/\\\/marktxxl.de\\\/markt\\\/produkt\\\/asus-rog-flow-z13-gaming-detachable-laptop-134-qhd-165hz-ips-display-intel-core-i9-13900h-32-gb-ram-1-tb-ssd-nvidia-rtx-4070-windows-11-qwertz-tastatur-special-acronym-edition\\\/#primaryimage\"},\"thumbnailUrl\":\"https:\\\/\\\/m.media-amazon.com\\\/images\\\/I\\\/31eaM4cBntL._SL500_.jpg\",\"datePublished\":\"2023-04-10T12:17:33+00:00\",\"description\":\"Markt-XXL ASUS ROG Flow Z13 Gaming Detachable Laptop | 13,4\\\" QHD+ 165Hz IPS Display | Intel Core i9-13900H | 32 GB RAM | 1 TB SSD | NVIDIA RTX 4070 | Windows 11 | QWERTZ Tastatur | Special Acronym Edition\",\"breadcrumb\":{\"@id\":\"https:\\\/\\\/marktxxl.de\\\/markt\\\/produkt\\\/asus-rog-flow-z13-gaming-detachable-laptop-134-qhd-165hz-ips-display-intel-core-i9-13900h-32-gb-ram-1-tb-ssd-nvidia-rtx-4070-windows-11-qwertz-tastatur-special-acronym-edition\\\/#breadcrumb\"},\"inLanguage\":\"de\",\"potentialAction\":[{\"@type\":\"ReadAction\",\"target\":[\"https:\\\/\\\/marktxxl.de\\\/markt\\\/produkt\\\/asus-rog-flow-z13-gaming-detachable-laptop-134-qhd-165hz-ips-display-intel-core-i9-13900h-32-gb-ram-1-tb-ssd-nvidia-rtx-4070-windows-11-qwertz-tastatur-special-acronym-edition\\\/\"]}]},{\"@type\":\"ImageObject\",\"inLanguage\":\"de\",\"@id\":\"https:\\\/\\\/marktxxl.de\\\/markt\\\/produkt\\\/asus-rog-flow-z13-gaming-detachable-laptop-134-qhd-165hz-ips-display-intel-core-i9-13900h-32-gb-ram-1-tb-ssd-nvidia-rtx-4070-windows-11-qwertz-tastatur-special-acronym-edition\\\/#primaryimage\",\"url\":\"https:\\\/\\\/m.media-amazon.com\\\/images\\\/I\\\/31eaM4cBntL._SL500_.jpg\",\"contentUrl\":\"https:\\\/\\\/m.media-amazon.com\\\/images\\\/I\\\/31eaM4cBntL._SL500_.jpg\",\"width\":500,\"height\":500},{\"@type\":\"BreadcrumbList\",\"@id\":\"https:\\\/\\\/marktxxl.de\\\/markt\\\/produkt\\\/asus-rog-flow-z13-gaming-detachable-laptop-134-qhd-165hz-ips-display-intel-core-i9-13900h-32-gb-ram-1-tb-ssd-nvidia-rtx-4070-windows-11-qwertz-tastatur-special-acronym-edition\\\/#breadcrumb\",\"itemListElement\":[{\"@type\":\"ListItem\",\"position\":1,\"name\":\"Startseite\",\"item\":\"https:\\\/\\\/marktxxl.de\\\/markt\\\/\"},{\"@type\":\"ListItem\",\"position\":2,\"name\":\"Markt\",\"item\":\"https:\\\/\\\/marktxxl.de\\\/markt\\\/\"},{\"@type\":\"ListItem\",\"position\":3,\"name\":\"ASUS ROG Flow Z13 Gaming Detachable Laptop | 13,4&#8243; QHD+ 165Hz IPS Display | Intel Core i9-13900H | 32 GB RAM | 1 TB SSD | NVIDIA RTX 4070 | Windows 11 | QWERTZ Tastatur | Special Acronym Edition\"}]},{\"@type\":\"WebSite\",\"@id\":\"https:\\\/\\\/marktxxl.de\\\/markt\\\/#website\",\"url\":\"https:\\\/\\\/marktxxl.de\\\/markt\\\/\",\"name\":\"Markt-XXL\",\"description\":\"Ihr Markt Online\",\"publisher\":{\"@id\":\"https:\\\/\\\/marktxxl.de\\\/markt\\\/#organization\"},\"potentialAction\":[{\"@type\":\"SearchAction\",\"target\":{\"@type\":\"EntryPoint\",\"urlTemplate\":\"https:\\\/\\\/marktxxl.de\\\/markt\\\/?s={search_term_string}\"},\"query-input\":{\"@type\":\"PropertyValueSpecification\",\"valueRequired\":true,\"valueName\":\"search_term_string\"}}],\"inLanguage\":\"de\"},{\"@type\":\"Organization\",\"@id\":\"https:\\\/\\\/marktxxl.de\\\/markt\\\/#organization\",\"name\":\"Markt-XXL\",\"url\":\"https:\\\/\\\/marktxxl.de\\\/markt\\\/\",\"logo\":{\"@type\":\"ImageObject\",\"inLanguage\":\"de\",\"@id\":\"https:\\\/\\\/marktxxl.de\\\/markt\\\/#\\\/schema\\\/logo\\\/image\\\/\",\"url\":\"https:\\\/\\\/marktxxl.de\\\/markt\\\/wp-content\\\/uploads\\\/sites\\\/3\\\/2020\\\/12\\\/logo.png\",\"contentUrl\":\"https:\\\/\\\/marktxxl.de\\\/markt\\\/wp-content\\\/uploads\\\/sites\\\/3\\\/2020\\\/12\\\/logo.png\",\"width\":200,\"height\":70,\"caption\":\"Markt-XXL\"},\"image\":{\"@id\":\"https:\\\/\\\/marktxxl.de\\\/markt\\\/#\\\/schema\\\/logo\\\/image\\\/\"}}]}<\/script>\n<!-- \/ Yoast SEO plugin. -->","yoast_head_json":{"title":"ASUS ROG Flow Z13 Gaming Detachable Laptop | 13,4\" QHD+ 165Hz IPS Display | Intel Core i9-13900H | 32 GB RAM | 1 TB SSD | NVIDIA RTX 4070 | Windows 11 | QWERTZ Tastatur | Special Acronym Edition - Markt-XXL","description":"Markt-XXL ASUS ROG Flow Z13 Gaming Detachable Laptop | 13,4\" QHD+ 165Hz IPS Display | Intel Core i9-13900H | 32 GB RAM | 1 TB SSD | NVIDIA RTX 4070 | Windows 11 | QWERTZ Tastatur | Special Acronym Edition","robots":{"index":"index","follow":"follow","max-snippet":"max-snippet:-1","max-image-preview":"max-image-preview:large","max-video-preview":"max-video-preview:-1"},"canonical":"https:\/\/marktxxl.de\/markt\/produkt\/asus-rog-flow-z13-gaming-detachable-laptop-134-qhd-165hz-ips-display-intel-core-i9-13900h-32-gb-ram-1-tb-ssd-nvidia-rtx-4070-windows-11-qwertz-tastatur-special-acronym-edition\/","og_locale":"de_DE","og_type":"article","og_title":"ASUS ROG Flow Z13 Gaming Detachable Laptop | 13,4\" QHD+ 165Hz IPS Display | Intel Core i9-13900H | 32 GB RAM | 1 TB SSD | NVIDIA RTX 4070 | Windows 11 | QWERTZ Tastatur | Special Acronym Edition - Markt-XXL","og_description":"Markt-XXL ASUS ROG Flow Z13 Gaming Detachable Laptop | 13,4\" QHD+ 165Hz IPS Display | Intel Core i9-13900H | 32 GB RAM | 1 TB SSD | NVIDIA RTX 4070 | Windows 11 | QWERTZ Tastatur | Special Acronym Edition","og_url":"https:\/\/marktxxl.de\/markt\/produkt\/asus-rog-flow-z13-gaming-detachable-laptop-134-qhd-165hz-ips-display-intel-core-i9-13900h-32-gb-ram-1-tb-ssd-nvidia-rtx-4070-windows-11-qwertz-tastatur-special-acronym-edition\/","og_site_name":"Markt-XXL","twitter_card":"summary_large_image","twitter_misc":{"Gesch\u00e4tzte Lesezeit":"1\u00a0Minute"},"schema":{"@context":"https:\/\/schema.org","@graph":[{"@type":"WebPage","@id":"https:\/\/marktxxl.de\/markt\/produkt\/asus-rog-flow-z13-gaming-detachable-laptop-134-qhd-165hz-ips-display-intel-core-i9-13900h-32-gb-ram-1-tb-ssd-nvidia-rtx-4070-windows-11-qwertz-tastatur-special-acronym-edition\/","url":"https:\/\/marktxxl.de\/markt\/produkt\/asus-rog-flow-z13-gaming-detachable-laptop-134-qhd-165hz-ips-display-intel-core-i9-13900h-32-gb-ram-1-tb-ssd-nvidia-rtx-4070-windows-11-qwertz-tastatur-special-acronym-edition\/","name":"ASUS ROG Flow Z13 Gaming Detachable Laptop | 13,4\" QHD+ 165Hz IPS Display | Intel Core i9-13900H | 32 GB RAM | 1 TB SSD | NVIDIA RTX 4070 | Windows 11 | QWERTZ Tastatur | Special Acronym Edition - Markt-XXL","isPartOf":{"@id":"https:\/\/marktxxl.de\/markt\/#website"},"primaryImageOfPage":{"@id":"https:\/\/marktxxl.de\/markt\/produkt\/asus-rog-flow-z13-gaming-detachable-laptop-134-qhd-165hz-ips-display-intel-core-i9-13900h-32-gb-ram-1-tb-ssd-nvidia-rtx-4070-windows-11-qwertz-tastatur-special-acronym-edition\/#primaryimage"},"image":{"@id":"https:\/\/marktxxl.de\/markt\/produkt\/asus-rog-flow-z13-gaming-detachable-laptop-134-qhd-165hz-ips-display-intel-core-i9-13900h-32-gb-ram-1-tb-ssd-nvidia-rtx-4070-windows-11-qwertz-tastatur-special-acronym-edition\/#primaryimage"},"thumbnailUrl":"https:\/\/m.media-amazon.com\/images\/I\/31eaM4cBntL._SL500_.jpg","datePublished":"2023-04-10T12:17:33+00:00","description":"Markt-XXL ASUS ROG Flow Z13 Gaming Detachable Laptop | 13,4\" QHD+ 165Hz IPS Display | Intel Core i9-13900H | 32 GB RAM | 1 TB SSD | NVIDIA RTX 4070 | Windows 11 | QWERTZ Tastatur | Special Acronym Edition","breadcrumb":{"@id":"https:\/\/marktxxl.de\/markt\/produkt\/asus-rog-flow-z13-gaming-detachable-laptop-134-qhd-165hz-ips-display-intel-core-i9-13900h-32-gb-ram-1-tb-ssd-nvidia-rtx-4070-windows-11-qwertz-tastatur-special-acronym-edition\/#breadcrumb"},"inLanguage":"de","potentialAction":[{"@type":"ReadAction","target":["https:\/\/marktxxl.de\/markt\/produkt\/asus-rog-flow-z13-gaming-detachable-laptop-134-qhd-165hz-ips-display-intel-core-i9-13900h-32-gb-ram-1-tb-ssd-nvidia-rtx-4070-windows-11-qwertz-tastatur-special-acronym-edition\/"]}]},{"@type":"ImageObject","inLanguage":"de","@id":"https:\/\/marktxxl.de\/markt\/produkt\/asus-rog-flow-z13-gaming-detachable-laptop-134-qhd-165hz-ips-display-intel-core-i9-13900h-32-gb-ram-1-tb-ssd-nvidia-rtx-4070-windows-11-qwertz-tastatur-special-acronym-edition\/#primaryimage","url":"https:\/\/m.media-amazon.com\/images\/I\/31eaM4cBntL._SL500_.jpg","contentUrl":"https:\/\/m.media-amazon.com\/images\/I\/31eaM4cBntL._SL500_.jpg","width":500,"height":500},{"@type":"BreadcrumbList","@id":"https:\/\/marktxxl.de\/markt\/produkt\/asus-rog-flow-z13-gaming-detachable-laptop-134-qhd-165hz-ips-display-intel-core-i9-13900h-32-gb-ram-1-tb-ssd-nvidia-rtx-4070-windows-11-qwertz-tastatur-special-acronym-edition\/#breadcrumb","itemListElement":[{"@type":"ListItem","position":1,"name":"Startseite","item":"https:\/\/marktxxl.de\/markt\/"},{"@type":"ListItem","position":2,"name":"Markt","item":"https:\/\/marktxxl.de\/markt\/"},{"@type":"ListItem","position":3,"name":"ASUS ROG Flow Z13 Gaming Detachable Laptop | 13,4&#8243; QHD+ 165Hz IPS Display | Intel Core i9-13900H | 32 GB RAM | 1 TB SSD | NVIDIA RTX 4070 | Windows 11 | QWERTZ Tastatur | Special Acronym Edition"}]},{"@type":"WebSite","@id":"https:\/\/marktxxl.de\/markt\/#website","url":"https:\/\/marktxxl.de\/markt\/","name":"Markt-XXL","description":"Ihr Markt Online","publisher":{"@id":"https:\/\/marktxxl.de\/markt\/#organization"},"potentialAction":[{"@type":"SearchAction","target":{"@type":"EntryPoint","urlTemplate":"https:\/\/marktxxl.de\/markt\/?s={search_term_string}"},"query-input":{"@type":"PropertyValueSpecification","valueRequired":true,"valueName":"search_term_string"}}],"inLanguage":"de"},{"@type":"Organization","@id":"https:\/\/marktxxl.de\/markt\/#organization","name":"Markt-XXL","url":"https:\/\/marktxxl.de\/markt\/","logo":{"@type":"ImageObject","inLanguage":"de","@id":"https:\/\/marktxxl.de\/markt\/#\/schema\/logo\/image\/","url":"https:\/\/marktxxl.de\/markt\/wp-content\/uploads\/sites\/3\/2020\/12\/logo.png","contentUrl":"https:\/\/marktxxl.de\/markt\/wp-content\/uploads\/sites\/3\/2020\/12\/logo.png","width":200,"height":70,"caption":"Markt-XXL"},"image":{"@id":"https:\/\/marktxxl.de\/markt\/#\/schema\/logo\/image\/"}}]}},"_links":{"self":[{"href":"https:\/\/marktxxl.de\/markt\/wp-json\/wp\/v2\/product\/202039","targetHints":{"allow":["GET"]}}],"collection":[{"href":"https:\/\/marktxxl.de\/markt\/wp-json\/wp\/v2\/product"}],"about":[{"href":"https:\/\/marktxxl.de\/markt\/wp-json\/wp\/v2\/types\/product"}],"replies":[{"embeddable":true,"href":"https:\/\/marktxxl.de\/markt\/wp-json\/wp\/v2\/comments?post=202039"}],"wp:featuredmedia":[{"embeddable":true,"href":"https:\/\/marktxxl.de\/markt\/wp-json\/wp\/v2\/media\/202040"}],"wp:attachment":[{"href":"https:\/\/marktxxl.de\/markt\/wp-json\/wp\/v2\/media?parent=202039"}],"wp:term":[{"taxonomy":"product_brand","embeddable":true,"href":"https:\/\/marktxxl.de\/markt\/wp-json\/wp\/v2\/product_brand?post=202039"},{"taxonomy":"product_cat","embeddable":true,"href":"https:\/\/marktxxl.de\/markt\/wp-json\/wp\/v2\/product_cat?post=202039"},{"taxonomy":"product_tag","embeddable":true,"href":"https:\/\/marktxxl.de\/markt\/wp-json\/wp\/v2\/product_tag?post=202039"}],"curies":[{"name":"wp","href":"https:\/\/api.w.org\/{rel}","templated":true}]}}