{"id":201693,"date":"2023-04-10T13:46:46","date_gmt":"2023-04-10T11:46:46","guid":{"rendered":"https:\/\/marktxxl.de\/markt\/produkt\/drachen-leder-notizbuecher-mit-12-farben-a5-gepraegtes-schreiben-hardcover-200-seiten-papier-mehrfarbiger-stift-216-x-145-cm\/"},"modified":"2023-04-10T13:46:46","modified_gmt":"2023-04-10T11:46:46","slug":"drachen-leder-notizbuecher-mit-12-farben-a5-gepraegtes-schreiben-hardcover-200-seiten-papier-mehrfarbiger-stift-216-x-145-cm","status":"publish","type":"product","link":"https:\/\/marktxxl.de\/markt\/produkt\/drachen-leder-notizbuecher-mit-12-farben-a5-gepraegtes-schreiben-hardcover-200-seiten-papier-mehrfarbiger-stift-216-x-145-cm\/","title":{"rendered":"Drachen-Leder-Notizb\u00fccher mit 12 Farben, A5, gepr\u00e4gtes Schreiben, Hardcover, 200 Seiten, Papier, mehrfarbiger Stift, 21,6 x 14,5 cm"},"content":{"rendered":"<p>Hardcover-Tagebuch: Der lebhafte Drache ist dreidimensional auf dem Cover gepr\u00e4gt, wodurch Ihr Tagebuch unverwechselbar ist. Der klassische Lederbezug ist strapazierf\u00e4hig und wasserabweisend. Das abgerundete Ecken-Design macht das Notizbuch nicht leicht zu besch\u00e4digen, ein langlebiges Gummiband f\u00fcr schnelles Schlie\u00dfen, ein Stifthalter, um Ihren Stift nicht mehr alleine zu machen.<br \/>\nStift mit 12 Farben: 0,4 mm feiner Liner-Stift mit gepunktetem Papier unterliegt keine Einschr\u00e4nkungen, wie Zeichnen, Schreiben, Planen, etc. Der Aquarellstift verwendet umweltfreundliche Pigmente mit hellen Farben und nat\u00fcrlichen \u00dcberg\u00e4ngen. Jeder Stift wird mit einer tonalen Kappe f\u00fcr einfaches Finden geliefert.<br \/>\nFortschrittliches Papier: 80 g\/m\u00b2 s\u00e4urefreies Papier mit hoher Tintenkompatibilit\u00e4t, um ein Durchlaufen zu verhindern. 100 Blatt \/ 200 Seiten Papier k\u00f6nnen Ihre Schreibanforderungen voll erf\u00fcllen. Dar\u00fcber hinaus ist dieses stabile Notizbuch mit fest vern\u00e4hter und geklebter Bindung so konzipiert, dass es flach liegt, um komfortables Schreiben und Lesen zu erm\u00f6glichen.<br \/>\nNotizbuch: Gepunktetes Papier beschr\u00e4nkt Ihre Kreation weder wie liniertes Papier, noch l\u00e4sst Sie sich auf das Papier als leeres Papier konzentrieren. Ein gepunktetes Tagebuch f\u00fcr das t\u00e4gliche Aufzeichnen, Schreiben und Skizzieren bleibt ordentlich und lesbar, damit Ihre gro\u00dfen Ideen hell erstrahlen k\u00f6nnen<br \/>\nBestes Geschenk: A5 Gr\u00f6\u00dfe (21,5 x 14,5 cm), ideal zum Schreiben von Tageb\u00fcchern, Lernen, Aufzeichnungen, Notizen, t\u00e4gliche Planung, Zeichnen. Premium Schulbedarf, B\u00fcrobedarf, Kunstbedarf. Perfektes Geburtstagsgeschenk, Halloween-Geschenk, Weihnachtsgeschenk, Back to College Geschenk f\u00fcr sich selbst, Familie und Freunde.<br \/>\n<div class=\"main-cross-sell\" data-asin=\"B09WVT4JB5\">\n\n\t<div class=\"WooZone-cross-sell-loader\">\n\t\t<div>\n\t\t\t<div id=\"floatingBarsG\">\n\t\t\t\t<div class=\"blockG\" id=\"rotateG_01\"><\/div>\n\t\t\t\t<div class=\"blockG\" id=\"rotateG_02\"><\/div>\n\t\t\t\t<div class=\"blockG\" id=\"rotateG_03\"><\/div>\n\t\t\t\t<div class=\"blockG\" id=\"rotateG_04\"><\/div>\n\t\t\t\t<div class=\"blockG\" id=\"rotateG_05\"><\/div>\n\t\t\t\t<div class=\"blockG\" id=\"rotateG_06\"><\/div>\n\t\t\t\t<div class=\"blockG\" id=\"rotateG_07\"><\/div>\n\t\t\t\t<div class=\"blockG\" id=\"rotateG_08\"><\/div>\n\t\t\t<\/div>\n\t\t\t<div class=\"WooZone-cross-sell-loader-text\"><\/div>\n\t\t<\/div>\n\t<\/div>\n\n\t\t\n<\/div>\n<div style=\"clear:both;\"><\/div><\/p>\n","protected":false},"excerpt":{"rendered":"<p>Hardcover-Tagebuch: Der lebhafte Drache ist dreidimensional auf dem Cover gepr\u00e4gt, wodurch Ihr Tagebuch unverwechselbar ist. Der klassische Lederbezug ist strapazierf\u00e4hig und wasserabweisend. Das abgerundete Ecken-Design macht das Notizbuch nicht leicht zu besch\u00e4digen, ein langlebiges Gummiband f\u00fcr schnelles Schlie\u00dfen, ein Stifthalter, um Ihren Stift nicht mehr alleine zu machen.<br \/>\nStift mit 12 Farben: 0,4 mm feiner Liner-Stift mit gepunktetem Papier unterliegt keine Einschr\u00e4nkungen, wie Zeichnen, Schreiben, Planen, etc. Der Aquarellstift verwendet umweltfreundliche Pigmente mit hellen Farben und nat\u00fcrlichen \u00dcberg\u00e4ngen. Jeder Stift wird mit einer tonalen Kappe f\u00fcr einfaches Finden geliefert.<br \/>\nFortschrittliches Papier: 80 g\/m\u00b2 s\u00e4urefreies Papier mit hoher Tintenkompatibilit\u00e4t, um ein Durchlaufen zu verhindern. 100 Blatt \/ 200 Seiten Papier k\u00f6nnen Ihre Schreibanforderungen voll erf\u00fcllen. Dar\u00fcber hinaus ist dieses stabile Notizbuch mit fest vern\u00e4hter und geklebter Bindung so konzipiert, dass es flach liegt, um komfortables Schreiben und Lesen zu erm\u00f6glichen.<\/p>\n","protected":false},"featured_media":201694,"comment_status":"open","ping_status":"closed","template":"","meta":[],"product_brand":[],"product_cat":[504,8381],"product_tag":[],"class_list":{"0":"post-201693","1":"product","2":"type-product","3":"status-publish","4":"has-post-thumbnail","6":"product_cat-buerobedarf-schreibwaren","7":"product_cat-kalender-planer-und-organizer","8":"pa_brand-tiefossi","9":"pa_manufacturer-tiefossi","11":"first","12":"instock","13":"shipping-taxable","14":"product-type-simple","15":"customify-col","16":"product-has-gallery"},"yoast_head":"<!-- This site is optimized with the Yoast SEO plugin v27.4 - https:\/\/yoast.com\/product\/yoast-seo-wordpress\/ -->\n<title>Drachen-Leder-Notizb\u00fccher mit 12 Farben, A5, gepr\u00e4gtes Schreiben, Hardcover, 200 Seiten, Papier, mehrfarbiger Stift, 21,6 x 14,5 cm - Markt-XXL<\/title>\n<meta name=\"description\" content=\"Markt-XXL Drachen-Leder-Notizb\u00fccher mit 12 Farben, A5, gepr\u00e4gtes Schreiben, Hardcover, 200 Seiten, Papier, mehrfarbiger Stift, 21,6 x 14,5 cm\" \/>\n<meta name=\"robots\" content=\"index, follow, max-snippet:-1, max-image-preview:large, max-video-preview:-1\" \/>\n<link rel=\"canonical\" href=\"https:\/\/marktxxl.de\/markt\/produkt\/drachen-leder-notizbuecher-mit-12-farben-a5-gepraegtes-schreiben-hardcover-200-seiten-papier-mehrfarbiger-stift-216-x-145-cm\/\" \/>\n<meta property=\"og:locale\" content=\"de_DE\" \/>\n<meta property=\"og:type\" content=\"article\" \/>\n<meta property=\"og:title\" content=\"Drachen-Leder-Notizb\u00fccher mit 12 Farben, A5, gepr\u00e4gtes Schreiben, Hardcover, 200 Seiten, Papier, mehrfarbiger Stift, 21,6 x 14,5 cm - Markt-XXL\" \/>\n<meta property=\"og:description\" content=\"Markt-XXL Drachen-Leder-Notizb\u00fccher mit 12 Farben, A5, gepr\u00e4gtes Schreiben, Hardcover, 200 Seiten, Papier, mehrfarbiger Stift, 21,6 x 14,5 cm\" \/>\n<meta property=\"og:url\" content=\"https:\/\/marktxxl.de\/markt\/produkt\/drachen-leder-notizbuecher-mit-12-farben-a5-gepraegtes-schreiben-hardcover-200-seiten-papier-mehrfarbiger-stift-216-x-145-cm\/\" \/>\n<meta property=\"og:site_name\" content=\"Markt-XXL\" \/>\n<meta name=\"twitter:card\" content=\"summary_large_image\" \/>\n<meta name=\"twitter:label1\" content=\"Gesch\u00e4tzte Lesezeit\" \/>\n\t<meta name=\"twitter:data1\" content=\"1\u00a0Minute\" \/>\n<script type=\"application\/ld+json\" class=\"yoast-schema-graph\">{\"@context\":\"https:\\\/\\\/schema.org\",\"@graph\":[{\"@type\":\"WebPage\",\"@id\":\"https:\\\/\\\/marktxxl.de\\\/markt\\\/produkt\\\/drachen-leder-notizbuecher-mit-12-farben-a5-gepraegtes-schreiben-hardcover-200-seiten-papier-mehrfarbiger-stift-216-x-145-cm\\\/\",\"url\":\"https:\\\/\\\/marktxxl.de\\\/markt\\\/produkt\\\/drachen-leder-notizbuecher-mit-12-farben-a5-gepraegtes-schreiben-hardcover-200-seiten-papier-mehrfarbiger-stift-216-x-145-cm\\\/\",\"name\":\"Drachen-Leder-Notizb\u00fccher mit 12 Farben, A5, gepr\u00e4gtes Schreiben, Hardcover, 200 Seiten, Papier, mehrfarbiger Stift, 21,6 x 14,5 cm - Markt-XXL\",\"isPartOf\":{\"@id\":\"https:\\\/\\\/marktxxl.de\\\/markt\\\/#website\"},\"primaryImageOfPage\":{\"@id\":\"https:\\\/\\\/marktxxl.de\\\/markt\\\/produkt\\\/drachen-leder-notizbuecher-mit-12-farben-a5-gepraegtes-schreiben-hardcover-200-seiten-papier-mehrfarbiger-stift-216-x-145-cm\\\/#primaryimage\"},\"image\":{\"@id\":\"https:\\\/\\\/marktxxl.de\\\/markt\\\/produkt\\\/drachen-leder-notizbuecher-mit-12-farben-a5-gepraegtes-schreiben-hardcover-200-seiten-papier-mehrfarbiger-stift-216-x-145-cm\\\/#primaryimage\"},\"thumbnailUrl\":\"https:\\\/\\\/m.media-amazon.com\\\/images\\\/I\\\/61tG1Z79jIL._SL500_.jpg\",\"datePublished\":\"2023-04-10T11:46:46+00:00\",\"description\":\"Markt-XXL Drachen-Leder-Notizb\u00fccher mit 12 Farben, A5, gepr\u00e4gtes Schreiben, Hardcover, 200 Seiten, Papier, mehrfarbiger Stift, 21,6 x 14,5 cm\",\"breadcrumb\":{\"@id\":\"https:\\\/\\\/marktxxl.de\\\/markt\\\/produkt\\\/drachen-leder-notizbuecher-mit-12-farben-a5-gepraegtes-schreiben-hardcover-200-seiten-papier-mehrfarbiger-stift-216-x-145-cm\\\/#breadcrumb\"},\"inLanguage\":\"de\",\"potentialAction\":[{\"@type\":\"ReadAction\",\"target\":[\"https:\\\/\\\/marktxxl.de\\\/markt\\\/produkt\\\/drachen-leder-notizbuecher-mit-12-farben-a5-gepraegtes-schreiben-hardcover-200-seiten-papier-mehrfarbiger-stift-216-x-145-cm\\\/\"]}]},{\"@type\":\"ImageObject\",\"inLanguage\":\"de\",\"@id\":\"https:\\\/\\\/marktxxl.de\\\/markt\\\/produkt\\\/drachen-leder-notizbuecher-mit-12-farben-a5-gepraegtes-schreiben-hardcover-200-seiten-papier-mehrfarbiger-stift-216-x-145-cm\\\/#primaryimage\",\"url\":\"https:\\\/\\\/m.media-amazon.com\\\/images\\\/I\\\/61tG1Z79jIL._SL500_.jpg\",\"contentUrl\":\"https:\\\/\\\/m.media-amazon.com\\\/images\\\/I\\\/61tG1Z79jIL._SL500_.jpg\",\"width\":500,\"height\":500},{\"@type\":\"BreadcrumbList\",\"@id\":\"https:\\\/\\\/marktxxl.de\\\/markt\\\/produkt\\\/drachen-leder-notizbuecher-mit-12-farben-a5-gepraegtes-schreiben-hardcover-200-seiten-papier-mehrfarbiger-stift-216-x-145-cm\\\/#breadcrumb\",\"itemListElement\":[{\"@type\":\"ListItem\",\"position\":1,\"name\":\"Startseite\",\"item\":\"https:\\\/\\\/marktxxl.de\\\/markt\\\/\"},{\"@type\":\"ListItem\",\"position\":2,\"name\":\"Markt\",\"item\":\"https:\\\/\\\/marktxxl.de\\\/markt\\\/\"},{\"@type\":\"ListItem\",\"position\":3,\"name\":\"Drachen-Leder-Notizb\u00fccher mit 12 Farben, A5, gepr\u00e4gtes Schreiben, Hardcover, 200 Seiten, Papier, mehrfarbiger Stift, 21,6 x 14,5 cm\"}]},{\"@type\":\"WebSite\",\"@id\":\"https:\\\/\\\/marktxxl.de\\\/markt\\\/#website\",\"url\":\"https:\\\/\\\/marktxxl.de\\\/markt\\\/\",\"name\":\"Markt-XXL\",\"description\":\"Ihr Markt Online\",\"publisher\":{\"@id\":\"https:\\\/\\\/marktxxl.de\\\/markt\\\/#organization\"},\"potentialAction\":[{\"@type\":\"SearchAction\",\"target\":{\"@type\":\"EntryPoint\",\"urlTemplate\":\"https:\\\/\\\/marktxxl.de\\\/markt\\\/?s={search_term_string}\"},\"query-input\":{\"@type\":\"PropertyValueSpecification\",\"valueRequired\":true,\"valueName\":\"search_term_string\"}}],\"inLanguage\":\"de\"},{\"@type\":\"Organization\",\"@id\":\"https:\\\/\\\/marktxxl.de\\\/markt\\\/#organization\",\"name\":\"Markt-XXL\",\"url\":\"https:\\\/\\\/marktxxl.de\\\/markt\\\/\",\"logo\":{\"@type\":\"ImageObject\",\"inLanguage\":\"de\",\"@id\":\"https:\\\/\\\/marktxxl.de\\\/markt\\\/#\\\/schema\\\/logo\\\/image\\\/\",\"url\":\"https:\\\/\\\/marktxxl.de\\\/markt\\\/wp-content\\\/uploads\\\/sites\\\/3\\\/2020\\\/12\\\/logo.png\",\"contentUrl\":\"https:\\\/\\\/marktxxl.de\\\/markt\\\/wp-content\\\/uploads\\\/sites\\\/3\\\/2020\\\/12\\\/logo.png\",\"width\":200,\"height\":70,\"caption\":\"Markt-XXL\"},\"image\":{\"@id\":\"https:\\\/\\\/marktxxl.de\\\/markt\\\/#\\\/schema\\\/logo\\\/image\\\/\"}}]}<\/script>\n<!-- \/ Yoast SEO plugin. -->","yoast_head_json":{"title":"Drachen-Leder-Notizb\u00fccher mit 12 Farben, A5, gepr\u00e4gtes Schreiben, Hardcover, 200 Seiten, Papier, mehrfarbiger Stift, 21,6 x 14,5 cm - Markt-XXL","description":"Markt-XXL Drachen-Leder-Notizb\u00fccher mit 12 Farben, A5, gepr\u00e4gtes Schreiben, Hardcover, 200 Seiten, Papier, mehrfarbiger Stift, 21,6 x 14,5 cm","robots":{"index":"index","follow":"follow","max-snippet":"max-snippet:-1","max-image-preview":"max-image-preview:large","max-video-preview":"max-video-preview:-1"},"canonical":"https:\/\/marktxxl.de\/markt\/produkt\/drachen-leder-notizbuecher-mit-12-farben-a5-gepraegtes-schreiben-hardcover-200-seiten-papier-mehrfarbiger-stift-216-x-145-cm\/","og_locale":"de_DE","og_type":"article","og_title":"Drachen-Leder-Notizb\u00fccher mit 12 Farben, A5, gepr\u00e4gtes Schreiben, Hardcover, 200 Seiten, Papier, mehrfarbiger Stift, 21,6 x 14,5 cm - Markt-XXL","og_description":"Markt-XXL Drachen-Leder-Notizb\u00fccher mit 12 Farben, A5, gepr\u00e4gtes Schreiben, Hardcover, 200 Seiten, Papier, mehrfarbiger Stift, 21,6 x 14,5 cm","og_url":"https:\/\/marktxxl.de\/markt\/produkt\/drachen-leder-notizbuecher-mit-12-farben-a5-gepraegtes-schreiben-hardcover-200-seiten-papier-mehrfarbiger-stift-216-x-145-cm\/","og_site_name":"Markt-XXL","twitter_card":"summary_large_image","twitter_misc":{"Gesch\u00e4tzte Lesezeit":"1\u00a0Minute"},"schema":{"@context":"https:\/\/schema.org","@graph":[{"@type":"WebPage","@id":"https:\/\/marktxxl.de\/markt\/produkt\/drachen-leder-notizbuecher-mit-12-farben-a5-gepraegtes-schreiben-hardcover-200-seiten-papier-mehrfarbiger-stift-216-x-145-cm\/","url":"https:\/\/marktxxl.de\/markt\/produkt\/drachen-leder-notizbuecher-mit-12-farben-a5-gepraegtes-schreiben-hardcover-200-seiten-papier-mehrfarbiger-stift-216-x-145-cm\/","name":"Drachen-Leder-Notizb\u00fccher mit 12 Farben, A5, gepr\u00e4gtes Schreiben, Hardcover, 200 Seiten, Papier, mehrfarbiger Stift, 21,6 x 14,5 cm - Markt-XXL","isPartOf":{"@id":"https:\/\/marktxxl.de\/markt\/#website"},"primaryImageOfPage":{"@id":"https:\/\/marktxxl.de\/markt\/produkt\/drachen-leder-notizbuecher-mit-12-farben-a5-gepraegtes-schreiben-hardcover-200-seiten-papier-mehrfarbiger-stift-216-x-145-cm\/#primaryimage"},"image":{"@id":"https:\/\/marktxxl.de\/markt\/produkt\/drachen-leder-notizbuecher-mit-12-farben-a5-gepraegtes-schreiben-hardcover-200-seiten-papier-mehrfarbiger-stift-216-x-145-cm\/#primaryimage"},"thumbnailUrl":"https:\/\/m.media-amazon.com\/images\/I\/61tG1Z79jIL._SL500_.jpg","datePublished":"2023-04-10T11:46:46+00:00","description":"Markt-XXL Drachen-Leder-Notizb\u00fccher mit 12 Farben, A5, gepr\u00e4gtes Schreiben, Hardcover, 200 Seiten, Papier, mehrfarbiger Stift, 21,6 x 14,5 cm","breadcrumb":{"@id":"https:\/\/marktxxl.de\/markt\/produkt\/drachen-leder-notizbuecher-mit-12-farben-a5-gepraegtes-schreiben-hardcover-200-seiten-papier-mehrfarbiger-stift-216-x-145-cm\/#breadcrumb"},"inLanguage":"de","potentialAction":[{"@type":"ReadAction","target":["https:\/\/marktxxl.de\/markt\/produkt\/drachen-leder-notizbuecher-mit-12-farben-a5-gepraegtes-schreiben-hardcover-200-seiten-papier-mehrfarbiger-stift-216-x-145-cm\/"]}]},{"@type":"ImageObject","inLanguage":"de","@id":"https:\/\/marktxxl.de\/markt\/produkt\/drachen-leder-notizbuecher-mit-12-farben-a5-gepraegtes-schreiben-hardcover-200-seiten-papier-mehrfarbiger-stift-216-x-145-cm\/#primaryimage","url":"https:\/\/m.media-amazon.com\/images\/I\/61tG1Z79jIL._SL500_.jpg","contentUrl":"https:\/\/m.media-amazon.com\/images\/I\/61tG1Z79jIL._SL500_.jpg","width":500,"height":500},{"@type":"BreadcrumbList","@id":"https:\/\/marktxxl.de\/markt\/produkt\/drachen-leder-notizbuecher-mit-12-farben-a5-gepraegtes-schreiben-hardcover-200-seiten-papier-mehrfarbiger-stift-216-x-145-cm\/#breadcrumb","itemListElement":[{"@type":"ListItem","position":1,"name":"Startseite","item":"https:\/\/marktxxl.de\/markt\/"},{"@type":"ListItem","position":2,"name":"Markt","item":"https:\/\/marktxxl.de\/markt\/"},{"@type":"ListItem","position":3,"name":"Drachen-Leder-Notizb\u00fccher mit 12 Farben, A5, gepr\u00e4gtes Schreiben, Hardcover, 200 Seiten, Papier, mehrfarbiger Stift, 21,6 x 14,5 cm"}]},{"@type":"WebSite","@id":"https:\/\/marktxxl.de\/markt\/#website","url":"https:\/\/marktxxl.de\/markt\/","name":"Markt-XXL","description":"Ihr Markt Online","publisher":{"@id":"https:\/\/marktxxl.de\/markt\/#organization"},"potentialAction":[{"@type":"SearchAction","target":{"@type":"EntryPoint","urlTemplate":"https:\/\/marktxxl.de\/markt\/?s={search_term_string}"},"query-input":{"@type":"PropertyValueSpecification","valueRequired":true,"valueName":"search_term_string"}}],"inLanguage":"de"},{"@type":"Organization","@id":"https:\/\/marktxxl.de\/markt\/#organization","name":"Markt-XXL","url":"https:\/\/marktxxl.de\/markt\/","logo":{"@type":"ImageObject","inLanguage":"de","@id":"https:\/\/marktxxl.de\/markt\/#\/schema\/logo\/image\/","url":"https:\/\/marktxxl.de\/markt\/wp-content\/uploads\/sites\/3\/2020\/12\/logo.png","contentUrl":"https:\/\/marktxxl.de\/markt\/wp-content\/uploads\/sites\/3\/2020\/12\/logo.png","width":200,"height":70,"caption":"Markt-XXL"},"image":{"@id":"https:\/\/marktxxl.de\/markt\/#\/schema\/logo\/image\/"}}]}},"_links":{"self":[{"href":"https:\/\/marktxxl.de\/markt\/wp-json\/wp\/v2\/product\/201693","targetHints":{"allow":["GET"]}}],"collection":[{"href":"https:\/\/marktxxl.de\/markt\/wp-json\/wp\/v2\/product"}],"about":[{"href":"https:\/\/marktxxl.de\/markt\/wp-json\/wp\/v2\/types\/product"}],"replies":[{"embeddable":true,"href":"https:\/\/marktxxl.de\/markt\/wp-json\/wp\/v2\/comments?post=201693"}],"wp:featuredmedia":[{"embeddable":true,"href":"https:\/\/marktxxl.de\/markt\/wp-json\/wp\/v2\/media\/201694"}],"wp:attachment":[{"href":"https:\/\/marktxxl.de\/markt\/wp-json\/wp\/v2\/media?parent=201693"}],"wp:term":[{"taxonomy":"product_brand","embeddable":true,"href":"https:\/\/marktxxl.de\/markt\/wp-json\/wp\/v2\/product_brand?post=201693"},{"taxonomy":"product_cat","embeddable":true,"href":"https:\/\/marktxxl.de\/markt\/wp-json\/wp\/v2\/product_cat?post=201693"},{"taxonomy":"product_tag","embeddable":true,"href":"https:\/\/marktxxl.de\/markt\/wp-json\/wp\/v2\/product_tag?post=201693"}],"curies":[{"name":"wp","href":"https:\/\/api.w.org\/{rel}","templated":true}]}}