{"id":201507,"date":"2023-04-10T13:16:15","date_gmt":"2023-04-10T11:16:15","guid":{"rendered":"https:\/\/marktxxl.de\/markt\/produkt\/boba-baby-tragetuch-neugeborene-organic-dark-grey-elastisches-babytragetuch-und-stilltuch-fuer-unterwegs-einfach-zu-binden-babytrage-neugeborene-ab-geburt-bis-16kg\/"},"modified":"2023-04-10T13:16:15","modified_gmt":"2023-04-10T11:16:15","slug":"boba-baby-tragetuch-neugeborene-organic-dark-grey-elastisches-babytragetuch-und-stilltuch-fuer-unterwegs-einfach-zu-binden-babytrage-neugeborene-ab-geburt-bis-16kg","status":"publish","type":"product","link":"https:\/\/marktxxl.de\/markt\/produkt\/boba-baby-tragetuch-neugeborene-organic-dark-grey-elastisches-babytragetuch-und-stilltuch-fuer-unterwegs-einfach-zu-binden-babytrage-neugeborene-ab-geburt-bis-16kg\/","title":{"rendered":"Boba Baby Tragetuch Neugeborene &#8211; Organic Dark Grey &#8211; Elastisches Babytragetuch und Stilltuch f\u00fcr Unterwegs &#8211; Einfach zu binden &#8211; Babytrage Neugeborene ab Geburt bis 16kg"},"content":{"rendered":"<p>WEICH UND GEMUETLICH. 95% Baumwolle und 5% Elasthan &#8211; Weiche, best\u00e4ndige und schonende Materialien mit genau der richtigen Elastizit\u00e4t damit Sie und Ihr Baby sich super wohl f\u00fchlen.<br \/>\nSCH\u00c4TZE DIE UNTRENNBARE VERBINDUNG. Babys wollen st\u00e4ndig geknuddelt und ber\u00fchrt werden. Sie brauchen die Liebe, die Verbindung und die W\u00e4rme. Es gibt keinen besseren Ort als auf der Brust der Eltern zu liegen, Herz an Herz.<br \/>\nERLEDIGEN SIE MEHR. Das Boba Wrap verteilt das Gewicht gleichm\u00e4\u00dfig, wodurch Ihr Baby leicht wird. Damit wird Ihre t\u00e4gliche Arbeit zum Kinderspiel und das Baby bleibt gl\u00fccklich.<br \/>\nERSTAUNLICHE QUALIT\u00c4T. Nur das Beste ist gut genug f\u00fcr Ihr Baby. Erstklassige Materialien garantieren, dass Ihr Kind sicher eingeh\u00fcllt ist. Maschinenwaschbar und h\u00e4lt sicher \u00fcber Jahre hinweg.<br \/>\nGENIALES DESIGN. Auch nach langem Gebrauch keine unangenehmen Belastungen an Schultern und R\u00fccken. Leicht und atmungsaktiv, h\u00e4lt bis zu 16 kg und ist ideal f\u00fcr diskretes Stillen.<br \/>\n<div class=\"main-cross-sell\" data-asin=\"B0BZ19QXL8\">\n\n\t<div class=\"WooZone-cross-sell-loader\">\n\t\t<div>\n\t\t\t<div id=\"floatingBarsG\">\n\t\t\t\t<div class=\"blockG\" id=\"rotateG_01\"><\/div>\n\t\t\t\t<div class=\"blockG\" id=\"rotateG_02\"><\/div>\n\t\t\t\t<div class=\"blockG\" id=\"rotateG_03\"><\/div>\n\t\t\t\t<div class=\"blockG\" id=\"rotateG_04\"><\/div>\n\t\t\t\t<div class=\"blockG\" id=\"rotateG_05\"><\/div>\n\t\t\t\t<div class=\"blockG\" id=\"rotateG_06\"><\/div>\n\t\t\t\t<div class=\"blockG\" id=\"rotateG_07\"><\/div>\n\t\t\t\t<div class=\"blockG\" id=\"rotateG_08\"><\/div>\n\t\t\t<\/div>\n\t\t\t<div class=\"WooZone-cross-sell-loader-text\"><\/div>\n\t\t<\/div>\n\t<\/div>\n\n\t\t\n<\/div>\n<div style=\"clear:both;\"><\/div><\/p>\n","protected":false},"excerpt":{"rendered":"<p>WEICH UND GEMUETLICH. 95% Baumwolle und 5% Elasthan &#8211; Weiche, best\u00e4ndige und schonende Materialien mit genau der richtigen Elastizit\u00e4t damit Sie und Ihr Baby sich super wohl f\u00fchlen.<br \/>\nSCH\u00c4TZE DIE UNTRENNBARE VERBINDUNG. Babys wollen st\u00e4ndig geknuddelt und ber\u00fchrt werden. Sie brauchen die Liebe, die Verbindung und die W\u00e4rme. Es gibt keinen besseren Ort als auf der Brust der Eltern zu liegen, Herz an Herz.<br \/>\nERLEDIGEN SIE MEHR. Das Boba Wrap verteilt das Gewicht gleichm\u00e4\u00dfig, wodurch Ihr Baby leicht wird. Damit wird Ihre t\u00e4gliche Arbeit zum Kinderspiel und das Baby bleibt gl\u00fccklich.<\/p>\n","protected":false},"featured_media":201508,"comment_status":"open","ping_status":"closed","template":"","meta":[],"product_brand":[],"product_cat":[21,9074],"product_tag":[],"class_list":{"0":"post-201507","1":"product","2":"type-product","3":"status-publish","4":"has-post-thumbnail","6":"product_cat-baby","7":"product_cat-babytragen-baby","8":"pa_binding-babyartikel","9":"pa_brand-boba","11":"first","12":"instock","13":"shipping-taxable","14":"product-type-simple","15":"customify-col","16":"product-has-gallery"},"yoast_head":"<!-- This site is optimized with the Yoast SEO plugin v27.4 - https:\/\/yoast.com\/product\/yoast-seo-wordpress\/ -->\n<title>Boba Baby Tragetuch Neugeborene - Organic Dark Grey - Elastisches Babytragetuch und Stilltuch f\u00fcr Unterwegs - Einfach zu binden - Babytrage Neugeborene ab Geburt bis 16kg - Markt-XXL<\/title>\n<meta name=\"description\" content=\"Markt-XXL Boba Baby Tragetuch Neugeborene - Organic Dark Grey - Elastisches Babytragetuch und Stilltuch f\u00fcr Unterwegs - Einfach zu binden - Babytrage Neugeborene ab Geburt bis 16kg\" \/>\n<meta name=\"robots\" content=\"index, follow, max-snippet:-1, max-image-preview:large, max-video-preview:-1\" \/>\n<link rel=\"canonical\" href=\"https:\/\/marktxxl.de\/markt\/produkt\/boba-baby-tragetuch-neugeborene-organic-dark-grey-elastisches-babytragetuch-und-stilltuch-fuer-unterwegs-einfach-zu-binden-babytrage-neugeborene-ab-geburt-bis-16kg\/\" \/>\n<meta property=\"og:locale\" content=\"de_DE\" \/>\n<meta property=\"og:type\" content=\"article\" \/>\n<meta property=\"og:title\" content=\"Boba Baby Tragetuch Neugeborene - Organic Dark Grey - Elastisches Babytragetuch und Stilltuch f\u00fcr Unterwegs - Einfach zu binden - Babytrage Neugeborene ab Geburt bis 16kg - Markt-XXL\" \/>\n<meta property=\"og:description\" content=\"Markt-XXL Boba Baby Tragetuch Neugeborene - Organic Dark Grey - Elastisches Babytragetuch und Stilltuch f\u00fcr Unterwegs - Einfach zu binden - Babytrage Neugeborene ab Geburt bis 16kg\" \/>\n<meta property=\"og:url\" content=\"https:\/\/marktxxl.de\/markt\/produkt\/boba-baby-tragetuch-neugeborene-organic-dark-grey-elastisches-babytragetuch-und-stilltuch-fuer-unterwegs-einfach-zu-binden-babytrage-neugeborene-ab-geburt-bis-16kg\/\" \/>\n<meta property=\"og:site_name\" content=\"Markt-XXL\" \/>\n<meta name=\"twitter:card\" content=\"summary_large_image\" \/>\n<meta name=\"twitter:label1\" content=\"Gesch\u00e4tzte Lesezeit\" \/>\n\t<meta name=\"twitter:data1\" content=\"1\u00a0Minute\" \/>\n<script type=\"application\/ld+json\" class=\"yoast-schema-graph\">{\"@context\":\"https:\\\/\\\/schema.org\",\"@graph\":[{\"@type\":\"WebPage\",\"@id\":\"https:\\\/\\\/marktxxl.de\\\/markt\\\/produkt\\\/boba-baby-tragetuch-neugeborene-organic-dark-grey-elastisches-babytragetuch-und-stilltuch-fuer-unterwegs-einfach-zu-binden-babytrage-neugeborene-ab-geburt-bis-16kg\\\/\",\"url\":\"https:\\\/\\\/marktxxl.de\\\/markt\\\/produkt\\\/boba-baby-tragetuch-neugeborene-organic-dark-grey-elastisches-babytragetuch-und-stilltuch-fuer-unterwegs-einfach-zu-binden-babytrage-neugeborene-ab-geburt-bis-16kg\\\/\",\"name\":\"Boba Baby Tragetuch Neugeborene - Organic Dark Grey - Elastisches Babytragetuch und Stilltuch f\u00fcr Unterwegs - Einfach zu binden - Babytrage Neugeborene ab Geburt bis 16kg - Markt-XXL\",\"isPartOf\":{\"@id\":\"https:\\\/\\\/marktxxl.de\\\/markt\\\/#website\"},\"primaryImageOfPage\":{\"@id\":\"https:\\\/\\\/marktxxl.de\\\/markt\\\/produkt\\\/boba-baby-tragetuch-neugeborene-organic-dark-grey-elastisches-babytragetuch-und-stilltuch-fuer-unterwegs-einfach-zu-binden-babytrage-neugeborene-ab-geburt-bis-16kg\\\/#primaryimage\"},\"image\":{\"@id\":\"https:\\\/\\\/marktxxl.de\\\/markt\\\/produkt\\\/boba-baby-tragetuch-neugeborene-organic-dark-grey-elastisches-babytragetuch-und-stilltuch-fuer-unterwegs-einfach-zu-binden-babytrage-neugeborene-ab-geburt-bis-16kg\\\/#primaryimage\"},\"thumbnailUrl\":\"https:\\\/\\\/m.media-amazon.com\\\/images\\\/I\\\/41vATZKmUCL._SL500_.jpg\",\"datePublished\":\"2023-04-10T11:16:15+00:00\",\"description\":\"Markt-XXL Boba Baby Tragetuch Neugeborene - Organic Dark Grey - Elastisches Babytragetuch und Stilltuch f\u00fcr Unterwegs - Einfach zu binden - Babytrage Neugeborene ab Geburt bis 16kg\",\"breadcrumb\":{\"@id\":\"https:\\\/\\\/marktxxl.de\\\/markt\\\/produkt\\\/boba-baby-tragetuch-neugeborene-organic-dark-grey-elastisches-babytragetuch-und-stilltuch-fuer-unterwegs-einfach-zu-binden-babytrage-neugeborene-ab-geburt-bis-16kg\\\/#breadcrumb\"},\"inLanguage\":\"de\",\"potentialAction\":[{\"@type\":\"ReadAction\",\"target\":[\"https:\\\/\\\/marktxxl.de\\\/markt\\\/produkt\\\/boba-baby-tragetuch-neugeborene-organic-dark-grey-elastisches-babytragetuch-und-stilltuch-fuer-unterwegs-einfach-zu-binden-babytrage-neugeborene-ab-geburt-bis-16kg\\\/\"]}]},{\"@type\":\"ImageObject\",\"inLanguage\":\"de\",\"@id\":\"https:\\\/\\\/marktxxl.de\\\/markt\\\/produkt\\\/boba-baby-tragetuch-neugeborene-organic-dark-grey-elastisches-babytragetuch-und-stilltuch-fuer-unterwegs-einfach-zu-binden-babytrage-neugeborene-ab-geburt-bis-16kg\\\/#primaryimage\",\"url\":\"https:\\\/\\\/m.media-amazon.com\\\/images\\\/I\\\/41vATZKmUCL._SL500_.jpg\",\"contentUrl\":\"https:\\\/\\\/m.media-amazon.com\\\/images\\\/I\\\/41vATZKmUCL._SL500_.jpg\",\"width\":500,\"height\":500},{\"@type\":\"BreadcrumbList\",\"@id\":\"https:\\\/\\\/marktxxl.de\\\/markt\\\/produkt\\\/boba-baby-tragetuch-neugeborene-organic-dark-grey-elastisches-babytragetuch-und-stilltuch-fuer-unterwegs-einfach-zu-binden-babytrage-neugeborene-ab-geburt-bis-16kg\\\/#breadcrumb\",\"itemListElement\":[{\"@type\":\"ListItem\",\"position\":1,\"name\":\"Startseite\",\"item\":\"https:\\\/\\\/marktxxl.de\\\/markt\\\/\"},{\"@type\":\"ListItem\",\"position\":2,\"name\":\"Markt\",\"item\":\"https:\\\/\\\/marktxxl.de\\\/markt\\\/\"},{\"@type\":\"ListItem\",\"position\":3,\"name\":\"Boba Baby Tragetuch Neugeborene &#8211; Organic Dark Grey &#8211; Elastisches Babytragetuch und Stilltuch f\u00fcr Unterwegs &#8211; Einfach zu binden &#8211; Babytrage Neugeborene ab Geburt bis 16kg\"}]},{\"@type\":\"WebSite\",\"@id\":\"https:\\\/\\\/marktxxl.de\\\/markt\\\/#website\",\"url\":\"https:\\\/\\\/marktxxl.de\\\/markt\\\/\",\"name\":\"Markt-XXL\",\"description\":\"Ihr Markt Online\",\"publisher\":{\"@id\":\"https:\\\/\\\/marktxxl.de\\\/markt\\\/#organization\"},\"potentialAction\":[{\"@type\":\"SearchAction\",\"target\":{\"@type\":\"EntryPoint\",\"urlTemplate\":\"https:\\\/\\\/marktxxl.de\\\/markt\\\/?s={search_term_string}\"},\"query-input\":{\"@type\":\"PropertyValueSpecification\",\"valueRequired\":true,\"valueName\":\"search_term_string\"}}],\"inLanguage\":\"de\"},{\"@type\":\"Organization\",\"@id\":\"https:\\\/\\\/marktxxl.de\\\/markt\\\/#organization\",\"name\":\"Markt-XXL\",\"url\":\"https:\\\/\\\/marktxxl.de\\\/markt\\\/\",\"logo\":{\"@type\":\"ImageObject\",\"inLanguage\":\"de\",\"@id\":\"https:\\\/\\\/marktxxl.de\\\/markt\\\/#\\\/schema\\\/logo\\\/image\\\/\",\"url\":\"https:\\\/\\\/marktxxl.de\\\/markt\\\/wp-content\\\/uploads\\\/sites\\\/3\\\/2020\\\/12\\\/logo.png\",\"contentUrl\":\"https:\\\/\\\/marktxxl.de\\\/markt\\\/wp-content\\\/uploads\\\/sites\\\/3\\\/2020\\\/12\\\/logo.png\",\"width\":200,\"height\":70,\"caption\":\"Markt-XXL\"},\"image\":{\"@id\":\"https:\\\/\\\/marktxxl.de\\\/markt\\\/#\\\/schema\\\/logo\\\/image\\\/\"}}]}<\/script>\n<!-- \/ Yoast SEO plugin. -->","yoast_head_json":{"title":"Boba Baby Tragetuch Neugeborene - Organic Dark Grey - Elastisches Babytragetuch und Stilltuch f\u00fcr Unterwegs - Einfach zu binden - Babytrage Neugeborene ab Geburt bis 16kg - Markt-XXL","description":"Markt-XXL Boba Baby Tragetuch Neugeborene - Organic Dark Grey - Elastisches Babytragetuch und Stilltuch f\u00fcr Unterwegs - Einfach zu binden - Babytrage Neugeborene ab Geburt bis 16kg","robots":{"index":"index","follow":"follow","max-snippet":"max-snippet:-1","max-image-preview":"max-image-preview:large","max-video-preview":"max-video-preview:-1"},"canonical":"https:\/\/marktxxl.de\/markt\/produkt\/boba-baby-tragetuch-neugeborene-organic-dark-grey-elastisches-babytragetuch-und-stilltuch-fuer-unterwegs-einfach-zu-binden-babytrage-neugeborene-ab-geburt-bis-16kg\/","og_locale":"de_DE","og_type":"article","og_title":"Boba Baby Tragetuch Neugeborene - Organic Dark Grey - Elastisches Babytragetuch und Stilltuch f\u00fcr Unterwegs - Einfach zu binden - Babytrage Neugeborene ab Geburt bis 16kg - Markt-XXL","og_description":"Markt-XXL Boba Baby Tragetuch Neugeborene - Organic Dark Grey - Elastisches Babytragetuch und Stilltuch f\u00fcr Unterwegs - Einfach zu binden - Babytrage Neugeborene ab Geburt bis 16kg","og_url":"https:\/\/marktxxl.de\/markt\/produkt\/boba-baby-tragetuch-neugeborene-organic-dark-grey-elastisches-babytragetuch-und-stilltuch-fuer-unterwegs-einfach-zu-binden-babytrage-neugeborene-ab-geburt-bis-16kg\/","og_site_name":"Markt-XXL","twitter_card":"summary_large_image","twitter_misc":{"Gesch\u00e4tzte Lesezeit":"1\u00a0Minute"},"schema":{"@context":"https:\/\/schema.org","@graph":[{"@type":"WebPage","@id":"https:\/\/marktxxl.de\/markt\/produkt\/boba-baby-tragetuch-neugeborene-organic-dark-grey-elastisches-babytragetuch-und-stilltuch-fuer-unterwegs-einfach-zu-binden-babytrage-neugeborene-ab-geburt-bis-16kg\/","url":"https:\/\/marktxxl.de\/markt\/produkt\/boba-baby-tragetuch-neugeborene-organic-dark-grey-elastisches-babytragetuch-und-stilltuch-fuer-unterwegs-einfach-zu-binden-babytrage-neugeborene-ab-geburt-bis-16kg\/","name":"Boba Baby Tragetuch Neugeborene - Organic Dark Grey - Elastisches Babytragetuch und Stilltuch f\u00fcr Unterwegs - Einfach zu binden - Babytrage Neugeborene ab Geburt bis 16kg - Markt-XXL","isPartOf":{"@id":"https:\/\/marktxxl.de\/markt\/#website"},"primaryImageOfPage":{"@id":"https:\/\/marktxxl.de\/markt\/produkt\/boba-baby-tragetuch-neugeborene-organic-dark-grey-elastisches-babytragetuch-und-stilltuch-fuer-unterwegs-einfach-zu-binden-babytrage-neugeborene-ab-geburt-bis-16kg\/#primaryimage"},"image":{"@id":"https:\/\/marktxxl.de\/markt\/produkt\/boba-baby-tragetuch-neugeborene-organic-dark-grey-elastisches-babytragetuch-und-stilltuch-fuer-unterwegs-einfach-zu-binden-babytrage-neugeborene-ab-geburt-bis-16kg\/#primaryimage"},"thumbnailUrl":"https:\/\/m.media-amazon.com\/images\/I\/41vATZKmUCL._SL500_.jpg","datePublished":"2023-04-10T11:16:15+00:00","description":"Markt-XXL Boba Baby Tragetuch Neugeborene - Organic Dark Grey - Elastisches Babytragetuch und Stilltuch f\u00fcr Unterwegs - Einfach zu binden - Babytrage Neugeborene ab Geburt bis 16kg","breadcrumb":{"@id":"https:\/\/marktxxl.de\/markt\/produkt\/boba-baby-tragetuch-neugeborene-organic-dark-grey-elastisches-babytragetuch-und-stilltuch-fuer-unterwegs-einfach-zu-binden-babytrage-neugeborene-ab-geburt-bis-16kg\/#breadcrumb"},"inLanguage":"de","potentialAction":[{"@type":"ReadAction","target":["https:\/\/marktxxl.de\/markt\/produkt\/boba-baby-tragetuch-neugeborene-organic-dark-grey-elastisches-babytragetuch-und-stilltuch-fuer-unterwegs-einfach-zu-binden-babytrage-neugeborene-ab-geburt-bis-16kg\/"]}]},{"@type":"ImageObject","inLanguage":"de","@id":"https:\/\/marktxxl.de\/markt\/produkt\/boba-baby-tragetuch-neugeborene-organic-dark-grey-elastisches-babytragetuch-und-stilltuch-fuer-unterwegs-einfach-zu-binden-babytrage-neugeborene-ab-geburt-bis-16kg\/#primaryimage","url":"https:\/\/m.media-amazon.com\/images\/I\/41vATZKmUCL._SL500_.jpg","contentUrl":"https:\/\/m.media-amazon.com\/images\/I\/41vATZKmUCL._SL500_.jpg","width":500,"height":500},{"@type":"BreadcrumbList","@id":"https:\/\/marktxxl.de\/markt\/produkt\/boba-baby-tragetuch-neugeborene-organic-dark-grey-elastisches-babytragetuch-und-stilltuch-fuer-unterwegs-einfach-zu-binden-babytrage-neugeborene-ab-geburt-bis-16kg\/#breadcrumb","itemListElement":[{"@type":"ListItem","position":1,"name":"Startseite","item":"https:\/\/marktxxl.de\/markt\/"},{"@type":"ListItem","position":2,"name":"Markt","item":"https:\/\/marktxxl.de\/markt\/"},{"@type":"ListItem","position":3,"name":"Boba Baby Tragetuch Neugeborene &#8211; Organic Dark Grey &#8211; Elastisches Babytragetuch und Stilltuch f\u00fcr Unterwegs &#8211; Einfach zu binden &#8211; Babytrage Neugeborene ab Geburt bis 16kg"}]},{"@type":"WebSite","@id":"https:\/\/marktxxl.de\/markt\/#website","url":"https:\/\/marktxxl.de\/markt\/","name":"Markt-XXL","description":"Ihr Markt Online","publisher":{"@id":"https:\/\/marktxxl.de\/markt\/#organization"},"potentialAction":[{"@type":"SearchAction","target":{"@type":"EntryPoint","urlTemplate":"https:\/\/marktxxl.de\/markt\/?s={search_term_string}"},"query-input":{"@type":"PropertyValueSpecification","valueRequired":true,"valueName":"search_term_string"}}],"inLanguage":"de"},{"@type":"Organization","@id":"https:\/\/marktxxl.de\/markt\/#organization","name":"Markt-XXL","url":"https:\/\/marktxxl.de\/markt\/","logo":{"@type":"ImageObject","inLanguage":"de","@id":"https:\/\/marktxxl.de\/markt\/#\/schema\/logo\/image\/","url":"https:\/\/marktxxl.de\/markt\/wp-content\/uploads\/sites\/3\/2020\/12\/logo.png","contentUrl":"https:\/\/marktxxl.de\/markt\/wp-content\/uploads\/sites\/3\/2020\/12\/logo.png","width":200,"height":70,"caption":"Markt-XXL"},"image":{"@id":"https:\/\/marktxxl.de\/markt\/#\/schema\/logo\/image\/"}}]}},"_links":{"self":[{"href":"https:\/\/marktxxl.de\/markt\/wp-json\/wp\/v2\/product\/201507","targetHints":{"allow":["GET"]}}],"collection":[{"href":"https:\/\/marktxxl.de\/markt\/wp-json\/wp\/v2\/product"}],"about":[{"href":"https:\/\/marktxxl.de\/markt\/wp-json\/wp\/v2\/types\/product"}],"replies":[{"embeddable":true,"href":"https:\/\/marktxxl.de\/markt\/wp-json\/wp\/v2\/comments?post=201507"}],"wp:featuredmedia":[{"embeddable":true,"href":"https:\/\/marktxxl.de\/markt\/wp-json\/wp\/v2\/media\/201508"}],"wp:attachment":[{"href":"https:\/\/marktxxl.de\/markt\/wp-json\/wp\/v2\/media?parent=201507"}],"wp:term":[{"taxonomy":"product_brand","embeddable":true,"href":"https:\/\/marktxxl.de\/markt\/wp-json\/wp\/v2\/product_brand?post=201507"},{"taxonomy":"product_cat","embeddable":true,"href":"https:\/\/marktxxl.de\/markt\/wp-json\/wp\/v2\/product_cat?post=201507"},{"taxonomy":"product_tag","embeddable":true,"href":"https:\/\/marktxxl.de\/markt\/wp-json\/wp\/v2\/product_tag?post=201507"}],"curies":[{"name":"wp","href":"https:\/\/api.w.org\/{rel}","templated":true}]}}