{"id":201352,"date":"2023-04-10T12:47:49","date_gmt":"2023-04-10T10:47:49","guid":{"rendered":"https:\/\/marktxxl.de\/markt\/produkt\/bomi-schutzgitter-ofen-milo-xxl-100-525-cm\/"},"modified":"2023-04-10T12:47:49","modified_gmt":"2023-04-10T10:47:49","slug":"bomi-schutzgitter-ofen-milo-xxl-100-525-cm","status":"publish","type":"product","link":"https:\/\/marktxxl.de\/markt\/produkt\/bomi-schutzgitter-ofen-milo-xxl-100-525-cm\/","title":{"rendered":"BOMI Schutzgitter Ofen Milo XXL 100-525 cm"},"content":{"rendered":"<p>\ud835\udc10\ud835\udc14\ud835\udc00\ud835\udc0b\ud835\udc08\ud835\udc13\u00c4\ud835\udc13: Das Kaminofen Schutzgitter ist nach der aktuellen DIN EN 12227-2010 gepr\u00fcft und garantiert einen festen Halt, es bewegt sich auch bei R\u00fctteln nicht und ist sehr stabil, sowie standfest. Unsere Kaminabsperrung f\u00fcr Kinder ist in den Gr\u00f6\u00dfen 100-525 cm (bitte passende Gr\u00f6\u00dfe ausw\u00e4hlen!) und in der Farbe Schwarz erh\u00e4ltlich. Nat\u00fcrlich ist die Kindersicherung f\u00fcr den Kaminofen ohne sch\u00e4dliche \/ giftige Stoffe hergestellt und entspricht der geltenden DIN Norm in Deutschland<br \/>\n\ud835\udc07\ud835\udc0e\ud835\udc02\ud835\udc07\ud835\udc16\ud835\udc04\ud835\udc11\ud835\udc13\ud835\udc08\ud835\udc06\ud835\udc04\ud835\udc12 \ud835\udc0c\ud835\udc00\ud835\udc13\ud835\udc04\ud835\udc11\ud835\udc08\ud835\udc00\ud835\udc0b: Das Ofengitter f\u00fcr Babys wird aus pulverbeschichtetem und hitzebest\u00e4ndigem Metall hergestellt &#8211; Die einzelnen St\u00e4be sind stabil und fest miteinander verschwei\u00dft, sodass kleine Kinderfinger sich die Finger nicht quetschen k\u00f6nnen. Das Kinderschutzgitter hat eine H\u00f6he von 75 cm, die St\u00e4be sind lediglich 5,5 cm auseinander und der Durchgang ist mit 75 cm extrabreit. Ideal, um z.B. den Korb mit Holz oder den Pelletsack durchzutragen<br \/>\n\ud835\udc0a\ud835\udc08\ud835\udc0d\ud835\udc03\ud835\udc04\ud835\udc11\ud835\udc12\ud835\udc08\ud835\udc02\ud835\udc07\ud835\udc04\ud835\udc11\ud835\udc04\ud835\udc11 \ud835\udc15\ud835\udc04\ud835\udc11\ud835\udc12\ud835\udc02\ud835\udc07\ud835\udc0b\ud835\udc14\ud835\udc12\ud835\udc12: Das Gitter f\u00fcr den Kaminofen ist f\u00fcr Erwachsene leicht zu \u00f6ffnen &#8211; Die T\u00fcr muss zus\u00e4tzlich zum \u00d6ffnen leicht angehoben werden. Diese Kraft, um den Ofenschutz zu \u00f6ffnen haben Kinder oder Babys nicht. Praktisch: Die T\u00fcr vom Ofenschutzgitter l\u00e4sst sich in beide Richtungen \u00f6ffnen &amp; verschlie\u00dft durch einen Schups automatisch. Das T\u00fcrchen vom Kamingitter kann bei Nichtbedarf auf 90\u00b0 offen festgestellt werden<br \/>\n\ud835\udc12\ud835\udc13\ud835\udc00\ud835\udc0d\ud835\udc03\ud835\udc05\ud835\udc04\ud835\udc12\ud835\udc13 &amp; \ud835\udc0a\ud835\udc08\ud835\udc0f\ud835\udc0f\ud835\udc12\ud835\udc08\ud835\udc02\ud835\udc07\ud835\udc04\ud835\udc11: Im Lieferumfang ist ein bereits fertig montiertes Kamin Schutzgitter. Der Kaminschutz kann wahlweise ohne Bohren oder mit den mitgelieferten Wandmontage Haltern angebohrt werden. Dank der verschiedenen Stellm\u00f6glichkeiten (z.b. als Kreis oder Viereck) ist dieses Kinderschutzgitter flexibel einsetzbar und kann ebenfalls als T\u00fcrschutzgitter, Treppenschutzgitter oder Haustier- bzw. Welpenlaufstall benutzt werden<br \/>\n\ud835\udc12\ud835\udc08\ud835\udc02\ud835\udc07\ud835\udc04\ud835\udc11\ud835\udc07\ud835\udc04\ud835\udc08\ud835\udc13\ud835\udc12\ud835\udc07\ud835\udc08\ud835\udc0d\ud835\udc16\ud835\udc04\ud835\udc08\ud835\udc12\ud835\udc04: Das XXL Kamin Schutzgitter wird mit einer deutschen Aufbauanleitung geliefert. Bitte beachten Sie unbedingt: Die Kindersicherung sollte einen \ud835\udc0c\ud835\udc22\ud835\udc27\ud835\udc1d\ud835\udc1e\ud835\udc2c\ud835\udc2d\ud835\udc1a\ud835\udc1b\ud835\udc2c\ud835\udc2d\ud835\udc1a\ud835\udc27\ud835\udc1d \ud835\udc2f\ud835\udc28\ud835\udc27 \ud835\udfcf \ud835\udc0c\ud835\udc1e\ud835\udc2d\ud835\udc1e\ud835\udc2b \ud835\udc33\ud835\udc2e \ud835\udc1d\ud835\udc1e\ud835\udc2b \ud835\udc07\ud835\udc22\ud835\udc2d\ud835\udc33\ud835\udc1e\ud835\udc2a\ud835\udc2e\ud835\udc1e\ud835\udc25\ud835\udc25\ud835\udc1e (Kachelofen, Pelletofen, Kaminofen, Schwedenofen usw.) aufweisen, sodass sich das Metall nicht erw\u00e4rmt<br \/>\n<div class=\"main-cross-sell\" data-asin=\"B09NVNW73R\">\n\n\t<div class=\"WooZone-cross-sell-loader\">\n\t\t<div>\n\t\t\t<div id=\"floatingBarsG\">\n\t\t\t\t<div class=\"blockG\" id=\"rotateG_01\"><\/div>\n\t\t\t\t<div class=\"blockG\" id=\"rotateG_02\"><\/div>\n\t\t\t\t<div class=\"blockG\" id=\"rotateG_03\"><\/div>\n\t\t\t\t<div class=\"blockG\" id=\"rotateG_04\"><\/div>\n\t\t\t\t<div class=\"blockG\" id=\"rotateG_05\"><\/div>\n\t\t\t\t<div class=\"blockG\" id=\"rotateG_06\"><\/div>\n\t\t\t\t<div class=\"blockG\" id=\"rotateG_07\"><\/div>\n\t\t\t\t<div class=\"blockG\" id=\"rotateG_08\"><\/div>\n\t\t\t<\/div>\n\t\t\t<div class=\"WooZone-cross-sell-loader-text\"><\/div>\n\t\t<\/div>\n\t<\/div>\n\n\t\t\n<\/div>\n<div style=\"clear:both;\"><\/div><\/p>\n","protected":false},"excerpt":{"rendered":"<p>\ud835\udc10\ud835\udc14\ud835\udc00\ud835\udc0b\ud835\udc08\ud835\udc13\u00c4\ud835\udc13: Das Kaminofen Schutzgitter ist nach der aktuellen DIN EN 12227-2010 gepr\u00fcft und garantiert einen festen Halt, es bewegt sich auch bei R\u00fctteln nicht und ist sehr stabil, sowie standfest. Unsere Kaminabsperrung f\u00fcr Kinder ist in den Gr\u00f6\u00dfen 100-525 cm (bitte passende Gr\u00f6\u00dfe ausw\u00e4hlen!) und in der Farbe Schwarz erh\u00e4ltlich. Nat\u00fcrlich ist die Kindersicherung f\u00fcr den Kaminofen ohne sch\u00e4dliche \/ giftige Stoffe hergestellt und entspricht der geltenden DIN Norm in Deutschland<br \/>\n\ud835\udc07\ud835\udc0e\ud835\udc02\ud835\udc07\ud835\udc16\ud835\udc04\ud835\udc11\ud835\udc13\ud835\udc08\ud835\udc06\ud835\udc04\ud835\udc12 \ud835\udc0c\ud835\udc00\ud835\udc13\ud835\udc04\ud835\udc11\ud835\udc08\ud835\udc00\ud835\udc0b: Das Ofengitter f\u00fcr Babys wird aus pulverbeschichtetem und hitzebest\u00e4ndigem Metall hergestellt &#8211; Die einzelnen St\u00e4be sind stabil und fest miteinander verschwei\u00dft, sodass kleine Kinderfinger sich die Finger nicht quetschen k\u00f6nnen. Das Kinderschutzgitter hat eine H\u00f6he von 75 cm, die St\u00e4be sind lediglich 5,5 cm auseinander und der Durchgang ist mit 75 cm extrabreit. Ideal, um z.B. den Korb mit Holz oder den Pelletsack durchzutragen<br \/>\n\ud835\udc0a\ud835\udc08\ud835\udc0d\ud835\udc03\ud835\udc04\ud835\udc11\ud835\udc12\ud835\udc08\ud835\udc02\ud835\udc07\ud835\udc04\ud835\udc11\ud835\udc04\ud835\udc11 \ud835\udc15\ud835\udc04\ud835\udc11\ud835\udc12\ud835\udc02\ud835\udc07\ud835\udc0b\ud835\udc14\ud835\udc12\ud835\udc12: Das Gitter f\u00fcr den Kaminofen ist f\u00fcr Erwachsene leicht zu \u00f6ffnen &#8211; Die T\u00fcr muss zus\u00e4tzlich zum \u00d6ffnen leicht angehoben werden. Diese Kraft, um den Ofenschutz zu \u00f6ffnen haben Kinder oder Babys nicht. Praktisch: Die T\u00fcr vom Ofenschutzgitter l\u00e4sst sich in beide Richtungen \u00f6ffnen &amp; verschlie\u00dft durch einen Schups automatisch. Das T\u00fcrchen vom Kamingitter kann bei Nichtbedarf auf 90\u00b0 offen festgestellt werden<\/p>\n","protected":false},"featured_media":201353,"comment_status":"open","ping_status":"closed","template":"","meta":[],"product_brand":[],"product_cat":[21,9378],"product_tag":[],"class_list":{"0":"post-201352","1":"product","2":"type-product","3":"status-publish","4":"has-post-thumbnail","6":"product_cat-baby","7":"product_cat-sicherheit-baby","8":"pa_binding-babyartikel","9":"pa_brand-bomi","10":"pa_languages-unbekannt-deutsch","11":"pa_manufacturer-bomi","13":"first","14":"instock","15":"shipping-taxable","16":"product-type-simple","17":"customify-col","18":"product-has-gallery"},"yoast_head":"<!-- This site is optimized with the Yoast SEO plugin v27.4 - https:\/\/yoast.com\/product\/yoast-seo-wordpress\/ -->\n<title>BOMI Schutzgitter Ofen Milo XXL 100-525 cm - Markt-XXL<\/title>\n<meta name=\"description\" content=\"Markt-XXL BOMI Schutzgitter Ofen Milo XXL 100-525 cm\" \/>\n<meta name=\"robots\" content=\"index, follow, max-snippet:-1, max-image-preview:large, max-video-preview:-1\" \/>\n<link rel=\"canonical\" href=\"https:\/\/marktxxl.de\/markt\/produkt\/bomi-schutzgitter-ofen-milo-xxl-100-525-cm\/\" \/>\n<meta property=\"og:locale\" content=\"de_DE\" \/>\n<meta property=\"og:type\" content=\"article\" \/>\n<meta property=\"og:title\" content=\"BOMI Schutzgitter Ofen Milo XXL 100-525 cm - Markt-XXL\" \/>\n<meta property=\"og:description\" content=\"Markt-XXL BOMI Schutzgitter Ofen Milo XXL 100-525 cm\" \/>\n<meta property=\"og:url\" content=\"https:\/\/marktxxl.de\/markt\/produkt\/bomi-schutzgitter-ofen-milo-xxl-100-525-cm\/\" \/>\n<meta property=\"og:site_name\" content=\"Markt-XXL\" \/>\n<meta name=\"twitter:card\" content=\"summary_large_image\" \/>\n<meta name=\"twitter:label1\" content=\"Gesch\u00e4tzte Lesezeit\" \/>\n\t<meta name=\"twitter:data1\" content=\"2\u00a0Minuten\" \/>\n<script type=\"application\/ld+json\" class=\"yoast-schema-graph\">{\"@context\":\"https:\\\/\\\/schema.org\",\"@graph\":[{\"@type\":\"WebPage\",\"@id\":\"https:\\\/\\\/marktxxl.de\\\/markt\\\/produkt\\\/bomi-schutzgitter-ofen-milo-xxl-100-525-cm\\\/\",\"url\":\"https:\\\/\\\/marktxxl.de\\\/markt\\\/produkt\\\/bomi-schutzgitter-ofen-milo-xxl-100-525-cm\\\/\",\"name\":\"BOMI Schutzgitter Ofen Milo XXL 100-525 cm - Markt-XXL\",\"isPartOf\":{\"@id\":\"https:\\\/\\\/marktxxl.de\\\/markt\\\/#website\"},\"primaryImageOfPage\":{\"@id\":\"https:\\\/\\\/marktxxl.de\\\/markt\\\/produkt\\\/bomi-schutzgitter-ofen-milo-xxl-100-525-cm\\\/#primaryimage\"},\"image\":{\"@id\":\"https:\\\/\\\/marktxxl.de\\\/markt\\\/produkt\\\/bomi-schutzgitter-ofen-milo-xxl-100-525-cm\\\/#primaryimage\"},\"thumbnailUrl\":\"https:\\\/\\\/m.media-amazon.com\\\/images\\\/I\\\/51Nvues584L._SL500_.jpg\",\"datePublished\":\"2023-04-10T10:47:49+00:00\",\"description\":\"Markt-XXL BOMI Schutzgitter Ofen Milo XXL 100-525 cm\",\"breadcrumb\":{\"@id\":\"https:\\\/\\\/marktxxl.de\\\/markt\\\/produkt\\\/bomi-schutzgitter-ofen-milo-xxl-100-525-cm\\\/#breadcrumb\"},\"inLanguage\":\"de\",\"potentialAction\":[{\"@type\":\"ReadAction\",\"target\":[\"https:\\\/\\\/marktxxl.de\\\/markt\\\/produkt\\\/bomi-schutzgitter-ofen-milo-xxl-100-525-cm\\\/\"]}]},{\"@type\":\"ImageObject\",\"inLanguage\":\"de\",\"@id\":\"https:\\\/\\\/marktxxl.de\\\/markt\\\/produkt\\\/bomi-schutzgitter-ofen-milo-xxl-100-525-cm\\\/#primaryimage\",\"url\":\"https:\\\/\\\/m.media-amazon.com\\\/images\\\/I\\\/51Nvues584L._SL500_.jpg\",\"contentUrl\":\"https:\\\/\\\/m.media-amazon.com\\\/images\\\/I\\\/51Nvues584L._SL500_.jpg\",\"width\":500,\"height\":500},{\"@type\":\"BreadcrumbList\",\"@id\":\"https:\\\/\\\/marktxxl.de\\\/markt\\\/produkt\\\/bomi-schutzgitter-ofen-milo-xxl-100-525-cm\\\/#breadcrumb\",\"itemListElement\":[{\"@type\":\"ListItem\",\"position\":1,\"name\":\"Startseite\",\"item\":\"https:\\\/\\\/marktxxl.de\\\/markt\\\/\"},{\"@type\":\"ListItem\",\"position\":2,\"name\":\"Markt\",\"item\":\"https:\\\/\\\/marktxxl.de\\\/markt\\\/\"},{\"@type\":\"ListItem\",\"position\":3,\"name\":\"BOMI Schutzgitter Ofen Milo XXL 100-525 cm\"}]},{\"@type\":\"WebSite\",\"@id\":\"https:\\\/\\\/marktxxl.de\\\/markt\\\/#website\",\"url\":\"https:\\\/\\\/marktxxl.de\\\/markt\\\/\",\"name\":\"Markt-XXL\",\"description\":\"Ihr Markt Online\",\"publisher\":{\"@id\":\"https:\\\/\\\/marktxxl.de\\\/markt\\\/#organization\"},\"potentialAction\":[{\"@type\":\"SearchAction\",\"target\":{\"@type\":\"EntryPoint\",\"urlTemplate\":\"https:\\\/\\\/marktxxl.de\\\/markt\\\/?s={search_term_string}\"},\"query-input\":{\"@type\":\"PropertyValueSpecification\",\"valueRequired\":true,\"valueName\":\"search_term_string\"}}],\"inLanguage\":\"de\"},{\"@type\":\"Organization\",\"@id\":\"https:\\\/\\\/marktxxl.de\\\/markt\\\/#organization\",\"name\":\"Markt-XXL\",\"url\":\"https:\\\/\\\/marktxxl.de\\\/markt\\\/\",\"logo\":{\"@type\":\"ImageObject\",\"inLanguage\":\"de\",\"@id\":\"https:\\\/\\\/marktxxl.de\\\/markt\\\/#\\\/schema\\\/logo\\\/image\\\/\",\"url\":\"https:\\\/\\\/marktxxl.de\\\/markt\\\/wp-content\\\/uploads\\\/sites\\\/3\\\/2020\\\/12\\\/logo.png\",\"contentUrl\":\"https:\\\/\\\/marktxxl.de\\\/markt\\\/wp-content\\\/uploads\\\/sites\\\/3\\\/2020\\\/12\\\/logo.png\",\"width\":200,\"height\":70,\"caption\":\"Markt-XXL\"},\"image\":{\"@id\":\"https:\\\/\\\/marktxxl.de\\\/markt\\\/#\\\/schema\\\/logo\\\/image\\\/\"}}]}<\/script>\n<!-- \/ Yoast SEO plugin. -->","yoast_head_json":{"title":"BOMI Schutzgitter Ofen Milo XXL 100-525 cm - Markt-XXL","description":"Markt-XXL BOMI Schutzgitter Ofen Milo XXL 100-525 cm","robots":{"index":"index","follow":"follow","max-snippet":"max-snippet:-1","max-image-preview":"max-image-preview:large","max-video-preview":"max-video-preview:-1"},"canonical":"https:\/\/marktxxl.de\/markt\/produkt\/bomi-schutzgitter-ofen-milo-xxl-100-525-cm\/","og_locale":"de_DE","og_type":"article","og_title":"BOMI Schutzgitter Ofen Milo XXL 100-525 cm - Markt-XXL","og_description":"Markt-XXL BOMI Schutzgitter Ofen Milo XXL 100-525 cm","og_url":"https:\/\/marktxxl.de\/markt\/produkt\/bomi-schutzgitter-ofen-milo-xxl-100-525-cm\/","og_site_name":"Markt-XXL","twitter_card":"summary_large_image","twitter_misc":{"Gesch\u00e4tzte Lesezeit":"2\u00a0Minuten"},"schema":{"@context":"https:\/\/schema.org","@graph":[{"@type":"WebPage","@id":"https:\/\/marktxxl.de\/markt\/produkt\/bomi-schutzgitter-ofen-milo-xxl-100-525-cm\/","url":"https:\/\/marktxxl.de\/markt\/produkt\/bomi-schutzgitter-ofen-milo-xxl-100-525-cm\/","name":"BOMI Schutzgitter Ofen Milo XXL 100-525 cm - Markt-XXL","isPartOf":{"@id":"https:\/\/marktxxl.de\/markt\/#website"},"primaryImageOfPage":{"@id":"https:\/\/marktxxl.de\/markt\/produkt\/bomi-schutzgitter-ofen-milo-xxl-100-525-cm\/#primaryimage"},"image":{"@id":"https:\/\/marktxxl.de\/markt\/produkt\/bomi-schutzgitter-ofen-milo-xxl-100-525-cm\/#primaryimage"},"thumbnailUrl":"https:\/\/m.media-amazon.com\/images\/I\/51Nvues584L._SL500_.jpg","datePublished":"2023-04-10T10:47:49+00:00","description":"Markt-XXL BOMI Schutzgitter Ofen Milo XXL 100-525 cm","breadcrumb":{"@id":"https:\/\/marktxxl.de\/markt\/produkt\/bomi-schutzgitter-ofen-milo-xxl-100-525-cm\/#breadcrumb"},"inLanguage":"de","potentialAction":[{"@type":"ReadAction","target":["https:\/\/marktxxl.de\/markt\/produkt\/bomi-schutzgitter-ofen-milo-xxl-100-525-cm\/"]}]},{"@type":"ImageObject","inLanguage":"de","@id":"https:\/\/marktxxl.de\/markt\/produkt\/bomi-schutzgitter-ofen-milo-xxl-100-525-cm\/#primaryimage","url":"https:\/\/m.media-amazon.com\/images\/I\/51Nvues584L._SL500_.jpg","contentUrl":"https:\/\/m.media-amazon.com\/images\/I\/51Nvues584L._SL500_.jpg","width":500,"height":500},{"@type":"BreadcrumbList","@id":"https:\/\/marktxxl.de\/markt\/produkt\/bomi-schutzgitter-ofen-milo-xxl-100-525-cm\/#breadcrumb","itemListElement":[{"@type":"ListItem","position":1,"name":"Startseite","item":"https:\/\/marktxxl.de\/markt\/"},{"@type":"ListItem","position":2,"name":"Markt","item":"https:\/\/marktxxl.de\/markt\/"},{"@type":"ListItem","position":3,"name":"BOMI Schutzgitter Ofen Milo XXL 100-525 cm"}]},{"@type":"WebSite","@id":"https:\/\/marktxxl.de\/markt\/#website","url":"https:\/\/marktxxl.de\/markt\/","name":"Markt-XXL","description":"Ihr Markt Online","publisher":{"@id":"https:\/\/marktxxl.de\/markt\/#organization"},"potentialAction":[{"@type":"SearchAction","target":{"@type":"EntryPoint","urlTemplate":"https:\/\/marktxxl.de\/markt\/?s={search_term_string}"},"query-input":{"@type":"PropertyValueSpecification","valueRequired":true,"valueName":"search_term_string"}}],"inLanguage":"de"},{"@type":"Organization","@id":"https:\/\/marktxxl.de\/markt\/#organization","name":"Markt-XXL","url":"https:\/\/marktxxl.de\/markt\/","logo":{"@type":"ImageObject","inLanguage":"de","@id":"https:\/\/marktxxl.de\/markt\/#\/schema\/logo\/image\/","url":"https:\/\/marktxxl.de\/markt\/wp-content\/uploads\/sites\/3\/2020\/12\/logo.png","contentUrl":"https:\/\/marktxxl.de\/markt\/wp-content\/uploads\/sites\/3\/2020\/12\/logo.png","width":200,"height":70,"caption":"Markt-XXL"},"image":{"@id":"https:\/\/marktxxl.de\/markt\/#\/schema\/logo\/image\/"}}]}},"_links":{"self":[{"href":"https:\/\/marktxxl.de\/markt\/wp-json\/wp\/v2\/product\/201352","targetHints":{"allow":["GET"]}}],"collection":[{"href":"https:\/\/marktxxl.de\/markt\/wp-json\/wp\/v2\/product"}],"about":[{"href":"https:\/\/marktxxl.de\/markt\/wp-json\/wp\/v2\/types\/product"}],"replies":[{"embeddable":true,"href":"https:\/\/marktxxl.de\/markt\/wp-json\/wp\/v2\/comments?post=201352"}],"wp:featuredmedia":[{"embeddable":true,"href":"https:\/\/marktxxl.de\/markt\/wp-json\/wp\/v2\/media\/201353"}],"wp:attachment":[{"href":"https:\/\/marktxxl.de\/markt\/wp-json\/wp\/v2\/media?parent=201352"}],"wp:term":[{"taxonomy":"product_brand","embeddable":true,"href":"https:\/\/marktxxl.de\/markt\/wp-json\/wp\/v2\/product_brand?post=201352"},{"taxonomy":"product_cat","embeddable":true,"href":"https:\/\/marktxxl.de\/markt\/wp-json\/wp\/v2\/product_cat?post=201352"},{"taxonomy":"product_tag","embeddable":true,"href":"https:\/\/marktxxl.de\/markt\/wp-json\/wp\/v2\/product_tag?post=201352"}],"curies":[{"name":"wp","href":"https:\/\/api.w.org\/{rel}","templated":true}]}}