{"id":201097,"date":"2023-04-10T11:58:06","date_gmt":"2023-04-10T09:58:06","guid":{"rendered":"https:\/\/marktxxl.de\/markt\/produkt\/led-aussenwandleuchte-swanek-wandlampe-aus-aluguss-in-anthrazit-weiss-23-watt-1000-lumen-lichtfarbe-3000-kelvin-verstellbare-wandleuchte-m-lichteffekt-fuer-terrasse-hof-haustuer-ip44\/"},"modified":"2023-04-10T11:58:06","modified_gmt":"2023-04-10T09:58:06","slug":"led-aussenwandleuchte-swanek-wandlampe-aus-aluguss-in-anthrazit-weiss-23-watt-1000-lumen-lichtfarbe-3000-kelvin-verstellbare-wandleuchte-m-lichteffekt-fuer-terrasse-hof-haustuer-ip44","status":"publish","type":"product","link":"https:\/\/marktxxl.de\/markt\/produkt\/led-aussenwandleuchte-swanek-wandlampe-aus-aluguss-in-anthrazit-weiss-23-watt-1000-lumen-lichtfarbe-3000-kelvin-verstellbare-wandleuchte-m-lichteffekt-fuer-terrasse-hof-haustuer-ip44\/","title":{"rendered":"LED Au\u00dfenwandleuchte Swanek, Wandlampe aus Aluguss in Anthrazit\/Wei\u00df, 23 Watt, 1000 Lumen, Lichtfarbe 3000 Kelvin, verstellbare Wandleuchte m. Lichteffekt, f\u00fcr Terrasse\/Hof\/Haust\u00fcr, IP44"},"content":{"rendered":"<p>LED AU\u00dfENWANDLEUCHTE: Moderne Au\u00dfenwandleuchte 2-flammig mit w\u00fcrfelf\u00f6rmigen Lampenschirmen. Ideal als Eingangsbeleuchtung, f\u00fcr die Terrasse oder den Hof geeignet.<br \/>\nVERSTELLBARE LAMPENSCHIRME: Die beiden quadratischen Leuchtenschirme sind beliebig um 350\u00b0 dreh- und verstellbar. Dadurch k\u00f6nnen verschiedene Lichteffekte an der Wand erzeugt werden.<br \/>\nLICHT &amp; HELLIGKEIT: Leuchte , Lichtstrom: 1000 Lumen, Lichtfarbe: 3000 Kelvin, Fassung\/Leuchtmittel: 1 x LED 23 Watt .<br \/>\nMATERIAL &amp; VERARBEITUNG: Die Au\u00dfenwandleuchte ist aus Aluguss in Anthrazit gefertigt. Die Lampenschirme bestehen aus wei\u00dfem Kunststoff. Schutzklasse: I, Schutzart: IP 54.<br \/>\nMA\u00dfE &amp; DATEN: H\u00f6he der Leuchte: 21,5 cm, Ausladung der Leuchte: 15 cm, Breite der Leuchte: 10 cm, Ma\u00dfe der Aufh\u00e4ngung: 9,5 cm x 10 cm.<br \/>\nBei diesem Produkt handelt es sich um ein umgebendes Produkt. Umgebende Produkte sind Leuchten, die zur separaten \u00dcberpr\u00fcfung der enthaltenen Lichtquelle (n) zerlegt werden k\u00f6nnen. Dieses Produkt enth\u00e4lt eine Lichtquelle der Energieeffizienzklasse F. Bereich der Energieeffizenzklassen: A bis G. Die Lichtquelle kann aus der Leuchte entnommen werden.<br \/>\n<div class=\"main-cross-sell\" data-asin=\"B087RQ42KW\">\n\n\t<div class=\"WooZone-cross-sell-loader\">\n\t\t<div>\n\t\t\t<div id=\"floatingBarsG\">\n\t\t\t\t<div class=\"blockG\" id=\"rotateG_01\"><\/div>\n\t\t\t\t<div class=\"blockG\" id=\"rotateG_02\"><\/div>\n\t\t\t\t<div class=\"blockG\" id=\"rotateG_03\"><\/div>\n\t\t\t\t<div class=\"blockG\" id=\"rotateG_04\"><\/div>\n\t\t\t\t<div class=\"blockG\" id=\"rotateG_05\"><\/div>\n\t\t\t\t<div class=\"blockG\" id=\"rotateG_06\"><\/div>\n\t\t\t\t<div class=\"blockG\" id=\"rotateG_07\"><\/div>\n\t\t\t\t<div class=\"blockG\" id=\"rotateG_08\"><\/div>\n\t\t\t<\/div>\n\t\t\t<div class=\"WooZone-cross-sell-loader-text\"><\/div>\n\t\t<\/div>\n\t<\/div>\n\n\t\t\n<\/div>\n<div style=\"clear:both;\"><\/div><\/p>\n","protected":false},"excerpt":{"rendered":"<p>LED AU\u00dfENWANDLEUCHTE: Moderne Au\u00dfenwandleuchte 2-flammig mit w\u00fcrfelf\u00f6rmigen Lampenschirmen. Ideal als Eingangsbeleuchtung, f\u00fcr die Terrasse oder den Hof geeignet.<br \/>\nVERSTELLBARE LAMPENSCHIRME: Die beiden quadratischen Leuchtenschirme sind beliebig um 350\u00b0 dreh- und verstellbar. Dadurch k\u00f6nnen verschiedene Lichteffekte an der Wand erzeugt werden.<br \/>\nLICHT &amp; HELLIGKEIT: Leuchte , Lichtstrom: 1000 Lumen, Lichtfarbe: 3000 Kelvin, Fassung\/Leuchtmittel: 1 x LED 23 Watt .<\/p>\n","protected":false},"featured_media":201098,"comment_status":"open","ping_status":"closed","template":"","meta":[],"product_brand":[],"product_cat":[11446,2108],"product_tag":[],"class_list":{"0":"post-201097","1":"product","2":"type-product","3":"status-publish","4":"has-post-thumbnail","6":"product_cat-aussenbeleuchtung","7":"product_cat-beleuchtung","8":"pa_binding-ausruestung","9":"pa_brand-hofstein","11":"first","12":"instock","13":"shipping-taxable","14":"purchasable","15":"product-type-simple","16":"customify-col","17":"product-has-gallery"},"yoast_head":"<!-- This site is optimized with the Yoast SEO plugin v27.4 - https:\/\/yoast.com\/product\/yoast-seo-wordpress\/ -->\n<title>LED Au\u00dfenwandleuchte Swanek, Wandlampe aus Aluguss in Anthrazit\/Wei\u00df, 23 Watt, 1000 Lumen, Lichtfarbe 3000 Kelvin, verstellbare Wandleuchte m. Lichteffekt, f\u00fcr Terrasse\/Hof\/Haust\u00fcr, IP44 - Markt-XXL<\/title>\n<meta name=\"description\" content=\"Markt-XXL LED Au\u00dfenwandleuchte Swanek, Wandlampe aus Aluguss in Anthrazit\/Wei\u00df, 23 Watt, 1000 Lumen, Lichtfarbe 3000 Kelvin, verstellbare Wandleuchte m. Lichteffekt, f\u00fcr Terrasse\/Hof\/Haust\u00fcr, IP44\" \/>\n<meta name=\"robots\" content=\"index, follow, max-snippet:-1, max-image-preview:large, max-video-preview:-1\" \/>\n<link rel=\"canonical\" href=\"https:\/\/marktxxl.de\/markt\/produkt\/led-aussenwandleuchte-swanek-wandlampe-aus-aluguss-in-anthrazit-weiss-23-watt-1000-lumen-lichtfarbe-3000-kelvin-verstellbare-wandleuchte-m-lichteffekt-fuer-terrasse-hof-haustuer-ip44\/\" \/>\n<meta property=\"og:locale\" content=\"de_DE\" \/>\n<meta property=\"og:type\" content=\"article\" \/>\n<meta property=\"og:title\" content=\"LED Au\u00dfenwandleuchte Swanek, Wandlampe aus Aluguss in Anthrazit\/Wei\u00df, 23 Watt, 1000 Lumen, Lichtfarbe 3000 Kelvin, verstellbare Wandleuchte m. Lichteffekt, f\u00fcr Terrasse\/Hof\/Haust\u00fcr, IP44 - Markt-XXL\" \/>\n<meta property=\"og:description\" content=\"Markt-XXL LED Au\u00dfenwandleuchte Swanek, Wandlampe aus Aluguss in Anthrazit\/Wei\u00df, 23 Watt, 1000 Lumen, Lichtfarbe 3000 Kelvin, verstellbare Wandleuchte m. Lichteffekt, f\u00fcr Terrasse\/Hof\/Haust\u00fcr, IP44\" \/>\n<meta property=\"og:url\" content=\"https:\/\/marktxxl.de\/markt\/produkt\/led-aussenwandleuchte-swanek-wandlampe-aus-aluguss-in-anthrazit-weiss-23-watt-1000-lumen-lichtfarbe-3000-kelvin-verstellbare-wandleuchte-m-lichteffekt-fuer-terrasse-hof-haustuer-ip44\/\" \/>\n<meta property=\"og:site_name\" content=\"Markt-XXL\" \/>\n<meta name=\"twitter:card\" content=\"summary_large_image\" \/>\n<meta name=\"twitter:label1\" content=\"Gesch\u00e4tzte Lesezeit\" \/>\n\t<meta name=\"twitter:data1\" content=\"1\u00a0Minute\" \/>\n<script type=\"application\/ld+json\" class=\"yoast-schema-graph\">{\"@context\":\"https:\\\/\\\/schema.org\",\"@graph\":[{\"@type\":\"WebPage\",\"@id\":\"https:\\\/\\\/marktxxl.de\\\/markt\\\/produkt\\\/led-aussenwandleuchte-swanek-wandlampe-aus-aluguss-in-anthrazit-weiss-23-watt-1000-lumen-lichtfarbe-3000-kelvin-verstellbare-wandleuchte-m-lichteffekt-fuer-terrasse-hof-haustuer-ip44\\\/\",\"url\":\"https:\\\/\\\/marktxxl.de\\\/markt\\\/produkt\\\/led-aussenwandleuchte-swanek-wandlampe-aus-aluguss-in-anthrazit-weiss-23-watt-1000-lumen-lichtfarbe-3000-kelvin-verstellbare-wandleuchte-m-lichteffekt-fuer-terrasse-hof-haustuer-ip44\\\/\",\"name\":\"LED Au\u00dfenwandleuchte Swanek, Wandlampe aus Aluguss in Anthrazit\\\/Wei\u00df, 23 Watt, 1000 Lumen, Lichtfarbe 3000 Kelvin, verstellbare Wandleuchte m. Lichteffekt, f\u00fcr Terrasse\\\/Hof\\\/Haust\u00fcr, IP44 - Markt-XXL\",\"isPartOf\":{\"@id\":\"https:\\\/\\\/marktxxl.de\\\/markt\\\/#website\"},\"primaryImageOfPage\":{\"@id\":\"https:\\\/\\\/marktxxl.de\\\/markt\\\/produkt\\\/led-aussenwandleuchte-swanek-wandlampe-aus-aluguss-in-anthrazit-weiss-23-watt-1000-lumen-lichtfarbe-3000-kelvin-verstellbare-wandleuchte-m-lichteffekt-fuer-terrasse-hof-haustuer-ip44\\\/#primaryimage\"},\"image\":{\"@id\":\"https:\\\/\\\/marktxxl.de\\\/markt\\\/produkt\\\/led-aussenwandleuchte-swanek-wandlampe-aus-aluguss-in-anthrazit-weiss-23-watt-1000-lumen-lichtfarbe-3000-kelvin-verstellbare-wandleuchte-m-lichteffekt-fuer-terrasse-hof-haustuer-ip44\\\/#primaryimage\"},\"thumbnailUrl\":\"https:\\\/\\\/m.media-amazon.com\\\/images\\\/I\\\/41SjIiWokiL._SL500_.jpg\",\"datePublished\":\"2023-04-10T09:58:06+00:00\",\"description\":\"Markt-XXL LED Au\u00dfenwandleuchte Swanek, Wandlampe aus Aluguss in Anthrazit\\\/Wei\u00df, 23 Watt, 1000 Lumen, Lichtfarbe 3000 Kelvin, verstellbare Wandleuchte m. Lichteffekt, f\u00fcr Terrasse\\\/Hof\\\/Haust\u00fcr, IP44\",\"breadcrumb\":{\"@id\":\"https:\\\/\\\/marktxxl.de\\\/markt\\\/produkt\\\/led-aussenwandleuchte-swanek-wandlampe-aus-aluguss-in-anthrazit-weiss-23-watt-1000-lumen-lichtfarbe-3000-kelvin-verstellbare-wandleuchte-m-lichteffekt-fuer-terrasse-hof-haustuer-ip44\\\/#breadcrumb\"},\"inLanguage\":\"de\",\"potentialAction\":[{\"@type\":\"ReadAction\",\"target\":[\"https:\\\/\\\/marktxxl.de\\\/markt\\\/produkt\\\/led-aussenwandleuchte-swanek-wandlampe-aus-aluguss-in-anthrazit-weiss-23-watt-1000-lumen-lichtfarbe-3000-kelvin-verstellbare-wandleuchte-m-lichteffekt-fuer-terrasse-hof-haustuer-ip44\\\/\"]}]},{\"@type\":\"ImageObject\",\"inLanguage\":\"de\",\"@id\":\"https:\\\/\\\/marktxxl.de\\\/markt\\\/produkt\\\/led-aussenwandleuchte-swanek-wandlampe-aus-aluguss-in-anthrazit-weiss-23-watt-1000-lumen-lichtfarbe-3000-kelvin-verstellbare-wandleuchte-m-lichteffekt-fuer-terrasse-hof-haustuer-ip44\\\/#primaryimage\",\"url\":\"https:\\\/\\\/m.media-amazon.com\\\/images\\\/I\\\/41SjIiWokiL._SL500_.jpg\",\"contentUrl\":\"https:\\\/\\\/m.media-amazon.com\\\/images\\\/I\\\/41SjIiWokiL._SL500_.jpg\",\"width\":500,\"height\":500},{\"@type\":\"BreadcrumbList\",\"@id\":\"https:\\\/\\\/marktxxl.de\\\/markt\\\/produkt\\\/led-aussenwandleuchte-swanek-wandlampe-aus-aluguss-in-anthrazit-weiss-23-watt-1000-lumen-lichtfarbe-3000-kelvin-verstellbare-wandleuchte-m-lichteffekt-fuer-terrasse-hof-haustuer-ip44\\\/#breadcrumb\",\"itemListElement\":[{\"@type\":\"ListItem\",\"position\":1,\"name\":\"Startseite\",\"item\":\"https:\\\/\\\/marktxxl.de\\\/markt\\\/\"},{\"@type\":\"ListItem\",\"position\":2,\"name\":\"Markt\",\"item\":\"https:\\\/\\\/marktxxl.de\\\/markt\\\/\"},{\"@type\":\"ListItem\",\"position\":3,\"name\":\"LED Au\u00dfenwandleuchte Swanek, Wandlampe aus Aluguss in Anthrazit\\\/Wei\u00df, 23 Watt, 1000 Lumen, Lichtfarbe 3000 Kelvin, verstellbare Wandleuchte m. Lichteffekt, f\u00fcr Terrasse\\\/Hof\\\/Haust\u00fcr, IP44\"}]},{\"@type\":\"WebSite\",\"@id\":\"https:\\\/\\\/marktxxl.de\\\/markt\\\/#website\",\"url\":\"https:\\\/\\\/marktxxl.de\\\/markt\\\/\",\"name\":\"Markt-XXL\",\"description\":\"Ihr Markt Online\",\"publisher\":{\"@id\":\"https:\\\/\\\/marktxxl.de\\\/markt\\\/#organization\"},\"potentialAction\":[{\"@type\":\"SearchAction\",\"target\":{\"@type\":\"EntryPoint\",\"urlTemplate\":\"https:\\\/\\\/marktxxl.de\\\/markt\\\/?s={search_term_string}\"},\"query-input\":{\"@type\":\"PropertyValueSpecification\",\"valueRequired\":true,\"valueName\":\"search_term_string\"}}],\"inLanguage\":\"de\"},{\"@type\":\"Organization\",\"@id\":\"https:\\\/\\\/marktxxl.de\\\/markt\\\/#organization\",\"name\":\"Markt-XXL\",\"url\":\"https:\\\/\\\/marktxxl.de\\\/markt\\\/\",\"logo\":{\"@type\":\"ImageObject\",\"inLanguage\":\"de\",\"@id\":\"https:\\\/\\\/marktxxl.de\\\/markt\\\/#\\\/schema\\\/logo\\\/image\\\/\",\"url\":\"https:\\\/\\\/marktxxl.de\\\/markt\\\/wp-content\\\/uploads\\\/sites\\\/3\\\/2020\\\/12\\\/logo.png\",\"contentUrl\":\"https:\\\/\\\/marktxxl.de\\\/markt\\\/wp-content\\\/uploads\\\/sites\\\/3\\\/2020\\\/12\\\/logo.png\",\"width\":200,\"height\":70,\"caption\":\"Markt-XXL\"},\"image\":{\"@id\":\"https:\\\/\\\/marktxxl.de\\\/markt\\\/#\\\/schema\\\/logo\\\/image\\\/\"}}]}<\/script>\n<!-- \/ Yoast SEO plugin. -->","yoast_head_json":{"title":"LED Au\u00dfenwandleuchte Swanek, Wandlampe aus Aluguss in Anthrazit\/Wei\u00df, 23 Watt, 1000 Lumen, Lichtfarbe 3000 Kelvin, verstellbare Wandleuchte m. Lichteffekt, f\u00fcr Terrasse\/Hof\/Haust\u00fcr, IP44 - Markt-XXL","description":"Markt-XXL LED Au\u00dfenwandleuchte Swanek, Wandlampe aus Aluguss in Anthrazit\/Wei\u00df, 23 Watt, 1000 Lumen, Lichtfarbe 3000 Kelvin, verstellbare Wandleuchte m. Lichteffekt, f\u00fcr Terrasse\/Hof\/Haust\u00fcr, IP44","robots":{"index":"index","follow":"follow","max-snippet":"max-snippet:-1","max-image-preview":"max-image-preview:large","max-video-preview":"max-video-preview:-1"},"canonical":"https:\/\/marktxxl.de\/markt\/produkt\/led-aussenwandleuchte-swanek-wandlampe-aus-aluguss-in-anthrazit-weiss-23-watt-1000-lumen-lichtfarbe-3000-kelvin-verstellbare-wandleuchte-m-lichteffekt-fuer-terrasse-hof-haustuer-ip44\/","og_locale":"de_DE","og_type":"article","og_title":"LED Au\u00dfenwandleuchte Swanek, Wandlampe aus Aluguss in Anthrazit\/Wei\u00df, 23 Watt, 1000 Lumen, Lichtfarbe 3000 Kelvin, verstellbare Wandleuchte m. Lichteffekt, f\u00fcr Terrasse\/Hof\/Haust\u00fcr, IP44 - Markt-XXL","og_description":"Markt-XXL LED Au\u00dfenwandleuchte Swanek, Wandlampe aus Aluguss in Anthrazit\/Wei\u00df, 23 Watt, 1000 Lumen, Lichtfarbe 3000 Kelvin, verstellbare Wandleuchte m. Lichteffekt, f\u00fcr Terrasse\/Hof\/Haust\u00fcr, IP44","og_url":"https:\/\/marktxxl.de\/markt\/produkt\/led-aussenwandleuchte-swanek-wandlampe-aus-aluguss-in-anthrazit-weiss-23-watt-1000-lumen-lichtfarbe-3000-kelvin-verstellbare-wandleuchte-m-lichteffekt-fuer-terrasse-hof-haustuer-ip44\/","og_site_name":"Markt-XXL","twitter_card":"summary_large_image","twitter_misc":{"Gesch\u00e4tzte Lesezeit":"1\u00a0Minute"},"schema":{"@context":"https:\/\/schema.org","@graph":[{"@type":"WebPage","@id":"https:\/\/marktxxl.de\/markt\/produkt\/led-aussenwandleuchte-swanek-wandlampe-aus-aluguss-in-anthrazit-weiss-23-watt-1000-lumen-lichtfarbe-3000-kelvin-verstellbare-wandleuchte-m-lichteffekt-fuer-terrasse-hof-haustuer-ip44\/","url":"https:\/\/marktxxl.de\/markt\/produkt\/led-aussenwandleuchte-swanek-wandlampe-aus-aluguss-in-anthrazit-weiss-23-watt-1000-lumen-lichtfarbe-3000-kelvin-verstellbare-wandleuchte-m-lichteffekt-fuer-terrasse-hof-haustuer-ip44\/","name":"LED Au\u00dfenwandleuchte Swanek, Wandlampe aus Aluguss in Anthrazit\/Wei\u00df, 23 Watt, 1000 Lumen, Lichtfarbe 3000 Kelvin, verstellbare Wandleuchte m. Lichteffekt, f\u00fcr Terrasse\/Hof\/Haust\u00fcr, IP44 - Markt-XXL","isPartOf":{"@id":"https:\/\/marktxxl.de\/markt\/#website"},"primaryImageOfPage":{"@id":"https:\/\/marktxxl.de\/markt\/produkt\/led-aussenwandleuchte-swanek-wandlampe-aus-aluguss-in-anthrazit-weiss-23-watt-1000-lumen-lichtfarbe-3000-kelvin-verstellbare-wandleuchte-m-lichteffekt-fuer-terrasse-hof-haustuer-ip44\/#primaryimage"},"image":{"@id":"https:\/\/marktxxl.de\/markt\/produkt\/led-aussenwandleuchte-swanek-wandlampe-aus-aluguss-in-anthrazit-weiss-23-watt-1000-lumen-lichtfarbe-3000-kelvin-verstellbare-wandleuchte-m-lichteffekt-fuer-terrasse-hof-haustuer-ip44\/#primaryimage"},"thumbnailUrl":"https:\/\/m.media-amazon.com\/images\/I\/41SjIiWokiL._SL500_.jpg","datePublished":"2023-04-10T09:58:06+00:00","description":"Markt-XXL LED Au\u00dfenwandleuchte Swanek, Wandlampe aus Aluguss in Anthrazit\/Wei\u00df, 23 Watt, 1000 Lumen, Lichtfarbe 3000 Kelvin, verstellbare Wandleuchte m. Lichteffekt, f\u00fcr Terrasse\/Hof\/Haust\u00fcr, IP44","breadcrumb":{"@id":"https:\/\/marktxxl.de\/markt\/produkt\/led-aussenwandleuchte-swanek-wandlampe-aus-aluguss-in-anthrazit-weiss-23-watt-1000-lumen-lichtfarbe-3000-kelvin-verstellbare-wandleuchte-m-lichteffekt-fuer-terrasse-hof-haustuer-ip44\/#breadcrumb"},"inLanguage":"de","potentialAction":[{"@type":"ReadAction","target":["https:\/\/marktxxl.de\/markt\/produkt\/led-aussenwandleuchte-swanek-wandlampe-aus-aluguss-in-anthrazit-weiss-23-watt-1000-lumen-lichtfarbe-3000-kelvin-verstellbare-wandleuchte-m-lichteffekt-fuer-terrasse-hof-haustuer-ip44\/"]}]},{"@type":"ImageObject","inLanguage":"de","@id":"https:\/\/marktxxl.de\/markt\/produkt\/led-aussenwandleuchte-swanek-wandlampe-aus-aluguss-in-anthrazit-weiss-23-watt-1000-lumen-lichtfarbe-3000-kelvin-verstellbare-wandleuchte-m-lichteffekt-fuer-terrasse-hof-haustuer-ip44\/#primaryimage","url":"https:\/\/m.media-amazon.com\/images\/I\/41SjIiWokiL._SL500_.jpg","contentUrl":"https:\/\/m.media-amazon.com\/images\/I\/41SjIiWokiL._SL500_.jpg","width":500,"height":500},{"@type":"BreadcrumbList","@id":"https:\/\/marktxxl.de\/markt\/produkt\/led-aussenwandleuchte-swanek-wandlampe-aus-aluguss-in-anthrazit-weiss-23-watt-1000-lumen-lichtfarbe-3000-kelvin-verstellbare-wandleuchte-m-lichteffekt-fuer-terrasse-hof-haustuer-ip44\/#breadcrumb","itemListElement":[{"@type":"ListItem","position":1,"name":"Startseite","item":"https:\/\/marktxxl.de\/markt\/"},{"@type":"ListItem","position":2,"name":"Markt","item":"https:\/\/marktxxl.de\/markt\/"},{"@type":"ListItem","position":3,"name":"LED Au\u00dfenwandleuchte Swanek, Wandlampe aus Aluguss in Anthrazit\/Wei\u00df, 23 Watt, 1000 Lumen, Lichtfarbe 3000 Kelvin, verstellbare Wandleuchte m. Lichteffekt, f\u00fcr Terrasse\/Hof\/Haust\u00fcr, IP44"}]},{"@type":"WebSite","@id":"https:\/\/marktxxl.de\/markt\/#website","url":"https:\/\/marktxxl.de\/markt\/","name":"Markt-XXL","description":"Ihr Markt Online","publisher":{"@id":"https:\/\/marktxxl.de\/markt\/#organization"},"potentialAction":[{"@type":"SearchAction","target":{"@type":"EntryPoint","urlTemplate":"https:\/\/marktxxl.de\/markt\/?s={search_term_string}"},"query-input":{"@type":"PropertyValueSpecification","valueRequired":true,"valueName":"search_term_string"}}],"inLanguage":"de"},{"@type":"Organization","@id":"https:\/\/marktxxl.de\/markt\/#organization","name":"Markt-XXL","url":"https:\/\/marktxxl.de\/markt\/","logo":{"@type":"ImageObject","inLanguage":"de","@id":"https:\/\/marktxxl.de\/markt\/#\/schema\/logo\/image\/","url":"https:\/\/marktxxl.de\/markt\/wp-content\/uploads\/sites\/3\/2020\/12\/logo.png","contentUrl":"https:\/\/marktxxl.de\/markt\/wp-content\/uploads\/sites\/3\/2020\/12\/logo.png","width":200,"height":70,"caption":"Markt-XXL"},"image":{"@id":"https:\/\/marktxxl.de\/markt\/#\/schema\/logo\/image\/"}}]}},"_links":{"self":[{"href":"https:\/\/marktxxl.de\/markt\/wp-json\/wp\/v2\/product\/201097","targetHints":{"allow":["GET"]}}],"collection":[{"href":"https:\/\/marktxxl.de\/markt\/wp-json\/wp\/v2\/product"}],"about":[{"href":"https:\/\/marktxxl.de\/markt\/wp-json\/wp\/v2\/types\/product"}],"replies":[{"embeddable":true,"href":"https:\/\/marktxxl.de\/markt\/wp-json\/wp\/v2\/comments?post=201097"}],"wp:featuredmedia":[{"embeddable":true,"href":"https:\/\/marktxxl.de\/markt\/wp-json\/wp\/v2\/media\/201098"}],"wp:attachment":[{"href":"https:\/\/marktxxl.de\/markt\/wp-json\/wp\/v2\/media?parent=201097"}],"wp:term":[{"taxonomy":"product_brand","embeddable":true,"href":"https:\/\/marktxxl.de\/markt\/wp-json\/wp\/v2\/product_brand?post=201097"},{"taxonomy":"product_cat","embeddable":true,"href":"https:\/\/marktxxl.de\/markt\/wp-json\/wp\/v2\/product_cat?post=201097"},{"taxonomy":"product_tag","embeddable":true,"href":"https:\/\/marktxxl.de\/markt\/wp-json\/wp\/v2\/product_tag?post=201097"}],"curies":[{"name":"wp","href":"https:\/\/api.w.org\/{rel}","templated":true}]}}