{"id":200891,"date":"2023-04-10T11:14:58","date_gmt":"2023-04-10T09:14:58","guid":{"rendered":"https:\/\/marktxxl.de\/markt\/produkt\/spththhpy-acrylic-nail-set-of-6-uv-nail-polish-set-with-48-w-uv-led-nail-lamp-20g-acrylic-powder-set-3-colours-and-90-ml-acrylic-liquid-professional-liquid-set-15-nail-brushes\/"},"modified":"2023-04-10T11:14:58","modified_gmt":"2023-04-10T09:14:58","slug":"spththhpy-acrylic-nail-set-of-6-uv-nail-polish-set-with-48-w-uv-led-nail-lamp-20g-acrylic-powder-set-3-colours-and-90-ml-acrylic-liquid-professional-liquid-set-15-nail-brushes","status":"publish","type":"product","link":"https:\/\/marktxxl.de\/markt\/produkt\/spththhpy-acrylic-nail-set-of-6-uv-nail-polish-set-with-48-w-uv-led-nail-lamp-20g-acrylic-powder-set-3-colours-and-90-ml-acrylic-liquid-professional-liquid-set-15-nail-brushes\/","title":{"rendered":"SPTHTHHPY Acrylic Nail Set of 6 UV Nail Polish Set with 48 W UV\/LED Nail Lamp, 20g Acrylic Powder Set 3 Colours and 90 ml Acrylic Liquid Professional Liquid Set 15 Nail Brushes"},"content":{"rendered":"<p>WUNDERSCH\u00d6NE GELN\u00c4GEL ZUHAUSE: SPTHTHHPY bietet Ihnen das perfekte acryl nagelset Anf\u00e4nger Kit f\u00fcr sch\u00f6ne H\u00e4nde und F\u00fc\u00dfe. Es enth\u00e4lt 1 wei\u00dfe UV Nagellampe 48 Watt, mehr als 25 wichtige Zubeh\u00f6rteile f\u00fcr Ihre Nagelmodelage, darunter 6 UV Nagellacke in verschiedenen Farben, eine 2 Base \/ Top Coat ultra gl\u00e4nzend, 3 Farben acryl nagelset (90ml), verschiedene Nagelfeilen u.v.m.!<br \/>\nINTELLIGENTER LCD-BILDSCHIRMSENSOR UV NAIL LAMP: die neue 48 LED dual-wellenl\u00e4ngen-technologie vereint die vorteile von LED UV lampe mit LED n\u00e4gel UV, 3 timing-modi led nageltrockner uv-30s\/60s\/90s, der sensor des UV Lampe Nagellack Trockner erkennt die bewegung.LED Nagellampe Nagel mit LCD-Bildschirm zeigt automatisch die nutzungszeit an und stoppt, wenn Sie Ihre hand entfernen.<br \/>\nPROFESSIONELLES ACRYLPULVER: SPTHTHHPY Acrylpulver wird aus einer speziellen Formel und fortschrittlichen Herstellungsf\u00e4higkeiten hergestellt; Bietet makellose Konsistenz, hervorragende Haftung, glatte Selbstnivellierung und blasenfreie Anwendung, w\u00e4hrend es gleichzeitig au\u00dfergew\u00f6hnliche Festigkeit und Haltbarkeit bietet und etwa 3 Wochen ohne Aush\u00e4rtung h\u00e4lt.<br \/>\nNICHT VERGILBENDE UND GERUCHSARME ACRYLFL\u00dcSSIGKEIT: Das fl\u00fcssige Acrylmonomer von SPTHTHHPY ist mit UV-Stabilisatoren formuliert, um die Farbklarheit zu gew\u00e4hrleisten und ein Vergilben oder Abstumpfen zu verhindern. Es kann die beste Haftung auf der nat\u00fcrlichen Nagelplatte gew\u00e4hrleisten und sorgt f\u00fcr einen makellosen Glanz. Es ist geruchsschw\u00e4cher als andere Marken, es wird empfohlen, die Monomerfl\u00fcssigkeit an einem bel\u00fcfteten Ort zu verwenden.<br \/>\nPROFI ZUHAUSE: Mit dem Starter Kit erm\u00f6glicht SPTHTHHPY jedem von Ihnen eine professionelle Manik\u00fcre und Pedik\u00fcre, die eines Sch\u00f6nheitssalons w\u00fcrdig ist. Ob Einsteiger oder Amateur, das Kit enth\u00e4lt alles was Sie brauchen, um Ihre semipermanenten Lacke schnell und einfach aufzutragen und zu entfernen. Au\u00dferdem enth\u00e4lt dieses Set Nailart Zubeh\u00f6r, mit dem Sie Ihrer Kreativit\u00e4t Ausdruck verleihen k\u00f6nnen!<br \/>\n<div class=\"main-cross-sell\" data-asin=\"B09TDTC96J\">\n\n\t<div class=\"WooZone-cross-sell-loader\">\n\t\t<div>\n\t\t\t<div id=\"floatingBarsG\">\n\t\t\t\t<div class=\"blockG\" id=\"rotateG_01\"><\/div>\n\t\t\t\t<div class=\"blockG\" id=\"rotateG_02\"><\/div>\n\t\t\t\t<div class=\"blockG\" id=\"rotateG_03\"><\/div>\n\t\t\t\t<div class=\"blockG\" id=\"rotateG_04\"><\/div>\n\t\t\t\t<div class=\"blockG\" id=\"rotateG_05\"><\/div>\n\t\t\t\t<div class=\"blockG\" id=\"rotateG_06\"><\/div>\n\t\t\t\t<div class=\"blockG\" id=\"rotateG_07\"><\/div>\n\t\t\t\t<div class=\"blockG\" id=\"rotateG_08\"><\/div>\n\t\t\t<\/div>\n\t\t\t<div class=\"WooZone-cross-sell-loader-text\"><\/div>\n\t\t<\/div>\n\t<\/div>\n\n\t\t\n<\/div>\n<div style=\"clear:both;\"><\/div><\/p>\n","protected":false},"excerpt":{"rendered":"<p>WUNDERSCH\u00d6NE GELN\u00c4GEL ZUHAUSE: SPTHTHHPY bietet Ihnen das perfekte acryl nagelset Anf\u00e4nger Kit f\u00fcr sch\u00f6ne H\u00e4nde und F\u00fc\u00dfe. Es enth\u00e4lt 1 wei\u00dfe UV Nagellampe 48 Watt, mehr als 25 wichtige Zubeh\u00f6rteile f\u00fcr Ihre Nagelmodelage, darunter 6 UV Nagellacke in verschiedenen Farben, eine 2 Base \/ Top Coat ultra gl\u00e4nzend, 3 Farben acryl nagelset (90ml), verschiedene Nagelfeilen u.v.m.!<br \/>\nINTELLIGENTER LCD-BILDSCHIRMSENSOR UV NAIL LAMP: die neue 48 LED dual-wellenl\u00e4ngen-technologie vereint die vorteile von LED UV lampe mit LED n\u00e4gel UV, 3 timing-modi led nageltrockner uv-30s\/60s\/90s, der sensor des UV Lampe Nagellack Trockner erkennt die bewegung.LED Nagellampe Nagel mit LCD-Bildschirm zeigt automatisch die nutzungszeit an und stoppt, wenn Sie Ihre hand entfernen.<br \/>\nPROFESSIONELLES ACRYLPULVER: SPTHTHHPY Acrylpulver wird aus einer speziellen Formel und fortschrittlichen Herstellungsf\u00e4higkeiten hergestellt; Bietet makellose Konsistenz, hervorragende Haftung, glatte Selbstnivellierung und blasenfreie Anwendung, w\u00e4hrend es gleichzeitig au\u00dfergew\u00f6hnliche Festigkeit und Haltbarkeit bietet und etwa 3 Wochen ohne Aush\u00e4rtung h\u00e4lt.<\/p>\n","protected":false},"featured_media":200892,"comment_status":"open","ping_status":"closed","template":"","meta":[],"product_brand":[],"product_cat":[2858,7659],"product_tag":[],"class_list":{"0":"post-200891","1":"product","2":"type-product","3":"status-publish","4":"has-post-thumbnail","6":"product_cat-beauty","7":"product_cat-manikuere-pedikuere","8":"pa_binding-badartikel","9":"pa_brand-spththhpy","10":"pa_color-3608","11":"pa_manufacturer-spththhpy","13":"first","14":"instock","15":"shipping-taxable","16":"purchasable","17":"product-type-simple","18":"customify-col","19":"product-has-gallery"},"yoast_head":"<!-- This site is optimized with the Yoast SEO plugin v27.3 - https:\/\/yoast.com\/product\/yoast-seo-wordpress\/ -->\n<title>SPTHTHHPY Acrylic Nail Set of 6 UV Nail Polish Set with 48 W UV\/LED Nail Lamp, 20g Acrylic Powder Set 3 Colours and 90 ml Acrylic Liquid Professional Liquid Set 15 Nail Brushes - Markt-XXL<\/title>\n<meta name=\"description\" content=\"Markt-XXL SPTHTHHPY Acrylic Nail Set of 6 UV Nail Polish Set with 48 W UV\/LED Nail Lamp, 20g Acrylic Powder Set 3 Colours and 90 ml Acrylic Liquid Professional Liquid Set 15 Nail Brushes\" \/>\n<meta name=\"robots\" content=\"index, follow, max-snippet:-1, max-image-preview:large, max-video-preview:-1\" \/>\n<link rel=\"canonical\" href=\"https:\/\/marktxxl.de\/markt\/produkt\/spththhpy-acrylic-nail-set-of-6-uv-nail-polish-set-with-48-w-uv-led-nail-lamp-20g-acrylic-powder-set-3-colours-and-90-ml-acrylic-liquid-professional-liquid-set-15-nail-brushes\/\" \/>\n<meta property=\"og:locale\" content=\"de_DE\" \/>\n<meta property=\"og:type\" content=\"article\" \/>\n<meta property=\"og:title\" content=\"SPTHTHHPY Acrylic Nail Set of 6 UV Nail Polish Set with 48 W UV\/LED Nail Lamp, 20g Acrylic Powder Set 3 Colours and 90 ml Acrylic Liquid Professional Liquid Set 15 Nail Brushes - Markt-XXL\" \/>\n<meta property=\"og:description\" content=\"Markt-XXL SPTHTHHPY Acrylic Nail Set of 6 UV Nail Polish Set with 48 W UV\/LED Nail Lamp, 20g Acrylic Powder Set 3 Colours and 90 ml Acrylic Liquid Professional Liquid Set 15 Nail Brushes\" \/>\n<meta property=\"og:url\" content=\"https:\/\/marktxxl.de\/markt\/produkt\/spththhpy-acrylic-nail-set-of-6-uv-nail-polish-set-with-48-w-uv-led-nail-lamp-20g-acrylic-powder-set-3-colours-and-90-ml-acrylic-liquid-professional-liquid-set-15-nail-brushes\/\" \/>\n<meta property=\"og:site_name\" content=\"Markt-XXL\" \/>\n<meta name=\"twitter:card\" content=\"summary_large_image\" \/>\n<meta name=\"twitter:label1\" content=\"Gesch\u00e4tzte Lesezeit\" \/>\n\t<meta name=\"twitter:data1\" content=\"2\u00a0Minuten\" \/>\n<script type=\"application\/ld+json\" class=\"yoast-schema-graph\">{\"@context\":\"https:\\\/\\\/schema.org\",\"@graph\":[{\"@type\":\"WebPage\",\"@id\":\"https:\\\/\\\/marktxxl.de\\\/markt\\\/produkt\\\/spththhpy-acrylic-nail-set-of-6-uv-nail-polish-set-with-48-w-uv-led-nail-lamp-20g-acrylic-powder-set-3-colours-and-90-ml-acrylic-liquid-professional-liquid-set-15-nail-brushes\\\/\",\"url\":\"https:\\\/\\\/marktxxl.de\\\/markt\\\/produkt\\\/spththhpy-acrylic-nail-set-of-6-uv-nail-polish-set-with-48-w-uv-led-nail-lamp-20g-acrylic-powder-set-3-colours-and-90-ml-acrylic-liquid-professional-liquid-set-15-nail-brushes\\\/\",\"name\":\"SPTHTHHPY Acrylic Nail Set of 6 UV Nail Polish Set with 48 W UV\\\/LED Nail Lamp, 20g Acrylic Powder Set 3 Colours and 90 ml Acrylic Liquid Professional Liquid Set 15 Nail Brushes - Markt-XXL\",\"isPartOf\":{\"@id\":\"https:\\\/\\\/marktxxl.de\\\/markt\\\/#website\"},\"primaryImageOfPage\":{\"@id\":\"https:\\\/\\\/marktxxl.de\\\/markt\\\/produkt\\\/spththhpy-acrylic-nail-set-of-6-uv-nail-polish-set-with-48-w-uv-led-nail-lamp-20g-acrylic-powder-set-3-colours-and-90-ml-acrylic-liquid-professional-liquid-set-15-nail-brushes\\\/#primaryimage\"},\"image\":{\"@id\":\"https:\\\/\\\/marktxxl.de\\\/markt\\\/produkt\\\/spththhpy-acrylic-nail-set-of-6-uv-nail-polish-set-with-48-w-uv-led-nail-lamp-20g-acrylic-powder-set-3-colours-and-90-ml-acrylic-liquid-professional-liquid-set-15-nail-brushes\\\/#primaryimage\"},\"thumbnailUrl\":\"https:\\\/\\\/m.media-amazon.com\\\/images\\\/I\\\/51nMbJSVk8L._SL500_.jpg\",\"datePublished\":\"2023-04-10T09:14:58+00:00\",\"description\":\"Markt-XXL SPTHTHHPY Acrylic Nail Set of 6 UV Nail Polish Set with 48 W UV\\\/LED Nail Lamp, 20g Acrylic Powder Set 3 Colours and 90 ml Acrylic Liquid Professional Liquid Set 15 Nail Brushes\",\"breadcrumb\":{\"@id\":\"https:\\\/\\\/marktxxl.de\\\/markt\\\/produkt\\\/spththhpy-acrylic-nail-set-of-6-uv-nail-polish-set-with-48-w-uv-led-nail-lamp-20g-acrylic-powder-set-3-colours-and-90-ml-acrylic-liquid-professional-liquid-set-15-nail-brushes\\\/#breadcrumb\"},\"inLanguage\":\"de\",\"potentialAction\":[{\"@type\":\"ReadAction\",\"target\":[\"https:\\\/\\\/marktxxl.de\\\/markt\\\/produkt\\\/spththhpy-acrylic-nail-set-of-6-uv-nail-polish-set-with-48-w-uv-led-nail-lamp-20g-acrylic-powder-set-3-colours-and-90-ml-acrylic-liquid-professional-liquid-set-15-nail-brushes\\\/\"]}]},{\"@type\":\"ImageObject\",\"inLanguage\":\"de\",\"@id\":\"https:\\\/\\\/marktxxl.de\\\/markt\\\/produkt\\\/spththhpy-acrylic-nail-set-of-6-uv-nail-polish-set-with-48-w-uv-led-nail-lamp-20g-acrylic-powder-set-3-colours-and-90-ml-acrylic-liquid-professional-liquid-set-15-nail-brushes\\\/#primaryimage\",\"url\":\"https:\\\/\\\/m.media-amazon.com\\\/images\\\/I\\\/51nMbJSVk8L._SL500_.jpg\",\"contentUrl\":\"https:\\\/\\\/m.media-amazon.com\\\/images\\\/I\\\/51nMbJSVk8L._SL500_.jpg\",\"width\":500,\"height\":500},{\"@type\":\"BreadcrumbList\",\"@id\":\"https:\\\/\\\/marktxxl.de\\\/markt\\\/produkt\\\/spththhpy-acrylic-nail-set-of-6-uv-nail-polish-set-with-48-w-uv-led-nail-lamp-20g-acrylic-powder-set-3-colours-and-90-ml-acrylic-liquid-professional-liquid-set-15-nail-brushes\\\/#breadcrumb\",\"itemListElement\":[{\"@type\":\"ListItem\",\"position\":1,\"name\":\"Startseite\",\"item\":\"https:\\\/\\\/marktxxl.de\\\/markt\\\/\"},{\"@type\":\"ListItem\",\"position\":2,\"name\":\"Markt\",\"item\":\"https:\\\/\\\/marktxxl.de\\\/markt\\\/\"},{\"@type\":\"ListItem\",\"position\":3,\"name\":\"SPTHTHHPY Acrylic Nail Set of 6 UV Nail Polish Set with 48 W UV\\\/LED Nail Lamp, 20g Acrylic Powder Set 3 Colours and 90 ml Acrylic Liquid Professional Liquid Set 15 Nail Brushes\"}]},{\"@type\":\"WebSite\",\"@id\":\"https:\\\/\\\/marktxxl.de\\\/markt\\\/#website\",\"url\":\"https:\\\/\\\/marktxxl.de\\\/markt\\\/\",\"name\":\"Markt-XXL\",\"description\":\"Ihr Markt Online\",\"publisher\":{\"@id\":\"https:\\\/\\\/marktxxl.de\\\/markt\\\/#organization\"},\"potentialAction\":[{\"@type\":\"SearchAction\",\"target\":{\"@type\":\"EntryPoint\",\"urlTemplate\":\"https:\\\/\\\/marktxxl.de\\\/markt\\\/?s={search_term_string}\"},\"query-input\":{\"@type\":\"PropertyValueSpecification\",\"valueRequired\":true,\"valueName\":\"search_term_string\"}}],\"inLanguage\":\"de\"},{\"@type\":\"Organization\",\"@id\":\"https:\\\/\\\/marktxxl.de\\\/markt\\\/#organization\",\"name\":\"Markt-XXL\",\"url\":\"https:\\\/\\\/marktxxl.de\\\/markt\\\/\",\"logo\":{\"@type\":\"ImageObject\",\"inLanguage\":\"de\",\"@id\":\"https:\\\/\\\/marktxxl.de\\\/markt\\\/#\\\/schema\\\/logo\\\/image\\\/\",\"url\":\"https:\\\/\\\/marktxxl.de\\\/markt\\\/wp-content\\\/uploads\\\/sites\\\/3\\\/2020\\\/12\\\/logo.png\",\"contentUrl\":\"https:\\\/\\\/marktxxl.de\\\/markt\\\/wp-content\\\/uploads\\\/sites\\\/3\\\/2020\\\/12\\\/logo.png\",\"width\":200,\"height\":70,\"caption\":\"Markt-XXL\"},\"image\":{\"@id\":\"https:\\\/\\\/marktxxl.de\\\/markt\\\/#\\\/schema\\\/logo\\\/image\\\/\"}}]}<\/script>\n<!-- \/ Yoast SEO plugin. -->","yoast_head_json":{"title":"SPTHTHHPY Acrylic Nail Set of 6 UV Nail Polish Set with 48 W UV\/LED Nail Lamp, 20g Acrylic Powder Set 3 Colours and 90 ml Acrylic Liquid Professional Liquid Set 15 Nail Brushes - Markt-XXL","description":"Markt-XXL SPTHTHHPY Acrylic Nail Set of 6 UV Nail Polish Set with 48 W UV\/LED Nail Lamp, 20g Acrylic Powder Set 3 Colours and 90 ml Acrylic Liquid Professional Liquid Set 15 Nail Brushes","robots":{"index":"index","follow":"follow","max-snippet":"max-snippet:-1","max-image-preview":"max-image-preview:large","max-video-preview":"max-video-preview:-1"},"canonical":"https:\/\/marktxxl.de\/markt\/produkt\/spththhpy-acrylic-nail-set-of-6-uv-nail-polish-set-with-48-w-uv-led-nail-lamp-20g-acrylic-powder-set-3-colours-and-90-ml-acrylic-liquid-professional-liquid-set-15-nail-brushes\/","og_locale":"de_DE","og_type":"article","og_title":"SPTHTHHPY Acrylic Nail Set of 6 UV Nail Polish Set with 48 W UV\/LED Nail Lamp, 20g Acrylic Powder Set 3 Colours and 90 ml Acrylic Liquid Professional Liquid Set 15 Nail Brushes - Markt-XXL","og_description":"Markt-XXL SPTHTHHPY Acrylic Nail Set of 6 UV Nail Polish Set with 48 W UV\/LED Nail Lamp, 20g Acrylic Powder Set 3 Colours and 90 ml Acrylic Liquid Professional Liquid Set 15 Nail Brushes","og_url":"https:\/\/marktxxl.de\/markt\/produkt\/spththhpy-acrylic-nail-set-of-6-uv-nail-polish-set-with-48-w-uv-led-nail-lamp-20g-acrylic-powder-set-3-colours-and-90-ml-acrylic-liquid-professional-liquid-set-15-nail-brushes\/","og_site_name":"Markt-XXL","twitter_card":"summary_large_image","twitter_misc":{"Gesch\u00e4tzte Lesezeit":"2\u00a0Minuten"},"schema":{"@context":"https:\/\/schema.org","@graph":[{"@type":"WebPage","@id":"https:\/\/marktxxl.de\/markt\/produkt\/spththhpy-acrylic-nail-set-of-6-uv-nail-polish-set-with-48-w-uv-led-nail-lamp-20g-acrylic-powder-set-3-colours-and-90-ml-acrylic-liquid-professional-liquid-set-15-nail-brushes\/","url":"https:\/\/marktxxl.de\/markt\/produkt\/spththhpy-acrylic-nail-set-of-6-uv-nail-polish-set-with-48-w-uv-led-nail-lamp-20g-acrylic-powder-set-3-colours-and-90-ml-acrylic-liquid-professional-liquid-set-15-nail-brushes\/","name":"SPTHTHHPY Acrylic Nail Set of 6 UV Nail Polish Set with 48 W UV\/LED Nail Lamp, 20g Acrylic Powder Set 3 Colours and 90 ml Acrylic Liquid Professional Liquid Set 15 Nail Brushes - Markt-XXL","isPartOf":{"@id":"https:\/\/marktxxl.de\/markt\/#website"},"primaryImageOfPage":{"@id":"https:\/\/marktxxl.de\/markt\/produkt\/spththhpy-acrylic-nail-set-of-6-uv-nail-polish-set-with-48-w-uv-led-nail-lamp-20g-acrylic-powder-set-3-colours-and-90-ml-acrylic-liquid-professional-liquid-set-15-nail-brushes\/#primaryimage"},"image":{"@id":"https:\/\/marktxxl.de\/markt\/produkt\/spththhpy-acrylic-nail-set-of-6-uv-nail-polish-set-with-48-w-uv-led-nail-lamp-20g-acrylic-powder-set-3-colours-and-90-ml-acrylic-liquid-professional-liquid-set-15-nail-brushes\/#primaryimage"},"thumbnailUrl":"https:\/\/m.media-amazon.com\/images\/I\/51nMbJSVk8L._SL500_.jpg","datePublished":"2023-04-10T09:14:58+00:00","description":"Markt-XXL SPTHTHHPY Acrylic Nail Set of 6 UV Nail Polish Set with 48 W UV\/LED Nail Lamp, 20g Acrylic Powder Set 3 Colours and 90 ml Acrylic Liquid Professional Liquid Set 15 Nail Brushes","breadcrumb":{"@id":"https:\/\/marktxxl.de\/markt\/produkt\/spththhpy-acrylic-nail-set-of-6-uv-nail-polish-set-with-48-w-uv-led-nail-lamp-20g-acrylic-powder-set-3-colours-and-90-ml-acrylic-liquid-professional-liquid-set-15-nail-brushes\/#breadcrumb"},"inLanguage":"de","potentialAction":[{"@type":"ReadAction","target":["https:\/\/marktxxl.de\/markt\/produkt\/spththhpy-acrylic-nail-set-of-6-uv-nail-polish-set-with-48-w-uv-led-nail-lamp-20g-acrylic-powder-set-3-colours-and-90-ml-acrylic-liquid-professional-liquid-set-15-nail-brushes\/"]}]},{"@type":"ImageObject","inLanguage":"de","@id":"https:\/\/marktxxl.de\/markt\/produkt\/spththhpy-acrylic-nail-set-of-6-uv-nail-polish-set-with-48-w-uv-led-nail-lamp-20g-acrylic-powder-set-3-colours-and-90-ml-acrylic-liquid-professional-liquid-set-15-nail-brushes\/#primaryimage","url":"https:\/\/m.media-amazon.com\/images\/I\/51nMbJSVk8L._SL500_.jpg","contentUrl":"https:\/\/m.media-amazon.com\/images\/I\/51nMbJSVk8L._SL500_.jpg","width":500,"height":500},{"@type":"BreadcrumbList","@id":"https:\/\/marktxxl.de\/markt\/produkt\/spththhpy-acrylic-nail-set-of-6-uv-nail-polish-set-with-48-w-uv-led-nail-lamp-20g-acrylic-powder-set-3-colours-and-90-ml-acrylic-liquid-professional-liquid-set-15-nail-brushes\/#breadcrumb","itemListElement":[{"@type":"ListItem","position":1,"name":"Startseite","item":"https:\/\/marktxxl.de\/markt\/"},{"@type":"ListItem","position":2,"name":"Markt","item":"https:\/\/marktxxl.de\/markt\/"},{"@type":"ListItem","position":3,"name":"SPTHTHHPY Acrylic Nail Set of 6 UV Nail Polish Set with 48 W UV\/LED Nail Lamp, 20g Acrylic Powder Set 3 Colours and 90 ml Acrylic Liquid Professional Liquid Set 15 Nail Brushes"}]},{"@type":"WebSite","@id":"https:\/\/marktxxl.de\/markt\/#website","url":"https:\/\/marktxxl.de\/markt\/","name":"Markt-XXL","description":"Ihr Markt Online","publisher":{"@id":"https:\/\/marktxxl.de\/markt\/#organization"},"potentialAction":[{"@type":"SearchAction","target":{"@type":"EntryPoint","urlTemplate":"https:\/\/marktxxl.de\/markt\/?s={search_term_string}"},"query-input":{"@type":"PropertyValueSpecification","valueRequired":true,"valueName":"search_term_string"}}],"inLanguage":"de"},{"@type":"Organization","@id":"https:\/\/marktxxl.de\/markt\/#organization","name":"Markt-XXL","url":"https:\/\/marktxxl.de\/markt\/","logo":{"@type":"ImageObject","inLanguage":"de","@id":"https:\/\/marktxxl.de\/markt\/#\/schema\/logo\/image\/","url":"https:\/\/marktxxl.de\/markt\/wp-content\/uploads\/sites\/3\/2020\/12\/logo.png","contentUrl":"https:\/\/marktxxl.de\/markt\/wp-content\/uploads\/sites\/3\/2020\/12\/logo.png","width":200,"height":70,"caption":"Markt-XXL"},"image":{"@id":"https:\/\/marktxxl.de\/markt\/#\/schema\/logo\/image\/"}}]}},"_links":{"self":[{"href":"https:\/\/marktxxl.de\/markt\/wp-json\/wp\/v2\/product\/200891","targetHints":{"allow":["GET"]}}],"collection":[{"href":"https:\/\/marktxxl.de\/markt\/wp-json\/wp\/v2\/product"}],"about":[{"href":"https:\/\/marktxxl.de\/markt\/wp-json\/wp\/v2\/types\/product"}],"replies":[{"embeddable":true,"href":"https:\/\/marktxxl.de\/markt\/wp-json\/wp\/v2\/comments?post=200891"}],"wp:featuredmedia":[{"embeddable":true,"href":"https:\/\/marktxxl.de\/markt\/wp-json\/wp\/v2\/media\/200892"}],"wp:attachment":[{"href":"https:\/\/marktxxl.de\/markt\/wp-json\/wp\/v2\/media?parent=200891"}],"wp:term":[{"taxonomy":"product_brand","embeddable":true,"href":"https:\/\/marktxxl.de\/markt\/wp-json\/wp\/v2\/product_brand?post=200891"},{"taxonomy":"product_cat","embeddable":true,"href":"https:\/\/marktxxl.de\/markt\/wp-json\/wp\/v2\/product_cat?post=200891"},{"taxonomy":"product_tag","embeddable":true,"href":"https:\/\/marktxxl.de\/markt\/wp-json\/wp\/v2\/product_tag?post=200891"}],"curies":[{"name":"wp","href":"https:\/\/api.w.org\/{rel}","templated":true}]}}