{"id":200844,"date":"2023-04-10T11:11:44","date_gmt":"2023-04-10T09:11:44","guid":{"rendered":"https:\/\/marktxxl.de\/markt\/produkt\/affenzahn-kinderportemonnaie-brustbeutel-umhaengetasche-fuer-kinder-im-kindergarten\/"},"modified":"2023-04-10T11:11:44","modified_gmt":"2023-04-10T09:11:44","slug":"affenzahn-kinderportemonnaie-brustbeutel-umhaengetasche-fuer-kinder-im-kindergarten","status":"publish","type":"product","link":"https:\/\/marktxxl.de\/markt\/produkt\/affenzahn-kinderportemonnaie-brustbeutel-umhaengetasche-fuer-kinder-im-kindergarten\/","title":{"rendered":"Affenzahn Kinderportemonnaie Brustbeutel, Umh\u00e4ngetasche f\u00fcr Kinder im Kindergarten"},"content":{"rendered":"<p>Sicherer Klick-Verschluss &#8211; Bleibt der Geldbeutel irgendwo h\u00e4ngen, l\u00f6st sich der Klick-Verschlussum ein m\u00f6gliches Strangulieren zu verhindern, wie es bei herk\u00f6mmlichen Gelbeuteln der Fall ist.<br \/>\nSchatzfach -Um alle Kinderkostbarkeiten fr\u00f6hlich und sicher zu verwahren,verf\u00fcgt der Gelbeutel \u00fcber einen Zippverschluss<br \/>\nZiehzunge &#8211; Geld rein, Zunge raus. Falls der Schatz mal verloren geht,hilft das Namensschild auf der Zunge mit einem Hinweis auf Besitzer oder Besitzerin.<br \/>\nGestickte Details &#8211; Jedes liebevoll gefertigte Gesicht bekommt gestickt seinen pers\u00f6nlichen Charakter. Klar, dass jeder Affenzahn anders ist.<br \/>\nMehrfarbige Kordel &#8211; Eine klassische Sinn-Win-Situation. Die bunte Kordel ist erstens superpraktisch und sieht echt s\u00fc\u00df aus<br \/>\n<div class=\"main-cross-sell\" data-asin=\"B0BXJLXKJR\">\n\n\t<div class=\"WooZone-cross-sell-loader\">\n\t\t<div>\n\t\t\t<div id=\"floatingBarsG\">\n\t\t\t\t<div class=\"blockG\" id=\"rotateG_01\"><\/div>\n\t\t\t\t<div class=\"blockG\" id=\"rotateG_02\"><\/div>\n\t\t\t\t<div class=\"blockG\" id=\"rotateG_03\"><\/div>\n\t\t\t\t<div class=\"blockG\" id=\"rotateG_04\"><\/div>\n\t\t\t\t<div class=\"blockG\" id=\"rotateG_05\"><\/div>\n\t\t\t\t<div class=\"blockG\" id=\"rotateG_06\"><\/div>\n\t\t\t\t<div class=\"blockG\" id=\"rotateG_07\"><\/div>\n\t\t\t\t<div class=\"blockG\" id=\"rotateG_08\"><\/div>\n\t\t\t<\/div>\n\t\t\t<div class=\"WooZone-cross-sell-loader-text\"><\/div>\n\t\t<\/div>\n\t<\/div>\n\n\t\t\n<\/div>\n<div style=\"clear:both;\"><\/div><\/p>\n","protected":false},"excerpt":{"rendered":"<p>Sicherer Klick-Verschluss &#8211; Bleibt der Geldbeutel irgendwo h\u00e4ngen, l\u00f6st sich der Klick-Verschlussum ein m\u00f6gliches Strangulieren zu verhindern, wie es bei herk\u00f6mmlichen Gelbeuteln der Fall ist.<br \/>\nSchatzfach -Um alle Kinderkostbarkeiten fr\u00f6hlich und sicher zu verwahren,verf\u00fcgt der Gelbeutel \u00fcber einen Zippverschluss<br \/>\nZiehzunge &#8211; Geld rein, Zunge raus. Falls der Schatz mal verloren geht,hilft das Namensschild auf der Zunge mit einem Hinweis auf Besitzer oder Besitzerin.<\/p>\n","protected":false},"featured_media":200845,"comment_status":"open","ping_status":"closed","template":"","meta":[],"product_brand":[],"product_cat":[1186,4069],"product_tag":[],"class_list":{"0":"post-200844","1":"product","2":"type-product","3":"status-publish","4":"has-post-thumbnail","6":"product_cat-bekleidung","7":"product_cat-spezielle-anlaesse","8":"pa_binding-textilien","9":"pa_brand-affenzahn","10":"pa_brand-thames-hudson","11":"pa_manufacturer-affenzahn","12":"pa_weight-0-0881849048-pfund","14":"first","15":"instock","16":"shipping-taxable","17":"product-type-simple","18":"customify-col","19":"product-has-gallery"},"yoast_head":"<!-- This site is optimized with the Yoast SEO plugin v27.3 - https:\/\/yoast.com\/product\/yoast-seo-wordpress\/ -->\n<title>Affenzahn Kinderportemonnaie Brustbeutel, Umh\u00e4ngetasche f\u00fcr Kinder im Kindergarten - Markt-XXL<\/title>\n<meta name=\"description\" content=\"Markt-XXL Affenzahn Kinderportemonnaie Brustbeutel, Umh\u00e4ngetasche f\u00fcr Kinder im Kindergarten\" \/>\n<meta name=\"robots\" content=\"index, follow, max-snippet:-1, max-image-preview:large, max-video-preview:-1\" \/>\n<link rel=\"canonical\" href=\"https:\/\/marktxxl.de\/markt\/produkt\/affenzahn-kinderportemonnaie-brustbeutel-umhaengetasche-fuer-kinder-im-kindergarten\/\" \/>\n<meta property=\"og:locale\" content=\"de_DE\" \/>\n<meta property=\"og:type\" content=\"article\" \/>\n<meta property=\"og:title\" content=\"Affenzahn Kinderportemonnaie Brustbeutel, Umh\u00e4ngetasche f\u00fcr Kinder im Kindergarten - Markt-XXL\" \/>\n<meta property=\"og:description\" content=\"Markt-XXL Affenzahn Kinderportemonnaie Brustbeutel, Umh\u00e4ngetasche f\u00fcr Kinder im Kindergarten\" \/>\n<meta property=\"og:url\" content=\"https:\/\/marktxxl.de\/markt\/produkt\/affenzahn-kinderportemonnaie-brustbeutel-umhaengetasche-fuer-kinder-im-kindergarten\/\" \/>\n<meta property=\"og:site_name\" content=\"Markt-XXL\" \/>\n<meta name=\"twitter:card\" content=\"summary_large_image\" \/>\n<meta name=\"twitter:label1\" content=\"Gesch\u00e4tzte Lesezeit\" \/>\n\t<meta name=\"twitter:data1\" content=\"1\u00a0Minute\" \/>\n<script type=\"application\/ld+json\" class=\"yoast-schema-graph\">{\"@context\":\"https:\\\/\\\/schema.org\",\"@graph\":[{\"@type\":\"WebPage\",\"@id\":\"https:\\\/\\\/marktxxl.de\\\/markt\\\/produkt\\\/affenzahn-kinderportemonnaie-brustbeutel-umhaengetasche-fuer-kinder-im-kindergarten\\\/\",\"url\":\"https:\\\/\\\/marktxxl.de\\\/markt\\\/produkt\\\/affenzahn-kinderportemonnaie-brustbeutel-umhaengetasche-fuer-kinder-im-kindergarten\\\/\",\"name\":\"Affenzahn Kinderportemonnaie Brustbeutel, Umh\u00e4ngetasche f\u00fcr Kinder im Kindergarten - Markt-XXL\",\"isPartOf\":{\"@id\":\"https:\\\/\\\/marktxxl.de\\\/markt\\\/#website\"},\"primaryImageOfPage\":{\"@id\":\"https:\\\/\\\/marktxxl.de\\\/markt\\\/produkt\\\/affenzahn-kinderportemonnaie-brustbeutel-umhaengetasche-fuer-kinder-im-kindergarten\\\/#primaryimage\"},\"image\":{\"@id\":\"https:\\\/\\\/marktxxl.de\\\/markt\\\/produkt\\\/affenzahn-kinderportemonnaie-brustbeutel-umhaengetasche-fuer-kinder-im-kindergarten\\\/#primaryimage\"},\"thumbnailUrl\":\"https:\\\/\\\/m.media-amazon.com\\\/images\\\/I\\\/417-F0uVKsS._SL500_.jpg\",\"datePublished\":\"2023-04-10T09:11:44+00:00\",\"description\":\"Markt-XXL Affenzahn Kinderportemonnaie Brustbeutel, Umh\u00e4ngetasche f\u00fcr Kinder im Kindergarten\",\"breadcrumb\":{\"@id\":\"https:\\\/\\\/marktxxl.de\\\/markt\\\/produkt\\\/affenzahn-kinderportemonnaie-brustbeutel-umhaengetasche-fuer-kinder-im-kindergarten\\\/#breadcrumb\"},\"inLanguage\":\"de\",\"potentialAction\":[{\"@type\":\"ReadAction\",\"target\":[\"https:\\\/\\\/marktxxl.de\\\/markt\\\/produkt\\\/affenzahn-kinderportemonnaie-brustbeutel-umhaengetasche-fuer-kinder-im-kindergarten\\\/\"]}]},{\"@type\":\"ImageObject\",\"inLanguage\":\"de\",\"@id\":\"https:\\\/\\\/marktxxl.de\\\/markt\\\/produkt\\\/affenzahn-kinderportemonnaie-brustbeutel-umhaengetasche-fuer-kinder-im-kindergarten\\\/#primaryimage\",\"url\":\"https:\\\/\\\/m.media-amazon.com\\\/images\\\/I\\\/417-F0uVKsS._SL500_.jpg\",\"contentUrl\":\"https:\\\/\\\/m.media-amazon.com\\\/images\\\/I\\\/417-F0uVKsS._SL500_.jpg\",\"width\":500,\"height\":500},{\"@type\":\"BreadcrumbList\",\"@id\":\"https:\\\/\\\/marktxxl.de\\\/markt\\\/produkt\\\/affenzahn-kinderportemonnaie-brustbeutel-umhaengetasche-fuer-kinder-im-kindergarten\\\/#breadcrumb\",\"itemListElement\":[{\"@type\":\"ListItem\",\"position\":1,\"name\":\"Startseite\",\"item\":\"https:\\\/\\\/marktxxl.de\\\/markt\\\/\"},{\"@type\":\"ListItem\",\"position\":2,\"name\":\"Markt\",\"item\":\"https:\\\/\\\/marktxxl.de\\\/markt\\\/\"},{\"@type\":\"ListItem\",\"position\":3,\"name\":\"Affenzahn Kinderportemonnaie Brustbeutel, Umh\u00e4ngetasche f\u00fcr Kinder im Kindergarten\"}]},{\"@type\":\"WebSite\",\"@id\":\"https:\\\/\\\/marktxxl.de\\\/markt\\\/#website\",\"url\":\"https:\\\/\\\/marktxxl.de\\\/markt\\\/\",\"name\":\"Markt-XXL\",\"description\":\"Ihr Markt Online\",\"publisher\":{\"@id\":\"https:\\\/\\\/marktxxl.de\\\/markt\\\/#organization\"},\"potentialAction\":[{\"@type\":\"SearchAction\",\"target\":{\"@type\":\"EntryPoint\",\"urlTemplate\":\"https:\\\/\\\/marktxxl.de\\\/markt\\\/?s={search_term_string}\"},\"query-input\":{\"@type\":\"PropertyValueSpecification\",\"valueRequired\":true,\"valueName\":\"search_term_string\"}}],\"inLanguage\":\"de\"},{\"@type\":\"Organization\",\"@id\":\"https:\\\/\\\/marktxxl.de\\\/markt\\\/#organization\",\"name\":\"Markt-XXL\",\"url\":\"https:\\\/\\\/marktxxl.de\\\/markt\\\/\",\"logo\":{\"@type\":\"ImageObject\",\"inLanguage\":\"de\",\"@id\":\"https:\\\/\\\/marktxxl.de\\\/markt\\\/#\\\/schema\\\/logo\\\/image\\\/\",\"url\":\"https:\\\/\\\/marktxxl.de\\\/markt\\\/wp-content\\\/uploads\\\/sites\\\/3\\\/2020\\\/12\\\/logo.png\",\"contentUrl\":\"https:\\\/\\\/marktxxl.de\\\/markt\\\/wp-content\\\/uploads\\\/sites\\\/3\\\/2020\\\/12\\\/logo.png\",\"width\":200,\"height\":70,\"caption\":\"Markt-XXL\"},\"image\":{\"@id\":\"https:\\\/\\\/marktxxl.de\\\/markt\\\/#\\\/schema\\\/logo\\\/image\\\/\"}}]}<\/script>\n<!-- \/ Yoast SEO plugin. -->","yoast_head_json":{"title":"Affenzahn Kinderportemonnaie Brustbeutel, Umh\u00e4ngetasche f\u00fcr Kinder im Kindergarten - Markt-XXL","description":"Markt-XXL Affenzahn Kinderportemonnaie Brustbeutel, Umh\u00e4ngetasche f\u00fcr Kinder im Kindergarten","robots":{"index":"index","follow":"follow","max-snippet":"max-snippet:-1","max-image-preview":"max-image-preview:large","max-video-preview":"max-video-preview:-1"},"canonical":"https:\/\/marktxxl.de\/markt\/produkt\/affenzahn-kinderportemonnaie-brustbeutel-umhaengetasche-fuer-kinder-im-kindergarten\/","og_locale":"de_DE","og_type":"article","og_title":"Affenzahn Kinderportemonnaie Brustbeutel, Umh\u00e4ngetasche f\u00fcr Kinder im Kindergarten - Markt-XXL","og_description":"Markt-XXL Affenzahn Kinderportemonnaie Brustbeutel, Umh\u00e4ngetasche f\u00fcr Kinder im Kindergarten","og_url":"https:\/\/marktxxl.de\/markt\/produkt\/affenzahn-kinderportemonnaie-brustbeutel-umhaengetasche-fuer-kinder-im-kindergarten\/","og_site_name":"Markt-XXL","twitter_card":"summary_large_image","twitter_misc":{"Gesch\u00e4tzte Lesezeit":"1\u00a0Minute"},"schema":{"@context":"https:\/\/schema.org","@graph":[{"@type":"WebPage","@id":"https:\/\/marktxxl.de\/markt\/produkt\/affenzahn-kinderportemonnaie-brustbeutel-umhaengetasche-fuer-kinder-im-kindergarten\/","url":"https:\/\/marktxxl.de\/markt\/produkt\/affenzahn-kinderportemonnaie-brustbeutel-umhaengetasche-fuer-kinder-im-kindergarten\/","name":"Affenzahn Kinderportemonnaie Brustbeutel, Umh\u00e4ngetasche f\u00fcr Kinder im Kindergarten - Markt-XXL","isPartOf":{"@id":"https:\/\/marktxxl.de\/markt\/#website"},"primaryImageOfPage":{"@id":"https:\/\/marktxxl.de\/markt\/produkt\/affenzahn-kinderportemonnaie-brustbeutel-umhaengetasche-fuer-kinder-im-kindergarten\/#primaryimage"},"image":{"@id":"https:\/\/marktxxl.de\/markt\/produkt\/affenzahn-kinderportemonnaie-brustbeutel-umhaengetasche-fuer-kinder-im-kindergarten\/#primaryimage"},"thumbnailUrl":"https:\/\/m.media-amazon.com\/images\/I\/417-F0uVKsS._SL500_.jpg","datePublished":"2023-04-10T09:11:44+00:00","description":"Markt-XXL Affenzahn Kinderportemonnaie Brustbeutel, Umh\u00e4ngetasche f\u00fcr Kinder im Kindergarten","breadcrumb":{"@id":"https:\/\/marktxxl.de\/markt\/produkt\/affenzahn-kinderportemonnaie-brustbeutel-umhaengetasche-fuer-kinder-im-kindergarten\/#breadcrumb"},"inLanguage":"de","potentialAction":[{"@type":"ReadAction","target":["https:\/\/marktxxl.de\/markt\/produkt\/affenzahn-kinderportemonnaie-brustbeutel-umhaengetasche-fuer-kinder-im-kindergarten\/"]}]},{"@type":"ImageObject","inLanguage":"de","@id":"https:\/\/marktxxl.de\/markt\/produkt\/affenzahn-kinderportemonnaie-brustbeutel-umhaengetasche-fuer-kinder-im-kindergarten\/#primaryimage","url":"https:\/\/m.media-amazon.com\/images\/I\/417-F0uVKsS._SL500_.jpg","contentUrl":"https:\/\/m.media-amazon.com\/images\/I\/417-F0uVKsS._SL500_.jpg","width":500,"height":500},{"@type":"BreadcrumbList","@id":"https:\/\/marktxxl.de\/markt\/produkt\/affenzahn-kinderportemonnaie-brustbeutel-umhaengetasche-fuer-kinder-im-kindergarten\/#breadcrumb","itemListElement":[{"@type":"ListItem","position":1,"name":"Startseite","item":"https:\/\/marktxxl.de\/markt\/"},{"@type":"ListItem","position":2,"name":"Markt","item":"https:\/\/marktxxl.de\/markt\/"},{"@type":"ListItem","position":3,"name":"Affenzahn Kinderportemonnaie Brustbeutel, Umh\u00e4ngetasche f\u00fcr Kinder im Kindergarten"}]},{"@type":"WebSite","@id":"https:\/\/marktxxl.de\/markt\/#website","url":"https:\/\/marktxxl.de\/markt\/","name":"Markt-XXL","description":"Ihr Markt Online","publisher":{"@id":"https:\/\/marktxxl.de\/markt\/#organization"},"potentialAction":[{"@type":"SearchAction","target":{"@type":"EntryPoint","urlTemplate":"https:\/\/marktxxl.de\/markt\/?s={search_term_string}"},"query-input":{"@type":"PropertyValueSpecification","valueRequired":true,"valueName":"search_term_string"}}],"inLanguage":"de"},{"@type":"Organization","@id":"https:\/\/marktxxl.de\/markt\/#organization","name":"Markt-XXL","url":"https:\/\/marktxxl.de\/markt\/","logo":{"@type":"ImageObject","inLanguage":"de","@id":"https:\/\/marktxxl.de\/markt\/#\/schema\/logo\/image\/","url":"https:\/\/marktxxl.de\/markt\/wp-content\/uploads\/sites\/3\/2020\/12\/logo.png","contentUrl":"https:\/\/marktxxl.de\/markt\/wp-content\/uploads\/sites\/3\/2020\/12\/logo.png","width":200,"height":70,"caption":"Markt-XXL"},"image":{"@id":"https:\/\/marktxxl.de\/markt\/#\/schema\/logo\/image\/"}}]}},"_links":{"self":[{"href":"https:\/\/marktxxl.de\/markt\/wp-json\/wp\/v2\/product\/200844","targetHints":{"allow":["GET"]}}],"collection":[{"href":"https:\/\/marktxxl.de\/markt\/wp-json\/wp\/v2\/product"}],"about":[{"href":"https:\/\/marktxxl.de\/markt\/wp-json\/wp\/v2\/types\/product"}],"replies":[{"embeddable":true,"href":"https:\/\/marktxxl.de\/markt\/wp-json\/wp\/v2\/comments?post=200844"}],"wp:featuredmedia":[{"embeddable":true,"href":"https:\/\/marktxxl.de\/markt\/wp-json\/wp\/v2\/media\/200845"}],"wp:attachment":[{"href":"https:\/\/marktxxl.de\/markt\/wp-json\/wp\/v2\/media?parent=200844"}],"wp:term":[{"taxonomy":"product_brand","embeddable":true,"href":"https:\/\/marktxxl.de\/markt\/wp-json\/wp\/v2\/product_brand?post=200844"},{"taxonomy":"product_cat","embeddable":true,"href":"https:\/\/marktxxl.de\/markt\/wp-json\/wp\/v2\/product_cat?post=200844"},{"taxonomy":"product_tag","embeddable":true,"href":"https:\/\/marktxxl.de\/markt\/wp-json\/wp\/v2\/product_tag?post=200844"}],"curies":[{"name":"wp","href":"https:\/\/api.w.org\/{rel}","templated":true}]}}