{"id":200331,"date":"2023-04-10T09:20:48","date_gmt":"2023-04-10T07:20:48","guid":{"rendered":"https:\/\/marktxxl.de\/markt\/produkt\/volle-groesse-kulturbeutel-grosse-kosmetiktasche-reise-make-up-taschen-organizer-fuer-damen-und-frauen\/"},"modified":"2023-04-10T09:20:48","modified_gmt":"2023-04-10T07:20:48","slug":"volle-groesse-kulturbeutel-grosse-kosmetiktasche-reise-make-up-taschen-organizer-fuer-damen-und-frauen","status":"publish","type":"product","link":"https:\/\/marktxxl.de\/markt\/produkt\/volle-groesse-kulturbeutel-grosse-kosmetiktasche-reise-make-up-taschen-organizer-fuer-damen-und-frauen\/","title":{"rendered":"Volle Gr\u00f6\u00dfe Kulturbeutel Gro\u00dfe Kosmetiktasche Reise Make-up Taschen Organizer f\u00fcr Damen und Frauen"},"content":{"rendered":"<p>\u2705 Gro\u00dfe Version \u2013 Gr\u00f6\u00dfe 30 x 20 x 12 cm.<br \/>\n\u2705 Gro\u00dfes Fassungsverm\u00f6gen \u2013 ein Hauptfach, das gro\u00df genug ist, um gro\u00dfe\/kleine Hautpflegeprodukte, Kosmetik, Lotion, Shampoo, Conditioner, Zahnb\u00fcrsten und andere Gegenst\u00e4nde zu verstauen, die Sie ben\u00f6tigen.<br \/>\n\u2705 Wasserabweisend \u2013 Wasserabweisendes und strapazierf\u00e4higes Gewebe sch\u00fctzt Ihre Ausr\u00fcstung vor versch\u00fctteten Fl\u00fcssigkeiten, einfach abzuwischen.<br \/>\n\u2705HOHE QUALIT\u00c4T &#8211; Weicher Stoff, sch\u00f6nes Futter, zuverl\u00e4ssige Doppelrei\u00dfverschl\u00fcsse, Rei\u00dfverschluss oben.<br \/>\n\u2705 Niedliches Geschenk und vielseitig \u2013 kompakt, robust, tragbar, leicht, was es zu einer gro\u00dfartigen Wahl f\u00fcr Gesch\u00e4ftsreisen, Reisen, Fitnessstudio, Camping, Zuhause und mehr macht. Es w\u00e4re auch ein sehr s\u00fc\u00dfes Geschenk f\u00fcr Frauen und M\u00e4dchen.<br \/>\n<div class=\"main-cross-sell\" data-asin=\"B096K1JMRQ\">\n\n\t<div class=\"WooZone-cross-sell-loader\">\n\t\t<div>\n\t\t\t<div id=\"floatingBarsG\">\n\t\t\t\t<div class=\"blockG\" id=\"rotateG_01\"><\/div>\n\t\t\t\t<div class=\"blockG\" id=\"rotateG_02\"><\/div>\n\t\t\t\t<div class=\"blockG\" id=\"rotateG_03\"><\/div>\n\t\t\t\t<div class=\"blockG\" id=\"rotateG_04\"><\/div>\n\t\t\t\t<div class=\"blockG\" id=\"rotateG_05\"><\/div>\n\t\t\t\t<div class=\"blockG\" id=\"rotateG_06\"><\/div>\n\t\t\t\t<div class=\"blockG\" id=\"rotateG_07\"><\/div>\n\t\t\t\t<div class=\"blockG\" id=\"rotateG_08\"><\/div>\n\t\t\t<\/div>\n\t\t\t<div class=\"WooZone-cross-sell-loader-text\"><\/div>\n\t\t<\/div>\n\t<\/div>\n\n\t\t\n<\/div>\n<div style=\"clear:both;\"><\/div><\/p>\n","protected":false},"excerpt":{"rendered":"<p>\u2705 Gro\u00dfe Version \u2013 Gr\u00f6\u00dfe 30 x 20 x 12 cm.<br \/>\n\u2705 Gro\u00dfes Fassungsverm\u00f6gen \u2013 ein Hauptfach, das gro\u00df genug ist, um gro\u00dfe\/kleine Hautpflegeprodukte, Kosmetik, Lotion, Shampoo, Conditioner, Zahnb\u00fcrsten und andere Gegenst\u00e4nde zu verstauen, die Sie ben\u00f6tigen.<br \/>\n\u2705 Wasserabweisend \u2013 Wasserabweisendes und strapazierf\u00e4higes Gewebe sch\u00fctzt Ihre Ausr\u00fcstung vor versch\u00fctteten Fl\u00fcssigkeiten, einfach abzuwischen.<\/p>\n","protected":false},"featured_media":200332,"comment_status":"open","ping_status":"closed","template":"","meta":[],"product_brand":[],"product_cat":[2858,7726],"product_tag":[],"class_list":{"0":"post-200331","1":"product","2":"type-product","3":"status-publish","4":"has-post-thumbnail","6":"product_cat-beauty","7":"product_cat-zubehoer-beauty","8":"pa_brand-narwey","10":"first","11":"instock","12":"shipping-taxable","13":"product-type-simple","14":"customify-col","15":"product-has-gallery"},"yoast_head":"<!-- This site is optimized with the Yoast SEO plugin v27.4 - https:\/\/yoast.com\/product\/yoast-seo-wordpress\/ -->\n<title>Volle Gr\u00f6\u00dfe Kulturbeutel Gro\u00dfe Kosmetiktasche Reise Make-up Taschen Organizer f\u00fcr Damen und Frauen - Markt-XXL<\/title>\n<meta name=\"description\" content=\"Markt-XXL Volle Gr\u00f6\u00dfe Kulturbeutel Gro\u00dfe Kosmetiktasche Reise Make-up Taschen Organizer f\u00fcr Damen und Frauen\" \/>\n<meta name=\"robots\" content=\"index, follow, max-snippet:-1, max-image-preview:large, max-video-preview:-1\" \/>\n<link rel=\"canonical\" href=\"https:\/\/marktxxl.de\/markt\/produkt\/volle-groesse-kulturbeutel-grosse-kosmetiktasche-reise-make-up-taschen-organizer-fuer-damen-und-frauen\/\" \/>\n<meta property=\"og:locale\" content=\"de_DE\" \/>\n<meta property=\"og:type\" content=\"article\" \/>\n<meta property=\"og:title\" content=\"Volle Gr\u00f6\u00dfe Kulturbeutel Gro\u00dfe Kosmetiktasche Reise Make-up Taschen Organizer f\u00fcr Damen und Frauen - Markt-XXL\" \/>\n<meta property=\"og:description\" content=\"Markt-XXL Volle Gr\u00f6\u00dfe Kulturbeutel Gro\u00dfe Kosmetiktasche Reise Make-up Taschen Organizer f\u00fcr Damen und Frauen\" \/>\n<meta property=\"og:url\" content=\"https:\/\/marktxxl.de\/markt\/produkt\/volle-groesse-kulturbeutel-grosse-kosmetiktasche-reise-make-up-taschen-organizer-fuer-damen-und-frauen\/\" \/>\n<meta property=\"og:site_name\" content=\"Markt-XXL\" \/>\n<meta name=\"twitter:card\" content=\"summary_large_image\" \/>\n<meta name=\"twitter:label1\" content=\"Gesch\u00e4tzte Lesezeit\" \/>\n\t<meta name=\"twitter:data1\" content=\"1\u00a0Minute\" \/>\n<script type=\"application\/ld+json\" class=\"yoast-schema-graph\">{\"@context\":\"https:\\\/\\\/schema.org\",\"@graph\":[{\"@type\":\"WebPage\",\"@id\":\"https:\\\/\\\/marktxxl.de\\\/markt\\\/produkt\\\/volle-groesse-kulturbeutel-grosse-kosmetiktasche-reise-make-up-taschen-organizer-fuer-damen-und-frauen\\\/\",\"url\":\"https:\\\/\\\/marktxxl.de\\\/markt\\\/produkt\\\/volle-groesse-kulturbeutel-grosse-kosmetiktasche-reise-make-up-taschen-organizer-fuer-damen-und-frauen\\\/\",\"name\":\"Volle Gr\u00f6\u00dfe Kulturbeutel Gro\u00dfe Kosmetiktasche Reise Make-up Taschen Organizer f\u00fcr Damen und Frauen - Markt-XXL\",\"isPartOf\":{\"@id\":\"https:\\\/\\\/marktxxl.de\\\/markt\\\/#website\"},\"primaryImageOfPage\":{\"@id\":\"https:\\\/\\\/marktxxl.de\\\/markt\\\/produkt\\\/volle-groesse-kulturbeutel-grosse-kosmetiktasche-reise-make-up-taschen-organizer-fuer-damen-und-frauen\\\/#primaryimage\"},\"image\":{\"@id\":\"https:\\\/\\\/marktxxl.de\\\/markt\\\/produkt\\\/volle-groesse-kulturbeutel-grosse-kosmetiktasche-reise-make-up-taschen-organizer-fuer-damen-und-frauen\\\/#primaryimage\"},\"thumbnailUrl\":\"https:\\\/\\\/m.media-amazon.com\\\/images\\\/I\\\/311W44DxjhS._SL500_.jpg\",\"datePublished\":\"2023-04-10T07:20:48+00:00\",\"description\":\"Markt-XXL Volle Gr\u00f6\u00dfe Kulturbeutel Gro\u00dfe Kosmetiktasche Reise Make-up Taschen Organizer f\u00fcr Damen und Frauen\",\"breadcrumb\":{\"@id\":\"https:\\\/\\\/marktxxl.de\\\/markt\\\/produkt\\\/volle-groesse-kulturbeutel-grosse-kosmetiktasche-reise-make-up-taschen-organizer-fuer-damen-und-frauen\\\/#breadcrumb\"},\"inLanguage\":\"de\",\"potentialAction\":[{\"@type\":\"ReadAction\",\"target\":[\"https:\\\/\\\/marktxxl.de\\\/markt\\\/produkt\\\/volle-groesse-kulturbeutel-grosse-kosmetiktasche-reise-make-up-taschen-organizer-fuer-damen-und-frauen\\\/\"]}]},{\"@type\":\"ImageObject\",\"inLanguage\":\"de\",\"@id\":\"https:\\\/\\\/marktxxl.de\\\/markt\\\/produkt\\\/volle-groesse-kulturbeutel-grosse-kosmetiktasche-reise-make-up-taschen-organizer-fuer-damen-und-frauen\\\/#primaryimage\",\"url\":\"https:\\\/\\\/m.media-amazon.com\\\/images\\\/I\\\/311W44DxjhS._SL500_.jpg\",\"contentUrl\":\"https:\\\/\\\/m.media-amazon.com\\\/images\\\/I\\\/311W44DxjhS._SL500_.jpg\",\"width\":500,\"height\":500},{\"@type\":\"BreadcrumbList\",\"@id\":\"https:\\\/\\\/marktxxl.de\\\/markt\\\/produkt\\\/volle-groesse-kulturbeutel-grosse-kosmetiktasche-reise-make-up-taschen-organizer-fuer-damen-und-frauen\\\/#breadcrumb\",\"itemListElement\":[{\"@type\":\"ListItem\",\"position\":1,\"name\":\"Startseite\",\"item\":\"https:\\\/\\\/marktxxl.de\\\/markt\\\/\"},{\"@type\":\"ListItem\",\"position\":2,\"name\":\"Markt\",\"item\":\"https:\\\/\\\/marktxxl.de\\\/markt\\\/\"},{\"@type\":\"ListItem\",\"position\":3,\"name\":\"Volle Gr\u00f6\u00dfe Kulturbeutel Gro\u00dfe Kosmetiktasche Reise Make-up Taschen Organizer f\u00fcr Damen und Frauen\"}]},{\"@type\":\"WebSite\",\"@id\":\"https:\\\/\\\/marktxxl.de\\\/markt\\\/#website\",\"url\":\"https:\\\/\\\/marktxxl.de\\\/markt\\\/\",\"name\":\"Markt-XXL\",\"description\":\"Ihr Markt Online\",\"publisher\":{\"@id\":\"https:\\\/\\\/marktxxl.de\\\/markt\\\/#organization\"},\"potentialAction\":[{\"@type\":\"SearchAction\",\"target\":{\"@type\":\"EntryPoint\",\"urlTemplate\":\"https:\\\/\\\/marktxxl.de\\\/markt\\\/?s={search_term_string}\"},\"query-input\":{\"@type\":\"PropertyValueSpecification\",\"valueRequired\":true,\"valueName\":\"search_term_string\"}}],\"inLanguage\":\"de\"},{\"@type\":\"Organization\",\"@id\":\"https:\\\/\\\/marktxxl.de\\\/markt\\\/#organization\",\"name\":\"Markt-XXL\",\"url\":\"https:\\\/\\\/marktxxl.de\\\/markt\\\/\",\"logo\":{\"@type\":\"ImageObject\",\"inLanguage\":\"de\",\"@id\":\"https:\\\/\\\/marktxxl.de\\\/markt\\\/#\\\/schema\\\/logo\\\/image\\\/\",\"url\":\"https:\\\/\\\/marktxxl.de\\\/markt\\\/wp-content\\\/uploads\\\/sites\\\/3\\\/2020\\\/12\\\/logo.png\",\"contentUrl\":\"https:\\\/\\\/marktxxl.de\\\/markt\\\/wp-content\\\/uploads\\\/sites\\\/3\\\/2020\\\/12\\\/logo.png\",\"width\":200,\"height\":70,\"caption\":\"Markt-XXL\"},\"image\":{\"@id\":\"https:\\\/\\\/marktxxl.de\\\/markt\\\/#\\\/schema\\\/logo\\\/image\\\/\"}}]}<\/script>\n<!-- \/ Yoast SEO plugin. -->","yoast_head_json":{"title":"Volle Gr\u00f6\u00dfe Kulturbeutel Gro\u00dfe Kosmetiktasche Reise Make-up Taschen Organizer f\u00fcr Damen und Frauen - Markt-XXL","description":"Markt-XXL Volle Gr\u00f6\u00dfe Kulturbeutel Gro\u00dfe Kosmetiktasche Reise Make-up Taschen Organizer f\u00fcr Damen und Frauen","robots":{"index":"index","follow":"follow","max-snippet":"max-snippet:-1","max-image-preview":"max-image-preview:large","max-video-preview":"max-video-preview:-1"},"canonical":"https:\/\/marktxxl.de\/markt\/produkt\/volle-groesse-kulturbeutel-grosse-kosmetiktasche-reise-make-up-taschen-organizer-fuer-damen-und-frauen\/","og_locale":"de_DE","og_type":"article","og_title":"Volle Gr\u00f6\u00dfe Kulturbeutel Gro\u00dfe Kosmetiktasche Reise Make-up Taschen Organizer f\u00fcr Damen und Frauen - Markt-XXL","og_description":"Markt-XXL Volle Gr\u00f6\u00dfe Kulturbeutel Gro\u00dfe Kosmetiktasche Reise Make-up Taschen Organizer f\u00fcr Damen und Frauen","og_url":"https:\/\/marktxxl.de\/markt\/produkt\/volle-groesse-kulturbeutel-grosse-kosmetiktasche-reise-make-up-taschen-organizer-fuer-damen-und-frauen\/","og_site_name":"Markt-XXL","twitter_card":"summary_large_image","twitter_misc":{"Gesch\u00e4tzte Lesezeit":"1\u00a0Minute"},"schema":{"@context":"https:\/\/schema.org","@graph":[{"@type":"WebPage","@id":"https:\/\/marktxxl.de\/markt\/produkt\/volle-groesse-kulturbeutel-grosse-kosmetiktasche-reise-make-up-taschen-organizer-fuer-damen-und-frauen\/","url":"https:\/\/marktxxl.de\/markt\/produkt\/volle-groesse-kulturbeutel-grosse-kosmetiktasche-reise-make-up-taschen-organizer-fuer-damen-und-frauen\/","name":"Volle Gr\u00f6\u00dfe Kulturbeutel Gro\u00dfe Kosmetiktasche Reise Make-up Taschen Organizer f\u00fcr Damen und Frauen - Markt-XXL","isPartOf":{"@id":"https:\/\/marktxxl.de\/markt\/#website"},"primaryImageOfPage":{"@id":"https:\/\/marktxxl.de\/markt\/produkt\/volle-groesse-kulturbeutel-grosse-kosmetiktasche-reise-make-up-taschen-organizer-fuer-damen-und-frauen\/#primaryimage"},"image":{"@id":"https:\/\/marktxxl.de\/markt\/produkt\/volle-groesse-kulturbeutel-grosse-kosmetiktasche-reise-make-up-taschen-organizer-fuer-damen-und-frauen\/#primaryimage"},"thumbnailUrl":"https:\/\/m.media-amazon.com\/images\/I\/311W44DxjhS._SL500_.jpg","datePublished":"2023-04-10T07:20:48+00:00","description":"Markt-XXL Volle Gr\u00f6\u00dfe Kulturbeutel Gro\u00dfe Kosmetiktasche Reise Make-up Taschen Organizer f\u00fcr Damen und Frauen","breadcrumb":{"@id":"https:\/\/marktxxl.de\/markt\/produkt\/volle-groesse-kulturbeutel-grosse-kosmetiktasche-reise-make-up-taschen-organizer-fuer-damen-und-frauen\/#breadcrumb"},"inLanguage":"de","potentialAction":[{"@type":"ReadAction","target":["https:\/\/marktxxl.de\/markt\/produkt\/volle-groesse-kulturbeutel-grosse-kosmetiktasche-reise-make-up-taschen-organizer-fuer-damen-und-frauen\/"]}]},{"@type":"ImageObject","inLanguage":"de","@id":"https:\/\/marktxxl.de\/markt\/produkt\/volle-groesse-kulturbeutel-grosse-kosmetiktasche-reise-make-up-taschen-organizer-fuer-damen-und-frauen\/#primaryimage","url":"https:\/\/m.media-amazon.com\/images\/I\/311W44DxjhS._SL500_.jpg","contentUrl":"https:\/\/m.media-amazon.com\/images\/I\/311W44DxjhS._SL500_.jpg","width":500,"height":500},{"@type":"BreadcrumbList","@id":"https:\/\/marktxxl.de\/markt\/produkt\/volle-groesse-kulturbeutel-grosse-kosmetiktasche-reise-make-up-taschen-organizer-fuer-damen-und-frauen\/#breadcrumb","itemListElement":[{"@type":"ListItem","position":1,"name":"Startseite","item":"https:\/\/marktxxl.de\/markt\/"},{"@type":"ListItem","position":2,"name":"Markt","item":"https:\/\/marktxxl.de\/markt\/"},{"@type":"ListItem","position":3,"name":"Volle Gr\u00f6\u00dfe Kulturbeutel Gro\u00dfe Kosmetiktasche Reise Make-up Taschen Organizer f\u00fcr Damen und Frauen"}]},{"@type":"WebSite","@id":"https:\/\/marktxxl.de\/markt\/#website","url":"https:\/\/marktxxl.de\/markt\/","name":"Markt-XXL","description":"Ihr Markt Online","publisher":{"@id":"https:\/\/marktxxl.de\/markt\/#organization"},"potentialAction":[{"@type":"SearchAction","target":{"@type":"EntryPoint","urlTemplate":"https:\/\/marktxxl.de\/markt\/?s={search_term_string}"},"query-input":{"@type":"PropertyValueSpecification","valueRequired":true,"valueName":"search_term_string"}}],"inLanguage":"de"},{"@type":"Organization","@id":"https:\/\/marktxxl.de\/markt\/#organization","name":"Markt-XXL","url":"https:\/\/marktxxl.de\/markt\/","logo":{"@type":"ImageObject","inLanguage":"de","@id":"https:\/\/marktxxl.de\/markt\/#\/schema\/logo\/image\/","url":"https:\/\/marktxxl.de\/markt\/wp-content\/uploads\/sites\/3\/2020\/12\/logo.png","contentUrl":"https:\/\/marktxxl.de\/markt\/wp-content\/uploads\/sites\/3\/2020\/12\/logo.png","width":200,"height":70,"caption":"Markt-XXL"},"image":{"@id":"https:\/\/marktxxl.de\/markt\/#\/schema\/logo\/image\/"}}]}},"_links":{"self":[{"href":"https:\/\/marktxxl.de\/markt\/wp-json\/wp\/v2\/product\/200331","targetHints":{"allow":["GET"]}}],"collection":[{"href":"https:\/\/marktxxl.de\/markt\/wp-json\/wp\/v2\/product"}],"about":[{"href":"https:\/\/marktxxl.de\/markt\/wp-json\/wp\/v2\/types\/product"}],"replies":[{"embeddable":true,"href":"https:\/\/marktxxl.de\/markt\/wp-json\/wp\/v2\/comments?post=200331"}],"wp:featuredmedia":[{"embeddable":true,"href":"https:\/\/marktxxl.de\/markt\/wp-json\/wp\/v2\/media\/200332"}],"wp:attachment":[{"href":"https:\/\/marktxxl.de\/markt\/wp-json\/wp\/v2\/media?parent=200331"}],"wp:term":[{"taxonomy":"product_brand","embeddable":true,"href":"https:\/\/marktxxl.de\/markt\/wp-json\/wp\/v2\/product_brand?post=200331"},{"taxonomy":"product_cat","embeddable":true,"href":"https:\/\/marktxxl.de\/markt\/wp-json\/wp\/v2\/product_cat?post=200331"},{"taxonomy":"product_tag","embeddable":true,"href":"https:\/\/marktxxl.de\/markt\/wp-json\/wp\/v2\/product_tag?post=200331"}],"curies":[{"name":"wp","href":"https:\/\/api.w.org\/{rel}","templated":true}]}}