{"id":199662,"date":"2023-04-10T07:14:39","date_gmt":"2023-04-10T05:14:39","guid":{"rendered":"https:\/\/marktxxl.de\/markt\/produkt\/vekkia-leselampe-buch-klemme-augenschutz-buchlampe-mit-14-leds%ef%bc%8c3-farbmodi-und-3-helligkeitsstufen-80-stunden-lange-laufzeit-usb-wiederaufladbare-klemmleuchte%ef%bc%8cfuer-nachtlektuere-en\/"},"modified":"2023-04-10T07:14:39","modified_gmt":"2023-04-10T05:14:39","slug":"vekkia-leselampe-buch-klemme-augenschutz-buchlampe-mit-14-leds%ef%bc%8c3-farbmodi-und-3-helligkeitsstufen-80-stunden-lange-laufzeit-usb-wiederaufladbare-klemmleuchte%ef%bc%8cfuer-nachtlektuere-en","status":"publish","type":"product","link":"https:\/\/marktxxl.de\/markt\/produkt\/vekkia-leselampe-buch-klemme-augenschutz-buchlampe-mit-14-leds%ef%bc%8c3-farbmodi-und-3-helligkeitsstufen-80-stunden-lange-laufzeit-usb-wiederaufladbare-klemmleuchte%ef%bc%8cfuer-nachtlektuere-en\/","title":{"rendered":"Vekkia Leselampe Buch Klemme, Augenschutz Buchlampe mit 14 LEDs\uff0c3 Farbmodi und 3 Helligkeitsstufen, 80 Stunden lange Laufzeit , USB Wiederaufladbare Klemmleuchte\uff0cf\u00fcr Nachtlekt\u00fcre [Energieklasse A+++]"},"content":{"rendered":"<p>\u3010Ausziehbarer Beleuchtungskopf\u3011180 Grad faltbares, patentiertes Walschwanz-Design, wiederaufladbares Buchlicht, das sorgf\u00e4ltig von deutschen Designern entwickelt wurde. Der ausziehbare Beleuchtungskopf kann eine gr\u00f6\u00dfere Beleuchtungsfl\u00e4che bieten. Wir verwenden ein fortschrittliches SMD-LED-Leselicht, um die besten Farbtemperaturen und Helligkeit anzuzeigen, was Ihre Augen beim Lesen im Bett oder im Dunkeln deutlich schont, vor allem f\u00fcr Kinder.<br \/>\n\u301015 Einstellungen f\u00fcr Ihre Bed\u00fcrfnisse\u3011Das 14-LED-Buchlicht zum Lesen im Bett verf\u00fcgt \u00fcber 9 Helligkeitsmodi. Ob Sie warmes oder wei\u00dfes Licht m\u00f6gen, hell oder weich, unser &#8220;Wal-USB-Buchlicht&#8221; kann Ihre Zufriedenheit perfekt erf\u00fcllen. Das dimmbare Leselicht ist hell genug zum Lesen, Stricken, N\u00e4hen und Basteln oder dimmbar genug, um andere nicht zu st\u00f6ren.<br \/>\n\u3010Super Lightweight &amp; Clip-on Design\u3011Das Leselicht ist nur 2,33 oz. Die leichte und kompakte Leselampe f\u00fcr das Lesen im Bett braucht nur wenig Platz, um sie einfach herumzutragen. Die Klemme \u00f6ffnet sich etwa 2,1 Zoll und klippt auf Buch oder Kindle perfekt und fest. Der Clip kann weit genug ge\u00f6ffnet werden, um an verschiedenen Gegenst\u00e4nden befestigt zu werden. Weiche Pads sch\u00fctzen Ihre geliebten B\u00fccher vor Kratzern oder Quetschungen.<br \/>\n\u3010Leistungsstarker wiederaufladbarer Akku\u3011 Diese Leselampe bedeutet, dass Sie Ihr Geld nicht mehr f\u00fcr Batterien verschwenden. Die Typ-C wiederaufladbare Leselampe hat einen wiederaufladbaren Akku, sodass Sie 80 Stunden kabellose Lesezeit ohne Aufladen genie\u00dfen k\u00f6nnen (niedrige Helligkeitseinstellung). Langlebige LED h\u00e4lt f\u00fcr 100.000 Stunden ohne Austausch. Kommt mit einem Typ-C.<br \/>\n\u3010Product Quality Guarantee\u3011 FCC, CE, approved. Safe &amp; Easy use for kids. Worry-free &amp; hassle-free 3-years warranty with friendly customer service. Product Box Contains: Book Reading Light x1, Type-C x1, User Manual x1. NOTE: NO ADAPTER INCLUDED.<br \/>\n<div class=\"main-cross-sell\" data-asin=\"B09ZQM153Z\">\n\n\t<div class=\"WooZone-cross-sell-loader\">\n\t\t<div>\n\t\t\t<div id=\"floatingBarsG\">\n\t\t\t\t<div class=\"blockG\" id=\"rotateG_01\"><\/div>\n\t\t\t\t<div class=\"blockG\" id=\"rotateG_02\"><\/div>\n\t\t\t\t<div class=\"blockG\" id=\"rotateG_03\"><\/div>\n\t\t\t\t<div class=\"blockG\" id=\"rotateG_04\"><\/div>\n\t\t\t\t<div class=\"blockG\" id=\"rotateG_05\"><\/div>\n\t\t\t\t<div class=\"blockG\" id=\"rotateG_06\"><\/div>\n\t\t\t\t<div class=\"blockG\" id=\"rotateG_07\"><\/div>\n\t\t\t\t<div class=\"blockG\" id=\"rotateG_08\"><\/div>\n\t\t\t<\/div>\n\t\t\t<div class=\"WooZone-cross-sell-loader-text\"><\/div>\n\t\t<\/div>\n\t<\/div>\n\n\t\t\n<\/div>\n<div style=\"clear:both;\"><\/div><\/p>\n","protected":false},"excerpt":{"rendered":"<p>\u3010Ausziehbarer Beleuchtungskopf\u3011180 Grad faltbares, patentiertes Walschwanz-Design, wiederaufladbares Buchlicht, das sorgf\u00e4ltig von deutschen Designern entwickelt wurde. Der ausziehbare Beleuchtungskopf kann eine gr\u00f6\u00dfere Beleuchtungsfl\u00e4che bieten. Wir verwenden ein fortschrittliches SMD-LED-Leselicht, um die besten Farbtemperaturen und Helligkeit anzuzeigen, was Ihre Augen beim Lesen im Bett oder im Dunkeln deutlich schont, vor allem f\u00fcr Kinder.<br \/>\n\u301015 Einstellungen f\u00fcr Ihre Bed\u00fcrfnisse\u3011Das 14-LED-Buchlicht zum Lesen im Bett verf\u00fcgt \u00fcber 9 Helligkeitsmodi. Ob Sie warmes oder wei\u00dfes Licht m\u00f6gen, hell oder weich, unser &#8220;Wal-USB-Buchlicht&#8221; kann Ihre Zufriedenheit perfekt erf\u00fcllen. Das dimmbare Leselicht ist hell genug zum Lesen, Stricken, N\u00e4hen und Basteln oder dimmbar genug, um andere nicht zu st\u00f6ren.<br \/>\n\u3010Super Lightweight &amp; Clip-on Design\u3011Das Leselicht ist nur 2,33 oz. Die leichte und kompakte Leselampe f\u00fcr das Lesen im Bett braucht nur wenig Platz, um sie einfach herumzutragen. Die Klemme \u00f6ffnet sich etwa 2,1 Zoll und klippt auf Buch oder Kindle perfekt und fest. Der Clip kann weit genug ge\u00f6ffnet werden, um an verschiedenen Gegenst\u00e4nden befestigt zu werden. Weiche Pads sch\u00fctzen Ihre geliebten B\u00fccher vor Kratzern oder Quetschungen.<\/p>\n","protected":false},"featured_media":199663,"comment_status":"open","ping_status":"closed","template":"","meta":[],"product_brand":[],"product_cat":[2108,11509],"product_tag":[],"class_list":{"0":"post-199662","1":"product","2":"type-product","3":"status-publish","4":"has-post-thumbnail","6":"product_cat-beleuchtung","7":"product_cat-innenbeleuchtung","8":"pa_binding-unbekannter-einband","9":"pa_brand-vekkia","10":"pa_color-amber-schwarz","11":"pa_height-10-18-zoll","12":"pa_length-1-417-zoll","13":"pa_manufacturer-vekkia","14":"pa_model-bl-14","15":"pa_weight-0-134375-pfund","16":"pa_width-1-18-zoll","18":"first","19":"instock","20":"sale","21":"shipping-taxable","22":"purchasable","23":"product-type-simple","24":"customify-col","25":"product-has-gallery"},"yoast_head":"<!-- This site is optimized with the Yoast SEO plugin v27.4 - https:\/\/yoast.com\/product\/yoast-seo-wordpress\/ -->\n<title>Vekkia Leselampe Buch Klemme, Augenschutz Buchlampe mit 14 LEDs\uff0c3 Farbmodi und 3 Helligkeitsstufen, 80 Stunden lange Laufzeit , USB Wiederaufladbare Klemmleuchte\uff0cf\u00fcr Nachtlekt\u00fcre [Energieklasse A+++] - Markt-XXL<\/title>\n<meta name=\"description\" content=\"Markt-XXL Vekkia Leselampe Buch Klemme, Augenschutz Buchlampe mit 14 LEDs\uff0c3 Farbmodi und 3 Helligkeitsstufen, 80 Stunden lange Laufzeit , USB Wiederaufladbare Klemmleuchte\uff0cf\u00fcr Nachtlekt\u00fcre [Energieklasse A+++]\" \/>\n<meta name=\"robots\" content=\"index, follow, max-snippet:-1, max-image-preview:large, max-video-preview:-1\" \/>\n<link rel=\"canonical\" href=\"https:\/\/marktxxl.de\/markt\/produkt\/vekkia-leselampe-buch-klemme-augenschutz-buchlampe-mit-14-leds\uff0c3-farbmodi-und-3-helligkeitsstufen-80-stunden-lange-laufzeit-usb-wiederaufladbare-klemmleuchte\uff0cfuer-nachtlektuere-en\/\" \/>\n<meta property=\"og:locale\" content=\"de_DE\" \/>\n<meta property=\"og:type\" content=\"article\" \/>\n<meta property=\"og:title\" content=\"Vekkia Leselampe Buch Klemme, Augenschutz Buchlampe mit 14 LEDs\uff0c3 Farbmodi und 3 Helligkeitsstufen, 80 Stunden lange Laufzeit , USB Wiederaufladbare Klemmleuchte\uff0cf\u00fcr Nachtlekt\u00fcre [Energieklasse A+++] - Markt-XXL\" \/>\n<meta property=\"og:description\" content=\"Markt-XXL Vekkia Leselampe Buch Klemme, Augenschutz Buchlampe mit 14 LEDs\uff0c3 Farbmodi und 3 Helligkeitsstufen, 80 Stunden lange Laufzeit , USB Wiederaufladbare Klemmleuchte\uff0cf\u00fcr Nachtlekt\u00fcre [Energieklasse A+++]\" \/>\n<meta property=\"og:url\" content=\"https:\/\/marktxxl.de\/markt\/produkt\/vekkia-leselampe-buch-klemme-augenschutz-buchlampe-mit-14-leds\uff0c3-farbmodi-und-3-helligkeitsstufen-80-stunden-lange-laufzeit-usb-wiederaufladbare-klemmleuchte\uff0cfuer-nachtlektuere-en\/\" \/>\n<meta property=\"og:site_name\" content=\"Markt-XXL\" \/>\n<meta name=\"twitter:card\" content=\"summary_large_image\" \/>\n<meta name=\"twitter:label1\" content=\"Gesch\u00e4tzte Lesezeit\" \/>\n\t<meta name=\"twitter:data1\" content=\"1\u00a0Minute\" \/>\n<script type=\"application\/ld+json\" class=\"yoast-schema-graph\">{\"@context\":\"https:\\\/\\\/schema.org\",\"@graph\":[{\"@type\":\"WebPage\",\"@id\":\"https:\\\/\\\/marktxxl.de\\\/markt\\\/produkt\\\/vekkia-leselampe-buch-klemme-augenschutz-buchlampe-mit-14-leds%ef%bc%8c3-farbmodi-und-3-helligkeitsstufen-80-stunden-lange-laufzeit-usb-wiederaufladbare-klemmleuchte%ef%bc%8cfuer-nachtlektuere-en\\\/\",\"url\":\"https:\\\/\\\/marktxxl.de\\\/markt\\\/produkt\\\/vekkia-leselampe-buch-klemme-augenschutz-buchlampe-mit-14-leds%ef%bc%8c3-farbmodi-und-3-helligkeitsstufen-80-stunden-lange-laufzeit-usb-wiederaufladbare-klemmleuchte%ef%bc%8cfuer-nachtlektuere-en\\\/\",\"name\":\"Vekkia Leselampe Buch Klemme, Augenschutz Buchlampe mit 14 LEDs\uff0c3 Farbmodi und 3 Helligkeitsstufen, 80 Stunden lange Laufzeit , USB Wiederaufladbare Klemmleuchte\uff0cf\u00fcr Nachtlekt\u00fcre [Energieklasse A+++] - Markt-XXL\",\"isPartOf\":{\"@id\":\"https:\\\/\\\/marktxxl.de\\\/markt\\\/#website\"},\"primaryImageOfPage\":{\"@id\":\"https:\\\/\\\/marktxxl.de\\\/markt\\\/produkt\\\/vekkia-leselampe-buch-klemme-augenschutz-buchlampe-mit-14-leds%ef%bc%8c3-farbmodi-und-3-helligkeitsstufen-80-stunden-lange-laufzeit-usb-wiederaufladbare-klemmleuchte%ef%bc%8cfuer-nachtlektuere-en\\\/#primaryimage\"},\"image\":{\"@id\":\"https:\\\/\\\/marktxxl.de\\\/markt\\\/produkt\\\/vekkia-leselampe-buch-klemme-augenschutz-buchlampe-mit-14-leds%ef%bc%8c3-farbmodi-und-3-helligkeitsstufen-80-stunden-lange-laufzeit-usb-wiederaufladbare-klemmleuchte%ef%bc%8cfuer-nachtlektuere-en\\\/#primaryimage\"},\"thumbnailUrl\":\"https:\\\/\\\/m.media-amazon.com\\\/images\\\/I\\\/51gh2E2yS+L._SL500_.jpg\",\"datePublished\":\"2023-04-10T05:14:39+00:00\",\"description\":\"Markt-XXL Vekkia Leselampe Buch Klemme, Augenschutz Buchlampe mit 14 LEDs\uff0c3 Farbmodi und 3 Helligkeitsstufen, 80 Stunden lange Laufzeit , USB Wiederaufladbare Klemmleuchte\uff0cf\u00fcr Nachtlekt\u00fcre [Energieklasse A+++]\",\"breadcrumb\":{\"@id\":\"https:\\\/\\\/marktxxl.de\\\/markt\\\/produkt\\\/vekkia-leselampe-buch-klemme-augenschutz-buchlampe-mit-14-leds%ef%bc%8c3-farbmodi-und-3-helligkeitsstufen-80-stunden-lange-laufzeit-usb-wiederaufladbare-klemmleuchte%ef%bc%8cfuer-nachtlektuere-en\\\/#breadcrumb\"},\"inLanguage\":\"de\",\"potentialAction\":[{\"@type\":\"ReadAction\",\"target\":[\"https:\\\/\\\/marktxxl.de\\\/markt\\\/produkt\\\/vekkia-leselampe-buch-klemme-augenschutz-buchlampe-mit-14-leds%ef%bc%8c3-farbmodi-und-3-helligkeitsstufen-80-stunden-lange-laufzeit-usb-wiederaufladbare-klemmleuchte%ef%bc%8cfuer-nachtlektuere-en\\\/\"]}]},{\"@type\":\"ImageObject\",\"inLanguage\":\"de\",\"@id\":\"https:\\\/\\\/marktxxl.de\\\/markt\\\/produkt\\\/vekkia-leselampe-buch-klemme-augenschutz-buchlampe-mit-14-leds%ef%bc%8c3-farbmodi-und-3-helligkeitsstufen-80-stunden-lange-laufzeit-usb-wiederaufladbare-klemmleuchte%ef%bc%8cfuer-nachtlektuere-en\\\/#primaryimage\",\"url\":\"https:\\\/\\\/m.media-amazon.com\\\/images\\\/I\\\/51gh2E2yS+L._SL500_.jpg\",\"contentUrl\":\"https:\\\/\\\/m.media-amazon.com\\\/images\\\/I\\\/51gh2E2yS+L._SL500_.jpg\",\"width\":500,\"height\":500},{\"@type\":\"BreadcrumbList\",\"@id\":\"https:\\\/\\\/marktxxl.de\\\/markt\\\/produkt\\\/vekkia-leselampe-buch-klemme-augenschutz-buchlampe-mit-14-leds%ef%bc%8c3-farbmodi-und-3-helligkeitsstufen-80-stunden-lange-laufzeit-usb-wiederaufladbare-klemmleuchte%ef%bc%8cfuer-nachtlektuere-en\\\/#breadcrumb\",\"itemListElement\":[{\"@type\":\"ListItem\",\"position\":1,\"name\":\"Startseite\",\"item\":\"https:\\\/\\\/marktxxl.de\\\/markt\\\/\"},{\"@type\":\"ListItem\",\"position\":2,\"name\":\"Markt\",\"item\":\"https:\\\/\\\/marktxxl.de\\\/markt\\\/\"},{\"@type\":\"ListItem\",\"position\":3,\"name\":\"Vekkia Leselampe Buch Klemme, Augenschutz Buchlampe mit 14 LEDs\uff0c3 Farbmodi und 3 Helligkeitsstufen, 80 Stunden lange Laufzeit , USB Wiederaufladbare Klemmleuchte\uff0cf\u00fcr Nachtlekt\u00fcre [Energieklasse A+++]\"}]},{\"@type\":\"WebSite\",\"@id\":\"https:\\\/\\\/marktxxl.de\\\/markt\\\/#website\",\"url\":\"https:\\\/\\\/marktxxl.de\\\/markt\\\/\",\"name\":\"Markt-XXL\",\"description\":\"Ihr Markt Online\",\"publisher\":{\"@id\":\"https:\\\/\\\/marktxxl.de\\\/markt\\\/#organization\"},\"potentialAction\":[{\"@type\":\"SearchAction\",\"target\":{\"@type\":\"EntryPoint\",\"urlTemplate\":\"https:\\\/\\\/marktxxl.de\\\/markt\\\/?s={search_term_string}\"},\"query-input\":{\"@type\":\"PropertyValueSpecification\",\"valueRequired\":true,\"valueName\":\"search_term_string\"}}],\"inLanguage\":\"de\"},{\"@type\":\"Organization\",\"@id\":\"https:\\\/\\\/marktxxl.de\\\/markt\\\/#organization\",\"name\":\"Markt-XXL\",\"url\":\"https:\\\/\\\/marktxxl.de\\\/markt\\\/\",\"logo\":{\"@type\":\"ImageObject\",\"inLanguage\":\"de\",\"@id\":\"https:\\\/\\\/marktxxl.de\\\/markt\\\/#\\\/schema\\\/logo\\\/image\\\/\",\"url\":\"https:\\\/\\\/marktxxl.de\\\/markt\\\/wp-content\\\/uploads\\\/sites\\\/3\\\/2020\\\/12\\\/logo.png\",\"contentUrl\":\"https:\\\/\\\/marktxxl.de\\\/markt\\\/wp-content\\\/uploads\\\/sites\\\/3\\\/2020\\\/12\\\/logo.png\",\"width\":200,\"height\":70,\"caption\":\"Markt-XXL\"},\"image\":{\"@id\":\"https:\\\/\\\/marktxxl.de\\\/markt\\\/#\\\/schema\\\/logo\\\/image\\\/\"}}]}<\/script>\n<!-- \/ Yoast SEO plugin. -->","yoast_head_json":{"title":"Vekkia Leselampe Buch Klemme, Augenschutz Buchlampe mit 14 LEDs\uff0c3 Farbmodi und 3 Helligkeitsstufen, 80 Stunden lange Laufzeit , USB Wiederaufladbare Klemmleuchte\uff0cf\u00fcr Nachtlekt\u00fcre [Energieklasse A+++] - Markt-XXL","description":"Markt-XXL Vekkia Leselampe Buch Klemme, Augenschutz Buchlampe mit 14 LEDs\uff0c3 Farbmodi und 3 Helligkeitsstufen, 80 Stunden lange Laufzeit , USB Wiederaufladbare Klemmleuchte\uff0cf\u00fcr Nachtlekt\u00fcre [Energieklasse A+++]","robots":{"index":"index","follow":"follow","max-snippet":"max-snippet:-1","max-image-preview":"max-image-preview:large","max-video-preview":"max-video-preview:-1"},"canonical":"https:\/\/marktxxl.de\/markt\/produkt\/vekkia-leselampe-buch-klemme-augenschutz-buchlampe-mit-14-leds\uff0c3-farbmodi-und-3-helligkeitsstufen-80-stunden-lange-laufzeit-usb-wiederaufladbare-klemmleuchte\uff0cfuer-nachtlektuere-en\/","og_locale":"de_DE","og_type":"article","og_title":"Vekkia Leselampe Buch Klemme, Augenschutz Buchlampe mit 14 LEDs\uff0c3 Farbmodi und 3 Helligkeitsstufen, 80 Stunden lange Laufzeit , USB Wiederaufladbare Klemmleuchte\uff0cf\u00fcr Nachtlekt\u00fcre [Energieklasse A+++] - Markt-XXL","og_description":"Markt-XXL Vekkia Leselampe Buch Klemme, Augenschutz Buchlampe mit 14 LEDs\uff0c3 Farbmodi und 3 Helligkeitsstufen, 80 Stunden lange Laufzeit , USB Wiederaufladbare Klemmleuchte\uff0cf\u00fcr Nachtlekt\u00fcre [Energieklasse A+++]","og_url":"https:\/\/marktxxl.de\/markt\/produkt\/vekkia-leselampe-buch-klemme-augenschutz-buchlampe-mit-14-leds\uff0c3-farbmodi-und-3-helligkeitsstufen-80-stunden-lange-laufzeit-usb-wiederaufladbare-klemmleuchte\uff0cfuer-nachtlektuere-en\/","og_site_name":"Markt-XXL","twitter_card":"summary_large_image","twitter_misc":{"Gesch\u00e4tzte Lesezeit":"1\u00a0Minute"},"schema":{"@context":"https:\/\/schema.org","@graph":[{"@type":"WebPage","@id":"https:\/\/marktxxl.de\/markt\/produkt\/vekkia-leselampe-buch-klemme-augenschutz-buchlampe-mit-14-leds%ef%bc%8c3-farbmodi-und-3-helligkeitsstufen-80-stunden-lange-laufzeit-usb-wiederaufladbare-klemmleuchte%ef%bc%8cfuer-nachtlektuere-en\/","url":"https:\/\/marktxxl.de\/markt\/produkt\/vekkia-leselampe-buch-klemme-augenschutz-buchlampe-mit-14-leds%ef%bc%8c3-farbmodi-und-3-helligkeitsstufen-80-stunden-lange-laufzeit-usb-wiederaufladbare-klemmleuchte%ef%bc%8cfuer-nachtlektuere-en\/","name":"Vekkia Leselampe Buch Klemme, Augenschutz Buchlampe mit 14 LEDs\uff0c3 Farbmodi und 3 Helligkeitsstufen, 80 Stunden lange Laufzeit , USB Wiederaufladbare Klemmleuchte\uff0cf\u00fcr Nachtlekt\u00fcre [Energieklasse A+++] - Markt-XXL","isPartOf":{"@id":"https:\/\/marktxxl.de\/markt\/#website"},"primaryImageOfPage":{"@id":"https:\/\/marktxxl.de\/markt\/produkt\/vekkia-leselampe-buch-klemme-augenschutz-buchlampe-mit-14-leds%ef%bc%8c3-farbmodi-und-3-helligkeitsstufen-80-stunden-lange-laufzeit-usb-wiederaufladbare-klemmleuchte%ef%bc%8cfuer-nachtlektuere-en\/#primaryimage"},"image":{"@id":"https:\/\/marktxxl.de\/markt\/produkt\/vekkia-leselampe-buch-klemme-augenschutz-buchlampe-mit-14-leds%ef%bc%8c3-farbmodi-und-3-helligkeitsstufen-80-stunden-lange-laufzeit-usb-wiederaufladbare-klemmleuchte%ef%bc%8cfuer-nachtlektuere-en\/#primaryimage"},"thumbnailUrl":"https:\/\/m.media-amazon.com\/images\/I\/51gh2E2yS+L._SL500_.jpg","datePublished":"2023-04-10T05:14:39+00:00","description":"Markt-XXL Vekkia Leselampe Buch Klemme, Augenschutz Buchlampe mit 14 LEDs\uff0c3 Farbmodi und 3 Helligkeitsstufen, 80 Stunden lange Laufzeit , USB Wiederaufladbare Klemmleuchte\uff0cf\u00fcr Nachtlekt\u00fcre [Energieklasse A+++]","breadcrumb":{"@id":"https:\/\/marktxxl.de\/markt\/produkt\/vekkia-leselampe-buch-klemme-augenschutz-buchlampe-mit-14-leds%ef%bc%8c3-farbmodi-und-3-helligkeitsstufen-80-stunden-lange-laufzeit-usb-wiederaufladbare-klemmleuchte%ef%bc%8cfuer-nachtlektuere-en\/#breadcrumb"},"inLanguage":"de","potentialAction":[{"@type":"ReadAction","target":["https:\/\/marktxxl.de\/markt\/produkt\/vekkia-leselampe-buch-klemme-augenschutz-buchlampe-mit-14-leds%ef%bc%8c3-farbmodi-und-3-helligkeitsstufen-80-stunden-lange-laufzeit-usb-wiederaufladbare-klemmleuchte%ef%bc%8cfuer-nachtlektuere-en\/"]}]},{"@type":"ImageObject","inLanguage":"de","@id":"https:\/\/marktxxl.de\/markt\/produkt\/vekkia-leselampe-buch-klemme-augenschutz-buchlampe-mit-14-leds%ef%bc%8c3-farbmodi-und-3-helligkeitsstufen-80-stunden-lange-laufzeit-usb-wiederaufladbare-klemmleuchte%ef%bc%8cfuer-nachtlektuere-en\/#primaryimage","url":"https:\/\/m.media-amazon.com\/images\/I\/51gh2E2yS+L._SL500_.jpg","contentUrl":"https:\/\/m.media-amazon.com\/images\/I\/51gh2E2yS+L._SL500_.jpg","width":500,"height":500},{"@type":"BreadcrumbList","@id":"https:\/\/marktxxl.de\/markt\/produkt\/vekkia-leselampe-buch-klemme-augenschutz-buchlampe-mit-14-leds%ef%bc%8c3-farbmodi-und-3-helligkeitsstufen-80-stunden-lange-laufzeit-usb-wiederaufladbare-klemmleuchte%ef%bc%8cfuer-nachtlektuere-en\/#breadcrumb","itemListElement":[{"@type":"ListItem","position":1,"name":"Startseite","item":"https:\/\/marktxxl.de\/markt\/"},{"@type":"ListItem","position":2,"name":"Markt","item":"https:\/\/marktxxl.de\/markt\/"},{"@type":"ListItem","position":3,"name":"Vekkia Leselampe Buch Klemme, Augenschutz Buchlampe mit 14 LEDs\uff0c3 Farbmodi und 3 Helligkeitsstufen, 80 Stunden lange Laufzeit , USB Wiederaufladbare Klemmleuchte\uff0cf\u00fcr Nachtlekt\u00fcre [Energieklasse A+++]"}]},{"@type":"WebSite","@id":"https:\/\/marktxxl.de\/markt\/#website","url":"https:\/\/marktxxl.de\/markt\/","name":"Markt-XXL","description":"Ihr Markt Online","publisher":{"@id":"https:\/\/marktxxl.de\/markt\/#organization"},"potentialAction":[{"@type":"SearchAction","target":{"@type":"EntryPoint","urlTemplate":"https:\/\/marktxxl.de\/markt\/?s={search_term_string}"},"query-input":{"@type":"PropertyValueSpecification","valueRequired":true,"valueName":"search_term_string"}}],"inLanguage":"de"},{"@type":"Organization","@id":"https:\/\/marktxxl.de\/markt\/#organization","name":"Markt-XXL","url":"https:\/\/marktxxl.de\/markt\/","logo":{"@type":"ImageObject","inLanguage":"de","@id":"https:\/\/marktxxl.de\/markt\/#\/schema\/logo\/image\/","url":"https:\/\/marktxxl.de\/markt\/wp-content\/uploads\/sites\/3\/2020\/12\/logo.png","contentUrl":"https:\/\/marktxxl.de\/markt\/wp-content\/uploads\/sites\/3\/2020\/12\/logo.png","width":200,"height":70,"caption":"Markt-XXL"},"image":{"@id":"https:\/\/marktxxl.de\/markt\/#\/schema\/logo\/image\/"}}]}},"_links":{"self":[{"href":"https:\/\/marktxxl.de\/markt\/wp-json\/wp\/v2\/product\/199662","targetHints":{"allow":["GET"]}}],"collection":[{"href":"https:\/\/marktxxl.de\/markt\/wp-json\/wp\/v2\/product"}],"about":[{"href":"https:\/\/marktxxl.de\/markt\/wp-json\/wp\/v2\/types\/product"}],"replies":[{"embeddable":true,"href":"https:\/\/marktxxl.de\/markt\/wp-json\/wp\/v2\/comments?post=199662"}],"wp:featuredmedia":[{"embeddable":true,"href":"https:\/\/marktxxl.de\/markt\/wp-json\/wp\/v2\/media\/199663"}],"wp:attachment":[{"href":"https:\/\/marktxxl.de\/markt\/wp-json\/wp\/v2\/media?parent=199662"}],"wp:term":[{"taxonomy":"product_brand","embeddable":true,"href":"https:\/\/marktxxl.de\/markt\/wp-json\/wp\/v2\/product_brand?post=199662"},{"taxonomy":"product_cat","embeddable":true,"href":"https:\/\/marktxxl.de\/markt\/wp-json\/wp\/v2\/product_cat?post=199662"},{"taxonomy":"product_tag","embeddable":true,"href":"https:\/\/marktxxl.de\/markt\/wp-json\/wp\/v2\/product_tag?post=199662"}],"curies":[{"name":"wp","href":"https:\/\/api.w.org\/{rel}","templated":true}]}}