{"id":198947,"date":"2023-04-10T05:26:07","date_gmt":"2023-04-10T03:26:07","guid":{"rendered":"https:\/\/marktxxl.de\/markt\/produkt\/ekouaer-schwangerschafts-schlafanzug-nachtwaesche-set-shorts-gestreift-fuer-krankenhaus-zuhause\/"},"modified":"2023-04-11T05:36:54","modified_gmt":"2023-04-11T03:36:54","slug":"ekouaer-schwangerschafts-schlafanzug-nachtwaesche-set-shorts-gestreift-fuer-krankenhaus-zuhause","status":"publish","type":"product","link":"https:\/\/marktxxl.de\/markt\/produkt\/ekouaer-schwangerschafts-schlafanzug-nachtwaesche-set-shorts-gestreift-fuer-krankenhaus-zuhause\/","title":{"rendered":"Ekouaer Schwangerschafts-Schlafanzug, Nachtw\u00e4sche, Set, Shorts, gestreift f\u00fcr Krankenhaus, Zuhause"},"content":{"rendered":"<p>3-in-1: Was auch immer Sie Schwangerschaft, Arbeit, Stillen Ihres Babys nach der Geburt, oder einfach nur zum Schlafen, Loungewear \u2013 Sie werden in das bequeme Ekouaer Basic Schwangerschaftspyjama-Set einlegen.<br \/>\n\u3010Snap Nursing Tank Shirt\u3011-Die Druckkn\u00f6pfe an den Schultern k\u00f6nnen je nach Bedarf in verschiedenen Phasen verwendet werden. Dieses Mutterschafts-\/Still-Top ist so bequem wie ein normales T-Shirt, wenn Sie nicht stillen. Wenn Sie stillen m\u00fcssen, k\u00f6nnen Sie leicht stillen, indem Sie die Schultern auf einer Seite auskn\u00f6pfen.<br \/>\nVerstellbare kurze Hose: Machen Sie sich keine Sorgen, dass diese Schwangerschaftsshorts Ihren wachsenden Bauch nicht befriedigen, wenn Sie schwanger sind. Der verstellbare Stretch-Bund passt hervorragend, speziell f\u00fcr den Komfort von schwangeren Frauen, machen Sie sich keine Sorgen um die Gr\u00f6\u00dfe.<br \/>\nHautfreundliche Textur: Zarte und glatte Erfahrung wie die W\u00e4rme einer Umarmung. Freundlich f\u00fcr Mama und Baby empfindliche und zarte Haut. Machen Sie sich keine Sorgen, Ihr Baby beim Stillen oder Schlafen zu st\u00f6ren und zu st\u00f6ren.<br \/>\nPerfektes Schwangerschaftsgeschenk: Beste Wahl f\u00fcr Ihre schwangere Frau, Schwestern oder Freunde. Sie werden dieses stilvolle Ekouaer Schwangerschaftspyjama-Set lieben, und sie k\u00f6nnen in jeder Phase mit ihm bleiben. Geeignet f\u00fcr Lounge\/Schlaf oder Stillkleidung, anders aber h\u00fcbsch aussehen<br \/>\n<div class=\"main-cross-sell\" data-asin=\"B0BPYGRK8L\">\n\n\t<div class=\"WooZone-cross-sell-loader\">\n\t\t<div>\n\t\t\t<div id=\"floatingBarsG\">\n\t\t\t\t<div class=\"blockG\" id=\"rotateG_01\"><\/div>\n\t\t\t\t<div class=\"blockG\" id=\"rotateG_02\"><\/div>\n\t\t\t\t<div class=\"blockG\" id=\"rotateG_03\"><\/div>\n\t\t\t\t<div class=\"blockG\" id=\"rotateG_04\"><\/div>\n\t\t\t\t<div class=\"blockG\" id=\"rotateG_05\"><\/div>\n\t\t\t\t<div class=\"blockG\" id=\"rotateG_06\"><\/div>\n\t\t\t\t<div class=\"blockG\" id=\"rotateG_07\"><\/div>\n\t\t\t\t<div class=\"blockG\" id=\"rotateG_08\"><\/div>\n\t\t\t<\/div>\n\t\t\t<div class=\"WooZone-cross-sell-loader-text\"><\/div>\n\t\t<\/div>\n\t<\/div>\n\n\t\t\n<\/div>\n<div style=\"clear:both;\"><\/div><\/p>\n","protected":false},"excerpt":{"rendered":"<p>3-in-1: Was auch immer Sie Schwangerschaft, Arbeit, Stillen Ihres Babys nach der Geburt, oder einfach nur zum Schlafen, Loungewear \u2013 Sie werden in das bequeme Ekouaer Basic Schwangerschaftspyjama-Set einlegen.<br \/>\n\u3010Snap Nursing Tank Shirt\u3011-Die Druckkn\u00f6pfe an den Schultern k\u00f6nnen je nach Bedarf in verschiedenen Phasen verwendet werden. Dieses Mutterschafts-\/Still-Top ist so bequem wie ein normales T-Shirt, wenn Sie nicht stillen. Wenn Sie stillen m\u00fcssen, k\u00f6nnen Sie leicht stillen, indem Sie die Schultern auf einer Seite auskn\u00f6pfen.<br \/>\nVerstellbare kurze Hose: Machen Sie sich keine Sorgen, dass diese Schwangerschaftsshorts Ihren wachsenden Bauch nicht befriedigen, wenn Sie schwanger sind. Der verstellbare Stretch-Bund passt hervorragend, speziell f\u00fcr den Komfort von schwangeren Frauen, machen Sie sich keine Sorgen um die Gr\u00f6\u00dfe.<\/p>\n","protected":false},"featured_media":198948,"comment_status":"open","ping_status":"closed","template":"","meta":[],"product_brand":[],"product_cat":[21,9478],"product_tag":[],"class_list":{"0":"post-198947","1":"product","2":"type-product","3":"status-publish","4":"has-post-thumbnail","6":"product_cat-baby","7":"product_cat-umstandskleidung-baby","8":"pa_brand-ekouaer","9":"pa_manufacturer-ekouaer","10":"pa_model-eyy005787","12":"first","13":"instock","14":"shipping-taxable","15":"purchasable","16":"product-type-simple","17":"customify-col","18":"product-has-gallery"},"yoast_head":"<!-- This site is optimized with the Yoast SEO plugin v27.4 - https:\/\/yoast.com\/product\/yoast-seo-wordpress\/ -->\n<title>Ekouaer Schwangerschafts-Schlafanzug, Nachtw\u00e4sche, Set, Shorts, gestreift f\u00fcr Krankenhaus, Zuhause - Markt-XXL<\/title>\n<meta name=\"description\" content=\"Markt-XXL Ekouaer Schwangerschafts-Schlafanzug, Nachtw\u00e4sche, Set, Shorts, gestreift f\u00fcr Krankenhaus, Zuhause\" \/>\n<meta name=\"robots\" content=\"index, follow, max-snippet:-1, max-image-preview:large, max-video-preview:-1\" \/>\n<link rel=\"canonical\" href=\"https:\/\/marktxxl.de\/markt\/produkt\/ekouaer-schwangerschafts-schlafanzug-nachtwaesche-set-shorts-gestreift-fuer-krankenhaus-zuhause\/\" \/>\n<meta property=\"og:locale\" content=\"de_DE\" \/>\n<meta property=\"og:type\" content=\"article\" \/>\n<meta property=\"og:title\" content=\"Ekouaer Schwangerschafts-Schlafanzug, Nachtw\u00e4sche, Set, Shorts, gestreift f\u00fcr Krankenhaus, Zuhause - Markt-XXL\" \/>\n<meta property=\"og:description\" content=\"Markt-XXL Ekouaer Schwangerschafts-Schlafanzug, Nachtw\u00e4sche, Set, Shorts, gestreift f\u00fcr Krankenhaus, Zuhause\" \/>\n<meta property=\"og:url\" content=\"https:\/\/marktxxl.de\/markt\/produkt\/ekouaer-schwangerschafts-schlafanzug-nachtwaesche-set-shorts-gestreift-fuer-krankenhaus-zuhause\/\" \/>\n<meta property=\"og:site_name\" content=\"Markt-XXL\" \/>\n<meta property=\"article:modified_time\" content=\"2023-04-11T03:36:54+00:00\" \/>\n<meta property=\"og:image\" content=\"https:\/\/m.media-amazon.com\/images\/I\/41-XE2oWcRL._SL500_.jpg\" \/>\n\t<meta property=\"og:image:width\" content=\"385\" \/>\n\t<meta property=\"og:image:height\" content=\"500\" \/>\n\t<meta property=\"og:image:type\" content=\"image\/jpeg\" \/>\n<meta name=\"twitter:card\" content=\"summary_large_image\" \/>\n<meta name=\"twitter:label1\" content=\"Gesch\u00e4tzte Lesezeit\" \/>\n\t<meta name=\"twitter:data1\" content=\"1\u00a0Minute\" \/>\n<script type=\"application\/ld+json\" class=\"yoast-schema-graph\">{\"@context\":\"https:\\\/\\\/schema.org\",\"@graph\":[{\"@type\":\"WebPage\",\"@id\":\"https:\\\/\\\/marktxxl.de\\\/markt\\\/produkt\\\/ekouaer-schwangerschafts-schlafanzug-nachtwaesche-set-shorts-gestreift-fuer-krankenhaus-zuhause\\\/\",\"url\":\"https:\\\/\\\/marktxxl.de\\\/markt\\\/produkt\\\/ekouaer-schwangerschafts-schlafanzug-nachtwaesche-set-shorts-gestreift-fuer-krankenhaus-zuhause\\\/\",\"name\":\"Ekouaer Schwangerschafts-Schlafanzug, Nachtw\u00e4sche, Set, Shorts, gestreift f\u00fcr Krankenhaus, Zuhause - Markt-XXL\",\"isPartOf\":{\"@id\":\"https:\\\/\\\/marktxxl.de\\\/markt\\\/#website\"},\"primaryImageOfPage\":{\"@id\":\"https:\\\/\\\/marktxxl.de\\\/markt\\\/produkt\\\/ekouaer-schwangerschafts-schlafanzug-nachtwaesche-set-shorts-gestreift-fuer-krankenhaus-zuhause\\\/#primaryimage\"},\"image\":{\"@id\":\"https:\\\/\\\/marktxxl.de\\\/markt\\\/produkt\\\/ekouaer-schwangerschafts-schlafanzug-nachtwaesche-set-shorts-gestreift-fuer-krankenhaus-zuhause\\\/#primaryimage\"},\"thumbnailUrl\":\"https:\\\/\\\/m.media-amazon.com\\\/images\\\/I\\\/41-XE2oWcRL._SL500_.jpg\",\"datePublished\":\"2023-04-10T03:26:07+00:00\",\"dateModified\":\"2023-04-11T03:36:54+00:00\",\"description\":\"Markt-XXL Ekouaer Schwangerschafts-Schlafanzug, Nachtw\u00e4sche, Set, Shorts, gestreift f\u00fcr Krankenhaus, Zuhause\",\"breadcrumb\":{\"@id\":\"https:\\\/\\\/marktxxl.de\\\/markt\\\/produkt\\\/ekouaer-schwangerschafts-schlafanzug-nachtwaesche-set-shorts-gestreift-fuer-krankenhaus-zuhause\\\/#breadcrumb\"},\"inLanguage\":\"de\",\"potentialAction\":[{\"@type\":\"ReadAction\",\"target\":[\"https:\\\/\\\/marktxxl.de\\\/markt\\\/produkt\\\/ekouaer-schwangerschafts-schlafanzug-nachtwaesche-set-shorts-gestreift-fuer-krankenhaus-zuhause\\\/\"]}]},{\"@type\":\"ImageObject\",\"inLanguage\":\"de\",\"@id\":\"https:\\\/\\\/marktxxl.de\\\/markt\\\/produkt\\\/ekouaer-schwangerschafts-schlafanzug-nachtwaesche-set-shorts-gestreift-fuer-krankenhaus-zuhause\\\/#primaryimage\",\"url\":\"https:\\\/\\\/m.media-amazon.com\\\/images\\\/I\\\/41-XE2oWcRL._SL500_.jpg\",\"contentUrl\":\"https:\\\/\\\/m.media-amazon.com\\\/images\\\/I\\\/41-XE2oWcRL._SL500_.jpg\",\"width\":385,\"height\":500},{\"@type\":\"BreadcrumbList\",\"@id\":\"https:\\\/\\\/marktxxl.de\\\/markt\\\/produkt\\\/ekouaer-schwangerschafts-schlafanzug-nachtwaesche-set-shorts-gestreift-fuer-krankenhaus-zuhause\\\/#breadcrumb\",\"itemListElement\":[{\"@type\":\"ListItem\",\"position\":1,\"name\":\"Startseite\",\"item\":\"https:\\\/\\\/marktxxl.de\\\/markt\\\/\"},{\"@type\":\"ListItem\",\"position\":2,\"name\":\"Markt\",\"item\":\"https:\\\/\\\/marktxxl.de\\\/markt\\\/\"},{\"@type\":\"ListItem\",\"position\":3,\"name\":\"Ekouaer Schwangerschafts-Schlafanzug, Nachtw\u00e4sche, Set, Shorts, gestreift f\u00fcr Krankenhaus, Zuhause\"}]},{\"@type\":\"WebSite\",\"@id\":\"https:\\\/\\\/marktxxl.de\\\/markt\\\/#website\",\"url\":\"https:\\\/\\\/marktxxl.de\\\/markt\\\/\",\"name\":\"Markt-XXL\",\"description\":\"Ihr Markt Online\",\"publisher\":{\"@id\":\"https:\\\/\\\/marktxxl.de\\\/markt\\\/#organization\"},\"potentialAction\":[{\"@type\":\"SearchAction\",\"target\":{\"@type\":\"EntryPoint\",\"urlTemplate\":\"https:\\\/\\\/marktxxl.de\\\/markt\\\/?s={search_term_string}\"},\"query-input\":{\"@type\":\"PropertyValueSpecification\",\"valueRequired\":true,\"valueName\":\"search_term_string\"}}],\"inLanguage\":\"de\"},{\"@type\":\"Organization\",\"@id\":\"https:\\\/\\\/marktxxl.de\\\/markt\\\/#organization\",\"name\":\"Markt-XXL\",\"url\":\"https:\\\/\\\/marktxxl.de\\\/markt\\\/\",\"logo\":{\"@type\":\"ImageObject\",\"inLanguage\":\"de\",\"@id\":\"https:\\\/\\\/marktxxl.de\\\/markt\\\/#\\\/schema\\\/logo\\\/image\\\/\",\"url\":\"https:\\\/\\\/marktxxl.de\\\/markt\\\/wp-content\\\/uploads\\\/sites\\\/3\\\/2020\\\/12\\\/logo.png\",\"contentUrl\":\"https:\\\/\\\/marktxxl.de\\\/markt\\\/wp-content\\\/uploads\\\/sites\\\/3\\\/2020\\\/12\\\/logo.png\",\"width\":200,\"height\":70,\"caption\":\"Markt-XXL\"},\"image\":{\"@id\":\"https:\\\/\\\/marktxxl.de\\\/markt\\\/#\\\/schema\\\/logo\\\/image\\\/\"}}]}<\/script>\n<!-- \/ Yoast SEO plugin. -->","yoast_head_json":{"title":"Ekouaer Schwangerschafts-Schlafanzug, Nachtw\u00e4sche, Set, Shorts, gestreift f\u00fcr Krankenhaus, Zuhause - Markt-XXL","description":"Markt-XXL Ekouaer Schwangerschafts-Schlafanzug, Nachtw\u00e4sche, Set, Shorts, gestreift f\u00fcr Krankenhaus, Zuhause","robots":{"index":"index","follow":"follow","max-snippet":"max-snippet:-1","max-image-preview":"max-image-preview:large","max-video-preview":"max-video-preview:-1"},"canonical":"https:\/\/marktxxl.de\/markt\/produkt\/ekouaer-schwangerschafts-schlafanzug-nachtwaesche-set-shorts-gestreift-fuer-krankenhaus-zuhause\/","og_locale":"de_DE","og_type":"article","og_title":"Ekouaer Schwangerschafts-Schlafanzug, Nachtw\u00e4sche, Set, Shorts, gestreift f\u00fcr Krankenhaus, Zuhause - Markt-XXL","og_description":"Markt-XXL Ekouaer Schwangerschafts-Schlafanzug, Nachtw\u00e4sche, Set, Shorts, gestreift f\u00fcr Krankenhaus, Zuhause","og_url":"https:\/\/marktxxl.de\/markt\/produkt\/ekouaer-schwangerschafts-schlafanzug-nachtwaesche-set-shorts-gestreift-fuer-krankenhaus-zuhause\/","og_site_name":"Markt-XXL","article_modified_time":"2023-04-11T03:36:54+00:00","og_image":[{"width":385,"height":500,"url":"https:\/\/m.media-amazon.com\/images\/I\/41-XE2oWcRL._SL500_.jpg","type":"image\/jpeg"}],"twitter_card":"summary_large_image","twitter_misc":{"Gesch\u00e4tzte Lesezeit":"1\u00a0Minute"},"schema":{"@context":"https:\/\/schema.org","@graph":[{"@type":"WebPage","@id":"https:\/\/marktxxl.de\/markt\/produkt\/ekouaer-schwangerschafts-schlafanzug-nachtwaesche-set-shorts-gestreift-fuer-krankenhaus-zuhause\/","url":"https:\/\/marktxxl.de\/markt\/produkt\/ekouaer-schwangerschafts-schlafanzug-nachtwaesche-set-shorts-gestreift-fuer-krankenhaus-zuhause\/","name":"Ekouaer Schwangerschafts-Schlafanzug, Nachtw\u00e4sche, Set, Shorts, gestreift f\u00fcr Krankenhaus, Zuhause - Markt-XXL","isPartOf":{"@id":"https:\/\/marktxxl.de\/markt\/#website"},"primaryImageOfPage":{"@id":"https:\/\/marktxxl.de\/markt\/produkt\/ekouaer-schwangerschafts-schlafanzug-nachtwaesche-set-shorts-gestreift-fuer-krankenhaus-zuhause\/#primaryimage"},"image":{"@id":"https:\/\/marktxxl.de\/markt\/produkt\/ekouaer-schwangerschafts-schlafanzug-nachtwaesche-set-shorts-gestreift-fuer-krankenhaus-zuhause\/#primaryimage"},"thumbnailUrl":"https:\/\/m.media-amazon.com\/images\/I\/41-XE2oWcRL._SL500_.jpg","datePublished":"2023-04-10T03:26:07+00:00","dateModified":"2023-04-11T03:36:54+00:00","description":"Markt-XXL Ekouaer Schwangerschafts-Schlafanzug, Nachtw\u00e4sche, Set, Shorts, gestreift f\u00fcr Krankenhaus, Zuhause","breadcrumb":{"@id":"https:\/\/marktxxl.de\/markt\/produkt\/ekouaer-schwangerschafts-schlafanzug-nachtwaesche-set-shorts-gestreift-fuer-krankenhaus-zuhause\/#breadcrumb"},"inLanguage":"de","potentialAction":[{"@type":"ReadAction","target":["https:\/\/marktxxl.de\/markt\/produkt\/ekouaer-schwangerschafts-schlafanzug-nachtwaesche-set-shorts-gestreift-fuer-krankenhaus-zuhause\/"]}]},{"@type":"ImageObject","inLanguage":"de","@id":"https:\/\/marktxxl.de\/markt\/produkt\/ekouaer-schwangerschafts-schlafanzug-nachtwaesche-set-shorts-gestreift-fuer-krankenhaus-zuhause\/#primaryimage","url":"https:\/\/m.media-amazon.com\/images\/I\/41-XE2oWcRL._SL500_.jpg","contentUrl":"https:\/\/m.media-amazon.com\/images\/I\/41-XE2oWcRL._SL500_.jpg","width":385,"height":500},{"@type":"BreadcrumbList","@id":"https:\/\/marktxxl.de\/markt\/produkt\/ekouaer-schwangerschafts-schlafanzug-nachtwaesche-set-shorts-gestreift-fuer-krankenhaus-zuhause\/#breadcrumb","itemListElement":[{"@type":"ListItem","position":1,"name":"Startseite","item":"https:\/\/marktxxl.de\/markt\/"},{"@type":"ListItem","position":2,"name":"Markt","item":"https:\/\/marktxxl.de\/markt\/"},{"@type":"ListItem","position":3,"name":"Ekouaer Schwangerschafts-Schlafanzug, Nachtw\u00e4sche, Set, Shorts, gestreift f\u00fcr Krankenhaus, Zuhause"}]},{"@type":"WebSite","@id":"https:\/\/marktxxl.de\/markt\/#website","url":"https:\/\/marktxxl.de\/markt\/","name":"Markt-XXL","description":"Ihr Markt Online","publisher":{"@id":"https:\/\/marktxxl.de\/markt\/#organization"},"potentialAction":[{"@type":"SearchAction","target":{"@type":"EntryPoint","urlTemplate":"https:\/\/marktxxl.de\/markt\/?s={search_term_string}"},"query-input":{"@type":"PropertyValueSpecification","valueRequired":true,"valueName":"search_term_string"}}],"inLanguage":"de"},{"@type":"Organization","@id":"https:\/\/marktxxl.de\/markt\/#organization","name":"Markt-XXL","url":"https:\/\/marktxxl.de\/markt\/","logo":{"@type":"ImageObject","inLanguage":"de","@id":"https:\/\/marktxxl.de\/markt\/#\/schema\/logo\/image\/","url":"https:\/\/marktxxl.de\/markt\/wp-content\/uploads\/sites\/3\/2020\/12\/logo.png","contentUrl":"https:\/\/marktxxl.de\/markt\/wp-content\/uploads\/sites\/3\/2020\/12\/logo.png","width":200,"height":70,"caption":"Markt-XXL"},"image":{"@id":"https:\/\/marktxxl.de\/markt\/#\/schema\/logo\/image\/"}}]}},"_links":{"self":[{"href":"https:\/\/marktxxl.de\/markt\/wp-json\/wp\/v2\/product\/198947","targetHints":{"allow":["GET"]}}],"collection":[{"href":"https:\/\/marktxxl.de\/markt\/wp-json\/wp\/v2\/product"}],"about":[{"href":"https:\/\/marktxxl.de\/markt\/wp-json\/wp\/v2\/types\/product"}],"replies":[{"embeddable":true,"href":"https:\/\/marktxxl.de\/markt\/wp-json\/wp\/v2\/comments?post=198947"}],"wp:featuredmedia":[{"embeddable":true,"href":"https:\/\/marktxxl.de\/markt\/wp-json\/wp\/v2\/media\/198948"}],"wp:attachment":[{"href":"https:\/\/marktxxl.de\/markt\/wp-json\/wp\/v2\/media?parent=198947"}],"wp:term":[{"taxonomy":"product_brand","embeddable":true,"href":"https:\/\/marktxxl.de\/markt\/wp-json\/wp\/v2\/product_brand?post=198947"},{"taxonomy":"product_cat","embeddable":true,"href":"https:\/\/marktxxl.de\/markt\/wp-json\/wp\/v2\/product_cat?post=198947"},{"taxonomy":"product_tag","embeddable":true,"href":"https:\/\/marktxxl.de\/markt\/wp-json\/wp\/v2\/product_tag?post=198947"}],"curies":[{"name":"wp","href":"https:\/\/api.w.org\/{rel}","templated":true}]}}