{"id":198897,"date":"2023-04-10T05:05:44","date_gmt":"2023-04-10T03:05:44","guid":{"rendered":"https:\/\/marktxxl.de\/markt\/produkt\/ekouaer-damen-schwangerschaftskleid-aermelloses-kleid-gestreiftes-nachthemd-schwangerschaftskleid-zum-stillen-streifen11-x-large\/"},"modified":"2023-04-11T05:35:59","modified_gmt":"2023-04-11T03:35:59","slug":"ekouaer-damen-schwangerschaftskleid-aermelloses-kleid-gestreiftes-nachthemd-schwangerschaftskleid-zum-stillen-streifen11-x-large","status":"publish","type":"product","link":"https:\/\/marktxxl.de\/markt\/produkt\/ekouaer-damen-schwangerschaftskleid-aermelloses-kleid-gestreiftes-nachthemd-schwangerschaftskleid-zum-stillen-streifen11-x-large\/","title":{"rendered":"Ekouaer Damen Schwangerschaftskleid \u00c4rmelloses Kleid Gestreiftes Nachthemd Schwangerschaftskleid zum Stillen, Streifen11\u2026"},"content":{"rendered":"<p>\u30103 in 1\u3011: Ob Sie schwanger sind, in der Arbeit oder Stillen nach der Geburt, dieses Still-Tank-Nachthemd ist vielseitig und ger\u00e4umig genug, um Ihre Bed\u00fcrfnisse in jeder Phase zu erf\u00fcllen. Ideal f\u00fcr Mutterschaft, Stillen, Arbeit und Geburt<br \/>\n\u3010Dehnbar &amp; Weich\u3011Aus hochwertigem Stoff gefertigt, ist dieses \u00e4rmellose Schlafshirt dehnbar, weich, hautfreundlich und atmungsaktiv, sodass Sie sich wohl und gem\u00fctlich f\u00fchlen. Sie werden nicht zur\u00fcckhalten und schlafen ruhig<br \/>\nPraktisches Druckknopf-Design: Dieses Mutterschafts-Pyjama-Kleid ist speziell entworfen, mit Druckkn\u00f6pfen an den Schultergurten, die schnell an- und ausgezogen werden k\u00f6nnen, wenn das Baby hungrig oder weint, und Sie k\u00f6nnen schnell stillen<br \/>\n\u3010Klassisch &amp; Stilvoll\u3011 Unser Ekouaer Umstandsnachthemd ist U-f\u00f6rmiger Kragen, \u00e4rmellos, sehr klassisch und elegant. Streifen-\/Muster-Design, einfach und stilvoll, f\u00fcr einen komfortablen, freien und sch\u00f6nen Tag<br \/>\n\u3010Anl\u00e4sse\u3011: Dieses \u00e4rmellose U-Ausschnitt Kleid ist perfekt als Geschenk f\u00fcr Sie selbst, Ihre Frau, Freunde oder Mutter. Mit einer lockeren Passform k\u00f6nnen Sie als Umstandsnachthemd, Stillschlafshirt, Krankenhauskleid f\u00fcr Arbeit und Lieferung, l\u00e4ssiges Nachthemd nach Schulteroperationen oder normales Pyjama-Kleid f\u00fcr den Alltag tragen<br \/>\n<div class=\"main-cross-sell\" data-asin=\"B087G15R7W\">\n\n\t<div class=\"WooZone-cross-sell-loader\">\n\t\t<div>\n\t\t\t<div id=\"floatingBarsG\">\n\t\t\t\t<div class=\"blockG\" id=\"rotateG_01\"><\/div>\n\t\t\t\t<div class=\"blockG\" id=\"rotateG_02\"><\/div>\n\t\t\t\t<div class=\"blockG\" id=\"rotateG_03\"><\/div>\n\t\t\t\t<div class=\"blockG\" id=\"rotateG_04\"><\/div>\n\t\t\t\t<div class=\"blockG\" id=\"rotateG_05\"><\/div>\n\t\t\t\t<div class=\"blockG\" id=\"rotateG_06\"><\/div>\n\t\t\t\t<div class=\"blockG\" id=\"rotateG_07\"><\/div>\n\t\t\t\t<div class=\"blockG\" id=\"rotateG_08\"><\/div>\n\t\t\t<\/div>\n\t\t\t<div class=\"WooZone-cross-sell-loader-text\"><\/div>\n\t\t<\/div>\n\t<\/div>\n\n\t\t\n<\/div>\n<div style=\"clear:both;\"><\/div><\/p>\n","protected":false},"excerpt":{"rendered":"<p>\u30103 in 1\u3011: Ob Sie schwanger sind, in der Arbeit oder Stillen nach der Geburt, dieses Still-Tank-Nachthemd ist vielseitig und ger\u00e4umig genug, um Ihre Bed\u00fcrfnisse in jeder Phase zu erf\u00fcllen. Ideal f\u00fcr Mutterschaft, Stillen, Arbeit und Geburt<br \/>\n\u3010Dehnbar &amp; Weich\u3011Aus hochwertigem Stoff gefertigt, ist dieses \u00e4rmellose Schlafshirt dehnbar, weich, hautfreundlich und atmungsaktiv, sodass Sie sich wohl und gem\u00fctlich f\u00fchlen. Sie werden nicht zur\u00fcckhalten und schlafen ruhig<br \/>\nPraktisches Druckknopf-Design: Dieses Mutterschafts-Pyjama-Kleid ist speziell entworfen, mit Druckkn\u00f6pfen an den Schultergurten, die schnell an- und ausgezogen werden k\u00f6nnen, wenn das Baby hungrig oder weint, und Sie k\u00f6nnen schnell stillen<\/p>\n","protected":false},"featured_media":198898,"comment_status":"open","ping_status":"closed","template":"","meta":[],"product_brand":[],"product_cat":[21,9478],"product_tag":[],"class_list":{"0":"post-198897","1":"product","2":"type-product","3":"status-publish","4":"has-post-thumbnail","6":"product_cat-baby","7":"product_cat-umstandskleidung-baby","8":"pa_binding-textilien","9":"pa_brand-ekouaer","10":"pa_color-streifen11","11":"pa_manufacturer-ekouaer","12":"pa_model-eky005123_ydf11_xl","13":"pa_size-50788","15":"first","16":"instock","17":"shipping-taxable","18":"purchasable","19":"product-type-simple","20":"customify-col","21":"product-has-gallery"},"yoast_head":"<!-- This site is optimized with the Yoast SEO plugin v27.4 - https:\/\/yoast.com\/product\/yoast-seo-wordpress\/ -->\n<title>Ekouaer Damen Schwangerschaftskleid \u00c4rmelloses Kleid Gestreiftes Nachthemd Schwangerschaftskleid zum Stillen, Streifen11\u2026 - Markt-XXL<\/title>\n<meta name=\"description\" content=\"Markt-XXL Ekouaer Damen Schwangerschaftskleid \u00c4rmelloses Kleid Gestreiftes Nachthemd Schwangerschaftskleid zum Stillen, Streifen11\u2026\" \/>\n<meta name=\"robots\" content=\"index, follow, max-snippet:-1, max-image-preview:large, max-video-preview:-1\" \/>\n<link rel=\"canonical\" href=\"https:\/\/marktxxl.de\/markt\/produkt\/ekouaer-damen-schwangerschaftskleid-aermelloses-kleid-gestreiftes-nachthemd-schwangerschaftskleid-zum-stillen-streifen11-x-large\/\" \/>\n<meta property=\"og:locale\" content=\"de_DE\" \/>\n<meta property=\"og:type\" content=\"article\" \/>\n<meta property=\"og:title\" content=\"Ekouaer Damen Schwangerschaftskleid \u00c4rmelloses Kleid Gestreiftes Nachthemd Schwangerschaftskleid zum Stillen, Streifen11\u2026 - Markt-XXL\" \/>\n<meta property=\"og:description\" content=\"Markt-XXL Ekouaer Damen Schwangerschaftskleid \u00c4rmelloses Kleid Gestreiftes Nachthemd Schwangerschaftskleid zum Stillen, Streifen11\u2026\" \/>\n<meta property=\"og:url\" content=\"https:\/\/marktxxl.de\/markt\/produkt\/ekouaer-damen-schwangerschaftskleid-aermelloses-kleid-gestreiftes-nachthemd-schwangerschaftskleid-zum-stillen-streifen11-x-large\/\" \/>\n<meta property=\"og:site_name\" content=\"Markt-XXL\" \/>\n<meta property=\"article:modified_time\" content=\"2023-04-11T03:35:59+00:00\" \/>\n<meta property=\"og:image\" content=\"https:\/\/m.media-amazon.com\/images\/I\/51oupwSqB7L._SL500_.jpg\" \/>\n\t<meta property=\"og:image:width\" content=\"500\" \/>\n\t<meta property=\"og:image:height\" content=\"500\" \/>\n\t<meta property=\"og:image:type\" content=\"image\/jpeg\" \/>\n<meta name=\"twitter:card\" content=\"summary_large_image\" \/>\n<meta name=\"twitter:label1\" content=\"Gesch\u00e4tzte Lesezeit\" \/>\n\t<meta name=\"twitter:data1\" content=\"1\u00a0Minute\" \/>\n<script type=\"application\/ld+json\" class=\"yoast-schema-graph\">{\"@context\":\"https:\\\/\\\/schema.org\",\"@graph\":[{\"@type\":\"WebPage\",\"@id\":\"https:\\\/\\\/marktxxl.de\\\/markt\\\/produkt\\\/ekouaer-damen-schwangerschaftskleid-aermelloses-kleid-gestreiftes-nachthemd-schwangerschaftskleid-zum-stillen-streifen11-x-large\\\/\",\"url\":\"https:\\\/\\\/marktxxl.de\\\/markt\\\/produkt\\\/ekouaer-damen-schwangerschaftskleid-aermelloses-kleid-gestreiftes-nachthemd-schwangerschaftskleid-zum-stillen-streifen11-x-large\\\/\",\"name\":\"Ekouaer Damen Schwangerschaftskleid \u00c4rmelloses Kleid Gestreiftes Nachthemd Schwangerschaftskleid zum Stillen, Streifen11\u2026 - Markt-XXL\",\"isPartOf\":{\"@id\":\"https:\\\/\\\/marktxxl.de\\\/markt\\\/#website\"},\"primaryImageOfPage\":{\"@id\":\"https:\\\/\\\/marktxxl.de\\\/markt\\\/produkt\\\/ekouaer-damen-schwangerschaftskleid-aermelloses-kleid-gestreiftes-nachthemd-schwangerschaftskleid-zum-stillen-streifen11-x-large\\\/#primaryimage\"},\"image\":{\"@id\":\"https:\\\/\\\/marktxxl.de\\\/markt\\\/produkt\\\/ekouaer-damen-schwangerschaftskleid-aermelloses-kleid-gestreiftes-nachthemd-schwangerschaftskleid-zum-stillen-streifen11-x-large\\\/#primaryimage\"},\"thumbnailUrl\":\"https:\\\/\\\/m.media-amazon.com\\\/images\\\/I\\\/51oupwSqB7L._SL500_.jpg\",\"datePublished\":\"2023-04-10T03:05:44+00:00\",\"dateModified\":\"2023-04-11T03:35:59+00:00\",\"description\":\"Markt-XXL Ekouaer Damen Schwangerschaftskleid \u00c4rmelloses Kleid Gestreiftes Nachthemd Schwangerschaftskleid zum Stillen, Streifen11\u2026\",\"breadcrumb\":{\"@id\":\"https:\\\/\\\/marktxxl.de\\\/markt\\\/produkt\\\/ekouaer-damen-schwangerschaftskleid-aermelloses-kleid-gestreiftes-nachthemd-schwangerschaftskleid-zum-stillen-streifen11-x-large\\\/#breadcrumb\"},\"inLanguage\":\"de\",\"potentialAction\":[{\"@type\":\"ReadAction\",\"target\":[\"https:\\\/\\\/marktxxl.de\\\/markt\\\/produkt\\\/ekouaer-damen-schwangerschaftskleid-aermelloses-kleid-gestreiftes-nachthemd-schwangerschaftskleid-zum-stillen-streifen11-x-large\\\/\"]}]},{\"@type\":\"ImageObject\",\"inLanguage\":\"de\",\"@id\":\"https:\\\/\\\/marktxxl.de\\\/markt\\\/produkt\\\/ekouaer-damen-schwangerschaftskleid-aermelloses-kleid-gestreiftes-nachthemd-schwangerschaftskleid-zum-stillen-streifen11-x-large\\\/#primaryimage\",\"url\":\"https:\\\/\\\/m.media-amazon.com\\\/images\\\/I\\\/51oupwSqB7L._SL500_.jpg\",\"contentUrl\":\"https:\\\/\\\/m.media-amazon.com\\\/images\\\/I\\\/51oupwSqB7L._SL500_.jpg\",\"width\":500,\"height\":500},{\"@type\":\"BreadcrumbList\",\"@id\":\"https:\\\/\\\/marktxxl.de\\\/markt\\\/produkt\\\/ekouaer-damen-schwangerschaftskleid-aermelloses-kleid-gestreiftes-nachthemd-schwangerschaftskleid-zum-stillen-streifen11-x-large\\\/#breadcrumb\",\"itemListElement\":[{\"@type\":\"ListItem\",\"position\":1,\"name\":\"Startseite\",\"item\":\"https:\\\/\\\/marktxxl.de\\\/markt\\\/\"},{\"@type\":\"ListItem\",\"position\":2,\"name\":\"Markt\",\"item\":\"https:\\\/\\\/marktxxl.de\\\/markt\\\/\"},{\"@type\":\"ListItem\",\"position\":3,\"name\":\"Ekouaer Damen Schwangerschaftskleid \u00c4rmelloses Kleid Gestreiftes Nachthemd Schwangerschaftskleid zum Stillen, Streifen11\u2026\"}]},{\"@type\":\"WebSite\",\"@id\":\"https:\\\/\\\/marktxxl.de\\\/markt\\\/#website\",\"url\":\"https:\\\/\\\/marktxxl.de\\\/markt\\\/\",\"name\":\"Markt-XXL\",\"description\":\"Ihr Markt Online\",\"publisher\":{\"@id\":\"https:\\\/\\\/marktxxl.de\\\/markt\\\/#organization\"},\"potentialAction\":[{\"@type\":\"SearchAction\",\"target\":{\"@type\":\"EntryPoint\",\"urlTemplate\":\"https:\\\/\\\/marktxxl.de\\\/markt\\\/?s={search_term_string}\"},\"query-input\":{\"@type\":\"PropertyValueSpecification\",\"valueRequired\":true,\"valueName\":\"search_term_string\"}}],\"inLanguage\":\"de\"},{\"@type\":\"Organization\",\"@id\":\"https:\\\/\\\/marktxxl.de\\\/markt\\\/#organization\",\"name\":\"Markt-XXL\",\"url\":\"https:\\\/\\\/marktxxl.de\\\/markt\\\/\",\"logo\":{\"@type\":\"ImageObject\",\"inLanguage\":\"de\",\"@id\":\"https:\\\/\\\/marktxxl.de\\\/markt\\\/#\\\/schema\\\/logo\\\/image\\\/\",\"url\":\"https:\\\/\\\/marktxxl.de\\\/markt\\\/wp-content\\\/uploads\\\/sites\\\/3\\\/2020\\\/12\\\/logo.png\",\"contentUrl\":\"https:\\\/\\\/marktxxl.de\\\/markt\\\/wp-content\\\/uploads\\\/sites\\\/3\\\/2020\\\/12\\\/logo.png\",\"width\":200,\"height\":70,\"caption\":\"Markt-XXL\"},\"image\":{\"@id\":\"https:\\\/\\\/marktxxl.de\\\/markt\\\/#\\\/schema\\\/logo\\\/image\\\/\"}}]}<\/script>\n<!-- \/ Yoast SEO plugin. -->","yoast_head_json":{"title":"Ekouaer Damen Schwangerschaftskleid \u00c4rmelloses Kleid Gestreiftes Nachthemd Schwangerschaftskleid zum Stillen, Streifen11\u2026 - Markt-XXL","description":"Markt-XXL Ekouaer Damen Schwangerschaftskleid \u00c4rmelloses Kleid Gestreiftes Nachthemd Schwangerschaftskleid zum Stillen, Streifen11\u2026","robots":{"index":"index","follow":"follow","max-snippet":"max-snippet:-1","max-image-preview":"max-image-preview:large","max-video-preview":"max-video-preview:-1"},"canonical":"https:\/\/marktxxl.de\/markt\/produkt\/ekouaer-damen-schwangerschaftskleid-aermelloses-kleid-gestreiftes-nachthemd-schwangerschaftskleid-zum-stillen-streifen11-x-large\/","og_locale":"de_DE","og_type":"article","og_title":"Ekouaer Damen Schwangerschaftskleid \u00c4rmelloses Kleid Gestreiftes Nachthemd Schwangerschaftskleid zum Stillen, Streifen11\u2026 - Markt-XXL","og_description":"Markt-XXL Ekouaer Damen Schwangerschaftskleid \u00c4rmelloses Kleid Gestreiftes Nachthemd Schwangerschaftskleid zum Stillen, Streifen11\u2026","og_url":"https:\/\/marktxxl.de\/markt\/produkt\/ekouaer-damen-schwangerschaftskleid-aermelloses-kleid-gestreiftes-nachthemd-schwangerschaftskleid-zum-stillen-streifen11-x-large\/","og_site_name":"Markt-XXL","article_modified_time":"2023-04-11T03:35:59+00:00","og_image":[{"width":500,"height":500,"url":"https:\/\/m.media-amazon.com\/images\/I\/51oupwSqB7L._SL500_.jpg","type":"image\/jpeg"}],"twitter_card":"summary_large_image","twitter_misc":{"Gesch\u00e4tzte Lesezeit":"1\u00a0Minute"},"schema":{"@context":"https:\/\/schema.org","@graph":[{"@type":"WebPage","@id":"https:\/\/marktxxl.de\/markt\/produkt\/ekouaer-damen-schwangerschaftskleid-aermelloses-kleid-gestreiftes-nachthemd-schwangerschaftskleid-zum-stillen-streifen11-x-large\/","url":"https:\/\/marktxxl.de\/markt\/produkt\/ekouaer-damen-schwangerschaftskleid-aermelloses-kleid-gestreiftes-nachthemd-schwangerschaftskleid-zum-stillen-streifen11-x-large\/","name":"Ekouaer Damen Schwangerschaftskleid \u00c4rmelloses Kleid Gestreiftes Nachthemd Schwangerschaftskleid zum Stillen, Streifen11\u2026 - Markt-XXL","isPartOf":{"@id":"https:\/\/marktxxl.de\/markt\/#website"},"primaryImageOfPage":{"@id":"https:\/\/marktxxl.de\/markt\/produkt\/ekouaer-damen-schwangerschaftskleid-aermelloses-kleid-gestreiftes-nachthemd-schwangerschaftskleid-zum-stillen-streifen11-x-large\/#primaryimage"},"image":{"@id":"https:\/\/marktxxl.de\/markt\/produkt\/ekouaer-damen-schwangerschaftskleid-aermelloses-kleid-gestreiftes-nachthemd-schwangerschaftskleid-zum-stillen-streifen11-x-large\/#primaryimage"},"thumbnailUrl":"https:\/\/m.media-amazon.com\/images\/I\/51oupwSqB7L._SL500_.jpg","datePublished":"2023-04-10T03:05:44+00:00","dateModified":"2023-04-11T03:35:59+00:00","description":"Markt-XXL Ekouaer Damen Schwangerschaftskleid \u00c4rmelloses Kleid Gestreiftes Nachthemd Schwangerschaftskleid zum Stillen, Streifen11\u2026","breadcrumb":{"@id":"https:\/\/marktxxl.de\/markt\/produkt\/ekouaer-damen-schwangerschaftskleid-aermelloses-kleid-gestreiftes-nachthemd-schwangerschaftskleid-zum-stillen-streifen11-x-large\/#breadcrumb"},"inLanguage":"de","potentialAction":[{"@type":"ReadAction","target":["https:\/\/marktxxl.de\/markt\/produkt\/ekouaer-damen-schwangerschaftskleid-aermelloses-kleid-gestreiftes-nachthemd-schwangerschaftskleid-zum-stillen-streifen11-x-large\/"]}]},{"@type":"ImageObject","inLanguage":"de","@id":"https:\/\/marktxxl.de\/markt\/produkt\/ekouaer-damen-schwangerschaftskleid-aermelloses-kleid-gestreiftes-nachthemd-schwangerschaftskleid-zum-stillen-streifen11-x-large\/#primaryimage","url":"https:\/\/m.media-amazon.com\/images\/I\/51oupwSqB7L._SL500_.jpg","contentUrl":"https:\/\/m.media-amazon.com\/images\/I\/51oupwSqB7L._SL500_.jpg","width":500,"height":500},{"@type":"BreadcrumbList","@id":"https:\/\/marktxxl.de\/markt\/produkt\/ekouaer-damen-schwangerschaftskleid-aermelloses-kleid-gestreiftes-nachthemd-schwangerschaftskleid-zum-stillen-streifen11-x-large\/#breadcrumb","itemListElement":[{"@type":"ListItem","position":1,"name":"Startseite","item":"https:\/\/marktxxl.de\/markt\/"},{"@type":"ListItem","position":2,"name":"Markt","item":"https:\/\/marktxxl.de\/markt\/"},{"@type":"ListItem","position":3,"name":"Ekouaer Damen Schwangerschaftskleid \u00c4rmelloses Kleid Gestreiftes Nachthemd Schwangerschaftskleid zum Stillen, Streifen11\u2026"}]},{"@type":"WebSite","@id":"https:\/\/marktxxl.de\/markt\/#website","url":"https:\/\/marktxxl.de\/markt\/","name":"Markt-XXL","description":"Ihr Markt Online","publisher":{"@id":"https:\/\/marktxxl.de\/markt\/#organization"},"potentialAction":[{"@type":"SearchAction","target":{"@type":"EntryPoint","urlTemplate":"https:\/\/marktxxl.de\/markt\/?s={search_term_string}"},"query-input":{"@type":"PropertyValueSpecification","valueRequired":true,"valueName":"search_term_string"}}],"inLanguage":"de"},{"@type":"Organization","@id":"https:\/\/marktxxl.de\/markt\/#organization","name":"Markt-XXL","url":"https:\/\/marktxxl.de\/markt\/","logo":{"@type":"ImageObject","inLanguage":"de","@id":"https:\/\/marktxxl.de\/markt\/#\/schema\/logo\/image\/","url":"https:\/\/marktxxl.de\/markt\/wp-content\/uploads\/sites\/3\/2020\/12\/logo.png","contentUrl":"https:\/\/marktxxl.de\/markt\/wp-content\/uploads\/sites\/3\/2020\/12\/logo.png","width":200,"height":70,"caption":"Markt-XXL"},"image":{"@id":"https:\/\/marktxxl.de\/markt\/#\/schema\/logo\/image\/"}}]}},"_links":{"self":[{"href":"https:\/\/marktxxl.de\/markt\/wp-json\/wp\/v2\/product\/198897","targetHints":{"allow":["GET"]}}],"collection":[{"href":"https:\/\/marktxxl.de\/markt\/wp-json\/wp\/v2\/product"}],"about":[{"href":"https:\/\/marktxxl.de\/markt\/wp-json\/wp\/v2\/types\/product"}],"replies":[{"embeddable":true,"href":"https:\/\/marktxxl.de\/markt\/wp-json\/wp\/v2\/comments?post=198897"}],"wp:featuredmedia":[{"embeddable":true,"href":"https:\/\/marktxxl.de\/markt\/wp-json\/wp\/v2\/media\/198898"}],"wp:attachment":[{"href":"https:\/\/marktxxl.de\/markt\/wp-json\/wp\/v2\/media?parent=198897"}],"wp:term":[{"taxonomy":"product_brand","embeddable":true,"href":"https:\/\/marktxxl.de\/markt\/wp-json\/wp\/v2\/product_brand?post=198897"},{"taxonomy":"product_cat","embeddable":true,"href":"https:\/\/marktxxl.de\/markt\/wp-json\/wp\/v2\/product_cat?post=198897"},{"taxonomy":"product_tag","embeddable":true,"href":"https:\/\/marktxxl.de\/markt\/wp-json\/wp\/v2\/product_tag?post=198897"}],"curies":[{"name":"wp","href":"https:\/\/api.w.org\/{rel}","templated":true}]}}