{"id":197720,"date":"2023-04-10T00:34:24","date_gmt":"2023-04-09T22:34:24","guid":{"rendered":"https:\/\/marktxxl.de\/markt\/produkt\/schnabels-quietsche-ente-erstklaessler-einschulung-in-der-schultuete-fuer-kinder-maedchen-und-jungen\/"},"modified":"2023-04-10T05:48:09","modified_gmt":"2023-04-10T03:48:09","slug":"schnabels-quietsche-ente-erstklaessler-einschulung-in-der-schultuete-fuer-kinder-maedchen-und-jungen","status":"publish","type":"product","link":"https:\/\/marktxxl.de\/markt\/produkt\/schnabels-quietsche-ente-erstklaessler-einschulung-in-der-schultuete-fuer-kinder-maedchen-und-jungen\/","title":{"rendered":"Schnabels Quietsche-Ente Erstkl\u00e4ssler-\/in (blau) &#8211; Geschenk f\u00fcr Einschulung Schult\u00fcte Kinder Freund-in M\u00e4dchen Junge\u2026"},"content":{"rendered":"<p>\ud83d\udc9a[SYMPATHIETR\u00c4GER]: Ein sehr wichtiger Meilenstein erreicht jedes Kind mit der Einschulung. F\u00fcr diesen besonderen Tag hat sich die gelbe Badeente extra schick gemacht. Im rechten Fl\u00fcgel h\u00e4lt sie den neue Ranzen nat\u00fcrlich mit einem Reflektor versehen. Links tr\u00e4gt sie stolz die prallgef\u00fcllte Schult\u00fcte. Nicht zu vergessen die ABC-Sch\u00fctzenkappe mit Reflexstreifen f\u00fcr bessere Sichtbarkeit im Stra\u00dfenverkehr.<br \/>\n\u2b50\ufe0f[PRODUKTQUALIT\u00c4T]: Die Marke Schnabels steht f\u00fcr h\u00f6chste Anspr\u00fcche an Sicherheit, Qualit\u00e4t, Material und Verarbeitung. Alle Produkte erf\u00fcllen selbstverst\u00e4ndlich die gesetzlichen Vorgaben und \u00fcbertreffen diese in vielen F\u00e4llen. Wir machen Qualit\u00e4t messbar und pr\u00fcfen zahlreiche Produkte intensiv durch renommierte Testinstitute in Deutschland.<br \/>\n\ud83c\udf81 [PERFEKTE GESCHENKIDEE]: Wir stehen seit vielen Jahren mit unserer Schnabels-Serie im Mittelpunkt der Idee Freude zu verschenken. F\u00fcr Kinder, Freunde, Partner oder Arbeitskollegen finden Sie bei uns immer das richtige Produkt zum Anlass!<br \/>\n\ud83d\udc3b [DESIGN]: Unsere Produktdesigns entstehen von erfahrenen Mitarbeitern in Norddeutschland und zeichnen sich durch Liebe f\u00fcrs Detail aus. Uns ist besonders wichtig, dass unsere Sympathietr\u00e4ger langfristig Freude bereiten und sich durch Qualit\u00e4t und Anmutung von der breiten Masse abheben.<br \/>\n\ud83d\udd0d [DETAILTREU]: Unsere Bilder entstehen in Eigenregie und bilden das tats\u00e4chliche Endprodukt ab. Wir m\u00f6chten, dass Sie vom ersten Moment an den richtigen Eindruck gewinnen. Bei uns erwartet Sie keine b\u00f6se \u00dcberraschung, wenn Sie Ihr Produkt in den H\u00e4nden halten.<br \/>\n<div class=\"main-cross-sell\" data-asin=\"B09BBFYMVG\">\n\n\t<div class=\"WooZone-cross-sell-loader\">\n\t\t<div>\n\t\t\t<div id=\"floatingBarsG\">\n\t\t\t\t<div class=\"blockG\" id=\"rotateG_01\"><\/div>\n\t\t\t\t<div class=\"blockG\" id=\"rotateG_02\"><\/div>\n\t\t\t\t<div class=\"blockG\" id=\"rotateG_03\"><\/div>\n\t\t\t\t<div class=\"blockG\" id=\"rotateG_04\"><\/div>\n\t\t\t\t<div class=\"blockG\" id=\"rotateG_05\"><\/div>\n\t\t\t\t<div class=\"blockG\" id=\"rotateG_06\"><\/div>\n\t\t\t\t<div class=\"blockG\" id=\"rotateG_07\"><\/div>\n\t\t\t\t<div class=\"blockG\" id=\"rotateG_08\"><\/div>\n\t\t\t<\/div>\n\t\t\t<div class=\"WooZone-cross-sell-loader-text\"><\/div>\n\t\t<\/div>\n\t<\/div>\n\n\t\t\n<\/div>\n<div style=\"clear:both;\"><\/div><\/p>\n","protected":false},"excerpt":{"rendered":"<p>\ud83d\udc9a[SYMPATHIETR\u00c4GER]: Ein sehr wichtiger Meilenstein erreicht jedes Kind mit der Einschulung. F\u00fcr diesen besonderen Tag hat sich die gelbe Badeente extra schick gemacht. Im rechten Fl\u00fcgel h\u00e4lt sie den neue Ranzen nat\u00fcrlich mit einem Reflektor versehen. Links tr\u00e4gt sie stolz die prallgef\u00fcllte Schult\u00fcte. Nicht zu vergessen die ABC-Sch\u00fctzenkappe mit Reflexstreifen f\u00fcr bessere Sichtbarkeit im Stra\u00dfenverkehr.<br \/>\n\u2b50\ufe0f[PRODUKTQUALIT\u00c4T]: Die Marke Schnabels steht f\u00fcr h\u00f6chste Anspr\u00fcche an Sicherheit, Qualit\u00e4t, Material und Verarbeitung. Alle Produkte erf\u00fcllen selbstverst\u00e4ndlich die gesetzlichen Vorgaben und \u00fcbertreffen diese in vielen F\u00e4llen. Wir machen Qualit\u00e4t messbar und pr\u00fcfen zahlreiche Produkte intensiv durch renommierte Testinstitute in Deutschland.<br \/>\n\ud83c\udf81 [PERFEKTE GESCHENKIDEE]: Wir stehen seit vielen Jahren mit unserer Schnabels-Serie im Mittelpunkt der Idee Freude zu verschenken. F\u00fcr Kinder, Freunde, Partner oder Arbeitskollegen finden Sie bei uns immer das richtige Produkt zum Anlass!<\/p>\n","protected":false},"featured_media":197721,"comment_status":"open","ping_status":"closed","template":"","meta":[],"product_brand":[],"product_cat":[21,9009],"product_tag":[],"class_list":{"0":"post-197720","1":"product","2":"type-product","3":"status-publish","4":"has-post-thumbnail","6":"product_cat-baby","7":"product_cat-babypflege-baby","8":"pa_binding-spielzeug","9":"pa_brand-schnabels","10":"pa_manufacturer-mbw-vertriebsges-mbh","12":"first","13":"instock","14":"shipping-taxable","15":"purchasable","16":"product-type-simple","17":"customify-col","18":"product-has-gallery"},"yoast_head":"<!-- This site is optimized with the Yoast SEO plugin v27.4 - https:\/\/yoast.com\/product\/yoast-seo-wordpress\/ -->\n<title>Schnabels Quietsche-Ente Erstkl\u00e4ssler-\/in (blau) - Geschenk f\u00fcr Einschulung Schult\u00fcte Kinder Freund-in M\u00e4dchen Junge\u2026 - Markt-XXL<\/title>\n<meta name=\"description\" content=\"Markt-XXL Schnabels Quietsche-Ente Erstkl\u00e4ssler-\/in (blau) - Geschenk f\u00fcr Einschulung Schult\u00fcte Kinder Freund-in M\u00e4dchen Junge\u2026\" \/>\n<meta name=\"robots\" content=\"index, follow, max-snippet:-1, max-image-preview:large, max-video-preview:-1\" \/>\n<link rel=\"canonical\" href=\"https:\/\/marktxxl.de\/markt\/produkt\/schnabels-quietsche-ente-erstklaessler-einschulung-in-der-schultuete-fuer-kinder-maedchen-und-jungen\/\" \/>\n<meta property=\"og:locale\" content=\"de_DE\" \/>\n<meta property=\"og:type\" content=\"article\" \/>\n<meta property=\"og:title\" content=\"Schnabels Quietsche-Ente Erstkl\u00e4ssler-\/in (blau) - Geschenk f\u00fcr Einschulung Schult\u00fcte Kinder Freund-in M\u00e4dchen Junge\u2026 - Markt-XXL\" \/>\n<meta property=\"og:description\" content=\"Markt-XXL Schnabels Quietsche-Ente Erstkl\u00e4ssler-\/in (blau) - Geschenk f\u00fcr Einschulung Schult\u00fcte Kinder Freund-in M\u00e4dchen Junge\u2026\" \/>\n<meta property=\"og:url\" content=\"https:\/\/marktxxl.de\/markt\/produkt\/schnabels-quietsche-ente-erstklaessler-einschulung-in-der-schultuete-fuer-kinder-maedchen-und-jungen\/\" \/>\n<meta property=\"og:site_name\" content=\"Markt-XXL\" \/>\n<meta property=\"article:modified_time\" content=\"2023-04-10T03:48:09+00:00\" \/>\n<meta property=\"og:image\" content=\"https:\/\/m.media-amazon.com\/images\/I\/31CYbPazymS._SL500_.jpg\" \/>\n\t<meta property=\"og:image:width\" content=\"500\" \/>\n\t<meta property=\"og:image:height\" content=\"500\" \/>\n\t<meta property=\"og:image:type\" content=\"image\/jpeg\" \/>\n<meta name=\"twitter:card\" content=\"summary_large_image\" \/>\n<meta name=\"twitter:label1\" content=\"Gesch\u00e4tzte Lesezeit\" \/>\n\t<meta name=\"twitter:data1\" content=\"1\u00a0Minute\" \/>\n<script type=\"application\/ld+json\" class=\"yoast-schema-graph\">{\"@context\":\"https:\\\/\\\/schema.org\",\"@graph\":[{\"@type\":\"WebPage\",\"@id\":\"https:\\\/\\\/marktxxl.de\\\/markt\\\/produkt\\\/schnabels-quietsche-ente-erstklaessler-einschulung-in-der-schultuete-fuer-kinder-maedchen-und-jungen\\\/\",\"url\":\"https:\\\/\\\/marktxxl.de\\\/markt\\\/produkt\\\/schnabels-quietsche-ente-erstklaessler-einschulung-in-der-schultuete-fuer-kinder-maedchen-und-jungen\\\/\",\"name\":\"Schnabels Quietsche-Ente Erstkl\u00e4ssler-\\\/in (blau) - Geschenk f\u00fcr Einschulung Schult\u00fcte Kinder Freund-in M\u00e4dchen Junge\u2026 - Markt-XXL\",\"isPartOf\":{\"@id\":\"https:\\\/\\\/marktxxl.de\\\/markt\\\/#website\"},\"primaryImageOfPage\":{\"@id\":\"https:\\\/\\\/marktxxl.de\\\/markt\\\/produkt\\\/schnabels-quietsche-ente-erstklaessler-einschulung-in-der-schultuete-fuer-kinder-maedchen-und-jungen\\\/#primaryimage\"},\"image\":{\"@id\":\"https:\\\/\\\/marktxxl.de\\\/markt\\\/produkt\\\/schnabels-quietsche-ente-erstklaessler-einschulung-in-der-schultuete-fuer-kinder-maedchen-und-jungen\\\/#primaryimage\"},\"thumbnailUrl\":\"https:\\\/\\\/m.media-amazon.com\\\/images\\\/I\\\/31CYbPazymS._SL500_.jpg\",\"datePublished\":\"2023-04-09T22:34:24+00:00\",\"dateModified\":\"2023-04-10T03:48:09+00:00\",\"description\":\"Markt-XXL Schnabels Quietsche-Ente Erstkl\u00e4ssler-\\\/in (blau) - Geschenk f\u00fcr Einschulung Schult\u00fcte Kinder Freund-in M\u00e4dchen Junge\u2026\",\"breadcrumb\":{\"@id\":\"https:\\\/\\\/marktxxl.de\\\/markt\\\/produkt\\\/schnabels-quietsche-ente-erstklaessler-einschulung-in-der-schultuete-fuer-kinder-maedchen-und-jungen\\\/#breadcrumb\"},\"inLanguage\":\"de\",\"potentialAction\":[{\"@type\":\"ReadAction\",\"target\":[\"https:\\\/\\\/marktxxl.de\\\/markt\\\/produkt\\\/schnabels-quietsche-ente-erstklaessler-einschulung-in-der-schultuete-fuer-kinder-maedchen-und-jungen\\\/\"]}]},{\"@type\":\"ImageObject\",\"inLanguage\":\"de\",\"@id\":\"https:\\\/\\\/marktxxl.de\\\/markt\\\/produkt\\\/schnabels-quietsche-ente-erstklaessler-einschulung-in-der-schultuete-fuer-kinder-maedchen-und-jungen\\\/#primaryimage\",\"url\":\"https:\\\/\\\/m.media-amazon.com\\\/images\\\/I\\\/31CYbPazymS._SL500_.jpg\",\"contentUrl\":\"https:\\\/\\\/m.media-amazon.com\\\/images\\\/I\\\/31CYbPazymS._SL500_.jpg\",\"width\":500,\"height\":500},{\"@type\":\"BreadcrumbList\",\"@id\":\"https:\\\/\\\/marktxxl.de\\\/markt\\\/produkt\\\/schnabels-quietsche-ente-erstklaessler-einschulung-in-der-schultuete-fuer-kinder-maedchen-und-jungen\\\/#breadcrumb\",\"itemListElement\":[{\"@type\":\"ListItem\",\"position\":1,\"name\":\"Startseite\",\"item\":\"https:\\\/\\\/marktxxl.de\\\/markt\\\/\"},{\"@type\":\"ListItem\",\"position\":2,\"name\":\"Markt\",\"item\":\"https:\\\/\\\/marktxxl.de\\\/markt\\\/\"},{\"@type\":\"ListItem\",\"position\":3,\"name\":\"Schnabels Quietsche-Ente Erstkl\u00e4ssler-\\\/in (blau) &#8211; Geschenk f\u00fcr Einschulung Schult\u00fcte Kinder Freund-in M\u00e4dchen Junge\u2026\"}]},{\"@type\":\"WebSite\",\"@id\":\"https:\\\/\\\/marktxxl.de\\\/markt\\\/#website\",\"url\":\"https:\\\/\\\/marktxxl.de\\\/markt\\\/\",\"name\":\"Markt-XXL\",\"description\":\"Ihr Markt Online\",\"publisher\":{\"@id\":\"https:\\\/\\\/marktxxl.de\\\/markt\\\/#organization\"},\"potentialAction\":[{\"@type\":\"SearchAction\",\"target\":{\"@type\":\"EntryPoint\",\"urlTemplate\":\"https:\\\/\\\/marktxxl.de\\\/markt\\\/?s={search_term_string}\"},\"query-input\":{\"@type\":\"PropertyValueSpecification\",\"valueRequired\":true,\"valueName\":\"search_term_string\"}}],\"inLanguage\":\"de\"},{\"@type\":\"Organization\",\"@id\":\"https:\\\/\\\/marktxxl.de\\\/markt\\\/#organization\",\"name\":\"Markt-XXL\",\"url\":\"https:\\\/\\\/marktxxl.de\\\/markt\\\/\",\"logo\":{\"@type\":\"ImageObject\",\"inLanguage\":\"de\",\"@id\":\"https:\\\/\\\/marktxxl.de\\\/markt\\\/#\\\/schema\\\/logo\\\/image\\\/\",\"url\":\"https:\\\/\\\/marktxxl.de\\\/markt\\\/wp-content\\\/uploads\\\/sites\\\/3\\\/2020\\\/12\\\/logo.png\",\"contentUrl\":\"https:\\\/\\\/marktxxl.de\\\/markt\\\/wp-content\\\/uploads\\\/sites\\\/3\\\/2020\\\/12\\\/logo.png\",\"width\":200,\"height\":70,\"caption\":\"Markt-XXL\"},\"image\":{\"@id\":\"https:\\\/\\\/marktxxl.de\\\/markt\\\/#\\\/schema\\\/logo\\\/image\\\/\"}}]}<\/script>\n<!-- \/ Yoast SEO plugin. -->","yoast_head_json":{"title":"Schnabels Quietsche-Ente Erstkl\u00e4ssler-\/in (blau) - Geschenk f\u00fcr Einschulung Schult\u00fcte Kinder Freund-in M\u00e4dchen Junge\u2026 - Markt-XXL","description":"Markt-XXL Schnabels Quietsche-Ente Erstkl\u00e4ssler-\/in (blau) - Geschenk f\u00fcr Einschulung Schult\u00fcte Kinder Freund-in M\u00e4dchen Junge\u2026","robots":{"index":"index","follow":"follow","max-snippet":"max-snippet:-1","max-image-preview":"max-image-preview:large","max-video-preview":"max-video-preview:-1"},"canonical":"https:\/\/marktxxl.de\/markt\/produkt\/schnabels-quietsche-ente-erstklaessler-einschulung-in-der-schultuete-fuer-kinder-maedchen-und-jungen\/","og_locale":"de_DE","og_type":"article","og_title":"Schnabels Quietsche-Ente Erstkl\u00e4ssler-\/in (blau) - Geschenk f\u00fcr Einschulung Schult\u00fcte Kinder Freund-in M\u00e4dchen Junge\u2026 - Markt-XXL","og_description":"Markt-XXL Schnabels Quietsche-Ente Erstkl\u00e4ssler-\/in (blau) - Geschenk f\u00fcr Einschulung Schult\u00fcte Kinder Freund-in M\u00e4dchen Junge\u2026","og_url":"https:\/\/marktxxl.de\/markt\/produkt\/schnabels-quietsche-ente-erstklaessler-einschulung-in-der-schultuete-fuer-kinder-maedchen-und-jungen\/","og_site_name":"Markt-XXL","article_modified_time":"2023-04-10T03:48:09+00:00","og_image":[{"width":500,"height":500,"url":"https:\/\/m.media-amazon.com\/images\/I\/31CYbPazymS._SL500_.jpg","type":"image\/jpeg"}],"twitter_card":"summary_large_image","twitter_misc":{"Gesch\u00e4tzte Lesezeit":"1\u00a0Minute"},"schema":{"@context":"https:\/\/schema.org","@graph":[{"@type":"WebPage","@id":"https:\/\/marktxxl.de\/markt\/produkt\/schnabels-quietsche-ente-erstklaessler-einschulung-in-der-schultuete-fuer-kinder-maedchen-und-jungen\/","url":"https:\/\/marktxxl.de\/markt\/produkt\/schnabels-quietsche-ente-erstklaessler-einschulung-in-der-schultuete-fuer-kinder-maedchen-und-jungen\/","name":"Schnabels Quietsche-Ente Erstkl\u00e4ssler-\/in (blau) - Geschenk f\u00fcr Einschulung Schult\u00fcte Kinder Freund-in M\u00e4dchen Junge\u2026 - Markt-XXL","isPartOf":{"@id":"https:\/\/marktxxl.de\/markt\/#website"},"primaryImageOfPage":{"@id":"https:\/\/marktxxl.de\/markt\/produkt\/schnabels-quietsche-ente-erstklaessler-einschulung-in-der-schultuete-fuer-kinder-maedchen-und-jungen\/#primaryimage"},"image":{"@id":"https:\/\/marktxxl.de\/markt\/produkt\/schnabels-quietsche-ente-erstklaessler-einschulung-in-der-schultuete-fuer-kinder-maedchen-und-jungen\/#primaryimage"},"thumbnailUrl":"https:\/\/m.media-amazon.com\/images\/I\/31CYbPazymS._SL500_.jpg","datePublished":"2023-04-09T22:34:24+00:00","dateModified":"2023-04-10T03:48:09+00:00","description":"Markt-XXL Schnabels Quietsche-Ente Erstkl\u00e4ssler-\/in (blau) - Geschenk f\u00fcr Einschulung Schult\u00fcte Kinder Freund-in M\u00e4dchen Junge\u2026","breadcrumb":{"@id":"https:\/\/marktxxl.de\/markt\/produkt\/schnabels-quietsche-ente-erstklaessler-einschulung-in-der-schultuete-fuer-kinder-maedchen-und-jungen\/#breadcrumb"},"inLanguage":"de","potentialAction":[{"@type":"ReadAction","target":["https:\/\/marktxxl.de\/markt\/produkt\/schnabels-quietsche-ente-erstklaessler-einschulung-in-der-schultuete-fuer-kinder-maedchen-und-jungen\/"]}]},{"@type":"ImageObject","inLanguage":"de","@id":"https:\/\/marktxxl.de\/markt\/produkt\/schnabels-quietsche-ente-erstklaessler-einschulung-in-der-schultuete-fuer-kinder-maedchen-und-jungen\/#primaryimage","url":"https:\/\/m.media-amazon.com\/images\/I\/31CYbPazymS._SL500_.jpg","contentUrl":"https:\/\/m.media-amazon.com\/images\/I\/31CYbPazymS._SL500_.jpg","width":500,"height":500},{"@type":"BreadcrumbList","@id":"https:\/\/marktxxl.de\/markt\/produkt\/schnabels-quietsche-ente-erstklaessler-einschulung-in-der-schultuete-fuer-kinder-maedchen-und-jungen\/#breadcrumb","itemListElement":[{"@type":"ListItem","position":1,"name":"Startseite","item":"https:\/\/marktxxl.de\/markt\/"},{"@type":"ListItem","position":2,"name":"Markt","item":"https:\/\/marktxxl.de\/markt\/"},{"@type":"ListItem","position":3,"name":"Schnabels Quietsche-Ente Erstkl\u00e4ssler-\/in (blau) &#8211; Geschenk f\u00fcr Einschulung Schult\u00fcte Kinder Freund-in M\u00e4dchen Junge\u2026"}]},{"@type":"WebSite","@id":"https:\/\/marktxxl.de\/markt\/#website","url":"https:\/\/marktxxl.de\/markt\/","name":"Markt-XXL","description":"Ihr Markt Online","publisher":{"@id":"https:\/\/marktxxl.de\/markt\/#organization"},"potentialAction":[{"@type":"SearchAction","target":{"@type":"EntryPoint","urlTemplate":"https:\/\/marktxxl.de\/markt\/?s={search_term_string}"},"query-input":{"@type":"PropertyValueSpecification","valueRequired":true,"valueName":"search_term_string"}}],"inLanguage":"de"},{"@type":"Organization","@id":"https:\/\/marktxxl.de\/markt\/#organization","name":"Markt-XXL","url":"https:\/\/marktxxl.de\/markt\/","logo":{"@type":"ImageObject","inLanguage":"de","@id":"https:\/\/marktxxl.de\/markt\/#\/schema\/logo\/image\/","url":"https:\/\/marktxxl.de\/markt\/wp-content\/uploads\/sites\/3\/2020\/12\/logo.png","contentUrl":"https:\/\/marktxxl.de\/markt\/wp-content\/uploads\/sites\/3\/2020\/12\/logo.png","width":200,"height":70,"caption":"Markt-XXL"},"image":{"@id":"https:\/\/marktxxl.de\/markt\/#\/schema\/logo\/image\/"}}]}},"_links":{"self":[{"href":"https:\/\/marktxxl.de\/markt\/wp-json\/wp\/v2\/product\/197720","targetHints":{"allow":["GET"]}}],"collection":[{"href":"https:\/\/marktxxl.de\/markt\/wp-json\/wp\/v2\/product"}],"about":[{"href":"https:\/\/marktxxl.de\/markt\/wp-json\/wp\/v2\/types\/product"}],"replies":[{"embeddable":true,"href":"https:\/\/marktxxl.de\/markt\/wp-json\/wp\/v2\/comments?post=197720"}],"wp:featuredmedia":[{"embeddable":true,"href":"https:\/\/marktxxl.de\/markt\/wp-json\/wp\/v2\/media\/197721"}],"wp:attachment":[{"href":"https:\/\/marktxxl.de\/markt\/wp-json\/wp\/v2\/media?parent=197720"}],"wp:term":[{"taxonomy":"product_brand","embeddable":true,"href":"https:\/\/marktxxl.de\/markt\/wp-json\/wp\/v2\/product_brand?post=197720"},{"taxonomy":"product_cat","embeddable":true,"href":"https:\/\/marktxxl.de\/markt\/wp-json\/wp\/v2\/product_cat?post=197720"},{"taxonomy":"product_tag","embeddable":true,"href":"https:\/\/marktxxl.de\/markt\/wp-json\/wp\/v2\/product_tag?post=197720"}],"curies":[{"name":"wp","href":"https:\/\/api.w.org\/{rel}","templated":true}]}}