{"id":196406,"date":"2023-03-11T11:20:14","date_gmt":"2023-03-11T10:20:14","guid":{"rendered":"https:\/\/marktxxl.de\/markt\/produkt\/10-x-accudoctor-ultra-sensitive-ovulationstest-lh-25miu-ml-4mm-eisprung-eisprungstest-schwangerschaft-kinderwunsch-teststreifen-kit-strips-10-tests\/"},"modified":"2023-04-11T05:32:13","modified_gmt":"2023-04-11T03:32:13","slug":"10-x-accudoctor-ultra-sensitive-ovulationstest-lh-25miu-ml-4mm-eisprung-eisprungstest-schwangerschaft-kinderwunsch-teststreifen-kit-strips-10-tests","status":"publish","type":"product","link":"https:\/\/marktxxl.de\/markt\/produkt\/10-x-accudoctor-ultra-sensitive-ovulationstest-lh-25miu-ml-4mm-eisprung-eisprungstest-schwangerschaft-kinderwunsch-teststreifen-kit-strips-10-tests\/","title":{"rendered":"10 Accudoctor Ovulationstest LH 25miu\/ml 4mm Eisprung Teststreifen Fruchtbarkeitstest Eisprungstest schwangerschaft\u2026"},"content":{"rendered":"<p>\u2605SICHERE FESTSTELLUNG IHRER FRUCHTBAREN TAGEN. Unsere Ovulationstests helfen Ihnen, Ihre fruchtbarsten Tage vorherzusagen, sogar wenn Ihr Menstruationszyklus variabel ist.<br \/>\n\u2605SCHNELLES &amp; KLARES ERGEBNIS UND EINFANCHE ANWENDUNG: Optimale Sensitivit\u00e4t: 25 mlU\/m und Ergebnisse in 3 Minuten. Einfach zu bedienen: Tauchen Sie den Test einfach 10-15 Sekunden lang in den Urin; Einfach zu lesen: Zwei Linien zeigen an, dass Sie sich in Ihren fruchtbaren Tagen befinden, und eine Linie zeigt ein negatives Ergebnis an.<br \/>\n\u2605Ergebnisse in 3 Minuten. Einfach zu bedienen: Tauchen Sie den Test einfach 10-15 Sekunden lang in den Urin; Einfach zu lesen: Zwei Linien zeigen an, dass Sie sich in Ihren fruchtbaren Tagen befinden, und eine Linie zeigt ein negatives Ergebnis an.<br \/>\n\u2605Die Lieferung enth\u00e4lt 10 Ovulationsteststreifen und eine Gebrauchsanweisung in deutscher Sprache. Jeder Teststreifen ist in einem einzelnen Beutel versiegelt.<br \/>\n\u2605 ZUFRIEDENHEITSGARANTIE: Die Accudoctor Test werden von Fachleuten der Branche entwickelt, und wir sind sicher, dass die Tests korrekt funktionieren. Wenn es jedoch nicht Ihren Erwartungen entsprach oder Sie w\u00e4hrend des Tests einen Zwischenfall hatten, k\u00f6nnen Sie uns gerne kontaktieren, um eine L\u00f6sung zu finden. Der Accudoctor-Test wird in Kliniken, Sozialzentren, Unternehmen, Entgiftungskliniken und Selbsthilfegruppen eingesetzt. Alle unsere Tests haben ein CE-Zertifikat.<br \/>\n<div class=\"main-cross-sell\" data-asin=\"B09W66D5PY\">\n\n\t<div class=\"WooZone-cross-sell-loader\">\n\t\t<div>\n\t\t\t<div id=\"floatingBarsG\">\n\t\t\t\t<div class=\"blockG\" id=\"rotateG_01\"><\/div>\n\t\t\t\t<div class=\"blockG\" id=\"rotateG_02\"><\/div>\n\t\t\t\t<div class=\"blockG\" id=\"rotateG_03\"><\/div>\n\t\t\t\t<div class=\"blockG\" id=\"rotateG_04\"><\/div>\n\t\t\t\t<div class=\"blockG\" id=\"rotateG_05\"><\/div>\n\t\t\t\t<div class=\"blockG\" id=\"rotateG_06\"><\/div>\n\t\t\t\t<div class=\"blockG\" id=\"rotateG_07\"><\/div>\n\t\t\t\t<div class=\"blockG\" id=\"rotateG_08\"><\/div>\n\t\t\t<\/div>\n\t\t\t<div class=\"WooZone-cross-sell-loader-text\"><\/div>\n\t\t<\/div>\n\t<\/div>\n\n\t\t\n<\/div>\n<div style=\"clear:both;\"><\/div><\/p>\n","protected":false},"excerpt":{"rendered":"<p>\u2605SICHERE FESTSTELLUNG IHRER FRUCHTBAREN TAGEN. Unsere Ovulationstests helfen Ihnen, Ihre fruchtbarsten Tage vorherzusagen, sogar wenn Ihr Menstruationszyklus variabel ist.<br \/>\n\u2605SCHNELLES &amp; KLARES ERGEBNIS UND EINFANCHE ANWENDUNG: Optimale Sensitivit\u00e4t: 25 mlU\/m und Ergebnisse in 3 Minuten. Einfach zu bedienen: Tauchen Sie den Test einfach 10-15 Sekunden lang in den Urin; Einfach zu lesen: Zwei Linien zeigen an, dass Sie sich in Ihren fruchtbaren Tagen befinden, und eine Linie zeigt ein negatives Ergebnis an.<br \/>\n\u2605Ergebnisse in 3 Minuten. Einfach zu bedienen: Tauchen Sie den Test einfach 10-15 Sekunden lang in den Urin; Einfach zu lesen: Zwei Linien zeigen an, dass Sie sich in Ihren fruchtbaren Tagen befinden, und eine Linie zeigt ein negatives Ergebnis an.<\/p>\n","protected":false},"featured_media":196407,"comment_status":"open","ping_status":"closed","template":"","meta":[],"product_brand":[],"product_cat":[566,6291],"product_tag":[],"class_list":{"0":"post-196406","1":"product","2":"type-product","3":"status-publish","4":"has-post-thumbnail","6":"product_cat-drogerie-koerperpflege","7":"product_cat-schwangerschaft","8":"pa_brand-accudoctor-check-test","9":"pa_manufacturer-accudoctor","11":"first","12":"instock","13":"shipping-taxable","14":"purchasable","15":"product-type-simple","16":"customify-col","17":"product-has-gallery"},"yoast_head":"<!-- This site is optimized with the Yoast SEO plugin v27.3 - https:\/\/yoast.com\/product\/yoast-seo-wordpress\/ -->\n<title>10 Accudoctor Ovulationstest LH 25miu\/ml 4mm Eisprung Teststreifen Fruchtbarkeitstest Eisprungstest schwangerschaft\u2026 - Markt-XXL<\/title>\n<meta name=\"description\" content=\"Markt-XXL 10 Accudoctor Ovulationstest LH 25miu\/ml 4mm Eisprung Teststreifen Fruchtbarkeitstest Eisprungstest schwangerschaft\u2026\" \/>\n<meta name=\"robots\" content=\"index, follow, max-snippet:-1, max-image-preview:large, max-video-preview:-1\" \/>\n<link rel=\"canonical\" href=\"https:\/\/marktxxl.de\/markt\/produkt\/10-x-accudoctor-ultra-sensitive-ovulationstest-lh-25miu-ml-4mm-eisprung-eisprungstest-schwangerschaft-kinderwunsch-teststreifen-kit-strips-10-tests\/\" \/>\n<meta property=\"og:locale\" content=\"de_DE\" \/>\n<meta property=\"og:type\" content=\"article\" \/>\n<meta property=\"og:title\" content=\"10 Accudoctor Ovulationstest LH 25miu\/ml 4mm Eisprung Teststreifen Fruchtbarkeitstest Eisprungstest schwangerschaft\u2026 - Markt-XXL\" \/>\n<meta property=\"og:description\" content=\"Markt-XXL 10 Accudoctor Ovulationstest LH 25miu\/ml 4mm Eisprung Teststreifen Fruchtbarkeitstest Eisprungstest schwangerschaft\u2026\" \/>\n<meta property=\"og:url\" content=\"https:\/\/marktxxl.de\/markt\/produkt\/10-x-accudoctor-ultra-sensitive-ovulationstest-lh-25miu-ml-4mm-eisprung-eisprungstest-schwangerschaft-kinderwunsch-teststreifen-kit-strips-10-tests\/\" \/>\n<meta property=\"og:site_name\" content=\"Markt-XXL\" \/>\n<meta property=\"article:modified_time\" content=\"2023-04-11T03:32:13+00:00\" \/>\n<meta property=\"og:image\" content=\"https:\/\/m.media-amazon.com\/images\/I\/41F5a43q5fL._SL500_.jpg\" \/>\n\t<meta property=\"og:image:width\" content=\"500\" \/>\n\t<meta property=\"og:image:height\" content=\"463\" \/>\n\t<meta property=\"og:image:type\" content=\"image\/jpeg\" \/>\n<meta name=\"twitter:card\" content=\"summary_large_image\" \/>\n<meta name=\"twitter:label1\" content=\"Gesch\u00e4tzte Lesezeit\" \/>\n\t<meta name=\"twitter:data1\" content=\"1\u00a0Minute\" \/>\n<script type=\"application\/ld+json\" class=\"yoast-schema-graph\">{\"@context\":\"https:\\\/\\\/schema.org\",\"@graph\":[{\"@type\":\"WebPage\",\"@id\":\"https:\\\/\\\/marktxxl.de\\\/markt\\\/produkt\\\/10-x-accudoctor-ultra-sensitive-ovulationstest-lh-25miu-ml-4mm-eisprung-eisprungstest-schwangerschaft-kinderwunsch-teststreifen-kit-strips-10-tests\\\/\",\"url\":\"https:\\\/\\\/marktxxl.de\\\/markt\\\/produkt\\\/10-x-accudoctor-ultra-sensitive-ovulationstest-lh-25miu-ml-4mm-eisprung-eisprungstest-schwangerschaft-kinderwunsch-teststreifen-kit-strips-10-tests\\\/\",\"name\":\"10 Accudoctor Ovulationstest LH 25miu\\\/ml 4mm Eisprung Teststreifen Fruchtbarkeitstest Eisprungstest schwangerschaft\u2026 - Markt-XXL\",\"isPartOf\":{\"@id\":\"https:\\\/\\\/marktxxl.de\\\/markt\\\/#website\"},\"primaryImageOfPage\":{\"@id\":\"https:\\\/\\\/marktxxl.de\\\/markt\\\/produkt\\\/10-x-accudoctor-ultra-sensitive-ovulationstest-lh-25miu-ml-4mm-eisprung-eisprungstest-schwangerschaft-kinderwunsch-teststreifen-kit-strips-10-tests\\\/#primaryimage\"},\"image\":{\"@id\":\"https:\\\/\\\/marktxxl.de\\\/markt\\\/produkt\\\/10-x-accudoctor-ultra-sensitive-ovulationstest-lh-25miu-ml-4mm-eisprung-eisprungstest-schwangerschaft-kinderwunsch-teststreifen-kit-strips-10-tests\\\/#primaryimage\"},\"thumbnailUrl\":\"https:\\\/\\\/m.media-amazon.com\\\/images\\\/I\\\/41F5a43q5fL._SL500_.jpg\",\"datePublished\":\"2023-03-11T10:20:14+00:00\",\"dateModified\":\"2023-04-11T03:32:13+00:00\",\"description\":\"Markt-XXL 10 Accudoctor Ovulationstest LH 25miu\\\/ml 4mm Eisprung Teststreifen Fruchtbarkeitstest Eisprungstest schwangerschaft\u2026\",\"breadcrumb\":{\"@id\":\"https:\\\/\\\/marktxxl.de\\\/markt\\\/produkt\\\/10-x-accudoctor-ultra-sensitive-ovulationstest-lh-25miu-ml-4mm-eisprung-eisprungstest-schwangerschaft-kinderwunsch-teststreifen-kit-strips-10-tests\\\/#breadcrumb\"},\"inLanguage\":\"de\",\"potentialAction\":[{\"@type\":\"ReadAction\",\"target\":[\"https:\\\/\\\/marktxxl.de\\\/markt\\\/produkt\\\/10-x-accudoctor-ultra-sensitive-ovulationstest-lh-25miu-ml-4mm-eisprung-eisprungstest-schwangerschaft-kinderwunsch-teststreifen-kit-strips-10-tests\\\/\"]}]},{\"@type\":\"ImageObject\",\"inLanguage\":\"de\",\"@id\":\"https:\\\/\\\/marktxxl.de\\\/markt\\\/produkt\\\/10-x-accudoctor-ultra-sensitive-ovulationstest-lh-25miu-ml-4mm-eisprung-eisprungstest-schwangerschaft-kinderwunsch-teststreifen-kit-strips-10-tests\\\/#primaryimage\",\"url\":\"https:\\\/\\\/m.media-amazon.com\\\/images\\\/I\\\/41F5a43q5fL._SL500_.jpg\",\"contentUrl\":\"https:\\\/\\\/m.media-amazon.com\\\/images\\\/I\\\/41F5a43q5fL._SL500_.jpg\",\"width\":500,\"height\":463},{\"@type\":\"BreadcrumbList\",\"@id\":\"https:\\\/\\\/marktxxl.de\\\/markt\\\/produkt\\\/10-x-accudoctor-ultra-sensitive-ovulationstest-lh-25miu-ml-4mm-eisprung-eisprungstest-schwangerschaft-kinderwunsch-teststreifen-kit-strips-10-tests\\\/#breadcrumb\",\"itemListElement\":[{\"@type\":\"ListItem\",\"position\":1,\"name\":\"Startseite\",\"item\":\"https:\\\/\\\/marktxxl.de\\\/markt\\\/\"},{\"@type\":\"ListItem\",\"position\":2,\"name\":\"Markt\",\"item\":\"https:\\\/\\\/marktxxl.de\\\/markt\\\/\"},{\"@type\":\"ListItem\",\"position\":3,\"name\":\"10 Accudoctor Ovulationstest LH 25miu\\\/ml 4mm Eisprung Teststreifen Fruchtbarkeitstest Eisprungstest schwangerschaft\u2026\"}]},{\"@type\":\"WebSite\",\"@id\":\"https:\\\/\\\/marktxxl.de\\\/markt\\\/#website\",\"url\":\"https:\\\/\\\/marktxxl.de\\\/markt\\\/\",\"name\":\"Markt-XXL\",\"description\":\"Ihr Markt Online\",\"publisher\":{\"@id\":\"https:\\\/\\\/marktxxl.de\\\/markt\\\/#organization\"},\"potentialAction\":[{\"@type\":\"SearchAction\",\"target\":{\"@type\":\"EntryPoint\",\"urlTemplate\":\"https:\\\/\\\/marktxxl.de\\\/markt\\\/?s={search_term_string}\"},\"query-input\":{\"@type\":\"PropertyValueSpecification\",\"valueRequired\":true,\"valueName\":\"search_term_string\"}}],\"inLanguage\":\"de\"},{\"@type\":\"Organization\",\"@id\":\"https:\\\/\\\/marktxxl.de\\\/markt\\\/#organization\",\"name\":\"Markt-XXL\",\"url\":\"https:\\\/\\\/marktxxl.de\\\/markt\\\/\",\"logo\":{\"@type\":\"ImageObject\",\"inLanguage\":\"de\",\"@id\":\"https:\\\/\\\/marktxxl.de\\\/markt\\\/#\\\/schema\\\/logo\\\/image\\\/\",\"url\":\"https:\\\/\\\/marktxxl.de\\\/markt\\\/wp-content\\\/uploads\\\/sites\\\/3\\\/2020\\\/12\\\/logo.png\",\"contentUrl\":\"https:\\\/\\\/marktxxl.de\\\/markt\\\/wp-content\\\/uploads\\\/sites\\\/3\\\/2020\\\/12\\\/logo.png\",\"width\":200,\"height\":70,\"caption\":\"Markt-XXL\"},\"image\":{\"@id\":\"https:\\\/\\\/marktxxl.de\\\/markt\\\/#\\\/schema\\\/logo\\\/image\\\/\"}}]}<\/script>\n<!-- \/ Yoast SEO plugin. -->","yoast_head_json":{"title":"10 Accudoctor Ovulationstest LH 25miu\/ml 4mm Eisprung Teststreifen Fruchtbarkeitstest Eisprungstest schwangerschaft\u2026 - Markt-XXL","description":"Markt-XXL 10 Accudoctor Ovulationstest LH 25miu\/ml 4mm Eisprung Teststreifen Fruchtbarkeitstest Eisprungstest schwangerschaft\u2026","robots":{"index":"index","follow":"follow","max-snippet":"max-snippet:-1","max-image-preview":"max-image-preview:large","max-video-preview":"max-video-preview:-1"},"canonical":"https:\/\/marktxxl.de\/markt\/produkt\/10-x-accudoctor-ultra-sensitive-ovulationstest-lh-25miu-ml-4mm-eisprung-eisprungstest-schwangerschaft-kinderwunsch-teststreifen-kit-strips-10-tests\/","og_locale":"de_DE","og_type":"article","og_title":"10 Accudoctor Ovulationstest LH 25miu\/ml 4mm Eisprung Teststreifen Fruchtbarkeitstest Eisprungstest schwangerschaft\u2026 - Markt-XXL","og_description":"Markt-XXL 10 Accudoctor Ovulationstest LH 25miu\/ml 4mm Eisprung Teststreifen Fruchtbarkeitstest Eisprungstest schwangerschaft\u2026","og_url":"https:\/\/marktxxl.de\/markt\/produkt\/10-x-accudoctor-ultra-sensitive-ovulationstest-lh-25miu-ml-4mm-eisprung-eisprungstest-schwangerschaft-kinderwunsch-teststreifen-kit-strips-10-tests\/","og_site_name":"Markt-XXL","article_modified_time":"2023-04-11T03:32:13+00:00","og_image":[{"width":500,"height":463,"url":"https:\/\/m.media-amazon.com\/images\/I\/41F5a43q5fL._SL500_.jpg","type":"image\/jpeg"}],"twitter_card":"summary_large_image","twitter_misc":{"Gesch\u00e4tzte Lesezeit":"1\u00a0Minute"},"schema":{"@context":"https:\/\/schema.org","@graph":[{"@type":"WebPage","@id":"https:\/\/marktxxl.de\/markt\/produkt\/10-x-accudoctor-ultra-sensitive-ovulationstest-lh-25miu-ml-4mm-eisprung-eisprungstest-schwangerschaft-kinderwunsch-teststreifen-kit-strips-10-tests\/","url":"https:\/\/marktxxl.de\/markt\/produkt\/10-x-accudoctor-ultra-sensitive-ovulationstest-lh-25miu-ml-4mm-eisprung-eisprungstest-schwangerschaft-kinderwunsch-teststreifen-kit-strips-10-tests\/","name":"10 Accudoctor Ovulationstest LH 25miu\/ml 4mm Eisprung Teststreifen Fruchtbarkeitstest Eisprungstest schwangerschaft\u2026 - Markt-XXL","isPartOf":{"@id":"https:\/\/marktxxl.de\/markt\/#website"},"primaryImageOfPage":{"@id":"https:\/\/marktxxl.de\/markt\/produkt\/10-x-accudoctor-ultra-sensitive-ovulationstest-lh-25miu-ml-4mm-eisprung-eisprungstest-schwangerschaft-kinderwunsch-teststreifen-kit-strips-10-tests\/#primaryimage"},"image":{"@id":"https:\/\/marktxxl.de\/markt\/produkt\/10-x-accudoctor-ultra-sensitive-ovulationstest-lh-25miu-ml-4mm-eisprung-eisprungstest-schwangerschaft-kinderwunsch-teststreifen-kit-strips-10-tests\/#primaryimage"},"thumbnailUrl":"https:\/\/m.media-amazon.com\/images\/I\/41F5a43q5fL._SL500_.jpg","datePublished":"2023-03-11T10:20:14+00:00","dateModified":"2023-04-11T03:32:13+00:00","description":"Markt-XXL 10 Accudoctor Ovulationstest LH 25miu\/ml 4mm Eisprung Teststreifen Fruchtbarkeitstest Eisprungstest schwangerschaft\u2026","breadcrumb":{"@id":"https:\/\/marktxxl.de\/markt\/produkt\/10-x-accudoctor-ultra-sensitive-ovulationstest-lh-25miu-ml-4mm-eisprung-eisprungstest-schwangerschaft-kinderwunsch-teststreifen-kit-strips-10-tests\/#breadcrumb"},"inLanguage":"de","potentialAction":[{"@type":"ReadAction","target":["https:\/\/marktxxl.de\/markt\/produkt\/10-x-accudoctor-ultra-sensitive-ovulationstest-lh-25miu-ml-4mm-eisprung-eisprungstest-schwangerschaft-kinderwunsch-teststreifen-kit-strips-10-tests\/"]}]},{"@type":"ImageObject","inLanguage":"de","@id":"https:\/\/marktxxl.de\/markt\/produkt\/10-x-accudoctor-ultra-sensitive-ovulationstest-lh-25miu-ml-4mm-eisprung-eisprungstest-schwangerschaft-kinderwunsch-teststreifen-kit-strips-10-tests\/#primaryimage","url":"https:\/\/m.media-amazon.com\/images\/I\/41F5a43q5fL._SL500_.jpg","contentUrl":"https:\/\/m.media-amazon.com\/images\/I\/41F5a43q5fL._SL500_.jpg","width":500,"height":463},{"@type":"BreadcrumbList","@id":"https:\/\/marktxxl.de\/markt\/produkt\/10-x-accudoctor-ultra-sensitive-ovulationstest-lh-25miu-ml-4mm-eisprung-eisprungstest-schwangerschaft-kinderwunsch-teststreifen-kit-strips-10-tests\/#breadcrumb","itemListElement":[{"@type":"ListItem","position":1,"name":"Startseite","item":"https:\/\/marktxxl.de\/markt\/"},{"@type":"ListItem","position":2,"name":"Markt","item":"https:\/\/marktxxl.de\/markt\/"},{"@type":"ListItem","position":3,"name":"10 Accudoctor Ovulationstest LH 25miu\/ml 4mm Eisprung Teststreifen Fruchtbarkeitstest Eisprungstest schwangerschaft\u2026"}]},{"@type":"WebSite","@id":"https:\/\/marktxxl.de\/markt\/#website","url":"https:\/\/marktxxl.de\/markt\/","name":"Markt-XXL","description":"Ihr Markt Online","publisher":{"@id":"https:\/\/marktxxl.de\/markt\/#organization"},"potentialAction":[{"@type":"SearchAction","target":{"@type":"EntryPoint","urlTemplate":"https:\/\/marktxxl.de\/markt\/?s={search_term_string}"},"query-input":{"@type":"PropertyValueSpecification","valueRequired":true,"valueName":"search_term_string"}}],"inLanguage":"de"},{"@type":"Organization","@id":"https:\/\/marktxxl.de\/markt\/#organization","name":"Markt-XXL","url":"https:\/\/marktxxl.de\/markt\/","logo":{"@type":"ImageObject","inLanguage":"de","@id":"https:\/\/marktxxl.de\/markt\/#\/schema\/logo\/image\/","url":"https:\/\/marktxxl.de\/markt\/wp-content\/uploads\/sites\/3\/2020\/12\/logo.png","contentUrl":"https:\/\/marktxxl.de\/markt\/wp-content\/uploads\/sites\/3\/2020\/12\/logo.png","width":200,"height":70,"caption":"Markt-XXL"},"image":{"@id":"https:\/\/marktxxl.de\/markt\/#\/schema\/logo\/image\/"}}]}},"_links":{"self":[{"href":"https:\/\/marktxxl.de\/markt\/wp-json\/wp\/v2\/product\/196406","targetHints":{"allow":["GET"]}}],"collection":[{"href":"https:\/\/marktxxl.de\/markt\/wp-json\/wp\/v2\/product"}],"about":[{"href":"https:\/\/marktxxl.de\/markt\/wp-json\/wp\/v2\/types\/product"}],"replies":[{"embeddable":true,"href":"https:\/\/marktxxl.de\/markt\/wp-json\/wp\/v2\/comments?post=196406"}],"wp:featuredmedia":[{"embeddable":true,"href":"https:\/\/marktxxl.de\/markt\/wp-json\/wp\/v2\/media\/196407"}],"wp:attachment":[{"href":"https:\/\/marktxxl.de\/markt\/wp-json\/wp\/v2\/media?parent=196406"}],"wp:term":[{"taxonomy":"product_brand","embeddable":true,"href":"https:\/\/marktxxl.de\/markt\/wp-json\/wp\/v2\/product_brand?post=196406"},{"taxonomy":"product_cat","embeddable":true,"href":"https:\/\/marktxxl.de\/markt\/wp-json\/wp\/v2\/product_cat?post=196406"},{"taxonomy":"product_tag","embeddable":true,"href":"https:\/\/marktxxl.de\/markt\/wp-json\/wp\/v2\/product_tag?post=196406"}],"curies":[{"name":"wp","href":"https:\/\/api.w.org\/{rel}","templated":true}]}}