{"id":195925,"date":"2023-03-11T09:53:36","date_gmt":"2023-03-11T08:53:36","guid":{"rendered":"https:\/\/marktxxl.de\/markt\/produkt\/conquest-journals-harry-potter-notizblock-127-x-178-cm-50-blatt-hochwertiges-schreibpapier\/"},"modified":"2023-04-09T05:16:24","modified_gmt":"2023-04-09T03:16:24","slug":"conquest-journals-harry-potter-notizblock-127-x-178-cm-50-blatt-hochwertiges-schreibpapier","status":"publish","type":"product","link":"https:\/\/marktxxl.de\/markt\/produkt\/conquest-journals-harry-potter-notizblock-127-x-178-cm-50-blatt-hochwertiges-schreibpapier\/","title":{"rendered":"Conquest Journals Harry Potter Notizblock, 12,7 x 17,8 cm, 50 Blatt, hochwertiges Schreibpapier"},"content":{"rendered":"<p>\u2714\ufe0f Harry-Potter-Thema: Dieser entz\u00fcckende Notizblock verf\u00fcgt \u00fcber einige unserer Lieblings-Harry-Potter-Symbole, darunter Trinkflaschen, Brillen, Kessel, Zauberstab und B\u00fccherstapel. Bewahren Sie Ihren Notizblock in der N\u00e4he auf, um sich an Ihre Dos, Aktions-Gegenst\u00e4nde oder Notizen und Zahlen zu erinnern. Der perfekte magische Notizblock, um Ihren Muggle-Tag aufzuhellen.<br \/>\n\u2714\ufe0f Stabiler Notizblock \u2013 Der Notizblock ist an der oberen Kante auf eine Kartonr\u00fcckwand geklebt, wodurch er stark und stabil bleibt.<br \/>\n\u2714\ufe0f Hochwertiges Schreibpapier \u2013 unsere Notizbl\u00f6cke haben eine Qualit\u00e4t von 27,2 kg. Papier, um eine glatte Schreibfl\u00e4che zu bieten und gleichzeitig ein Auslaufen zu minimieren.<br \/>\n\u2714\ufe0f Perfekt f\u00fcr Zuhause, B\u00fcro oder Schule: Ob Sie Notizen zu Hause, im B\u00fcro oder w\u00e4hrend der Schularbeit machen, dieser praktische kleine Notizblock ist der perfekte Begleiter f\u00fcr Ihren Tag.<br \/>\n\u2714\ufe0f CON*QUEST JOURNALS \u2013 Offiziell lizenziert, Fan Art Cool \u2013 Wir entwerfen und produzieren offiziell lizenzierte Harry Potter, Fantastic Beasts, Supernatural, Sabrina und Riverdale feine Papierprodukte f\u00fcr Warner Bros Consumer Produkte aus unserem Herzen heraus, weil wir auch Fans sind.<br \/>\n<div class=\"main-cross-sell\" data-asin=\"B088Y2HQ3X\">\n\n\t<div class=\"WooZone-cross-sell-loader\">\n\t\t<div>\n\t\t\t<div id=\"floatingBarsG\">\n\t\t\t\t<div class=\"blockG\" id=\"rotateG_01\"><\/div>\n\t\t\t\t<div class=\"blockG\" id=\"rotateG_02\"><\/div>\n\t\t\t\t<div class=\"blockG\" id=\"rotateG_03\"><\/div>\n\t\t\t\t<div class=\"blockG\" id=\"rotateG_04\"><\/div>\n\t\t\t\t<div class=\"blockG\" id=\"rotateG_05\"><\/div>\n\t\t\t\t<div class=\"blockG\" id=\"rotateG_06\"><\/div>\n\t\t\t\t<div class=\"blockG\" id=\"rotateG_07\"><\/div>\n\t\t\t\t<div class=\"blockG\" id=\"rotateG_08\"><\/div>\n\t\t\t<\/div>\n\t\t\t<div class=\"WooZone-cross-sell-loader-text\"><\/div>\n\t\t<\/div>\n\t<\/div>\n\n\t\t\n<\/div>\n<div style=\"clear:both;\"><\/div><\/p>\n","protected":false},"excerpt":{"rendered":"<p>\u2714\ufe0f Harry-Potter-Thema: Dieser entz\u00fcckende Notizblock verf\u00fcgt \u00fcber einige unserer Lieblings-Harry-Potter-Symbole, darunter Trinkflaschen, Brillen, Kessel, Zauberstab und B\u00fccherstapel. Bewahren Sie Ihren Notizblock in der N\u00e4he auf, um sich an Ihre Dos, Aktions-Gegenst\u00e4nde oder Notizen und Zahlen zu erinnern. Der perfekte magische Notizblock, um Ihren Muggle-Tag aufzuhellen.<br \/>\n\u2714\ufe0f Stabiler Notizblock \u2013 Der Notizblock ist an der oberen Kante auf eine Kartonr\u00fcckwand geklebt, wodurch er stark und stabil bleibt.<br \/>\n\u2714\ufe0f Hochwertiges Schreibpapier \u2013 unsere Notizbl\u00f6cke haben eine Qualit\u00e4t von 27,2 kg. Papier, um eine glatte Schreibfl\u00e4che zu bieten und gleichzeitig ein Auslaufen zu minimieren.<\/p>\n","protected":false},"featured_media":195926,"comment_status":"open","ping_status":"closed","template":"","meta":[],"product_brand":[],"product_cat":[504,8527],"product_tag":[],"class_list":{"0":"post-195925","1":"product","2":"type-product","3":"status-publish","4":"has-post-thumbnail","6":"product_cat-buerobedarf-schreibwaren","7":"product_cat-papierprodukte","8":"pa_binding-unbekannter-einband","9":"pa_brand-conquest","10":"pa_height-0-25-zoll","11":"pa_length-5-zoll","12":"pa_manufacturer-conquest-journals","13":"pa_model-cj1136","14":"pa_width-7-zoll","16":"first","17":"instock","18":"shipping-taxable","19":"purchasable","20":"product-type-simple","21":"customify-col","22":"product-has-gallery"},"yoast_head":"<!-- This site is optimized with the Yoast SEO plugin v27.4 - https:\/\/yoast.com\/product\/yoast-seo-wordpress\/ -->\n<title>Conquest Journals Harry Potter Notizblock, 12,7 x 17,8 cm, 50 Blatt, hochwertiges Schreibpapier - Markt-XXL<\/title>\n<meta name=\"description\" content=\"Markt-XXL Conquest Journals Harry Potter Notizblock, 12,7 x 17,8 cm, 50 Blatt, hochwertiges Schreibpapier\" \/>\n<meta name=\"robots\" content=\"index, follow, max-snippet:-1, max-image-preview:large, max-video-preview:-1\" \/>\n<link rel=\"canonical\" href=\"https:\/\/marktxxl.de\/markt\/produkt\/conquest-journals-harry-potter-notizblock-127-x-178-cm-50-blatt-hochwertiges-schreibpapier\/\" \/>\n<meta property=\"og:locale\" content=\"de_DE\" \/>\n<meta property=\"og:type\" content=\"article\" \/>\n<meta property=\"og:title\" content=\"Conquest Journals Harry Potter Notizblock, 12,7 x 17,8 cm, 50 Blatt, hochwertiges Schreibpapier - Markt-XXL\" \/>\n<meta property=\"og:description\" content=\"Markt-XXL Conquest Journals Harry Potter Notizblock, 12,7 x 17,8 cm, 50 Blatt, hochwertiges Schreibpapier\" \/>\n<meta property=\"og:url\" content=\"https:\/\/marktxxl.de\/markt\/produkt\/conquest-journals-harry-potter-notizblock-127-x-178-cm-50-blatt-hochwertiges-schreibpapier\/\" \/>\n<meta property=\"og:site_name\" content=\"Markt-XXL\" \/>\n<meta property=\"article:modified_time\" content=\"2023-04-09T03:16:24+00:00\" \/>\n<meta property=\"og:image\" content=\"https:\/\/m.media-amazon.com\/images\/I\/41H5QnG9f0L._SL500_.jpg\" \/>\n\t<meta property=\"og:image:width\" content=\"500\" \/>\n\t<meta property=\"og:image:height\" content=\"500\" \/>\n\t<meta property=\"og:image:type\" content=\"image\/jpeg\" \/>\n<meta name=\"twitter:card\" content=\"summary_large_image\" \/>\n<meta name=\"twitter:label1\" content=\"Gesch\u00e4tzte Lesezeit\" \/>\n\t<meta name=\"twitter:data1\" content=\"1\u00a0Minute\" \/>\n<script type=\"application\/ld+json\" class=\"yoast-schema-graph\">{\"@context\":\"https:\\\/\\\/schema.org\",\"@graph\":[{\"@type\":\"WebPage\",\"@id\":\"https:\\\/\\\/marktxxl.de\\\/markt\\\/produkt\\\/conquest-journals-harry-potter-notizblock-127-x-178-cm-50-blatt-hochwertiges-schreibpapier\\\/\",\"url\":\"https:\\\/\\\/marktxxl.de\\\/markt\\\/produkt\\\/conquest-journals-harry-potter-notizblock-127-x-178-cm-50-blatt-hochwertiges-schreibpapier\\\/\",\"name\":\"Conquest Journals Harry Potter Notizblock, 12,7 x 17,8 cm, 50 Blatt, hochwertiges Schreibpapier - Markt-XXL\",\"isPartOf\":{\"@id\":\"https:\\\/\\\/marktxxl.de\\\/markt\\\/#website\"},\"primaryImageOfPage\":{\"@id\":\"https:\\\/\\\/marktxxl.de\\\/markt\\\/produkt\\\/conquest-journals-harry-potter-notizblock-127-x-178-cm-50-blatt-hochwertiges-schreibpapier\\\/#primaryimage\"},\"image\":{\"@id\":\"https:\\\/\\\/marktxxl.de\\\/markt\\\/produkt\\\/conquest-journals-harry-potter-notizblock-127-x-178-cm-50-blatt-hochwertiges-schreibpapier\\\/#primaryimage\"},\"thumbnailUrl\":\"https:\\\/\\\/m.media-amazon.com\\\/images\\\/I\\\/41H5QnG9f0L._SL500_.jpg\",\"datePublished\":\"2023-03-11T08:53:36+00:00\",\"dateModified\":\"2023-04-09T03:16:24+00:00\",\"description\":\"Markt-XXL Conquest Journals Harry Potter Notizblock, 12,7 x 17,8 cm, 50 Blatt, hochwertiges Schreibpapier\",\"breadcrumb\":{\"@id\":\"https:\\\/\\\/marktxxl.de\\\/markt\\\/produkt\\\/conquest-journals-harry-potter-notizblock-127-x-178-cm-50-blatt-hochwertiges-schreibpapier\\\/#breadcrumb\"},\"inLanguage\":\"de\",\"potentialAction\":[{\"@type\":\"ReadAction\",\"target\":[\"https:\\\/\\\/marktxxl.de\\\/markt\\\/produkt\\\/conquest-journals-harry-potter-notizblock-127-x-178-cm-50-blatt-hochwertiges-schreibpapier\\\/\"]}]},{\"@type\":\"ImageObject\",\"inLanguage\":\"de\",\"@id\":\"https:\\\/\\\/marktxxl.de\\\/markt\\\/produkt\\\/conquest-journals-harry-potter-notizblock-127-x-178-cm-50-blatt-hochwertiges-schreibpapier\\\/#primaryimage\",\"url\":\"https:\\\/\\\/m.media-amazon.com\\\/images\\\/I\\\/41H5QnG9f0L._SL500_.jpg\",\"contentUrl\":\"https:\\\/\\\/m.media-amazon.com\\\/images\\\/I\\\/41H5QnG9f0L._SL500_.jpg\",\"width\":500,\"height\":500},{\"@type\":\"BreadcrumbList\",\"@id\":\"https:\\\/\\\/marktxxl.de\\\/markt\\\/produkt\\\/conquest-journals-harry-potter-notizblock-127-x-178-cm-50-blatt-hochwertiges-schreibpapier\\\/#breadcrumb\",\"itemListElement\":[{\"@type\":\"ListItem\",\"position\":1,\"name\":\"Startseite\",\"item\":\"https:\\\/\\\/marktxxl.de\\\/markt\\\/\"},{\"@type\":\"ListItem\",\"position\":2,\"name\":\"Markt\",\"item\":\"https:\\\/\\\/marktxxl.de\\\/markt\\\/\"},{\"@type\":\"ListItem\",\"position\":3,\"name\":\"Conquest Journals Harry Potter Notizblock, 12,7 x 17,8 cm, 50 Blatt, hochwertiges Schreibpapier\"}]},{\"@type\":\"WebSite\",\"@id\":\"https:\\\/\\\/marktxxl.de\\\/markt\\\/#website\",\"url\":\"https:\\\/\\\/marktxxl.de\\\/markt\\\/\",\"name\":\"Markt-XXL\",\"description\":\"Ihr Markt Online\",\"publisher\":{\"@id\":\"https:\\\/\\\/marktxxl.de\\\/markt\\\/#organization\"},\"potentialAction\":[{\"@type\":\"SearchAction\",\"target\":{\"@type\":\"EntryPoint\",\"urlTemplate\":\"https:\\\/\\\/marktxxl.de\\\/markt\\\/?s={search_term_string}\"},\"query-input\":{\"@type\":\"PropertyValueSpecification\",\"valueRequired\":true,\"valueName\":\"search_term_string\"}}],\"inLanguage\":\"de\"},{\"@type\":\"Organization\",\"@id\":\"https:\\\/\\\/marktxxl.de\\\/markt\\\/#organization\",\"name\":\"Markt-XXL\",\"url\":\"https:\\\/\\\/marktxxl.de\\\/markt\\\/\",\"logo\":{\"@type\":\"ImageObject\",\"inLanguage\":\"de\",\"@id\":\"https:\\\/\\\/marktxxl.de\\\/markt\\\/#\\\/schema\\\/logo\\\/image\\\/\",\"url\":\"https:\\\/\\\/marktxxl.de\\\/markt\\\/wp-content\\\/uploads\\\/sites\\\/3\\\/2020\\\/12\\\/logo.png\",\"contentUrl\":\"https:\\\/\\\/marktxxl.de\\\/markt\\\/wp-content\\\/uploads\\\/sites\\\/3\\\/2020\\\/12\\\/logo.png\",\"width\":200,\"height\":70,\"caption\":\"Markt-XXL\"},\"image\":{\"@id\":\"https:\\\/\\\/marktxxl.de\\\/markt\\\/#\\\/schema\\\/logo\\\/image\\\/\"}}]}<\/script>\n<!-- \/ Yoast SEO plugin. -->","yoast_head_json":{"title":"Conquest Journals Harry Potter Notizblock, 12,7 x 17,8 cm, 50 Blatt, hochwertiges Schreibpapier - Markt-XXL","description":"Markt-XXL Conquest Journals Harry Potter Notizblock, 12,7 x 17,8 cm, 50 Blatt, hochwertiges Schreibpapier","robots":{"index":"index","follow":"follow","max-snippet":"max-snippet:-1","max-image-preview":"max-image-preview:large","max-video-preview":"max-video-preview:-1"},"canonical":"https:\/\/marktxxl.de\/markt\/produkt\/conquest-journals-harry-potter-notizblock-127-x-178-cm-50-blatt-hochwertiges-schreibpapier\/","og_locale":"de_DE","og_type":"article","og_title":"Conquest Journals Harry Potter Notizblock, 12,7 x 17,8 cm, 50 Blatt, hochwertiges Schreibpapier - Markt-XXL","og_description":"Markt-XXL Conquest Journals Harry Potter Notizblock, 12,7 x 17,8 cm, 50 Blatt, hochwertiges Schreibpapier","og_url":"https:\/\/marktxxl.de\/markt\/produkt\/conquest-journals-harry-potter-notizblock-127-x-178-cm-50-blatt-hochwertiges-schreibpapier\/","og_site_name":"Markt-XXL","article_modified_time":"2023-04-09T03:16:24+00:00","og_image":[{"width":500,"height":500,"url":"https:\/\/m.media-amazon.com\/images\/I\/41H5QnG9f0L._SL500_.jpg","type":"image\/jpeg"}],"twitter_card":"summary_large_image","twitter_misc":{"Gesch\u00e4tzte Lesezeit":"1\u00a0Minute"},"schema":{"@context":"https:\/\/schema.org","@graph":[{"@type":"WebPage","@id":"https:\/\/marktxxl.de\/markt\/produkt\/conquest-journals-harry-potter-notizblock-127-x-178-cm-50-blatt-hochwertiges-schreibpapier\/","url":"https:\/\/marktxxl.de\/markt\/produkt\/conquest-journals-harry-potter-notizblock-127-x-178-cm-50-blatt-hochwertiges-schreibpapier\/","name":"Conquest Journals Harry Potter Notizblock, 12,7 x 17,8 cm, 50 Blatt, hochwertiges Schreibpapier - Markt-XXL","isPartOf":{"@id":"https:\/\/marktxxl.de\/markt\/#website"},"primaryImageOfPage":{"@id":"https:\/\/marktxxl.de\/markt\/produkt\/conquest-journals-harry-potter-notizblock-127-x-178-cm-50-blatt-hochwertiges-schreibpapier\/#primaryimage"},"image":{"@id":"https:\/\/marktxxl.de\/markt\/produkt\/conquest-journals-harry-potter-notizblock-127-x-178-cm-50-blatt-hochwertiges-schreibpapier\/#primaryimage"},"thumbnailUrl":"https:\/\/m.media-amazon.com\/images\/I\/41H5QnG9f0L._SL500_.jpg","datePublished":"2023-03-11T08:53:36+00:00","dateModified":"2023-04-09T03:16:24+00:00","description":"Markt-XXL Conquest Journals Harry Potter Notizblock, 12,7 x 17,8 cm, 50 Blatt, hochwertiges Schreibpapier","breadcrumb":{"@id":"https:\/\/marktxxl.de\/markt\/produkt\/conquest-journals-harry-potter-notizblock-127-x-178-cm-50-blatt-hochwertiges-schreibpapier\/#breadcrumb"},"inLanguage":"de","potentialAction":[{"@type":"ReadAction","target":["https:\/\/marktxxl.de\/markt\/produkt\/conquest-journals-harry-potter-notizblock-127-x-178-cm-50-blatt-hochwertiges-schreibpapier\/"]}]},{"@type":"ImageObject","inLanguage":"de","@id":"https:\/\/marktxxl.de\/markt\/produkt\/conquest-journals-harry-potter-notizblock-127-x-178-cm-50-blatt-hochwertiges-schreibpapier\/#primaryimage","url":"https:\/\/m.media-amazon.com\/images\/I\/41H5QnG9f0L._SL500_.jpg","contentUrl":"https:\/\/m.media-amazon.com\/images\/I\/41H5QnG9f0L._SL500_.jpg","width":500,"height":500},{"@type":"BreadcrumbList","@id":"https:\/\/marktxxl.de\/markt\/produkt\/conquest-journals-harry-potter-notizblock-127-x-178-cm-50-blatt-hochwertiges-schreibpapier\/#breadcrumb","itemListElement":[{"@type":"ListItem","position":1,"name":"Startseite","item":"https:\/\/marktxxl.de\/markt\/"},{"@type":"ListItem","position":2,"name":"Markt","item":"https:\/\/marktxxl.de\/markt\/"},{"@type":"ListItem","position":3,"name":"Conquest Journals Harry Potter Notizblock, 12,7 x 17,8 cm, 50 Blatt, hochwertiges Schreibpapier"}]},{"@type":"WebSite","@id":"https:\/\/marktxxl.de\/markt\/#website","url":"https:\/\/marktxxl.de\/markt\/","name":"Markt-XXL","description":"Ihr Markt Online","publisher":{"@id":"https:\/\/marktxxl.de\/markt\/#organization"},"potentialAction":[{"@type":"SearchAction","target":{"@type":"EntryPoint","urlTemplate":"https:\/\/marktxxl.de\/markt\/?s={search_term_string}"},"query-input":{"@type":"PropertyValueSpecification","valueRequired":true,"valueName":"search_term_string"}}],"inLanguage":"de"},{"@type":"Organization","@id":"https:\/\/marktxxl.de\/markt\/#organization","name":"Markt-XXL","url":"https:\/\/marktxxl.de\/markt\/","logo":{"@type":"ImageObject","inLanguage":"de","@id":"https:\/\/marktxxl.de\/markt\/#\/schema\/logo\/image\/","url":"https:\/\/marktxxl.de\/markt\/wp-content\/uploads\/sites\/3\/2020\/12\/logo.png","contentUrl":"https:\/\/marktxxl.de\/markt\/wp-content\/uploads\/sites\/3\/2020\/12\/logo.png","width":200,"height":70,"caption":"Markt-XXL"},"image":{"@id":"https:\/\/marktxxl.de\/markt\/#\/schema\/logo\/image\/"}}]}},"_links":{"self":[{"href":"https:\/\/marktxxl.de\/markt\/wp-json\/wp\/v2\/product\/195925","targetHints":{"allow":["GET"]}}],"collection":[{"href":"https:\/\/marktxxl.de\/markt\/wp-json\/wp\/v2\/product"}],"about":[{"href":"https:\/\/marktxxl.de\/markt\/wp-json\/wp\/v2\/types\/product"}],"replies":[{"embeddable":true,"href":"https:\/\/marktxxl.de\/markt\/wp-json\/wp\/v2\/comments?post=195925"}],"wp:featuredmedia":[{"embeddable":true,"href":"https:\/\/marktxxl.de\/markt\/wp-json\/wp\/v2\/media\/195926"}],"wp:attachment":[{"href":"https:\/\/marktxxl.de\/markt\/wp-json\/wp\/v2\/media?parent=195925"}],"wp:term":[{"taxonomy":"product_brand","embeddable":true,"href":"https:\/\/marktxxl.de\/markt\/wp-json\/wp\/v2\/product_brand?post=195925"},{"taxonomy":"product_cat","embeddable":true,"href":"https:\/\/marktxxl.de\/markt\/wp-json\/wp\/v2\/product_cat?post=195925"},{"taxonomy":"product_tag","embeddable":true,"href":"https:\/\/marktxxl.de\/markt\/wp-json\/wp\/v2\/product_tag?post=195925"}],"curies":[{"name":"wp","href":"https:\/\/api.w.org\/{rel}","templated":true}]}}