{"id":194724,"date":"2023-03-11T08:01:40","date_gmt":"2023-03-11T07:01:40","guid":{"rendered":"https:\/\/marktxxl.de\/markt\/produkt\/subosi-solarlampen-solar-haengelampen-fuer-aussen-innen160led-1200lm-6-modi-solarleuchte-mit-fernbedienung-bewegungsmelder-ip65-wasserdichte-solar-wandleuchte-solarpanel-licht-120beleuchtungsw\/"},"modified":"2023-04-10T05:44:49","modified_gmt":"2023-04-10T03:44:49","slug":"subosi-solarlampen-solar-haengelampen-fuer-aussen-innen160led-1200lm-6-modi-solarleuchte-mit-fernbedienung-bewegungsmelder-ip65-wasserdichte-solar-wandleuchte-solarpanel-licht-120beleuchtungsw","status":"publish","type":"product","link":"https:\/\/marktxxl.de\/markt\/produkt\/subosi-solarlampen-solar-haengelampen-fuer-aussen-innen160led-1200lm-6-modi-solarleuchte-mit-fernbedienung-bewegungsmelder-ip65-wasserdichte-solar-wandleuchte-solarpanel-licht-120beleuchtungsw\/","title":{"rendered":"SUBOSI Solarlampen Solar H\u00e4ngelampen f\u00fcr Au\u00dfen Innen,160LED 1200LM 6 Modi Solarleuchte mit Fernbedienung Bewegungsmelder\u2026"},"content":{"rendered":"<p>\u3010Upgrade Design \u30116 Modi insgesamt, Unsere led solarleuchte hinzugef\u00fcgt 2 Tageslichtmodi, Modus 4: den ganzen Tag hell, nur Induktionsmodus f\u00fcr den menschlichen K\u00f6rper. Modus 5: Immer den ganzen Tag an, wenn die Leistung bei 60 % oder darunter bleibt, es wird automatisch auf MODUS 4 umgeschaltet.Diese led solarlampe eignet sich besonders f\u00fcr dunkle Garagen oder Lager und kann tags\u00fcber hell sein.<br \/>\n\u30104 Nachtmodi \u3011Schlie\u00dft automatisch tags\u00fcber, \u00f6ffnet automatisch nachts,Modus 1: Schwaches Licht + Bewegungssensor Hohes Licht (schwaches Licht ohne Bewegungserkennung, starkes Licht 15s, wenn Menschen kommen). Modus 2: Aus + Bewegungssensor High Light (Wenn jemand kommt, wird das Licht automatisch eingeschaltet, und wenn jemand geht, wird das Licht nach 15 Sekunden automatisch ausgeschaltet). Modus 3. immer hell bis zum Morgengrauen. Modus 6: Innen Solar H\u00e4ngelampen k\u00f6nnen zeitgesteuert werden, Timer (2H\/4H\/6H).<br \/>\n\u3010Mit Fernbedienung\u3011 led solar bewegungsmelder mit Fernbedienung. Fernbedienungsfunktion: Sie k\u00f6nnen die Lichter ein- und ausschalten und verschiedene Modi per Fernbedienung ausw\u00e4hlen. und dr\u00fccken Sie die Taste &#8220;+\/-&#8220;, um die Helligkeit zu \u00e4ndern. (1%-100%)So k\u00f6nnen Sie ganz einfach verschiedene Modi und Helligkeiten ausw\u00e4hlen, um Ihren unterschiedlichen Anforderungen gerecht zu werden.<br \/>\n\u3010Winkelverstellbare und helle Solarleuchten\u3011 f\u00fcnfbl\u00e4ttrige Solarpendelleuchte. Jedes Blatt kann um 120 \u00b0 eingestellt werden, sodass das Licht genau dort gelenkt werden kann, wo es ben\u00f6tigt wird. Diese Solar h\u00e4ngelampeverf\u00fcgt \u00fcber 160 wei\u00dfe LEDs, die f\u00fcr eine Beleuchtung mit ultrahoher Helligkeit in einem weiten Bereich ausgelegt sind. werkstatt solarlampe Produzieren Sie \u00fcber 1200 Lumen.<br \/>\n\u3010IP65 wasserdicht und einfach zu installieren\u3011led solar mit bewegungsmelder au\u00dfen,IP65 wasserdicht und ABS-Material h\u00e4lt Regen und anderen extremen Wetterbedingungen stand. Das Solar Lampe wasserdichte Kabel ist 5 m lang, was ausreicht, um praktisch \u00fcberall hin zu verlegen.<br \/>\n<div class=\"main-cross-sell\" data-asin=\"B09P3FX45Z\">\n\n\t<div class=\"WooZone-cross-sell-loader\">\n\t\t<div>\n\t\t\t<div id=\"floatingBarsG\">\n\t\t\t\t<div class=\"blockG\" id=\"rotateG_01\"><\/div>\n\t\t\t\t<div class=\"blockG\" id=\"rotateG_02\"><\/div>\n\t\t\t\t<div class=\"blockG\" id=\"rotateG_03\"><\/div>\n\t\t\t\t<div class=\"blockG\" id=\"rotateG_04\"><\/div>\n\t\t\t\t<div class=\"blockG\" id=\"rotateG_05\"><\/div>\n\t\t\t\t<div class=\"blockG\" id=\"rotateG_06\"><\/div>\n\t\t\t\t<div class=\"blockG\" id=\"rotateG_07\"><\/div>\n\t\t\t\t<div class=\"blockG\" id=\"rotateG_08\"><\/div>\n\t\t\t<\/div>\n\t\t\t<div class=\"WooZone-cross-sell-loader-text\"><\/div>\n\t\t<\/div>\n\t<\/div>\n\n\t\t\n<\/div>\n<div style=\"clear:both;\"><\/div><\/p>\n","protected":false},"excerpt":{"rendered":"<p>\u3010Upgrade Design \u30116 Modi insgesamt, Unsere led solarleuchte hinzugef\u00fcgt 2 Tageslichtmodi, Modus 4: den ganzen Tag hell, nur Induktionsmodus f\u00fcr den menschlichen K\u00f6rper. Modus 5: Immer den ganzen Tag an, wenn die Leistung bei 60 % oder darunter bleibt, es wird automatisch auf MODUS 4 umgeschaltet.Diese led solarlampe eignet sich besonders f\u00fcr dunkle Garagen oder Lager und kann tags\u00fcber hell sein.<br \/>\n\u30104 Nachtmodi \u3011Schlie\u00dft automatisch tags\u00fcber, \u00f6ffnet automatisch nachts,Modus 1: Schwaches Licht + Bewegungssensor Hohes Licht (schwaches Licht ohne Bewegungserkennung, starkes Licht 15s, wenn Menschen kommen). Modus 2: Aus + Bewegungssensor High Light (Wenn jemand kommt, wird das Licht automatisch eingeschaltet, und wenn jemand geht, wird das Licht nach 15 Sekunden automatisch ausgeschaltet). Modus 3. immer hell bis zum Morgengrauen. Modus 6: Innen Solar H\u00e4ngelampen k\u00f6nnen zeitgesteuert werden, Timer (2H\/4H\/6H).<br \/>\n\u3010Mit Fernbedienung\u3011 led solar bewegungsmelder mit Fernbedienung. Fernbedienungsfunktion: Sie k\u00f6nnen die Lichter ein- und ausschalten und verschiedene Modi per Fernbedienung ausw\u00e4hlen. und dr\u00fccken Sie die Taste &#8220;+\/-&#8220;, um die Helligkeit zu \u00e4ndern. (1%-100%)So k\u00f6nnen Sie ganz einfach verschiedene Modi und Helligkeiten ausw\u00e4hlen, um Ihren unterschiedlichen Anforderungen gerecht zu werden.<\/p>\n","protected":false},"featured_media":194725,"comment_status":"open","ping_status":"closed","template":"","meta":[],"product_brand":[],"product_cat":[11446,2108],"product_tag":[],"class_list":{"0":"post-194724","1":"product","2":"type-product","3":"status-publish","4":"has-post-thumbnail","6":"product_cat-aussenbeleuchtung","7":"product_cat-beleuchtung","8":"pa_binding-werkzeug","9":"pa_brand-subosi","10":"pa_color-6-modi-wandleuchte","11":"pa_manufacturer-subosi","12":"pa_size-6-modi-wandleuchte","14":"first","15":"instock","16":"shipping-taxable","17":"purchasable","18":"product-type-simple","19":"customify-col","20":"product-has-gallery"},"yoast_head":"<!-- This site is optimized with the Yoast SEO plugin v27.4 - https:\/\/yoast.com\/product\/yoast-seo-wordpress\/ -->\n<title>SUBOSI Solarlampen Solar H\u00e4ngelampen f\u00fcr Au\u00dfen Innen,160LED 1200LM 6 Modi Solarleuchte mit Fernbedienung Bewegungsmelder\u2026 - Markt-XXL<\/title>\n<meta name=\"description\" content=\"Markt-XXL SUBOSI Solarlampen Solar H\u00e4ngelampen f\u00fcr Au\u00dfen Innen,160LED 1200LM 6 Modi Solarleuchte mit Fernbedienung Bewegungsmelder\u2026\" \/>\n<meta name=\"robots\" content=\"index, follow, max-snippet:-1, max-image-preview:large, max-video-preview:-1\" \/>\n<link rel=\"canonical\" href=\"https:\/\/marktxxl.de\/markt\/produkt\/subosi-solarlampen-solar-haengelampen-fuer-aussen-innen160led-1200lm-6-modi-solarleuchte-mit-fernbedienung-bewegungsmelder-ip65-wasserdichte-solar-wandleuchte-solarpanel-licht-120beleuchtungsw\/\" \/>\n<meta property=\"og:locale\" content=\"de_DE\" \/>\n<meta property=\"og:type\" content=\"article\" \/>\n<meta property=\"og:title\" content=\"SUBOSI Solarlampen Solar H\u00e4ngelampen f\u00fcr Au\u00dfen Innen,160LED 1200LM 6 Modi Solarleuchte mit Fernbedienung Bewegungsmelder\u2026 - Markt-XXL\" \/>\n<meta property=\"og:description\" content=\"Markt-XXL SUBOSI Solarlampen Solar H\u00e4ngelampen f\u00fcr Au\u00dfen Innen,160LED 1200LM 6 Modi Solarleuchte mit Fernbedienung Bewegungsmelder\u2026\" \/>\n<meta property=\"og:url\" content=\"https:\/\/marktxxl.de\/markt\/produkt\/subosi-solarlampen-solar-haengelampen-fuer-aussen-innen160led-1200lm-6-modi-solarleuchte-mit-fernbedienung-bewegungsmelder-ip65-wasserdichte-solar-wandleuchte-solarpanel-licht-120beleuchtungsw\/\" \/>\n<meta property=\"og:site_name\" content=\"Markt-XXL\" \/>\n<meta property=\"article:modified_time\" content=\"2023-04-10T03:44:49+00:00\" \/>\n<meta property=\"og:image\" content=\"https:\/\/m.media-amazon.com\/images\/I\/51BxxtUB03L._SL500_.jpg\" \/>\n\t<meta property=\"og:image:width\" content=\"500\" \/>\n\t<meta property=\"og:image:height\" content=\"500\" \/>\n\t<meta property=\"og:image:type\" content=\"image\/jpeg\" \/>\n<meta name=\"twitter:card\" content=\"summary_large_image\" \/>\n<meta name=\"twitter:label1\" content=\"Gesch\u00e4tzte Lesezeit\" \/>\n\t<meta name=\"twitter:data1\" content=\"1\u00a0Minute\" \/>\n<script type=\"application\/ld+json\" class=\"yoast-schema-graph\">{\"@context\":\"https:\\\/\\\/schema.org\",\"@graph\":[{\"@type\":\"WebPage\",\"@id\":\"https:\\\/\\\/marktxxl.de\\\/markt\\\/produkt\\\/subosi-solarlampen-solar-haengelampen-fuer-aussen-innen160led-1200lm-6-modi-solarleuchte-mit-fernbedienung-bewegungsmelder-ip65-wasserdichte-solar-wandleuchte-solarpanel-licht-120beleuchtungsw\\\/\",\"url\":\"https:\\\/\\\/marktxxl.de\\\/markt\\\/produkt\\\/subosi-solarlampen-solar-haengelampen-fuer-aussen-innen160led-1200lm-6-modi-solarleuchte-mit-fernbedienung-bewegungsmelder-ip65-wasserdichte-solar-wandleuchte-solarpanel-licht-120beleuchtungsw\\\/\",\"name\":\"SUBOSI Solarlampen Solar H\u00e4ngelampen f\u00fcr Au\u00dfen Innen,160LED 1200LM 6 Modi Solarleuchte mit Fernbedienung Bewegungsmelder\u2026 - Markt-XXL\",\"isPartOf\":{\"@id\":\"https:\\\/\\\/marktxxl.de\\\/markt\\\/#website\"},\"primaryImageOfPage\":{\"@id\":\"https:\\\/\\\/marktxxl.de\\\/markt\\\/produkt\\\/subosi-solarlampen-solar-haengelampen-fuer-aussen-innen160led-1200lm-6-modi-solarleuchte-mit-fernbedienung-bewegungsmelder-ip65-wasserdichte-solar-wandleuchte-solarpanel-licht-120beleuchtungsw\\\/#primaryimage\"},\"image\":{\"@id\":\"https:\\\/\\\/marktxxl.de\\\/markt\\\/produkt\\\/subosi-solarlampen-solar-haengelampen-fuer-aussen-innen160led-1200lm-6-modi-solarleuchte-mit-fernbedienung-bewegungsmelder-ip65-wasserdichte-solar-wandleuchte-solarpanel-licht-120beleuchtungsw\\\/#primaryimage\"},\"thumbnailUrl\":\"https:\\\/\\\/m.media-amazon.com\\\/images\\\/I\\\/51BxxtUB03L._SL500_.jpg\",\"datePublished\":\"2023-03-11T07:01:40+00:00\",\"dateModified\":\"2023-04-10T03:44:49+00:00\",\"description\":\"Markt-XXL SUBOSI Solarlampen Solar H\u00e4ngelampen f\u00fcr Au\u00dfen Innen,160LED 1200LM 6 Modi Solarleuchte mit Fernbedienung Bewegungsmelder\u2026\",\"breadcrumb\":{\"@id\":\"https:\\\/\\\/marktxxl.de\\\/markt\\\/produkt\\\/subosi-solarlampen-solar-haengelampen-fuer-aussen-innen160led-1200lm-6-modi-solarleuchte-mit-fernbedienung-bewegungsmelder-ip65-wasserdichte-solar-wandleuchte-solarpanel-licht-120beleuchtungsw\\\/#breadcrumb\"},\"inLanguage\":\"de\",\"potentialAction\":[{\"@type\":\"ReadAction\",\"target\":[\"https:\\\/\\\/marktxxl.de\\\/markt\\\/produkt\\\/subosi-solarlampen-solar-haengelampen-fuer-aussen-innen160led-1200lm-6-modi-solarleuchte-mit-fernbedienung-bewegungsmelder-ip65-wasserdichte-solar-wandleuchte-solarpanel-licht-120beleuchtungsw\\\/\"]}]},{\"@type\":\"ImageObject\",\"inLanguage\":\"de\",\"@id\":\"https:\\\/\\\/marktxxl.de\\\/markt\\\/produkt\\\/subosi-solarlampen-solar-haengelampen-fuer-aussen-innen160led-1200lm-6-modi-solarleuchte-mit-fernbedienung-bewegungsmelder-ip65-wasserdichte-solar-wandleuchte-solarpanel-licht-120beleuchtungsw\\\/#primaryimage\",\"url\":\"https:\\\/\\\/m.media-amazon.com\\\/images\\\/I\\\/51BxxtUB03L._SL500_.jpg\",\"contentUrl\":\"https:\\\/\\\/m.media-amazon.com\\\/images\\\/I\\\/51BxxtUB03L._SL500_.jpg\",\"width\":500,\"height\":500},{\"@type\":\"BreadcrumbList\",\"@id\":\"https:\\\/\\\/marktxxl.de\\\/markt\\\/produkt\\\/subosi-solarlampen-solar-haengelampen-fuer-aussen-innen160led-1200lm-6-modi-solarleuchte-mit-fernbedienung-bewegungsmelder-ip65-wasserdichte-solar-wandleuchte-solarpanel-licht-120beleuchtungsw\\\/#breadcrumb\",\"itemListElement\":[{\"@type\":\"ListItem\",\"position\":1,\"name\":\"Startseite\",\"item\":\"https:\\\/\\\/marktxxl.de\\\/markt\\\/\"},{\"@type\":\"ListItem\",\"position\":2,\"name\":\"Markt\",\"item\":\"https:\\\/\\\/marktxxl.de\\\/markt\\\/\"},{\"@type\":\"ListItem\",\"position\":3,\"name\":\"SUBOSI Solarlampen Solar H\u00e4ngelampen f\u00fcr Au\u00dfen Innen,160LED 1200LM 6 Modi Solarleuchte mit Fernbedienung Bewegungsmelder\u2026\"}]},{\"@type\":\"WebSite\",\"@id\":\"https:\\\/\\\/marktxxl.de\\\/markt\\\/#website\",\"url\":\"https:\\\/\\\/marktxxl.de\\\/markt\\\/\",\"name\":\"Markt-XXL\",\"description\":\"Ihr Markt Online\",\"publisher\":{\"@id\":\"https:\\\/\\\/marktxxl.de\\\/markt\\\/#organization\"},\"potentialAction\":[{\"@type\":\"SearchAction\",\"target\":{\"@type\":\"EntryPoint\",\"urlTemplate\":\"https:\\\/\\\/marktxxl.de\\\/markt\\\/?s={search_term_string}\"},\"query-input\":{\"@type\":\"PropertyValueSpecification\",\"valueRequired\":true,\"valueName\":\"search_term_string\"}}],\"inLanguage\":\"de\"},{\"@type\":\"Organization\",\"@id\":\"https:\\\/\\\/marktxxl.de\\\/markt\\\/#organization\",\"name\":\"Markt-XXL\",\"url\":\"https:\\\/\\\/marktxxl.de\\\/markt\\\/\",\"logo\":{\"@type\":\"ImageObject\",\"inLanguage\":\"de\",\"@id\":\"https:\\\/\\\/marktxxl.de\\\/markt\\\/#\\\/schema\\\/logo\\\/image\\\/\",\"url\":\"https:\\\/\\\/marktxxl.de\\\/markt\\\/wp-content\\\/uploads\\\/sites\\\/3\\\/2020\\\/12\\\/logo.png\",\"contentUrl\":\"https:\\\/\\\/marktxxl.de\\\/markt\\\/wp-content\\\/uploads\\\/sites\\\/3\\\/2020\\\/12\\\/logo.png\",\"width\":200,\"height\":70,\"caption\":\"Markt-XXL\"},\"image\":{\"@id\":\"https:\\\/\\\/marktxxl.de\\\/markt\\\/#\\\/schema\\\/logo\\\/image\\\/\"}}]}<\/script>\n<!-- \/ Yoast SEO plugin. -->","yoast_head_json":{"title":"SUBOSI Solarlampen Solar H\u00e4ngelampen f\u00fcr Au\u00dfen Innen,160LED 1200LM 6 Modi Solarleuchte mit Fernbedienung Bewegungsmelder\u2026 - Markt-XXL","description":"Markt-XXL SUBOSI Solarlampen Solar H\u00e4ngelampen f\u00fcr Au\u00dfen Innen,160LED 1200LM 6 Modi Solarleuchte mit Fernbedienung Bewegungsmelder\u2026","robots":{"index":"index","follow":"follow","max-snippet":"max-snippet:-1","max-image-preview":"max-image-preview:large","max-video-preview":"max-video-preview:-1"},"canonical":"https:\/\/marktxxl.de\/markt\/produkt\/subosi-solarlampen-solar-haengelampen-fuer-aussen-innen160led-1200lm-6-modi-solarleuchte-mit-fernbedienung-bewegungsmelder-ip65-wasserdichte-solar-wandleuchte-solarpanel-licht-120beleuchtungsw\/","og_locale":"de_DE","og_type":"article","og_title":"SUBOSI Solarlampen Solar H\u00e4ngelampen f\u00fcr Au\u00dfen Innen,160LED 1200LM 6 Modi Solarleuchte mit Fernbedienung Bewegungsmelder\u2026 - Markt-XXL","og_description":"Markt-XXL SUBOSI Solarlampen Solar H\u00e4ngelampen f\u00fcr Au\u00dfen Innen,160LED 1200LM 6 Modi Solarleuchte mit Fernbedienung Bewegungsmelder\u2026","og_url":"https:\/\/marktxxl.de\/markt\/produkt\/subosi-solarlampen-solar-haengelampen-fuer-aussen-innen160led-1200lm-6-modi-solarleuchte-mit-fernbedienung-bewegungsmelder-ip65-wasserdichte-solar-wandleuchte-solarpanel-licht-120beleuchtungsw\/","og_site_name":"Markt-XXL","article_modified_time":"2023-04-10T03:44:49+00:00","og_image":[{"width":500,"height":500,"url":"https:\/\/m.media-amazon.com\/images\/I\/51BxxtUB03L._SL500_.jpg","type":"image\/jpeg"}],"twitter_card":"summary_large_image","twitter_misc":{"Gesch\u00e4tzte Lesezeit":"1\u00a0Minute"},"schema":{"@context":"https:\/\/schema.org","@graph":[{"@type":"WebPage","@id":"https:\/\/marktxxl.de\/markt\/produkt\/subosi-solarlampen-solar-haengelampen-fuer-aussen-innen160led-1200lm-6-modi-solarleuchte-mit-fernbedienung-bewegungsmelder-ip65-wasserdichte-solar-wandleuchte-solarpanel-licht-120beleuchtungsw\/","url":"https:\/\/marktxxl.de\/markt\/produkt\/subosi-solarlampen-solar-haengelampen-fuer-aussen-innen160led-1200lm-6-modi-solarleuchte-mit-fernbedienung-bewegungsmelder-ip65-wasserdichte-solar-wandleuchte-solarpanel-licht-120beleuchtungsw\/","name":"SUBOSI Solarlampen Solar H\u00e4ngelampen f\u00fcr Au\u00dfen Innen,160LED 1200LM 6 Modi Solarleuchte mit Fernbedienung Bewegungsmelder\u2026 - Markt-XXL","isPartOf":{"@id":"https:\/\/marktxxl.de\/markt\/#website"},"primaryImageOfPage":{"@id":"https:\/\/marktxxl.de\/markt\/produkt\/subosi-solarlampen-solar-haengelampen-fuer-aussen-innen160led-1200lm-6-modi-solarleuchte-mit-fernbedienung-bewegungsmelder-ip65-wasserdichte-solar-wandleuchte-solarpanel-licht-120beleuchtungsw\/#primaryimage"},"image":{"@id":"https:\/\/marktxxl.de\/markt\/produkt\/subosi-solarlampen-solar-haengelampen-fuer-aussen-innen160led-1200lm-6-modi-solarleuchte-mit-fernbedienung-bewegungsmelder-ip65-wasserdichte-solar-wandleuchte-solarpanel-licht-120beleuchtungsw\/#primaryimage"},"thumbnailUrl":"https:\/\/m.media-amazon.com\/images\/I\/51BxxtUB03L._SL500_.jpg","datePublished":"2023-03-11T07:01:40+00:00","dateModified":"2023-04-10T03:44:49+00:00","description":"Markt-XXL SUBOSI Solarlampen Solar H\u00e4ngelampen f\u00fcr Au\u00dfen Innen,160LED 1200LM 6 Modi Solarleuchte mit Fernbedienung Bewegungsmelder\u2026","breadcrumb":{"@id":"https:\/\/marktxxl.de\/markt\/produkt\/subosi-solarlampen-solar-haengelampen-fuer-aussen-innen160led-1200lm-6-modi-solarleuchte-mit-fernbedienung-bewegungsmelder-ip65-wasserdichte-solar-wandleuchte-solarpanel-licht-120beleuchtungsw\/#breadcrumb"},"inLanguage":"de","potentialAction":[{"@type":"ReadAction","target":["https:\/\/marktxxl.de\/markt\/produkt\/subosi-solarlampen-solar-haengelampen-fuer-aussen-innen160led-1200lm-6-modi-solarleuchte-mit-fernbedienung-bewegungsmelder-ip65-wasserdichte-solar-wandleuchte-solarpanel-licht-120beleuchtungsw\/"]}]},{"@type":"ImageObject","inLanguage":"de","@id":"https:\/\/marktxxl.de\/markt\/produkt\/subosi-solarlampen-solar-haengelampen-fuer-aussen-innen160led-1200lm-6-modi-solarleuchte-mit-fernbedienung-bewegungsmelder-ip65-wasserdichte-solar-wandleuchte-solarpanel-licht-120beleuchtungsw\/#primaryimage","url":"https:\/\/m.media-amazon.com\/images\/I\/51BxxtUB03L._SL500_.jpg","contentUrl":"https:\/\/m.media-amazon.com\/images\/I\/51BxxtUB03L._SL500_.jpg","width":500,"height":500},{"@type":"BreadcrumbList","@id":"https:\/\/marktxxl.de\/markt\/produkt\/subosi-solarlampen-solar-haengelampen-fuer-aussen-innen160led-1200lm-6-modi-solarleuchte-mit-fernbedienung-bewegungsmelder-ip65-wasserdichte-solar-wandleuchte-solarpanel-licht-120beleuchtungsw\/#breadcrumb","itemListElement":[{"@type":"ListItem","position":1,"name":"Startseite","item":"https:\/\/marktxxl.de\/markt\/"},{"@type":"ListItem","position":2,"name":"Markt","item":"https:\/\/marktxxl.de\/markt\/"},{"@type":"ListItem","position":3,"name":"SUBOSI Solarlampen Solar H\u00e4ngelampen f\u00fcr Au\u00dfen Innen,160LED 1200LM 6 Modi Solarleuchte mit Fernbedienung Bewegungsmelder\u2026"}]},{"@type":"WebSite","@id":"https:\/\/marktxxl.de\/markt\/#website","url":"https:\/\/marktxxl.de\/markt\/","name":"Markt-XXL","description":"Ihr Markt Online","publisher":{"@id":"https:\/\/marktxxl.de\/markt\/#organization"},"potentialAction":[{"@type":"SearchAction","target":{"@type":"EntryPoint","urlTemplate":"https:\/\/marktxxl.de\/markt\/?s={search_term_string}"},"query-input":{"@type":"PropertyValueSpecification","valueRequired":true,"valueName":"search_term_string"}}],"inLanguage":"de"},{"@type":"Organization","@id":"https:\/\/marktxxl.de\/markt\/#organization","name":"Markt-XXL","url":"https:\/\/marktxxl.de\/markt\/","logo":{"@type":"ImageObject","inLanguage":"de","@id":"https:\/\/marktxxl.de\/markt\/#\/schema\/logo\/image\/","url":"https:\/\/marktxxl.de\/markt\/wp-content\/uploads\/sites\/3\/2020\/12\/logo.png","contentUrl":"https:\/\/marktxxl.de\/markt\/wp-content\/uploads\/sites\/3\/2020\/12\/logo.png","width":200,"height":70,"caption":"Markt-XXL"},"image":{"@id":"https:\/\/marktxxl.de\/markt\/#\/schema\/logo\/image\/"}}]}},"_links":{"self":[{"href":"https:\/\/marktxxl.de\/markt\/wp-json\/wp\/v2\/product\/194724","targetHints":{"allow":["GET"]}}],"collection":[{"href":"https:\/\/marktxxl.de\/markt\/wp-json\/wp\/v2\/product"}],"about":[{"href":"https:\/\/marktxxl.de\/markt\/wp-json\/wp\/v2\/types\/product"}],"replies":[{"embeddable":true,"href":"https:\/\/marktxxl.de\/markt\/wp-json\/wp\/v2\/comments?post=194724"}],"wp:featuredmedia":[{"embeddable":true,"href":"https:\/\/marktxxl.de\/markt\/wp-json\/wp\/v2\/media\/194725"}],"wp:attachment":[{"href":"https:\/\/marktxxl.de\/markt\/wp-json\/wp\/v2\/media?parent=194724"}],"wp:term":[{"taxonomy":"product_brand","embeddable":true,"href":"https:\/\/marktxxl.de\/markt\/wp-json\/wp\/v2\/product_brand?post=194724"},{"taxonomy":"product_cat","embeddable":true,"href":"https:\/\/marktxxl.de\/markt\/wp-json\/wp\/v2\/product_cat?post=194724"},{"taxonomy":"product_tag","embeddable":true,"href":"https:\/\/marktxxl.de\/markt\/wp-json\/wp\/v2\/product_tag?post=194724"}],"curies":[{"name":"wp","href":"https:\/\/api.w.org\/{rel}","templated":true}]}}