{"id":193198,"date":"2023-03-11T04:46:51","date_gmt":"2023-03-11T03:46:51","guid":{"rendered":"https:\/\/marktxxl.de\/markt\/produkt\/iuga-thermo-leggings-damen-mit-taschen-high-waist-warme-leggings-gefuettert-damen-winter-mit-innen-fleece-laufen-wandern-trainingshose-sporthose-damen\/"},"modified":"2023-04-09T05:13:11","modified_gmt":"2023-04-09T03:13:11","slug":"iuga-thermo-leggings-damen-mit-taschen-high-waist-warme-leggings-gefuettert-damen-winter-mit-innen-fleece-laufen-wandern-trainingshose-sporthose-damen","status":"publish","type":"product","link":"https:\/\/marktxxl.de\/markt\/produkt\/iuga-thermo-leggings-damen-mit-taschen-high-waist-warme-leggings-gefuettert-damen-winter-mit-innen-fleece-laufen-wandern-trainingshose-sporthose-damen\/","title":{"rendered":"IUGA Thermo Leggings Damen mit Taschen High Waist Warme Leggings Gef\u00fcttert Damen Winter mit Innen Fleece Laufen Wandern\u2026"},"content":{"rendered":"<p>\u2605Ideal Sport Leggings Damen: Unsere gef\u00fctterte leggings damen sind innen mit Fleece gef\u00fcttert, um die K\u00f6rperw\u00e4rme aufzunehmen und passen sich Ihnen wie eine zweite Hautschicht an. Winter leggings damen f\u00fcr Frauen halten Sie warm, aber nicht zu hei\u00df beim Training. Innovation und hohe Qualit\u00e4t machen IUGA thermo leggings damen zu den besten Weihnachts- und Urlaubsgeschenken!<br \/>\n\u2605Super bequeme, mit fleece leggings: Hergestellt aus butterweichem Stoff. Mit IUGA warme leggings damen winter sind leicht und bequem, ohne beim Training herunterzurollen. Unsere winter leggings f\u00fcr Damen formen Ihren K\u00f6rper perfekt und helfen Ihnen, bei allen Aktivit\u00e4ten ein bezauberndes Outfit aufzubauen.<br \/>\n\u2605 Praktische Seitentaschen: Um Ihnen viel Komfort zu bieten, sind die mit IUGA fleece leggings mit zwei funktionellen Seitentaschen ausgestattet, in denen Sie Ihr Handy, Ihre Karten und andere wichtige Dinge verstauen k\u00f6nnen. Egal, ob Sie im Freien Sport treiben oder einfach zu Hause faulenzen, warme leggings damen winter sind Ihre kl\u00fcgste Option f\u00fcr ein freih\u00e4ndiges und pflegeleichtes Training.<br \/>\n\u2605 Geeignet f\u00fcr mehrere Anl\u00e4sse: Dank ihrer Vielseitigkeit werden sporthose damen zur idealen Wahl f\u00fcr die Wintergarderobe. Winter leggings k\u00f6nnen einzeln getragen oder unter anderen Teilen getragen werden. Ziehen Sie sie entweder mit einem l\u00e4ssigen Pullover und Stiefeln an oder kombinieren Sie sie mit einer langen Strickjacke und Turnschuhen, es ist ein charmanter und trendiger Stil.<br \/>\n\u2605Sehr empfehlenswerte Marke: IUGA ist eine Lifestyle-Marke, die Stil, Komfort und Leistung vereint. Die hochwertige Activewear ist perfekt f\u00fcr Fitness-Enthusiasten und den t\u00e4glichen Sport, da sie erschwinglich und zug\u00e4nglich ist. IUGA gef\u00fctterte leggings arbeitet an der Schnittstelle zwischen Mode und Funktion und zielt darauf ab, sowohl den allt\u00e4glichen Modekonsumenten als auch den ultimativen Sportbegeisterten zufrieden zu stellen.<br \/>\n<div class=\"main-cross-sell\" data-asin=\"B07YWG6ZBS\">\n\n\t<div class=\"WooZone-cross-sell-loader\">\n\t\t<div>\n\t\t\t<div id=\"floatingBarsG\">\n\t\t\t\t<div class=\"blockG\" id=\"rotateG_01\"><\/div>\n\t\t\t\t<div class=\"blockG\" id=\"rotateG_02\"><\/div>\n\t\t\t\t<div class=\"blockG\" id=\"rotateG_03\"><\/div>\n\t\t\t\t<div class=\"blockG\" id=\"rotateG_04\"><\/div>\n\t\t\t\t<div class=\"blockG\" id=\"rotateG_05\"><\/div>\n\t\t\t\t<div class=\"blockG\" id=\"rotateG_06\"><\/div>\n\t\t\t\t<div class=\"blockG\" id=\"rotateG_07\"><\/div>\n\t\t\t\t<div class=\"blockG\" id=\"rotateG_08\"><\/div>\n\t\t\t<\/div>\n\t\t\t<div class=\"WooZone-cross-sell-loader-text\"><\/div>\n\t\t<\/div>\n\t<\/div>\n\n\t\t\n<\/div>\n<div style=\"clear:both;\"><\/div><\/p>\n","protected":false},"excerpt":{"rendered":"<p>\u2605Ideal Sport Leggings Damen: Unsere gef\u00fctterte leggings damen sind innen mit Fleece gef\u00fcttert, um die K\u00f6rperw\u00e4rme aufzunehmen und passen sich Ihnen wie eine zweite Hautschicht an. Winter leggings damen f\u00fcr Frauen halten Sie warm, aber nicht zu hei\u00df beim Training. Innovation und hohe Qualit\u00e4t machen IUGA thermo leggings damen zu den besten Weihnachts- und Urlaubsgeschenken!<br \/>\n\u2605Super bequeme, mit fleece leggings: Hergestellt aus butterweichem Stoff. Mit IUGA warme leggings damen winter sind leicht und bequem, ohne beim Training herunterzurollen. Unsere winter leggings f\u00fcr Damen formen Ihren K\u00f6rper perfekt und helfen Ihnen, bei allen Aktivit\u00e4ten ein bezauberndes Outfit aufzubauen.<br \/>\n\u2605 Praktische Seitentaschen: Um Ihnen viel Komfort zu bieten, sind die mit IUGA fleece leggings mit zwei funktionellen Seitentaschen ausgestattet, in denen Sie Ihr Handy, Ihre Karten und andere wichtige Dinge verstauen k\u00f6nnen. Egal, ob Sie im Freien Sport treiben oder einfach zu Hause faulenzen, warme leggings damen winter sind Ihre kl\u00fcgste Option f\u00fcr ein freih\u00e4ndiges und pflegeleichtes Training.<\/p>\n","protected":false},"featured_media":193199,"comment_status":"open","ping_status":"closed","template":"","meta":[],"product_brand":[],"product_cat":[1186,3920],"product_tag":[],"class_list":{"0":"post-193198","1":"product","2":"type-product","3":"status-publish","4":"has-post-thumbnail","6":"product_cat-bekleidung","7":"product_cat-damen","8":"pa_binding-textilien","9":"pa_brand-iuga","10":"pa_manufacturer-iuga","12":"first","13":"instock","14":"shipping-taxable","15":"purchasable","16":"product-type-simple","17":"customify-col","18":"product-has-gallery"},"yoast_head":"<!-- This site is optimized with the Yoast SEO plugin v27.4 - https:\/\/yoast.com\/product\/yoast-seo-wordpress\/ -->\n<title>IUGA Thermo Leggings Damen mit Taschen High Waist Warme Leggings Gef\u00fcttert Damen Winter mit Innen Fleece Laufen Wandern\u2026 - Markt-XXL<\/title>\n<meta name=\"description\" content=\"Markt-XXL IUGA Thermo Leggings Damen mit Taschen High Waist Warme Leggings Gef\u00fcttert Damen Winter mit Innen Fleece Laufen Wandern\u2026\" \/>\n<meta name=\"robots\" content=\"index, follow, max-snippet:-1, max-image-preview:large, max-video-preview:-1\" \/>\n<link rel=\"canonical\" href=\"https:\/\/marktxxl.de\/markt\/produkt\/iuga-thermo-leggings-damen-mit-taschen-high-waist-warme-leggings-gefuettert-damen-winter-mit-innen-fleece-laufen-wandern-trainingshose-sporthose-damen\/\" \/>\n<meta property=\"og:locale\" content=\"de_DE\" \/>\n<meta property=\"og:type\" content=\"article\" \/>\n<meta property=\"og:title\" content=\"IUGA Thermo Leggings Damen mit Taschen High Waist Warme Leggings Gef\u00fcttert Damen Winter mit Innen Fleece Laufen Wandern\u2026 - Markt-XXL\" \/>\n<meta property=\"og:description\" content=\"Markt-XXL IUGA Thermo Leggings Damen mit Taschen High Waist Warme Leggings Gef\u00fcttert Damen Winter mit Innen Fleece Laufen Wandern\u2026\" \/>\n<meta property=\"og:url\" content=\"https:\/\/marktxxl.de\/markt\/produkt\/iuga-thermo-leggings-damen-mit-taschen-high-waist-warme-leggings-gefuettert-damen-winter-mit-innen-fleece-laufen-wandern-trainingshose-sporthose-damen\/\" \/>\n<meta property=\"og:site_name\" content=\"Markt-XXL\" \/>\n<meta property=\"article:modified_time\" content=\"2023-04-09T03:13:11+00:00\" \/>\n<meta property=\"og:image\" content=\"https:\/\/m.media-amazon.com\/images\/I\/31YmYrgnTDL._SL500_.jpg\" \/>\n\t<meta property=\"og:image:width\" content=\"212\" \/>\n\t<meta property=\"og:image:height\" content=\"500\" \/>\n\t<meta property=\"og:image:type\" content=\"image\/jpeg\" \/>\n<meta name=\"twitter:card\" content=\"summary_large_image\" \/>\n<meta name=\"twitter:label1\" content=\"Gesch\u00e4tzte Lesezeit\" \/>\n\t<meta name=\"twitter:data1\" content=\"1\u00a0Minute\" \/>\n<script type=\"application\/ld+json\" class=\"yoast-schema-graph\">{\"@context\":\"https:\\\/\\\/schema.org\",\"@graph\":[{\"@type\":\"WebPage\",\"@id\":\"https:\\\/\\\/marktxxl.de\\\/markt\\\/produkt\\\/iuga-thermo-leggings-damen-mit-taschen-high-waist-warme-leggings-gefuettert-damen-winter-mit-innen-fleece-laufen-wandern-trainingshose-sporthose-damen\\\/\",\"url\":\"https:\\\/\\\/marktxxl.de\\\/markt\\\/produkt\\\/iuga-thermo-leggings-damen-mit-taschen-high-waist-warme-leggings-gefuettert-damen-winter-mit-innen-fleece-laufen-wandern-trainingshose-sporthose-damen\\\/\",\"name\":\"IUGA Thermo Leggings Damen mit Taschen High Waist Warme Leggings Gef\u00fcttert Damen Winter mit Innen Fleece Laufen Wandern\u2026 - Markt-XXL\",\"isPartOf\":{\"@id\":\"https:\\\/\\\/marktxxl.de\\\/markt\\\/#website\"},\"primaryImageOfPage\":{\"@id\":\"https:\\\/\\\/marktxxl.de\\\/markt\\\/produkt\\\/iuga-thermo-leggings-damen-mit-taschen-high-waist-warme-leggings-gefuettert-damen-winter-mit-innen-fleece-laufen-wandern-trainingshose-sporthose-damen\\\/#primaryimage\"},\"image\":{\"@id\":\"https:\\\/\\\/marktxxl.de\\\/markt\\\/produkt\\\/iuga-thermo-leggings-damen-mit-taschen-high-waist-warme-leggings-gefuettert-damen-winter-mit-innen-fleece-laufen-wandern-trainingshose-sporthose-damen\\\/#primaryimage\"},\"thumbnailUrl\":\"https:\\\/\\\/m.media-amazon.com\\\/images\\\/I\\\/31YmYrgnTDL._SL500_.jpg\",\"datePublished\":\"2023-03-11T03:46:51+00:00\",\"dateModified\":\"2023-04-09T03:13:11+00:00\",\"description\":\"Markt-XXL IUGA Thermo Leggings Damen mit Taschen High Waist Warme Leggings Gef\u00fcttert Damen Winter mit Innen Fleece Laufen Wandern\u2026\",\"breadcrumb\":{\"@id\":\"https:\\\/\\\/marktxxl.de\\\/markt\\\/produkt\\\/iuga-thermo-leggings-damen-mit-taschen-high-waist-warme-leggings-gefuettert-damen-winter-mit-innen-fleece-laufen-wandern-trainingshose-sporthose-damen\\\/#breadcrumb\"},\"inLanguage\":\"de\",\"potentialAction\":[{\"@type\":\"ReadAction\",\"target\":[\"https:\\\/\\\/marktxxl.de\\\/markt\\\/produkt\\\/iuga-thermo-leggings-damen-mit-taschen-high-waist-warme-leggings-gefuettert-damen-winter-mit-innen-fleece-laufen-wandern-trainingshose-sporthose-damen\\\/\"]}]},{\"@type\":\"ImageObject\",\"inLanguage\":\"de\",\"@id\":\"https:\\\/\\\/marktxxl.de\\\/markt\\\/produkt\\\/iuga-thermo-leggings-damen-mit-taschen-high-waist-warme-leggings-gefuettert-damen-winter-mit-innen-fleece-laufen-wandern-trainingshose-sporthose-damen\\\/#primaryimage\",\"url\":\"https:\\\/\\\/m.media-amazon.com\\\/images\\\/I\\\/31YmYrgnTDL._SL500_.jpg\",\"contentUrl\":\"https:\\\/\\\/m.media-amazon.com\\\/images\\\/I\\\/31YmYrgnTDL._SL500_.jpg\",\"width\":212,\"height\":500},{\"@type\":\"BreadcrumbList\",\"@id\":\"https:\\\/\\\/marktxxl.de\\\/markt\\\/produkt\\\/iuga-thermo-leggings-damen-mit-taschen-high-waist-warme-leggings-gefuettert-damen-winter-mit-innen-fleece-laufen-wandern-trainingshose-sporthose-damen\\\/#breadcrumb\",\"itemListElement\":[{\"@type\":\"ListItem\",\"position\":1,\"name\":\"Startseite\",\"item\":\"https:\\\/\\\/marktxxl.de\\\/markt\\\/\"},{\"@type\":\"ListItem\",\"position\":2,\"name\":\"Markt\",\"item\":\"https:\\\/\\\/marktxxl.de\\\/markt\\\/\"},{\"@type\":\"ListItem\",\"position\":3,\"name\":\"IUGA Thermo Leggings Damen mit Taschen High Waist Warme Leggings Gef\u00fcttert Damen Winter mit Innen Fleece Laufen Wandern\u2026\"}]},{\"@type\":\"WebSite\",\"@id\":\"https:\\\/\\\/marktxxl.de\\\/markt\\\/#website\",\"url\":\"https:\\\/\\\/marktxxl.de\\\/markt\\\/\",\"name\":\"Markt-XXL\",\"description\":\"Ihr Markt Online\",\"publisher\":{\"@id\":\"https:\\\/\\\/marktxxl.de\\\/markt\\\/#organization\"},\"potentialAction\":[{\"@type\":\"SearchAction\",\"target\":{\"@type\":\"EntryPoint\",\"urlTemplate\":\"https:\\\/\\\/marktxxl.de\\\/markt\\\/?s={search_term_string}\"},\"query-input\":{\"@type\":\"PropertyValueSpecification\",\"valueRequired\":true,\"valueName\":\"search_term_string\"}}],\"inLanguage\":\"de\"},{\"@type\":\"Organization\",\"@id\":\"https:\\\/\\\/marktxxl.de\\\/markt\\\/#organization\",\"name\":\"Markt-XXL\",\"url\":\"https:\\\/\\\/marktxxl.de\\\/markt\\\/\",\"logo\":{\"@type\":\"ImageObject\",\"inLanguage\":\"de\",\"@id\":\"https:\\\/\\\/marktxxl.de\\\/markt\\\/#\\\/schema\\\/logo\\\/image\\\/\",\"url\":\"https:\\\/\\\/marktxxl.de\\\/markt\\\/wp-content\\\/uploads\\\/sites\\\/3\\\/2020\\\/12\\\/logo.png\",\"contentUrl\":\"https:\\\/\\\/marktxxl.de\\\/markt\\\/wp-content\\\/uploads\\\/sites\\\/3\\\/2020\\\/12\\\/logo.png\",\"width\":200,\"height\":70,\"caption\":\"Markt-XXL\"},\"image\":{\"@id\":\"https:\\\/\\\/marktxxl.de\\\/markt\\\/#\\\/schema\\\/logo\\\/image\\\/\"}}]}<\/script>\n<!-- \/ Yoast SEO plugin. -->","yoast_head_json":{"title":"IUGA Thermo Leggings Damen mit Taschen High Waist Warme Leggings Gef\u00fcttert Damen Winter mit Innen Fleece Laufen Wandern\u2026 - Markt-XXL","description":"Markt-XXL IUGA Thermo Leggings Damen mit Taschen High Waist Warme Leggings Gef\u00fcttert Damen Winter mit Innen Fleece Laufen Wandern\u2026","robots":{"index":"index","follow":"follow","max-snippet":"max-snippet:-1","max-image-preview":"max-image-preview:large","max-video-preview":"max-video-preview:-1"},"canonical":"https:\/\/marktxxl.de\/markt\/produkt\/iuga-thermo-leggings-damen-mit-taschen-high-waist-warme-leggings-gefuettert-damen-winter-mit-innen-fleece-laufen-wandern-trainingshose-sporthose-damen\/","og_locale":"de_DE","og_type":"article","og_title":"IUGA Thermo Leggings Damen mit Taschen High Waist Warme Leggings Gef\u00fcttert Damen Winter mit Innen Fleece Laufen Wandern\u2026 - Markt-XXL","og_description":"Markt-XXL IUGA Thermo Leggings Damen mit Taschen High Waist Warme Leggings Gef\u00fcttert Damen Winter mit Innen Fleece Laufen Wandern\u2026","og_url":"https:\/\/marktxxl.de\/markt\/produkt\/iuga-thermo-leggings-damen-mit-taschen-high-waist-warme-leggings-gefuettert-damen-winter-mit-innen-fleece-laufen-wandern-trainingshose-sporthose-damen\/","og_site_name":"Markt-XXL","article_modified_time":"2023-04-09T03:13:11+00:00","og_image":[{"width":212,"height":500,"url":"https:\/\/m.media-amazon.com\/images\/I\/31YmYrgnTDL._SL500_.jpg","type":"image\/jpeg"}],"twitter_card":"summary_large_image","twitter_misc":{"Gesch\u00e4tzte Lesezeit":"1\u00a0Minute"},"schema":{"@context":"https:\/\/schema.org","@graph":[{"@type":"WebPage","@id":"https:\/\/marktxxl.de\/markt\/produkt\/iuga-thermo-leggings-damen-mit-taschen-high-waist-warme-leggings-gefuettert-damen-winter-mit-innen-fleece-laufen-wandern-trainingshose-sporthose-damen\/","url":"https:\/\/marktxxl.de\/markt\/produkt\/iuga-thermo-leggings-damen-mit-taschen-high-waist-warme-leggings-gefuettert-damen-winter-mit-innen-fleece-laufen-wandern-trainingshose-sporthose-damen\/","name":"IUGA Thermo Leggings Damen mit Taschen High Waist Warme Leggings Gef\u00fcttert Damen Winter mit Innen Fleece Laufen Wandern\u2026 - Markt-XXL","isPartOf":{"@id":"https:\/\/marktxxl.de\/markt\/#website"},"primaryImageOfPage":{"@id":"https:\/\/marktxxl.de\/markt\/produkt\/iuga-thermo-leggings-damen-mit-taschen-high-waist-warme-leggings-gefuettert-damen-winter-mit-innen-fleece-laufen-wandern-trainingshose-sporthose-damen\/#primaryimage"},"image":{"@id":"https:\/\/marktxxl.de\/markt\/produkt\/iuga-thermo-leggings-damen-mit-taschen-high-waist-warme-leggings-gefuettert-damen-winter-mit-innen-fleece-laufen-wandern-trainingshose-sporthose-damen\/#primaryimage"},"thumbnailUrl":"https:\/\/m.media-amazon.com\/images\/I\/31YmYrgnTDL._SL500_.jpg","datePublished":"2023-03-11T03:46:51+00:00","dateModified":"2023-04-09T03:13:11+00:00","description":"Markt-XXL IUGA Thermo Leggings Damen mit Taschen High Waist Warme Leggings Gef\u00fcttert Damen Winter mit Innen Fleece Laufen Wandern\u2026","breadcrumb":{"@id":"https:\/\/marktxxl.de\/markt\/produkt\/iuga-thermo-leggings-damen-mit-taschen-high-waist-warme-leggings-gefuettert-damen-winter-mit-innen-fleece-laufen-wandern-trainingshose-sporthose-damen\/#breadcrumb"},"inLanguage":"de","potentialAction":[{"@type":"ReadAction","target":["https:\/\/marktxxl.de\/markt\/produkt\/iuga-thermo-leggings-damen-mit-taschen-high-waist-warme-leggings-gefuettert-damen-winter-mit-innen-fleece-laufen-wandern-trainingshose-sporthose-damen\/"]}]},{"@type":"ImageObject","inLanguage":"de","@id":"https:\/\/marktxxl.de\/markt\/produkt\/iuga-thermo-leggings-damen-mit-taschen-high-waist-warme-leggings-gefuettert-damen-winter-mit-innen-fleece-laufen-wandern-trainingshose-sporthose-damen\/#primaryimage","url":"https:\/\/m.media-amazon.com\/images\/I\/31YmYrgnTDL._SL500_.jpg","contentUrl":"https:\/\/m.media-amazon.com\/images\/I\/31YmYrgnTDL._SL500_.jpg","width":212,"height":500},{"@type":"BreadcrumbList","@id":"https:\/\/marktxxl.de\/markt\/produkt\/iuga-thermo-leggings-damen-mit-taschen-high-waist-warme-leggings-gefuettert-damen-winter-mit-innen-fleece-laufen-wandern-trainingshose-sporthose-damen\/#breadcrumb","itemListElement":[{"@type":"ListItem","position":1,"name":"Startseite","item":"https:\/\/marktxxl.de\/markt\/"},{"@type":"ListItem","position":2,"name":"Markt","item":"https:\/\/marktxxl.de\/markt\/"},{"@type":"ListItem","position":3,"name":"IUGA Thermo Leggings Damen mit Taschen High Waist Warme Leggings Gef\u00fcttert Damen Winter mit Innen Fleece Laufen Wandern\u2026"}]},{"@type":"WebSite","@id":"https:\/\/marktxxl.de\/markt\/#website","url":"https:\/\/marktxxl.de\/markt\/","name":"Markt-XXL","description":"Ihr Markt Online","publisher":{"@id":"https:\/\/marktxxl.de\/markt\/#organization"},"potentialAction":[{"@type":"SearchAction","target":{"@type":"EntryPoint","urlTemplate":"https:\/\/marktxxl.de\/markt\/?s={search_term_string}"},"query-input":{"@type":"PropertyValueSpecification","valueRequired":true,"valueName":"search_term_string"}}],"inLanguage":"de"},{"@type":"Organization","@id":"https:\/\/marktxxl.de\/markt\/#organization","name":"Markt-XXL","url":"https:\/\/marktxxl.de\/markt\/","logo":{"@type":"ImageObject","inLanguage":"de","@id":"https:\/\/marktxxl.de\/markt\/#\/schema\/logo\/image\/","url":"https:\/\/marktxxl.de\/markt\/wp-content\/uploads\/sites\/3\/2020\/12\/logo.png","contentUrl":"https:\/\/marktxxl.de\/markt\/wp-content\/uploads\/sites\/3\/2020\/12\/logo.png","width":200,"height":70,"caption":"Markt-XXL"},"image":{"@id":"https:\/\/marktxxl.de\/markt\/#\/schema\/logo\/image\/"}}]}},"_links":{"self":[{"href":"https:\/\/marktxxl.de\/markt\/wp-json\/wp\/v2\/product\/193198","targetHints":{"allow":["GET"]}}],"collection":[{"href":"https:\/\/marktxxl.de\/markt\/wp-json\/wp\/v2\/product"}],"about":[{"href":"https:\/\/marktxxl.de\/markt\/wp-json\/wp\/v2\/types\/product"}],"replies":[{"embeddable":true,"href":"https:\/\/marktxxl.de\/markt\/wp-json\/wp\/v2\/comments?post=193198"}],"wp:featuredmedia":[{"embeddable":true,"href":"https:\/\/marktxxl.de\/markt\/wp-json\/wp\/v2\/media\/193199"}],"wp:attachment":[{"href":"https:\/\/marktxxl.de\/markt\/wp-json\/wp\/v2\/media?parent=193198"}],"wp:term":[{"taxonomy":"product_brand","embeddable":true,"href":"https:\/\/marktxxl.de\/markt\/wp-json\/wp\/v2\/product_brand?post=193198"},{"taxonomy":"product_cat","embeddable":true,"href":"https:\/\/marktxxl.de\/markt\/wp-json\/wp\/v2\/product_cat?post=193198"},{"taxonomy":"product_tag","embeddable":true,"href":"https:\/\/marktxxl.de\/markt\/wp-json\/wp\/v2\/product_tag?post=193198"}],"curies":[{"name":"wp","href":"https:\/\/api.w.org\/{rel}","templated":true}]}}