{"id":193172,"date":"2023-03-11T04:46:20","date_gmt":"2023-03-11T03:46:20","guid":{"rendered":"https:\/\/marktxxl.de\/markt\/produkt\/paolo-renzo-3er-6er-set-damen-sport-underwear-modern-sports-collection-cotton-bustier-string-tanga-panty-hueftslip-bikini-slip-bralette\/"},"modified":"2023-04-09T05:13:10","modified_gmt":"2023-04-09T03:13:10","slug":"paolo-renzo-3er-6er-set-damen-sport-underwear-modern-sports-collection-cotton-bustier-string-tanga-panty-hueftslip-bikini-slip-bralette","status":"publish","type":"product","link":"https:\/\/marktxxl.de\/markt\/produkt\/paolo-renzo-3er-6er-set-damen-sport-underwear-modern-sports-collection-cotton-bustier-string-tanga-panty-hueftslip-bikini-slip-bralette\/","title":{"rendered":"Paolo Renzo 3er\/6er Set Damen Sport Underwear Modern-Sports-Collection &#8211; Cotton-Bustier &#8211; String Tanga &#8211; Panty\u2026"},"content":{"rendered":"<p>\u2705 Kollektion: Entdecken Sie sportliche Damenw\u00e4sche \/ Damenunterw\u00e4sche von Paolo Renzo &#8211; Enjoy the Comfort &#8211; Durch die gro\u00dfe Modell-Auswahl finden Sie angesagte Schnitte und modische Designs, w\u00e4hlen Sie zwischen Bustier oder Slips im praktischen 3er oder 6er Set.<br \/>\n\u2705 PERFEKTE ZUSAMMENSETZUNG: Die Paolo Renzo Sport Kollektion (String-Tanga, Panty \/ Hipster, Slip &amp; Bustier) bzw. deren hervorragende Zusammensetzung aus hochwertiger Baumwolle und Elasthan sorgen f\u00fcr eine ideale Passform und einen perfekten Halt.<br \/>\n\u2705 AUSSEHEN: Die Modern-Sports-Collection verbindet einen sportlichen Look mit hohem Tragekomfort. Der elastische Abschluss mit dem Paolo Renzo-Logo verleiht der Unterw\u00e4sche aus stretchiger Baumwolle einen unverwechselbaren, modernen Look.<br \/>\n\u2705 BESTE QUALIT\u00c4T: Gib dich nicht mit irgendwelchen 0815 Damen Slips, Tangas, Pantys oder Bustier-BH`s zufrieden: Unsere Paolo Renzo Sport Underwear ist aus hochwertiger Baumwolle und filzt bzw. l\u00e4uft nicht ein.<br \/>\n\u2705 AKTIVIT\u00c4TEN: Ob beim Sport oder in der Freizeit: Diese Slips sind dank der Bewegungsfreiheit, die sie bieten, bei allen Aktivit\u00e4ten eine gute Wahl. Der Bustier im sportlichen Design bietet eine leichte St\u00fctzfunktion und eignet sich daher besonders f\u00fcr kleinere Cup-Gr\u00f6\u00dfen und leichten Sport wie Pilates, Yoga oder Gymnastik<br \/>\n<div class=\"main-cross-sell\" data-asin=\"B097F2JV46\">\n\n\t<div class=\"WooZone-cross-sell-loader\">\n\t\t<div>\n\t\t\t<div id=\"floatingBarsG\">\n\t\t\t\t<div class=\"blockG\" id=\"rotateG_01\"><\/div>\n\t\t\t\t<div class=\"blockG\" id=\"rotateG_02\"><\/div>\n\t\t\t\t<div class=\"blockG\" id=\"rotateG_03\"><\/div>\n\t\t\t\t<div class=\"blockG\" id=\"rotateG_04\"><\/div>\n\t\t\t\t<div class=\"blockG\" id=\"rotateG_05\"><\/div>\n\t\t\t\t<div class=\"blockG\" id=\"rotateG_06\"><\/div>\n\t\t\t\t<div class=\"blockG\" id=\"rotateG_07\"><\/div>\n\t\t\t\t<div class=\"blockG\" id=\"rotateG_08\"><\/div>\n\t\t\t<\/div>\n\t\t\t<div class=\"WooZone-cross-sell-loader-text\"><\/div>\n\t\t<\/div>\n\t<\/div>\n\n\t\t\n<\/div>\n<div style=\"clear:both;\"><\/div><\/p>\n","protected":false},"excerpt":{"rendered":"<p>\u2705 Kollektion: Entdecken Sie sportliche Damenw\u00e4sche \/ Damenunterw\u00e4sche von Paolo Renzo &#8211; Enjoy the Comfort &#8211; Durch die gro\u00dfe Modell-Auswahl finden Sie angesagte Schnitte und modische Designs, w\u00e4hlen Sie zwischen Bustier oder Slips im praktischen 3er oder 6er Set.<br \/>\n\u2705 PERFEKTE ZUSAMMENSETZUNG: Die Paolo Renzo Sport Kollektion (String-Tanga, Panty \/ Hipster, Slip &amp; Bustier) bzw. deren hervorragende Zusammensetzung aus hochwertiger Baumwolle und Elasthan sorgen f\u00fcr eine ideale Passform und einen perfekten Halt.<br \/>\n\u2705 AUSSEHEN: Die Modern-Sports-Collection verbindet einen sportlichen Look mit hohem Tragekomfort. Der elastische Abschluss mit dem Paolo Renzo-Logo verleiht der Unterw\u00e4sche aus stretchiger Baumwolle einen unverwechselbaren, modernen Look.<\/p>\n","protected":false},"featured_media":193173,"comment_status":"open","ping_status":"closed","template":"","meta":[],"product_brand":[],"product_cat":[1186,3920],"product_tag":[],"class_list":{"0":"post-193172","1":"product","2":"type-product","3":"status-publish","4":"has-post-thumbnail","6":"product_cat-bekleidung","7":"product_cat-damen","8":"pa_brand-paolo-renzo","9":"pa_manufacturer-traumpreisfabrik-hornung-gmbh","10":"pa_model-pr-w-up01","12":"first","13":"instock","14":"shipping-taxable","15":"purchasable","16":"product-type-simple","17":"customify-col","18":"product-has-gallery"},"yoast_head":"<!-- This site is optimized with the Yoast SEO plugin v27.4 - https:\/\/yoast.com\/product\/yoast-seo-wordpress\/ -->\n<title>Paolo Renzo 3er\/6er Set Damen Sport Underwear Modern-Sports-Collection - Cotton-Bustier - String Tanga - Panty\u2026 - Markt-XXL<\/title>\n<meta name=\"description\" content=\"Markt-XXL Paolo Renzo 3er\/6er Set Damen Sport Underwear Modern-Sports-Collection - Cotton-Bustier - String Tanga - Panty\u2026\" \/>\n<meta name=\"robots\" content=\"index, follow, max-snippet:-1, max-image-preview:large, max-video-preview:-1\" \/>\n<link rel=\"canonical\" href=\"https:\/\/marktxxl.de\/markt\/produkt\/paolo-renzo-3er-6er-set-damen-sport-underwear-modern-sports-collection-cotton-bustier-string-tanga-panty-hueftslip-bikini-slip-bralette\/\" \/>\n<meta property=\"og:locale\" content=\"de_DE\" \/>\n<meta property=\"og:type\" content=\"article\" \/>\n<meta property=\"og:title\" content=\"Paolo Renzo 3er\/6er Set Damen Sport Underwear Modern-Sports-Collection - Cotton-Bustier - String Tanga - Panty\u2026 - Markt-XXL\" \/>\n<meta property=\"og:description\" content=\"Markt-XXL Paolo Renzo 3er\/6er Set Damen Sport Underwear Modern-Sports-Collection - Cotton-Bustier - String Tanga - Panty\u2026\" \/>\n<meta property=\"og:url\" content=\"https:\/\/marktxxl.de\/markt\/produkt\/paolo-renzo-3er-6er-set-damen-sport-underwear-modern-sports-collection-cotton-bustier-string-tanga-panty-hueftslip-bikini-slip-bralette\/\" \/>\n<meta property=\"og:site_name\" content=\"Markt-XXL\" \/>\n<meta property=\"article:modified_time\" content=\"2023-04-09T03:13:10+00:00\" \/>\n<meta property=\"og:image\" content=\"https:\/\/m.media-amazon.com\/images\/I\/419At+GV+7L._SL500_.jpg\" \/>\n\t<meta property=\"og:image:width\" content=\"500\" \/>\n\t<meta property=\"og:image:height\" content=\"416\" \/>\n\t<meta property=\"og:image:type\" content=\"image\/jpeg\" \/>\n<meta name=\"twitter:card\" content=\"summary_large_image\" \/>\n<meta name=\"twitter:label1\" content=\"Gesch\u00e4tzte Lesezeit\" \/>\n\t<meta name=\"twitter:data1\" content=\"1\u00a0Minute\" \/>\n<script type=\"application\/ld+json\" class=\"yoast-schema-graph\">{\"@context\":\"https:\\\/\\\/schema.org\",\"@graph\":[{\"@type\":\"WebPage\",\"@id\":\"https:\\\/\\\/marktxxl.de\\\/markt\\\/produkt\\\/paolo-renzo-3er-6er-set-damen-sport-underwear-modern-sports-collection-cotton-bustier-string-tanga-panty-hueftslip-bikini-slip-bralette\\\/\",\"url\":\"https:\\\/\\\/marktxxl.de\\\/markt\\\/produkt\\\/paolo-renzo-3er-6er-set-damen-sport-underwear-modern-sports-collection-cotton-bustier-string-tanga-panty-hueftslip-bikini-slip-bralette\\\/\",\"name\":\"Paolo Renzo 3er\\\/6er Set Damen Sport Underwear Modern-Sports-Collection - Cotton-Bustier - String Tanga - Panty\u2026 - Markt-XXL\",\"isPartOf\":{\"@id\":\"https:\\\/\\\/marktxxl.de\\\/markt\\\/#website\"},\"primaryImageOfPage\":{\"@id\":\"https:\\\/\\\/marktxxl.de\\\/markt\\\/produkt\\\/paolo-renzo-3er-6er-set-damen-sport-underwear-modern-sports-collection-cotton-bustier-string-tanga-panty-hueftslip-bikini-slip-bralette\\\/#primaryimage\"},\"image\":{\"@id\":\"https:\\\/\\\/marktxxl.de\\\/markt\\\/produkt\\\/paolo-renzo-3er-6er-set-damen-sport-underwear-modern-sports-collection-cotton-bustier-string-tanga-panty-hueftslip-bikini-slip-bralette\\\/#primaryimage\"},\"thumbnailUrl\":\"https:\\\/\\\/m.media-amazon.com\\\/images\\\/I\\\/419At+GV+7L._SL500_.jpg\",\"datePublished\":\"2023-03-11T03:46:20+00:00\",\"dateModified\":\"2023-04-09T03:13:10+00:00\",\"description\":\"Markt-XXL Paolo Renzo 3er\\\/6er Set Damen Sport Underwear Modern-Sports-Collection - Cotton-Bustier - String Tanga - Panty\u2026\",\"breadcrumb\":{\"@id\":\"https:\\\/\\\/marktxxl.de\\\/markt\\\/produkt\\\/paolo-renzo-3er-6er-set-damen-sport-underwear-modern-sports-collection-cotton-bustier-string-tanga-panty-hueftslip-bikini-slip-bralette\\\/#breadcrumb\"},\"inLanguage\":\"de\",\"potentialAction\":[{\"@type\":\"ReadAction\",\"target\":[\"https:\\\/\\\/marktxxl.de\\\/markt\\\/produkt\\\/paolo-renzo-3er-6er-set-damen-sport-underwear-modern-sports-collection-cotton-bustier-string-tanga-panty-hueftslip-bikini-slip-bralette\\\/\"]}]},{\"@type\":\"ImageObject\",\"inLanguage\":\"de\",\"@id\":\"https:\\\/\\\/marktxxl.de\\\/markt\\\/produkt\\\/paolo-renzo-3er-6er-set-damen-sport-underwear-modern-sports-collection-cotton-bustier-string-tanga-panty-hueftslip-bikini-slip-bralette\\\/#primaryimage\",\"url\":\"https:\\\/\\\/m.media-amazon.com\\\/images\\\/I\\\/419At+GV+7L._SL500_.jpg\",\"contentUrl\":\"https:\\\/\\\/m.media-amazon.com\\\/images\\\/I\\\/419At+GV+7L._SL500_.jpg\",\"width\":500,\"height\":416},{\"@type\":\"BreadcrumbList\",\"@id\":\"https:\\\/\\\/marktxxl.de\\\/markt\\\/produkt\\\/paolo-renzo-3er-6er-set-damen-sport-underwear-modern-sports-collection-cotton-bustier-string-tanga-panty-hueftslip-bikini-slip-bralette\\\/#breadcrumb\",\"itemListElement\":[{\"@type\":\"ListItem\",\"position\":1,\"name\":\"Startseite\",\"item\":\"https:\\\/\\\/marktxxl.de\\\/markt\\\/\"},{\"@type\":\"ListItem\",\"position\":2,\"name\":\"Markt\",\"item\":\"https:\\\/\\\/marktxxl.de\\\/markt\\\/\"},{\"@type\":\"ListItem\",\"position\":3,\"name\":\"Paolo Renzo 3er\\\/6er Set Damen Sport Underwear Modern-Sports-Collection &#8211; Cotton-Bustier &#8211; String Tanga &#8211; Panty\u2026\"}]},{\"@type\":\"WebSite\",\"@id\":\"https:\\\/\\\/marktxxl.de\\\/markt\\\/#website\",\"url\":\"https:\\\/\\\/marktxxl.de\\\/markt\\\/\",\"name\":\"Markt-XXL\",\"description\":\"Ihr Markt Online\",\"publisher\":{\"@id\":\"https:\\\/\\\/marktxxl.de\\\/markt\\\/#organization\"},\"potentialAction\":[{\"@type\":\"SearchAction\",\"target\":{\"@type\":\"EntryPoint\",\"urlTemplate\":\"https:\\\/\\\/marktxxl.de\\\/markt\\\/?s={search_term_string}\"},\"query-input\":{\"@type\":\"PropertyValueSpecification\",\"valueRequired\":true,\"valueName\":\"search_term_string\"}}],\"inLanguage\":\"de\"},{\"@type\":\"Organization\",\"@id\":\"https:\\\/\\\/marktxxl.de\\\/markt\\\/#organization\",\"name\":\"Markt-XXL\",\"url\":\"https:\\\/\\\/marktxxl.de\\\/markt\\\/\",\"logo\":{\"@type\":\"ImageObject\",\"inLanguage\":\"de\",\"@id\":\"https:\\\/\\\/marktxxl.de\\\/markt\\\/#\\\/schema\\\/logo\\\/image\\\/\",\"url\":\"https:\\\/\\\/marktxxl.de\\\/markt\\\/wp-content\\\/uploads\\\/sites\\\/3\\\/2020\\\/12\\\/logo.png\",\"contentUrl\":\"https:\\\/\\\/marktxxl.de\\\/markt\\\/wp-content\\\/uploads\\\/sites\\\/3\\\/2020\\\/12\\\/logo.png\",\"width\":200,\"height\":70,\"caption\":\"Markt-XXL\"},\"image\":{\"@id\":\"https:\\\/\\\/marktxxl.de\\\/markt\\\/#\\\/schema\\\/logo\\\/image\\\/\"}}]}<\/script>\n<!-- \/ Yoast SEO plugin. -->","yoast_head_json":{"title":"Paolo Renzo 3er\/6er Set Damen Sport Underwear Modern-Sports-Collection - Cotton-Bustier - String Tanga - Panty\u2026 - Markt-XXL","description":"Markt-XXL Paolo Renzo 3er\/6er Set Damen Sport Underwear Modern-Sports-Collection - Cotton-Bustier - String Tanga - Panty\u2026","robots":{"index":"index","follow":"follow","max-snippet":"max-snippet:-1","max-image-preview":"max-image-preview:large","max-video-preview":"max-video-preview:-1"},"canonical":"https:\/\/marktxxl.de\/markt\/produkt\/paolo-renzo-3er-6er-set-damen-sport-underwear-modern-sports-collection-cotton-bustier-string-tanga-panty-hueftslip-bikini-slip-bralette\/","og_locale":"de_DE","og_type":"article","og_title":"Paolo Renzo 3er\/6er Set Damen Sport Underwear Modern-Sports-Collection - Cotton-Bustier - String Tanga - Panty\u2026 - Markt-XXL","og_description":"Markt-XXL Paolo Renzo 3er\/6er Set Damen Sport Underwear Modern-Sports-Collection - Cotton-Bustier - String Tanga - Panty\u2026","og_url":"https:\/\/marktxxl.de\/markt\/produkt\/paolo-renzo-3er-6er-set-damen-sport-underwear-modern-sports-collection-cotton-bustier-string-tanga-panty-hueftslip-bikini-slip-bralette\/","og_site_name":"Markt-XXL","article_modified_time":"2023-04-09T03:13:10+00:00","og_image":[{"width":500,"height":416,"url":"https:\/\/m.media-amazon.com\/images\/I\/419At+GV+7L._SL500_.jpg","type":"image\/jpeg"}],"twitter_card":"summary_large_image","twitter_misc":{"Gesch\u00e4tzte Lesezeit":"1\u00a0Minute"},"schema":{"@context":"https:\/\/schema.org","@graph":[{"@type":"WebPage","@id":"https:\/\/marktxxl.de\/markt\/produkt\/paolo-renzo-3er-6er-set-damen-sport-underwear-modern-sports-collection-cotton-bustier-string-tanga-panty-hueftslip-bikini-slip-bralette\/","url":"https:\/\/marktxxl.de\/markt\/produkt\/paolo-renzo-3er-6er-set-damen-sport-underwear-modern-sports-collection-cotton-bustier-string-tanga-panty-hueftslip-bikini-slip-bralette\/","name":"Paolo Renzo 3er\/6er Set Damen Sport Underwear Modern-Sports-Collection - Cotton-Bustier - String Tanga - Panty\u2026 - Markt-XXL","isPartOf":{"@id":"https:\/\/marktxxl.de\/markt\/#website"},"primaryImageOfPage":{"@id":"https:\/\/marktxxl.de\/markt\/produkt\/paolo-renzo-3er-6er-set-damen-sport-underwear-modern-sports-collection-cotton-bustier-string-tanga-panty-hueftslip-bikini-slip-bralette\/#primaryimage"},"image":{"@id":"https:\/\/marktxxl.de\/markt\/produkt\/paolo-renzo-3er-6er-set-damen-sport-underwear-modern-sports-collection-cotton-bustier-string-tanga-panty-hueftslip-bikini-slip-bralette\/#primaryimage"},"thumbnailUrl":"https:\/\/m.media-amazon.com\/images\/I\/419At+GV+7L._SL500_.jpg","datePublished":"2023-03-11T03:46:20+00:00","dateModified":"2023-04-09T03:13:10+00:00","description":"Markt-XXL Paolo Renzo 3er\/6er Set Damen Sport Underwear Modern-Sports-Collection - Cotton-Bustier - String Tanga - Panty\u2026","breadcrumb":{"@id":"https:\/\/marktxxl.de\/markt\/produkt\/paolo-renzo-3er-6er-set-damen-sport-underwear-modern-sports-collection-cotton-bustier-string-tanga-panty-hueftslip-bikini-slip-bralette\/#breadcrumb"},"inLanguage":"de","potentialAction":[{"@type":"ReadAction","target":["https:\/\/marktxxl.de\/markt\/produkt\/paolo-renzo-3er-6er-set-damen-sport-underwear-modern-sports-collection-cotton-bustier-string-tanga-panty-hueftslip-bikini-slip-bralette\/"]}]},{"@type":"ImageObject","inLanguage":"de","@id":"https:\/\/marktxxl.de\/markt\/produkt\/paolo-renzo-3er-6er-set-damen-sport-underwear-modern-sports-collection-cotton-bustier-string-tanga-panty-hueftslip-bikini-slip-bralette\/#primaryimage","url":"https:\/\/m.media-amazon.com\/images\/I\/419At+GV+7L._SL500_.jpg","contentUrl":"https:\/\/m.media-amazon.com\/images\/I\/419At+GV+7L._SL500_.jpg","width":500,"height":416},{"@type":"BreadcrumbList","@id":"https:\/\/marktxxl.de\/markt\/produkt\/paolo-renzo-3er-6er-set-damen-sport-underwear-modern-sports-collection-cotton-bustier-string-tanga-panty-hueftslip-bikini-slip-bralette\/#breadcrumb","itemListElement":[{"@type":"ListItem","position":1,"name":"Startseite","item":"https:\/\/marktxxl.de\/markt\/"},{"@type":"ListItem","position":2,"name":"Markt","item":"https:\/\/marktxxl.de\/markt\/"},{"@type":"ListItem","position":3,"name":"Paolo Renzo 3er\/6er Set Damen Sport Underwear Modern-Sports-Collection &#8211; Cotton-Bustier &#8211; String Tanga &#8211; Panty\u2026"}]},{"@type":"WebSite","@id":"https:\/\/marktxxl.de\/markt\/#website","url":"https:\/\/marktxxl.de\/markt\/","name":"Markt-XXL","description":"Ihr Markt Online","publisher":{"@id":"https:\/\/marktxxl.de\/markt\/#organization"},"potentialAction":[{"@type":"SearchAction","target":{"@type":"EntryPoint","urlTemplate":"https:\/\/marktxxl.de\/markt\/?s={search_term_string}"},"query-input":{"@type":"PropertyValueSpecification","valueRequired":true,"valueName":"search_term_string"}}],"inLanguage":"de"},{"@type":"Organization","@id":"https:\/\/marktxxl.de\/markt\/#organization","name":"Markt-XXL","url":"https:\/\/marktxxl.de\/markt\/","logo":{"@type":"ImageObject","inLanguage":"de","@id":"https:\/\/marktxxl.de\/markt\/#\/schema\/logo\/image\/","url":"https:\/\/marktxxl.de\/markt\/wp-content\/uploads\/sites\/3\/2020\/12\/logo.png","contentUrl":"https:\/\/marktxxl.de\/markt\/wp-content\/uploads\/sites\/3\/2020\/12\/logo.png","width":200,"height":70,"caption":"Markt-XXL"},"image":{"@id":"https:\/\/marktxxl.de\/markt\/#\/schema\/logo\/image\/"}}]}},"_links":{"self":[{"href":"https:\/\/marktxxl.de\/markt\/wp-json\/wp\/v2\/product\/193172","targetHints":{"allow":["GET"]}}],"collection":[{"href":"https:\/\/marktxxl.de\/markt\/wp-json\/wp\/v2\/product"}],"about":[{"href":"https:\/\/marktxxl.de\/markt\/wp-json\/wp\/v2\/types\/product"}],"replies":[{"embeddable":true,"href":"https:\/\/marktxxl.de\/markt\/wp-json\/wp\/v2\/comments?post=193172"}],"wp:featuredmedia":[{"embeddable":true,"href":"https:\/\/marktxxl.de\/markt\/wp-json\/wp\/v2\/media\/193173"}],"wp:attachment":[{"href":"https:\/\/marktxxl.de\/markt\/wp-json\/wp\/v2\/media?parent=193172"}],"wp:term":[{"taxonomy":"product_brand","embeddable":true,"href":"https:\/\/marktxxl.de\/markt\/wp-json\/wp\/v2\/product_brand?post=193172"},{"taxonomy":"product_cat","embeddable":true,"href":"https:\/\/marktxxl.de\/markt\/wp-json\/wp\/v2\/product_cat?post=193172"},{"taxonomy":"product_tag","embeddable":true,"href":"https:\/\/marktxxl.de\/markt\/wp-json\/wp\/v2\/product_tag?post=193172"}],"curies":[{"name":"wp","href":"https:\/\/api.w.org\/{rel}","templated":true}]}}