{"id":192812,"date":"2023-03-11T03:16:33","date_gmt":"2023-03-11T02:16:33","guid":{"rendered":"https:\/\/marktxxl.de\/markt\/produkt\/kinbom-30-stueck-hosenbund-verlaengerung-set-kragen-verlaengerung-verstellbar-taillenverlaengerung-knopfverlaengerungen-fuer-hosen-jeans-hemden-schwangerschaft-maenner-frauen-3-stile\/"},"modified":"2023-04-09T05:12:31","modified_gmt":"2023-04-09T03:12:31","slug":"kinbom-30-stueck-hosenbund-verlaengerung-set-kragen-verlaengerung-verstellbar-taillenverlaengerung-knopfverlaengerungen-fuer-hosen-jeans-hemden-schwangerschaft-maenner-frauen-3-stile","status":"publish","type":"product","link":"https:\/\/marktxxl.de\/markt\/produkt\/kinbom-30-stueck-hosenbund-verlaengerung-set-kragen-verlaengerung-verstellbar-taillenverlaengerung-knopfverlaengerungen-fuer-hosen-jeans-hemden-schwangerschaft-maenner-frauen-3-stile\/","title":{"rendered":"KINBOM 30 St\u00fcck Hosenbund Verl\u00e4ngerung Set, Kragen Verl\u00e4ngerung Verstellbar Taillenverl\u00e4ngerung Knopfverl\u00e4ngerungen f\u00fcr\u2026"},"content":{"rendered":"<p>Packungsinhalt: Sie erhalten eine ausreichende Menge von 30 St\u00fcck Knopfverl\u00e4ngerungen, darunter 2 St\u00fcck Taillenverl\u00e4ngerungen, 4 St\u00fcck kurze Silikon-Taillenverl\u00e4ngerungen, 4 St\u00fcck lange Silikon-Taillenverl\u00e4ngerungen, 2 St\u00fcck Federverl\u00e4ngerungen, 2 St\u00fcck 15 mm Kunststoffknopfverl\u00e4ngerungen, 8 St\u00fcck 10 mm Kunststoffknopfverl\u00e4ngerungen, 2 St\u00fcck 10 mm Feder Verl\u00e4ngerungen, 2 schwarze Epoxid-Knopfverl\u00e4ngerungen, 2 wei\u00dfe Epoxid-Knopfverl\u00e4ngerungen und 2 bunte Federverl\u00e4ngerungen.<br \/>\nPremium -Material: Unsere Hosenknopfstrecker bestehen haupts\u00e4chlich aus Stoff, Kunststoff, Gummi und Metall, tragen resistent, stabil und langlebig.Diese Kn\u00f6pfe sind fest an den Taillenstreckern gen\u00e4ht und nicht leicht abfallen.Federmetall und Gummi k\u00f6nnen einer bestimmten Ziehkraft standhalten, die nicht leicht zu brechen ist.Sie k\u00f6nnen sie mit Zuversicht verwenden.<br \/>\nN\u00fctzlich und praktisch: Unsere Jeans -Extenders und Kragenleiter k\u00f6nnen dazu beitragen, den Umfang der Jeans -Taillenb\u00e4nder oder Hemdkragen zu verl\u00e4ngern und zus\u00e4tzlichen Platz f\u00fcr Ihre Hose und Kragen zu bieten und somit eine bessere Trageerfahrung f\u00fcr Sie zu gew\u00e4hrleisten.Es gibt verschiedene Farben, Stile und Gr\u00f6\u00dfen unserer Handgelenk -Extenders, die Sie w\u00e4hlen k\u00f6nnen.<br \/>\nEinfach zu bedienen: W\u00e4hlen Sie zun\u00e4chst einen Pant -Extender mit einer \u00e4hnlichen Farbe mit Ihren Hose oder Hemden.Machen Sie dann den Knopf auf der Pant -Taste selbst in Ihre Hose auf.Zuletzt den Schaltfl\u00e4chenknopf zum Steckplatz nach Ihren Bed\u00fcrfnissen nach oben.Es dauert nur einige Sekunden, dass Sie die Installation abschlie\u00dfen k\u00f6nnen.Sehr angenehm.<br \/>\nGro\u00dfe Anwendung: Diese Set -Set f\u00fcr Bund sind sowohl f\u00fcr M\u00e4nner als auch f\u00fcr Frauen geeignet.Benutzerfreundlich, insbesondere f\u00fcr schwangere Frauen.Kann h\u00e4ufig f\u00fcr Jeans, Hosen, Hosen, Hosen, Hosen, Hemden, R\u00f6cke usw. verwendet werden.<br \/>\n<div class=\"main-cross-sell\" data-asin=\"B09Z2BRMPK\">\n\n\t<div class=\"WooZone-cross-sell-loader\">\n\t\t<div>\n\t\t\t<div id=\"floatingBarsG\">\n\t\t\t\t<div class=\"blockG\" id=\"rotateG_01\"><\/div>\n\t\t\t\t<div class=\"blockG\" id=\"rotateG_02\"><\/div>\n\t\t\t\t<div class=\"blockG\" id=\"rotateG_03\"><\/div>\n\t\t\t\t<div class=\"blockG\" id=\"rotateG_04\"><\/div>\n\t\t\t\t<div class=\"blockG\" id=\"rotateG_05\"><\/div>\n\t\t\t\t<div class=\"blockG\" id=\"rotateG_06\"><\/div>\n\t\t\t\t<div class=\"blockG\" id=\"rotateG_07\"><\/div>\n\t\t\t\t<div class=\"blockG\" id=\"rotateG_08\"><\/div>\n\t\t\t<\/div>\n\t\t\t<div class=\"WooZone-cross-sell-loader-text\"><\/div>\n\t\t<\/div>\n\t<\/div>\n\n\t\t\n<\/div>\n<div style=\"clear:both;\"><\/div><\/p>\n","protected":false},"excerpt":{"rendered":"<p>Packungsinhalt: Sie erhalten eine ausreichende Menge von 30 St\u00fcck Knopfverl\u00e4ngerungen, darunter 2 St\u00fcck Taillenverl\u00e4ngerungen, 4 St\u00fcck kurze Silikon-Taillenverl\u00e4ngerungen, 4 St\u00fcck lange Silikon-Taillenverl\u00e4ngerungen, 2 St\u00fcck Federverl\u00e4ngerungen, 2 St\u00fcck 15 mm Kunststoffknopfverl\u00e4ngerungen, 8 St\u00fcck 10 mm Kunststoffknopfverl\u00e4ngerungen, 2 St\u00fcck 10 mm Feder Verl\u00e4ngerungen, 2 schwarze Epoxid-Knopfverl\u00e4ngerungen, 2 wei\u00dfe Epoxid-Knopfverl\u00e4ngerungen und 2 bunte Federverl\u00e4ngerungen.<br \/>\nPremium -Material: Unsere Hosenknopfstrecker bestehen haupts\u00e4chlich aus Stoff, Kunststoff, Gummi und Metall, tragen resistent, stabil und langlebig.Diese Kn\u00f6pfe sind fest an den Taillenstreckern gen\u00e4ht und nicht leicht abfallen.Federmetall und Gummi k\u00f6nnen einer bestimmten Ziehkraft standhalten, die nicht leicht zu brechen ist.Sie k\u00f6nnen sie mit Zuversicht verwenden.<br \/>\nN\u00fctzlich und praktisch: Unsere Jeans -Extenders und Kragenleiter k\u00f6nnen dazu beitragen, den Umfang der Jeans -Taillenb\u00e4nder oder Hemdkragen zu verl\u00e4ngern und zus\u00e4tzlichen Platz f\u00fcr Ihre Hose und Kragen zu bieten und somit eine bessere Trageerfahrung f\u00fcr Sie zu gew\u00e4hrleisten.Es gibt verschiedene Farben, Stile und Gr\u00f6\u00dfen unserer Handgelenk -Extenders, die Sie w\u00e4hlen k\u00f6nnen.<\/p>\n","protected":false},"featured_media":192813,"comment_status":"open","ping_status":"closed","template":"","meta":[],"product_brand":[],"product_cat":[21,9478],"product_tag":[],"class_list":{"0":"post-192812","1":"product","2":"type-product","3":"status-publish","4":"has-post-thumbnail","6":"product_cat-baby","7":"product_cat-umstandskleidung-baby","8":"pa_brand-kinbom","9":"pa_color-gold-silber-weiss-schwarz","10":"pa_height-0-6692913379-zoll","11":"pa_length-5-905511805-zoll","12":"pa_manufacturer-kinbom","13":"pa_model-a20043","14":"pa_size-m","15":"pa_width-5-118110231-zoll","17":"first","18":"instock","19":"shipping-taxable","20":"purchasable","21":"product-type-simple","22":"customify-col","23":"product-has-gallery"},"yoast_head":"<!-- This site is optimized with the Yoast SEO plugin v27.4 - https:\/\/yoast.com\/product\/yoast-seo-wordpress\/ -->\n<title>KINBOM 30 St\u00fcck Hosenbund Verl\u00e4ngerung Set, Kragen Verl\u00e4ngerung Verstellbar Taillenverl\u00e4ngerung Knopfverl\u00e4ngerungen f\u00fcr\u2026 - Markt-XXL<\/title>\n<meta name=\"description\" content=\"Markt-XXL KINBOM 30 St\u00fcck Hosenbund Verl\u00e4ngerung Set, Kragen Verl\u00e4ngerung Verstellbar Taillenverl\u00e4ngerung Knopfverl\u00e4ngerungen f\u00fcr\u2026\" \/>\n<meta name=\"robots\" content=\"index, follow, max-snippet:-1, max-image-preview:large, max-video-preview:-1\" \/>\n<link rel=\"canonical\" href=\"https:\/\/marktxxl.de\/markt\/produkt\/kinbom-30-stueck-hosenbund-verlaengerung-set-kragen-verlaengerung-verstellbar-taillenverlaengerung-knopfverlaengerungen-fuer-hosen-jeans-hemden-schwangerschaft-maenner-frauen-3-stile\/\" \/>\n<meta property=\"og:locale\" content=\"de_DE\" \/>\n<meta property=\"og:type\" content=\"article\" \/>\n<meta property=\"og:title\" content=\"KINBOM 30 St\u00fcck Hosenbund Verl\u00e4ngerung Set, Kragen Verl\u00e4ngerung Verstellbar Taillenverl\u00e4ngerung Knopfverl\u00e4ngerungen f\u00fcr\u2026 - Markt-XXL\" \/>\n<meta property=\"og:description\" content=\"Markt-XXL KINBOM 30 St\u00fcck Hosenbund Verl\u00e4ngerung Set, Kragen Verl\u00e4ngerung Verstellbar Taillenverl\u00e4ngerung Knopfverl\u00e4ngerungen f\u00fcr\u2026\" \/>\n<meta property=\"og:url\" content=\"https:\/\/marktxxl.de\/markt\/produkt\/kinbom-30-stueck-hosenbund-verlaengerung-set-kragen-verlaengerung-verstellbar-taillenverlaengerung-knopfverlaengerungen-fuer-hosen-jeans-hemden-schwangerschaft-maenner-frauen-3-stile\/\" \/>\n<meta property=\"og:site_name\" content=\"Markt-XXL\" \/>\n<meta property=\"article:modified_time\" content=\"2023-04-09T03:12:31+00:00\" \/>\n<meta property=\"og:image\" content=\"https:\/\/m.media-amazon.com\/images\/I\/51ouiUO4FmL._SL500_.jpg\" \/>\n\t<meta property=\"og:image:width\" content=\"500\" \/>\n\t<meta property=\"og:image:height\" content=\"500\" \/>\n\t<meta property=\"og:image:type\" content=\"image\/jpeg\" \/>\n<meta name=\"twitter:card\" content=\"summary_large_image\" \/>\n<meta name=\"twitter:label1\" content=\"Gesch\u00e4tzte Lesezeit\" \/>\n\t<meta name=\"twitter:data1\" content=\"1\u00a0Minute\" \/>\n<script type=\"application\/ld+json\" class=\"yoast-schema-graph\">{\"@context\":\"https:\\\/\\\/schema.org\",\"@graph\":[{\"@type\":\"WebPage\",\"@id\":\"https:\\\/\\\/marktxxl.de\\\/markt\\\/produkt\\\/kinbom-30-stueck-hosenbund-verlaengerung-set-kragen-verlaengerung-verstellbar-taillenverlaengerung-knopfverlaengerungen-fuer-hosen-jeans-hemden-schwangerschaft-maenner-frauen-3-stile\\\/\",\"url\":\"https:\\\/\\\/marktxxl.de\\\/markt\\\/produkt\\\/kinbom-30-stueck-hosenbund-verlaengerung-set-kragen-verlaengerung-verstellbar-taillenverlaengerung-knopfverlaengerungen-fuer-hosen-jeans-hemden-schwangerschaft-maenner-frauen-3-stile\\\/\",\"name\":\"KINBOM 30 St\u00fcck Hosenbund Verl\u00e4ngerung Set, Kragen Verl\u00e4ngerung Verstellbar Taillenverl\u00e4ngerung Knopfverl\u00e4ngerungen f\u00fcr\u2026 - Markt-XXL\",\"isPartOf\":{\"@id\":\"https:\\\/\\\/marktxxl.de\\\/markt\\\/#website\"},\"primaryImageOfPage\":{\"@id\":\"https:\\\/\\\/marktxxl.de\\\/markt\\\/produkt\\\/kinbom-30-stueck-hosenbund-verlaengerung-set-kragen-verlaengerung-verstellbar-taillenverlaengerung-knopfverlaengerungen-fuer-hosen-jeans-hemden-schwangerschaft-maenner-frauen-3-stile\\\/#primaryimage\"},\"image\":{\"@id\":\"https:\\\/\\\/marktxxl.de\\\/markt\\\/produkt\\\/kinbom-30-stueck-hosenbund-verlaengerung-set-kragen-verlaengerung-verstellbar-taillenverlaengerung-knopfverlaengerungen-fuer-hosen-jeans-hemden-schwangerschaft-maenner-frauen-3-stile\\\/#primaryimage\"},\"thumbnailUrl\":\"https:\\\/\\\/m.media-amazon.com\\\/images\\\/I\\\/51ouiUO4FmL._SL500_.jpg\",\"datePublished\":\"2023-03-11T02:16:33+00:00\",\"dateModified\":\"2023-04-09T03:12:31+00:00\",\"description\":\"Markt-XXL KINBOM 30 St\u00fcck Hosenbund Verl\u00e4ngerung Set, Kragen Verl\u00e4ngerung Verstellbar Taillenverl\u00e4ngerung Knopfverl\u00e4ngerungen f\u00fcr\u2026\",\"breadcrumb\":{\"@id\":\"https:\\\/\\\/marktxxl.de\\\/markt\\\/produkt\\\/kinbom-30-stueck-hosenbund-verlaengerung-set-kragen-verlaengerung-verstellbar-taillenverlaengerung-knopfverlaengerungen-fuer-hosen-jeans-hemden-schwangerschaft-maenner-frauen-3-stile\\\/#breadcrumb\"},\"inLanguage\":\"de\",\"potentialAction\":[{\"@type\":\"ReadAction\",\"target\":[\"https:\\\/\\\/marktxxl.de\\\/markt\\\/produkt\\\/kinbom-30-stueck-hosenbund-verlaengerung-set-kragen-verlaengerung-verstellbar-taillenverlaengerung-knopfverlaengerungen-fuer-hosen-jeans-hemden-schwangerschaft-maenner-frauen-3-stile\\\/\"]}]},{\"@type\":\"ImageObject\",\"inLanguage\":\"de\",\"@id\":\"https:\\\/\\\/marktxxl.de\\\/markt\\\/produkt\\\/kinbom-30-stueck-hosenbund-verlaengerung-set-kragen-verlaengerung-verstellbar-taillenverlaengerung-knopfverlaengerungen-fuer-hosen-jeans-hemden-schwangerschaft-maenner-frauen-3-stile\\\/#primaryimage\",\"url\":\"https:\\\/\\\/m.media-amazon.com\\\/images\\\/I\\\/51ouiUO4FmL._SL500_.jpg\",\"contentUrl\":\"https:\\\/\\\/m.media-amazon.com\\\/images\\\/I\\\/51ouiUO4FmL._SL500_.jpg\",\"width\":500,\"height\":500},{\"@type\":\"BreadcrumbList\",\"@id\":\"https:\\\/\\\/marktxxl.de\\\/markt\\\/produkt\\\/kinbom-30-stueck-hosenbund-verlaengerung-set-kragen-verlaengerung-verstellbar-taillenverlaengerung-knopfverlaengerungen-fuer-hosen-jeans-hemden-schwangerschaft-maenner-frauen-3-stile\\\/#breadcrumb\",\"itemListElement\":[{\"@type\":\"ListItem\",\"position\":1,\"name\":\"Startseite\",\"item\":\"https:\\\/\\\/marktxxl.de\\\/markt\\\/\"},{\"@type\":\"ListItem\",\"position\":2,\"name\":\"Markt\",\"item\":\"https:\\\/\\\/marktxxl.de\\\/markt\\\/\"},{\"@type\":\"ListItem\",\"position\":3,\"name\":\"KINBOM 30 St\u00fcck Hosenbund Verl\u00e4ngerung Set, Kragen Verl\u00e4ngerung Verstellbar Taillenverl\u00e4ngerung Knopfverl\u00e4ngerungen f\u00fcr\u2026\"}]},{\"@type\":\"WebSite\",\"@id\":\"https:\\\/\\\/marktxxl.de\\\/markt\\\/#website\",\"url\":\"https:\\\/\\\/marktxxl.de\\\/markt\\\/\",\"name\":\"Markt-XXL\",\"description\":\"Ihr Markt Online\",\"publisher\":{\"@id\":\"https:\\\/\\\/marktxxl.de\\\/markt\\\/#organization\"},\"potentialAction\":[{\"@type\":\"SearchAction\",\"target\":{\"@type\":\"EntryPoint\",\"urlTemplate\":\"https:\\\/\\\/marktxxl.de\\\/markt\\\/?s={search_term_string}\"},\"query-input\":{\"@type\":\"PropertyValueSpecification\",\"valueRequired\":true,\"valueName\":\"search_term_string\"}}],\"inLanguage\":\"de\"},{\"@type\":\"Organization\",\"@id\":\"https:\\\/\\\/marktxxl.de\\\/markt\\\/#organization\",\"name\":\"Markt-XXL\",\"url\":\"https:\\\/\\\/marktxxl.de\\\/markt\\\/\",\"logo\":{\"@type\":\"ImageObject\",\"inLanguage\":\"de\",\"@id\":\"https:\\\/\\\/marktxxl.de\\\/markt\\\/#\\\/schema\\\/logo\\\/image\\\/\",\"url\":\"https:\\\/\\\/marktxxl.de\\\/markt\\\/wp-content\\\/uploads\\\/sites\\\/3\\\/2020\\\/12\\\/logo.png\",\"contentUrl\":\"https:\\\/\\\/marktxxl.de\\\/markt\\\/wp-content\\\/uploads\\\/sites\\\/3\\\/2020\\\/12\\\/logo.png\",\"width\":200,\"height\":70,\"caption\":\"Markt-XXL\"},\"image\":{\"@id\":\"https:\\\/\\\/marktxxl.de\\\/markt\\\/#\\\/schema\\\/logo\\\/image\\\/\"}}]}<\/script>\n<!-- \/ Yoast SEO plugin. -->","yoast_head_json":{"title":"KINBOM 30 St\u00fcck Hosenbund Verl\u00e4ngerung Set, Kragen Verl\u00e4ngerung Verstellbar Taillenverl\u00e4ngerung Knopfverl\u00e4ngerungen f\u00fcr\u2026 - Markt-XXL","description":"Markt-XXL KINBOM 30 St\u00fcck Hosenbund Verl\u00e4ngerung Set, Kragen Verl\u00e4ngerung Verstellbar Taillenverl\u00e4ngerung Knopfverl\u00e4ngerungen f\u00fcr\u2026","robots":{"index":"index","follow":"follow","max-snippet":"max-snippet:-1","max-image-preview":"max-image-preview:large","max-video-preview":"max-video-preview:-1"},"canonical":"https:\/\/marktxxl.de\/markt\/produkt\/kinbom-30-stueck-hosenbund-verlaengerung-set-kragen-verlaengerung-verstellbar-taillenverlaengerung-knopfverlaengerungen-fuer-hosen-jeans-hemden-schwangerschaft-maenner-frauen-3-stile\/","og_locale":"de_DE","og_type":"article","og_title":"KINBOM 30 St\u00fcck Hosenbund Verl\u00e4ngerung Set, Kragen Verl\u00e4ngerung Verstellbar Taillenverl\u00e4ngerung Knopfverl\u00e4ngerungen f\u00fcr\u2026 - Markt-XXL","og_description":"Markt-XXL KINBOM 30 St\u00fcck Hosenbund Verl\u00e4ngerung Set, Kragen Verl\u00e4ngerung Verstellbar Taillenverl\u00e4ngerung Knopfverl\u00e4ngerungen f\u00fcr\u2026","og_url":"https:\/\/marktxxl.de\/markt\/produkt\/kinbom-30-stueck-hosenbund-verlaengerung-set-kragen-verlaengerung-verstellbar-taillenverlaengerung-knopfverlaengerungen-fuer-hosen-jeans-hemden-schwangerschaft-maenner-frauen-3-stile\/","og_site_name":"Markt-XXL","article_modified_time":"2023-04-09T03:12:31+00:00","og_image":[{"width":500,"height":500,"url":"https:\/\/m.media-amazon.com\/images\/I\/51ouiUO4FmL._SL500_.jpg","type":"image\/jpeg"}],"twitter_card":"summary_large_image","twitter_misc":{"Gesch\u00e4tzte Lesezeit":"1\u00a0Minute"},"schema":{"@context":"https:\/\/schema.org","@graph":[{"@type":"WebPage","@id":"https:\/\/marktxxl.de\/markt\/produkt\/kinbom-30-stueck-hosenbund-verlaengerung-set-kragen-verlaengerung-verstellbar-taillenverlaengerung-knopfverlaengerungen-fuer-hosen-jeans-hemden-schwangerschaft-maenner-frauen-3-stile\/","url":"https:\/\/marktxxl.de\/markt\/produkt\/kinbom-30-stueck-hosenbund-verlaengerung-set-kragen-verlaengerung-verstellbar-taillenverlaengerung-knopfverlaengerungen-fuer-hosen-jeans-hemden-schwangerschaft-maenner-frauen-3-stile\/","name":"KINBOM 30 St\u00fcck Hosenbund Verl\u00e4ngerung Set, Kragen Verl\u00e4ngerung Verstellbar Taillenverl\u00e4ngerung Knopfverl\u00e4ngerungen f\u00fcr\u2026 - Markt-XXL","isPartOf":{"@id":"https:\/\/marktxxl.de\/markt\/#website"},"primaryImageOfPage":{"@id":"https:\/\/marktxxl.de\/markt\/produkt\/kinbom-30-stueck-hosenbund-verlaengerung-set-kragen-verlaengerung-verstellbar-taillenverlaengerung-knopfverlaengerungen-fuer-hosen-jeans-hemden-schwangerschaft-maenner-frauen-3-stile\/#primaryimage"},"image":{"@id":"https:\/\/marktxxl.de\/markt\/produkt\/kinbom-30-stueck-hosenbund-verlaengerung-set-kragen-verlaengerung-verstellbar-taillenverlaengerung-knopfverlaengerungen-fuer-hosen-jeans-hemden-schwangerschaft-maenner-frauen-3-stile\/#primaryimage"},"thumbnailUrl":"https:\/\/m.media-amazon.com\/images\/I\/51ouiUO4FmL._SL500_.jpg","datePublished":"2023-03-11T02:16:33+00:00","dateModified":"2023-04-09T03:12:31+00:00","description":"Markt-XXL KINBOM 30 St\u00fcck Hosenbund Verl\u00e4ngerung Set, Kragen Verl\u00e4ngerung Verstellbar Taillenverl\u00e4ngerung Knopfverl\u00e4ngerungen f\u00fcr\u2026","breadcrumb":{"@id":"https:\/\/marktxxl.de\/markt\/produkt\/kinbom-30-stueck-hosenbund-verlaengerung-set-kragen-verlaengerung-verstellbar-taillenverlaengerung-knopfverlaengerungen-fuer-hosen-jeans-hemden-schwangerschaft-maenner-frauen-3-stile\/#breadcrumb"},"inLanguage":"de","potentialAction":[{"@type":"ReadAction","target":["https:\/\/marktxxl.de\/markt\/produkt\/kinbom-30-stueck-hosenbund-verlaengerung-set-kragen-verlaengerung-verstellbar-taillenverlaengerung-knopfverlaengerungen-fuer-hosen-jeans-hemden-schwangerschaft-maenner-frauen-3-stile\/"]}]},{"@type":"ImageObject","inLanguage":"de","@id":"https:\/\/marktxxl.de\/markt\/produkt\/kinbom-30-stueck-hosenbund-verlaengerung-set-kragen-verlaengerung-verstellbar-taillenverlaengerung-knopfverlaengerungen-fuer-hosen-jeans-hemden-schwangerschaft-maenner-frauen-3-stile\/#primaryimage","url":"https:\/\/m.media-amazon.com\/images\/I\/51ouiUO4FmL._SL500_.jpg","contentUrl":"https:\/\/m.media-amazon.com\/images\/I\/51ouiUO4FmL._SL500_.jpg","width":500,"height":500},{"@type":"BreadcrumbList","@id":"https:\/\/marktxxl.de\/markt\/produkt\/kinbom-30-stueck-hosenbund-verlaengerung-set-kragen-verlaengerung-verstellbar-taillenverlaengerung-knopfverlaengerungen-fuer-hosen-jeans-hemden-schwangerschaft-maenner-frauen-3-stile\/#breadcrumb","itemListElement":[{"@type":"ListItem","position":1,"name":"Startseite","item":"https:\/\/marktxxl.de\/markt\/"},{"@type":"ListItem","position":2,"name":"Markt","item":"https:\/\/marktxxl.de\/markt\/"},{"@type":"ListItem","position":3,"name":"KINBOM 30 St\u00fcck Hosenbund Verl\u00e4ngerung Set, Kragen Verl\u00e4ngerung Verstellbar Taillenverl\u00e4ngerung Knopfverl\u00e4ngerungen f\u00fcr\u2026"}]},{"@type":"WebSite","@id":"https:\/\/marktxxl.de\/markt\/#website","url":"https:\/\/marktxxl.de\/markt\/","name":"Markt-XXL","description":"Ihr Markt Online","publisher":{"@id":"https:\/\/marktxxl.de\/markt\/#organization"},"potentialAction":[{"@type":"SearchAction","target":{"@type":"EntryPoint","urlTemplate":"https:\/\/marktxxl.de\/markt\/?s={search_term_string}"},"query-input":{"@type":"PropertyValueSpecification","valueRequired":true,"valueName":"search_term_string"}}],"inLanguage":"de"},{"@type":"Organization","@id":"https:\/\/marktxxl.de\/markt\/#organization","name":"Markt-XXL","url":"https:\/\/marktxxl.de\/markt\/","logo":{"@type":"ImageObject","inLanguage":"de","@id":"https:\/\/marktxxl.de\/markt\/#\/schema\/logo\/image\/","url":"https:\/\/marktxxl.de\/markt\/wp-content\/uploads\/sites\/3\/2020\/12\/logo.png","contentUrl":"https:\/\/marktxxl.de\/markt\/wp-content\/uploads\/sites\/3\/2020\/12\/logo.png","width":200,"height":70,"caption":"Markt-XXL"},"image":{"@id":"https:\/\/marktxxl.de\/markt\/#\/schema\/logo\/image\/"}}]}},"_links":{"self":[{"href":"https:\/\/marktxxl.de\/markt\/wp-json\/wp\/v2\/product\/192812","targetHints":{"allow":["GET"]}}],"collection":[{"href":"https:\/\/marktxxl.de\/markt\/wp-json\/wp\/v2\/product"}],"about":[{"href":"https:\/\/marktxxl.de\/markt\/wp-json\/wp\/v2\/types\/product"}],"replies":[{"embeddable":true,"href":"https:\/\/marktxxl.de\/markt\/wp-json\/wp\/v2\/comments?post=192812"}],"wp:featuredmedia":[{"embeddable":true,"href":"https:\/\/marktxxl.de\/markt\/wp-json\/wp\/v2\/media\/192813"}],"wp:attachment":[{"href":"https:\/\/marktxxl.de\/markt\/wp-json\/wp\/v2\/media?parent=192812"}],"wp:term":[{"taxonomy":"product_brand","embeddable":true,"href":"https:\/\/marktxxl.de\/markt\/wp-json\/wp\/v2\/product_brand?post=192812"},{"taxonomy":"product_cat","embeddable":true,"href":"https:\/\/marktxxl.de\/markt\/wp-json\/wp\/v2\/product_cat?post=192812"},{"taxonomy":"product_tag","embeddable":true,"href":"https:\/\/marktxxl.de\/markt\/wp-json\/wp\/v2\/product_tag?post=192812"}],"curies":[{"name":"wp","href":"https:\/\/api.w.org\/{rel}","templated":true}]}}