{"id":192487,"date":"2023-03-11T02:35:02","date_gmt":"2023-03-11T01:35:02","guid":{"rendered":"https:\/\/marktxxl.de\/markt\/produkt\/m-asam-aqua-intense-supreme-hyaluron-cream-100ml-parfuemfreie-feuchtigkeitscreme-geeignet-fuer-sensible-und-empfindliche-haut-gesichtscreme-fuer-ein-glattes-pralles-hautbild\/"},"modified":"2023-04-09T05:12:25","modified_gmt":"2023-04-09T03:12:25","slug":"m-asam-aqua-intense-supreme-hyaluron-cream-100ml-parfuemfreie-feuchtigkeitscreme-geeignet-fuer-sensible-und-empfindliche-haut-gesichtscreme-fuer-ein-glattes-pralles-hautbild","status":"publish","type":"product","link":"https:\/\/marktxxl.de\/markt\/produkt\/m-asam-aqua-intense-supreme-hyaluron-cream-100ml-parfuemfreie-feuchtigkeitscreme-geeignet-fuer-sensible-und-empfindliche-haut-gesichtscreme-fuer-ein-glattes-pralles-hautbild\/","title":{"rendered":"M. Asam Aqua Intense Supreme Hyaluron Cream (100ml) &#8211; Parf\u00fcmfreie Feuchtigkeitscreme geeignet f\u00fcr sensible und\u2026"},"content":{"rendered":"<p>AQUA INTENSE SUPREME HYALURON CREAM Diese parf\u00fcmfreie Hyaluron Creme aus dem Hause asambeauty ist ausgestattet mit dem patentierten Hyalurons\u00e4urekomplex, polstert Trockenheitsf\u00e4ltchen auf und verleiht ein pralles, gegl\u00e4ttetes Hautbild. Die perfekte Pflege f\u00fcr ein frisches, zartes Hautbild!<br \/>\nPAF\u00dcRMFREIE GESICHTSPFLEGE: Parf\u00fcmfrei bedeutet, dass kein Parf\u00fcm\u00f6l eingearbeitet wurde.<br \/>\nINNOVATIVER HYALURONS\u00c4UREKOMPLEX: Unser Hyalurons\u00e4urekomplex besteht aus einer Kombination aus hoch- und niedrig-molekularer Hyalurons\u00e4ure, verkapselter Hyalurons\u00e4ure und Escin (Rosskastanien-Extrakt). Er versorgt selbst tiefere Hautschichten intensiv mit Feuchtigkeit und sorgt f\u00fcr ein faltenfreies und pralles Hautbild.<br \/>\nANHALTENDE FEUCHTIGKEIT: Anhaltender feuchtigkeitsspendender Effekt mit 5-Tage-Depot-Wirkung. Polstert Trockenheitsf\u00e4ltchen sichtbar auf f\u00fcr sofort pralle, glatte und anhaltend durchfeuchtete Haut.<br \/>\nANWENDUNG: Nach der Reinigung oder nach einem Serum auf Gesicht und Hals auftragen und sanft einmassieren.<br \/>\n<div class=\"main-cross-sell\" data-asin=\"B00MLUGB6O\">\n\n\t<div class=\"WooZone-cross-sell-loader\">\n\t\t<div>\n\t\t\t<div id=\"floatingBarsG\">\n\t\t\t\t<div class=\"blockG\" id=\"rotateG_01\"><\/div>\n\t\t\t\t<div class=\"blockG\" id=\"rotateG_02\"><\/div>\n\t\t\t\t<div class=\"blockG\" id=\"rotateG_03\"><\/div>\n\t\t\t\t<div class=\"blockG\" id=\"rotateG_04\"><\/div>\n\t\t\t\t<div class=\"blockG\" id=\"rotateG_05\"><\/div>\n\t\t\t\t<div class=\"blockG\" id=\"rotateG_06\"><\/div>\n\t\t\t\t<div class=\"blockG\" id=\"rotateG_07\"><\/div>\n\t\t\t\t<div class=\"blockG\" id=\"rotateG_08\"><\/div>\n\t\t\t<\/div>\n\t\t\t<div class=\"WooZone-cross-sell-loader-text\"><\/div>\n\t\t<\/div>\n\t<\/div>\n\n\t\t\n<\/div>\n<div style=\"clear:both;\"><\/div><\/p>\n","protected":false},"excerpt":{"rendered":"<p>AQUA INTENSE SUPREME HYALURON CREAM Diese parf\u00fcmfreie Hyaluron Creme aus dem Hause asambeauty ist ausgestattet mit dem patentierten Hyalurons\u00e4urekomplex, polstert Trockenheitsf\u00e4ltchen auf und verleiht ein pralles, gegl\u00e4ttetes Hautbild. Die perfekte Pflege f\u00fcr ein frisches, zartes Hautbild!<br \/>\nPAF\u00dcRMFREIE GESICHTSPFLEGE: Parf\u00fcmfrei bedeutet, dass kein Parf\u00fcm\u00f6l eingearbeitet wurde.<br \/>\nINNOVATIVER HYALURONS\u00c4UREKOMPLEX: Unser Hyalurons\u00e4urekomplex besteht aus einer Kombination aus hoch- und niedrig-molekularer Hyalurons\u00e4ure, verkapselter Hyalurons\u00e4ure und Escin (Rosskastanien-Extrakt). Er versorgt selbst tiefere Hautschichten intensiv mit Feuchtigkeit und sorgt f\u00fcr ein faltenfreies und pralles Hautbild.<\/p>\n","protected":false},"featured_media":192488,"comment_status":"open","ping_status":"closed","template":"","meta":[],"product_brand":[],"product_cat":[2858,7067],"product_tag":[],"class_list":{"0":"post-192487","1":"product","2":"type-product","3":"status-publish","4":"has-post-thumbnail","6":"product_cat-beauty","7":"product_cat-hautpflege","8":"pa_binding-misc","9":"pa_brand-m-asam","10":"pa_manufacturer-m-asam","11":"pa_size-100-ml-1er-pack","13":"first","14":"instock","15":"shipping-taxable","16":"purchasable","17":"product-type-simple","18":"customify-col","19":"product-has-gallery"},"yoast_head":"<!-- This site is optimized with the Yoast SEO plugin v27.4 - https:\/\/yoast.com\/product\/yoast-seo-wordpress\/ -->\n<title>M. Asam Aqua Intense Supreme Hyaluron Cream (100ml) - Parf\u00fcmfreie Feuchtigkeitscreme geeignet f\u00fcr sensible und\u2026 - Markt-XXL<\/title>\n<meta name=\"description\" content=\"Markt-XXL M. Asam Aqua Intense Supreme Hyaluron Cream (100ml) - Parf\u00fcmfreie Feuchtigkeitscreme geeignet f\u00fcr sensible und\u2026\" \/>\n<meta name=\"robots\" content=\"index, follow, max-snippet:-1, max-image-preview:large, max-video-preview:-1\" \/>\n<link rel=\"canonical\" href=\"https:\/\/marktxxl.de\/markt\/produkt\/m-asam-aqua-intense-supreme-hyaluron-cream-100ml-parfuemfreie-feuchtigkeitscreme-geeignet-fuer-sensible-und-empfindliche-haut-gesichtscreme-fuer-ein-glattes-pralles-hautbild\/\" \/>\n<meta property=\"og:locale\" content=\"de_DE\" \/>\n<meta property=\"og:type\" content=\"article\" \/>\n<meta property=\"og:title\" content=\"M. Asam Aqua Intense Supreme Hyaluron Cream (100ml) - Parf\u00fcmfreie Feuchtigkeitscreme geeignet f\u00fcr sensible und\u2026 - Markt-XXL\" \/>\n<meta property=\"og:description\" content=\"Markt-XXL M. Asam Aqua Intense Supreme Hyaluron Cream (100ml) - Parf\u00fcmfreie Feuchtigkeitscreme geeignet f\u00fcr sensible und\u2026\" \/>\n<meta property=\"og:url\" content=\"https:\/\/marktxxl.de\/markt\/produkt\/m-asam-aqua-intense-supreme-hyaluron-cream-100ml-parfuemfreie-feuchtigkeitscreme-geeignet-fuer-sensible-und-empfindliche-haut-gesichtscreme-fuer-ein-glattes-pralles-hautbild\/\" \/>\n<meta property=\"og:site_name\" content=\"Markt-XXL\" \/>\n<meta property=\"article:modified_time\" content=\"2023-04-09T03:12:25+00:00\" \/>\n<meta property=\"og:image\" content=\"https:\/\/m.media-amazon.com\/images\/I\/319cc6o5tHL._SL500_.jpg\" \/>\n\t<meta property=\"og:image:width\" content=\"500\" \/>\n\t<meta property=\"og:image:height\" content=\"500\" \/>\n\t<meta property=\"og:image:type\" content=\"image\/jpeg\" \/>\n<meta name=\"twitter:card\" content=\"summary_large_image\" \/>\n<meta name=\"twitter:label1\" content=\"Gesch\u00e4tzte Lesezeit\" \/>\n\t<meta name=\"twitter:data1\" content=\"1\u00a0Minute\" \/>\n<script type=\"application\/ld+json\" class=\"yoast-schema-graph\">{\"@context\":\"https:\\\/\\\/schema.org\",\"@graph\":[{\"@type\":\"WebPage\",\"@id\":\"https:\\\/\\\/marktxxl.de\\\/markt\\\/produkt\\\/m-asam-aqua-intense-supreme-hyaluron-cream-100ml-parfuemfreie-feuchtigkeitscreme-geeignet-fuer-sensible-und-empfindliche-haut-gesichtscreme-fuer-ein-glattes-pralles-hautbild\\\/\",\"url\":\"https:\\\/\\\/marktxxl.de\\\/markt\\\/produkt\\\/m-asam-aqua-intense-supreme-hyaluron-cream-100ml-parfuemfreie-feuchtigkeitscreme-geeignet-fuer-sensible-und-empfindliche-haut-gesichtscreme-fuer-ein-glattes-pralles-hautbild\\\/\",\"name\":\"M. Asam Aqua Intense Supreme Hyaluron Cream (100ml) - Parf\u00fcmfreie Feuchtigkeitscreme geeignet f\u00fcr sensible und\u2026 - Markt-XXL\",\"isPartOf\":{\"@id\":\"https:\\\/\\\/marktxxl.de\\\/markt\\\/#website\"},\"primaryImageOfPage\":{\"@id\":\"https:\\\/\\\/marktxxl.de\\\/markt\\\/produkt\\\/m-asam-aqua-intense-supreme-hyaluron-cream-100ml-parfuemfreie-feuchtigkeitscreme-geeignet-fuer-sensible-und-empfindliche-haut-gesichtscreme-fuer-ein-glattes-pralles-hautbild\\\/#primaryimage\"},\"image\":{\"@id\":\"https:\\\/\\\/marktxxl.de\\\/markt\\\/produkt\\\/m-asam-aqua-intense-supreme-hyaluron-cream-100ml-parfuemfreie-feuchtigkeitscreme-geeignet-fuer-sensible-und-empfindliche-haut-gesichtscreme-fuer-ein-glattes-pralles-hautbild\\\/#primaryimage\"},\"thumbnailUrl\":\"https:\\\/\\\/m.media-amazon.com\\\/images\\\/I\\\/319cc6o5tHL._SL500_.jpg\",\"datePublished\":\"2023-03-11T01:35:02+00:00\",\"dateModified\":\"2023-04-09T03:12:25+00:00\",\"description\":\"Markt-XXL M. Asam Aqua Intense Supreme Hyaluron Cream (100ml) - Parf\u00fcmfreie Feuchtigkeitscreme geeignet f\u00fcr sensible und\u2026\",\"breadcrumb\":{\"@id\":\"https:\\\/\\\/marktxxl.de\\\/markt\\\/produkt\\\/m-asam-aqua-intense-supreme-hyaluron-cream-100ml-parfuemfreie-feuchtigkeitscreme-geeignet-fuer-sensible-und-empfindliche-haut-gesichtscreme-fuer-ein-glattes-pralles-hautbild\\\/#breadcrumb\"},\"inLanguage\":\"de\",\"potentialAction\":[{\"@type\":\"ReadAction\",\"target\":[\"https:\\\/\\\/marktxxl.de\\\/markt\\\/produkt\\\/m-asam-aqua-intense-supreme-hyaluron-cream-100ml-parfuemfreie-feuchtigkeitscreme-geeignet-fuer-sensible-und-empfindliche-haut-gesichtscreme-fuer-ein-glattes-pralles-hautbild\\\/\"]}]},{\"@type\":\"ImageObject\",\"inLanguage\":\"de\",\"@id\":\"https:\\\/\\\/marktxxl.de\\\/markt\\\/produkt\\\/m-asam-aqua-intense-supreme-hyaluron-cream-100ml-parfuemfreie-feuchtigkeitscreme-geeignet-fuer-sensible-und-empfindliche-haut-gesichtscreme-fuer-ein-glattes-pralles-hautbild\\\/#primaryimage\",\"url\":\"https:\\\/\\\/m.media-amazon.com\\\/images\\\/I\\\/319cc6o5tHL._SL500_.jpg\",\"contentUrl\":\"https:\\\/\\\/m.media-amazon.com\\\/images\\\/I\\\/319cc6o5tHL._SL500_.jpg\",\"width\":500,\"height\":500},{\"@type\":\"BreadcrumbList\",\"@id\":\"https:\\\/\\\/marktxxl.de\\\/markt\\\/produkt\\\/m-asam-aqua-intense-supreme-hyaluron-cream-100ml-parfuemfreie-feuchtigkeitscreme-geeignet-fuer-sensible-und-empfindliche-haut-gesichtscreme-fuer-ein-glattes-pralles-hautbild\\\/#breadcrumb\",\"itemListElement\":[{\"@type\":\"ListItem\",\"position\":1,\"name\":\"Startseite\",\"item\":\"https:\\\/\\\/marktxxl.de\\\/markt\\\/\"},{\"@type\":\"ListItem\",\"position\":2,\"name\":\"Markt\",\"item\":\"https:\\\/\\\/marktxxl.de\\\/markt\\\/\"},{\"@type\":\"ListItem\",\"position\":3,\"name\":\"M. Asam Aqua Intense Supreme Hyaluron Cream (100ml) &#8211; Parf\u00fcmfreie Feuchtigkeitscreme geeignet f\u00fcr sensible und\u2026\"}]},{\"@type\":\"WebSite\",\"@id\":\"https:\\\/\\\/marktxxl.de\\\/markt\\\/#website\",\"url\":\"https:\\\/\\\/marktxxl.de\\\/markt\\\/\",\"name\":\"Markt-XXL\",\"description\":\"Ihr Markt Online\",\"publisher\":{\"@id\":\"https:\\\/\\\/marktxxl.de\\\/markt\\\/#organization\"},\"potentialAction\":[{\"@type\":\"SearchAction\",\"target\":{\"@type\":\"EntryPoint\",\"urlTemplate\":\"https:\\\/\\\/marktxxl.de\\\/markt\\\/?s={search_term_string}\"},\"query-input\":{\"@type\":\"PropertyValueSpecification\",\"valueRequired\":true,\"valueName\":\"search_term_string\"}}],\"inLanguage\":\"de\"},{\"@type\":\"Organization\",\"@id\":\"https:\\\/\\\/marktxxl.de\\\/markt\\\/#organization\",\"name\":\"Markt-XXL\",\"url\":\"https:\\\/\\\/marktxxl.de\\\/markt\\\/\",\"logo\":{\"@type\":\"ImageObject\",\"inLanguage\":\"de\",\"@id\":\"https:\\\/\\\/marktxxl.de\\\/markt\\\/#\\\/schema\\\/logo\\\/image\\\/\",\"url\":\"https:\\\/\\\/marktxxl.de\\\/markt\\\/wp-content\\\/uploads\\\/sites\\\/3\\\/2020\\\/12\\\/logo.png\",\"contentUrl\":\"https:\\\/\\\/marktxxl.de\\\/markt\\\/wp-content\\\/uploads\\\/sites\\\/3\\\/2020\\\/12\\\/logo.png\",\"width\":200,\"height\":70,\"caption\":\"Markt-XXL\"},\"image\":{\"@id\":\"https:\\\/\\\/marktxxl.de\\\/markt\\\/#\\\/schema\\\/logo\\\/image\\\/\"}}]}<\/script>\n<!-- \/ Yoast SEO plugin. -->","yoast_head_json":{"title":"M. Asam Aqua Intense Supreme Hyaluron Cream (100ml) - Parf\u00fcmfreie Feuchtigkeitscreme geeignet f\u00fcr sensible und\u2026 - Markt-XXL","description":"Markt-XXL M. Asam Aqua Intense Supreme Hyaluron Cream (100ml) - Parf\u00fcmfreie Feuchtigkeitscreme geeignet f\u00fcr sensible und\u2026","robots":{"index":"index","follow":"follow","max-snippet":"max-snippet:-1","max-image-preview":"max-image-preview:large","max-video-preview":"max-video-preview:-1"},"canonical":"https:\/\/marktxxl.de\/markt\/produkt\/m-asam-aqua-intense-supreme-hyaluron-cream-100ml-parfuemfreie-feuchtigkeitscreme-geeignet-fuer-sensible-und-empfindliche-haut-gesichtscreme-fuer-ein-glattes-pralles-hautbild\/","og_locale":"de_DE","og_type":"article","og_title":"M. Asam Aqua Intense Supreme Hyaluron Cream (100ml) - Parf\u00fcmfreie Feuchtigkeitscreme geeignet f\u00fcr sensible und\u2026 - Markt-XXL","og_description":"Markt-XXL M. Asam Aqua Intense Supreme Hyaluron Cream (100ml) - Parf\u00fcmfreie Feuchtigkeitscreme geeignet f\u00fcr sensible und\u2026","og_url":"https:\/\/marktxxl.de\/markt\/produkt\/m-asam-aqua-intense-supreme-hyaluron-cream-100ml-parfuemfreie-feuchtigkeitscreme-geeignet-fuer-sensible-und-empfindliche-haut-gesichtscreme-fuer-ein-glattes-pralles-hautbild\/","og_site_name":"Markt-XXL","article_modified_time":"2023-04-09T03:12:25+00:00","og_image":[{"width":500,"height":500,"url":"https:\/\/m.media-amazon.com\/images\/I\/319cc6o5tHL._SL500_.jpg","type":"image\/jpeg"}],"twitter_card":"summary_large_image","twitter_misc":{"Gesch\u00e4tzte Lesezeit":"1\u00a0Minute"},"schema":{"@context":"https:\/\/schema.org","@graph":[{"@type":"WebPage","@id":"https:\/\/marktxxl.de\/markt\/produkt\/m-asam-aqua-intense-supreme-hyaluron-cream-100ml-parfuemfreie-feuchtigkeitscreme-geeignet-fuer-sensible-und-empfindliche-haut-gesichtscreme-fuer-ein-glattes-pralles-hautbild\/","url":"https:\/\/marktxxl.de\/markt\/produkt\/m-asam-aqua-intense-supreme-hyaluron-cream-100ml-parfuemfreie-feuchtigkeitscreme-geeignet-fuer-sensible-und-empfindliche-haut-gesichtscreme-fuer-ein-glattes-pralles-hautbild\/","name":"M. Asam Aqua Intense Supreme Hyaluron Cream (100ml) - Parf\u00fcmfreie Feuchtigkeitscreme geeignet f\u00fcr sensible und\u2026 - Markt-XXL","isPartOf":{"@id":"https:\/\/marktxxl.de\/markt\/#website"},"primaryImageOfPage":{"@id":"https:\/\/marktxxl.de\/markt\/produkt\/m-asam-aqua-intense-supreme-hyaluron-cream-100ml-parfuemfreie-feuchtigkeitscreme-geeignet-fuer-sensible-und-empfindliche-haut-gesichtscreme-fuer-ein-glattes-pralles-hautbild\/#primaryimage"},"image":{"@id":"https:\/\/marktxxl.de\/markt\/produkt\/m-asam-aqua-intense-supreme-hyaluron-cream-100ml-parfuemfreie-feuchtigkeitscreme-geeignet-fuer-sensible-und-empfindliche-haut-gesichtscreme-fuer-ein-glattes-pralles-hautbild\/#primaryimage"},"thumbnailUrl":"https:\/\/m.media-amazon.com\/images\/I\/319cc6o5tHL._SL500_.jpg","datePublished":"2023-03-11T01:35:02+00:00","dateModified":"2023-04-09T03:12:25+00:00","description":"Markt-XXL M. Asam Aqua Intense Supreme Hyaluron Cream (100ml) - Parf\u00fcmfreie Feuchtigkeitscreme geeignet f\u00fcr sensible und\u2026","breadcrumb":{"@id":"https:\/\/marktxxl.de\/markt\/produkt\/m-asam-aqua-intense-supreme-hyaluron-cream-100ml-parfuemfreie-feuchtigkeitscreme-geeignet-fuer-sensible-und-empfindliche-haut-gesichtscreme-fuer-ein-glattes-pralles-hautbild\/#breadcrumb"},"inLanguage":"de","potentialAction":[{"@type":"ReadAction","target":["https:\/\/marktxxl.de\/markt\/produkt\/m-asam-aqua-intense-supreme-hyaluron-cream-100ml-parfuemfreie-feuchtigkeitscreme-geeignet-fuer-sensible-und-empfindliche-haut-gesichtscreme-fuer-ein-glattes-pralles-hautbild\/"]}]},{"@type":"ImageObject","inLanguage":"de","@id":"https:\/\/marktxxl.de\/markt\/produkt\/m-asam-aqua-intense-supreme-hyaluron-cream-100ml-parfuemfreie-feuchtigkeitscreme-geeignet-fuer-sensible-und-empfindliche-haut-gesichtscreme-fuer-ein-glattes-pralles-hautbild\/#primaryimage","url":"https:\/\/m.media-amazon.com\/images\/I\/319cc6o5tHL._SL500_.jpg","contentUrl":"https:\/\/m.media-amazon.com\/images\/I\/319cc6o5tHL._SL500_.jpg","width":500,"height":500},{"@type":"BreadcrumbList","@id":"https:\/\/marktxxl.de\/markt\/produkt\/m-asam-aqua-intense-supreme-hyaluron-cream-100ml-parfuemfreie-feuchtigkeitscreme-geeignet-fuer-sensible-und-empfindliche-haut-gesichtscreme-fuer-ein-glattes-pralles-hautbild\/#breadcrumb","itemListElement":[{"@type":"ListItem","position":1,"name":"Startseite","item":"https:\/\/marktxxl.de\/markt\/"},{"@type":"ListItem","position":2,"name":"Markt","item":"https:\/\/marktxxl.de\/markt\/"},{"@type":"ListItem","position":3,"name":"M. Asam Aqua Intense Supreme Hyaluron Cream (100ml) &#8211; Parf\u00fcmfreie Feuchtigkeitscreme geeignet f\u00fcr sensible und\u2026"}]},{"@type":"WebSite","@id":"https:\/\/marktxxl.de\/markt\/#website","url":"https:\/\/marktxxl.de\/markt\/","name":"Markt-XXL","description":"Ihr Markt Online","publisher":{"@id":"https:\/\/marktxxl.de\/markt\/#organization"},"potentialAction":[{"@type":"SearchAction","target":{"@type":"EntryPoint","urlTemplate":"https:\/\/marktxxl.de\/markt\/?s={search_term_string}"},"query-input":{"@type":"PropertyValueSpecification","valueRequired":true,"valueName":"search_term_string"}}],"inLanguage":"de"},{"@type":"Organization","@id":"https:\/\/marktxxl.de\/markt\/#organization","name":"Markt-XXL","url":"https:\/\/marktxxl.de\/markt\/","logo":{"@type":"ImageObject","inLanguage":"de","@id":"https:\/\/marktxxl.de\/markt\/#\/schema\/logo\/image\/","url":"https:\/\/marktxxl.de\/markt\/wp-content\/uploads\/sites\/3\/2020\/12\/logo.png","contentUrl":"https:\/\/marktxxl.de\/markt\/wp-content\/uploads\/sites\/3\/2020\/12\/logo.png","width":200,"height":70,"caption":"Markt-XXL"},"image":{"@id":"https:\/\/marktxxl.de\/markt\/#\/schema\/logo\/image\/"}}]}},"_links":{"self":[{"href":"https:\/\/marktxxl.de\/markt\/wp-json\/wp\/v2\/product\/192487","targetHints":{"allow":["GET"]}}],"collection":[{"href":"https:\/\/marktxxl.de\/markt\/wp-json\/wp\/v2\/product"}],"about":[{"href":"https:\/\/marktxxl.de\/markt\/wp-json\/wp\/v2\/types\/product"}],"replies":[{"embeddable":true,"href":"https:\/\/marktxxl.de\/markt\/wp-json\/wp\/v2\/comments?post=192487"}],"wp:featuredmedia":[{"embeddable":true,"href":"https:\/\/marktxxl.de\/markt\/wp-json\/wp\/v2\/media\/192488"}],"wp:attachment":[{"href":"https:\/\/marktxxl.de\/markt\/wp-json\/wp\/v2\/media?parent=192487"}],"wp:term":[{"taxonomy":"product_brand","embeddable":true,"href":"https:\/\/marktxxl.de\/markt\/wp-json\/wp\/v2\/product_brand?post=192487"},{"taxonomy":"product_cat","embeddable":true,"href":"https:\/\/marktxxl.de\/markt\/wp-json\/wp\/v2\/product_cat?post=192487"},{"taxonomy":"product_tag","embeddable":true,"href":"https:\/\/marktxxl.de\/markt\/wp-json\/wp\/v2\/product_tag?post=192487"}],"curies":[{"name":"wp","href":"https:\/\/api.w.org\/{rel}","templated":true}]}}