{"id":192395,"date":"2023-03-11T02:05:11","date_gmt":"2023-03-11T01:05:11","guid":{"rendered":"https:\/\/marktxxl.de\/markt\/produkt\/mascara-damen-schwarze-wimperntusche-extra-lange-wimpern-langlebig-wasserdicht-verlaengerung-verdickung-mascara-kein-verschmieren-natuerlich-wimperntusche-mascara\/"},"modified":"2023-04-11T05:26:34","modified_gmt":"2023-04-11T03:26:34","slug":"mascara-damen-schwarze-wimperntusche-extra-lange-wimpern-langlebig-wasserdicht-verlaengerung-verdickung-mascara-kein-verschmieren-natuerlich-wimperntusche-mascara","status":"publish","type":"product","link":"https:\/\/marktxxl.de\/markt\/produkt\/mascara-damen-schwarze-wimperntusche-extra-lange-wimpern-langlebig-wasserdicht-verlaengerung-verdickung-mascara-kein-verschmieren-natuerlich-wimperntusche-mascara\/","title":{"rendered":"Mascara Damen Schwarze Wimperntusche Extra Lange Wimpern langlebig Wasserdicht Verl\u00e4ngerung Verdickung Mascara Kein\u2026"},"content":{"rendered":"<p>\u3010Dichte &amp; Lange Wimpern\u30114D Silk Fiber Eyelash Mascara, starke schwarze Farbe, kann sofort dicke und lange Wimpern erstellen, vergr\u00f6\u00dfern Sie Ihre Augen, und machen Sie Ihre Augen mehr charmant und geschwungen.<br \/>\n\u3010Nat\u00fcrlich\u3011Der Beweis Mascara nach der Anwendung sind wie nat\u00fcrliche Wimpern, sehr nat\u00fcrlich, und kann den ganzen Tag dauern, sehr langlebig, auch wenn Sie damit besch\u00e4ftigt sind, auszugehen, m\u00fcssen Sie sich nicht darum k\u00fcmmern, abgezogen zu werden.<br \/>\n\u3010Nicht verklumpend\u3011Die Funktion erm\u00f6glicht es Ihnen, das Make-up Ihrer Wimpern nicht zu beeintr\u00e4chtigen, wenn es regnet oder schwimmt. Es wird nicht verschmiert oder verklumpt, wenn es dem Wasser ausgesetzt wird, und es wird den anf\u00e4nglichen Lockenzustand behalten. Es ist eine gute Wahl f\u00fcr Damen, die Wasserunterhaltung m\u00f6gen.<br \/>\n\u3010Mild Mascara\u3011Silk Mascara Faser aus nat\u00fcrlichen milden Zutaten, es ist sehr bequem und , geeignet f\u00fcr den t\u00e4glichen Gebrauch, und ist nicht leicht zu sein, allergisch zu verwenden, und freundlich zu empfindlichen Augen und Tr\u00e4gerinnen.<br \/>\n\u3010Leicht aufzutragen\u3011Fiber Mascara kann leicht innerhalb von ein paar Minuten angewendet werden, und kann auch leicht entfernt werden. Es braucht nicht zu viel Zeit. Es wird empfohlen, Make-up-Entferner oder Reinigungsmittel zu verwenden.<br \/>\n<div class=\"main-cross-sell\" data-asin=\"B0BXS4GRVL\">\n\n\t<div class=\"WooZone-cross-sell-loader\">\n\t\t<div>\n\t\t\t<div id=\"floatingBarsG\">\n\t\t\t\t<div class=\"blockG\" id=\"rotateG_01\"><\/div>\n\t\t\t\t<div class=\"blockG\" id=\"rotateG_02\"><\/div>\n\t\t\t\t<div class=\"blockG\" id=\"rotateG_03\"><\/div>\n\t\t\t\t<div class=\"blockG\" id=\"rotateG_04\"><\/div>\n\t\t\t\t<div class=\"blockG\" id=\"rotateG_05\"><\/div>\n\t\t\t\t<div class=\"blockG\" id=\"rotateG_06\"><\/div>\n\t\t\t\t<div class=\"blockG\" id=\"rotateG_07\"><\/div>\n\t\t\t\t<div class=\"blockG\" id=\"rotateG_08\"><\/div>\n\t\t\t<\/div>\n\t\t\t<div class=\"WooZone-cross-sell-loader-text\"><\/div>\n\t\t<\/div>\n\t<\/div>\n\n\t\t\n<\/div>\n<div style=\"clear:both;\"><\/div><\/p>\n","protected":false},"excerpt":{"rendered":"<p>\u3010Dichte &amp; Lange Wimpern\u30114D Silk Fiber Eyelash Mascara, starke schwarze Farbe, kann sofort dicke und lange Wimpern erstellen, vergr\u00f6\u00dfern Sie Ihre Augen, und machen Sie Ihre Augen mehr charmant und geschwungen.<br \/>\n\u3010Nat\u00fcrlich\u3011Der Beweis Mascara nach der Anwendung sind wie nat\u00fcrliche Wimpern, sehr nat\u00fcrlich, und kann den ganzen Tag dauern, sehr langlebig, auch wenn Sie damit besch\u00e4ftigt sind, auszugehen, m\u00fcssen Sie sich nicht darum k\u00fcmmern, abgezogen zu werden.<br \/>\n\u3010Nicht verklumpend\u3011Die Funktion erm\u00f6glicht es Ihnen, das Make-up Ihrer Wimpern nicht zu beeintr\u00e4chtigen, wenn es regnet oder schwimmt. Es wird nicht verschmiert oder verklumpt, wenn es dem Wasser ausgesetzt wird, und es wird den anf\u00e4nglichen Lockenzustand behalten. Es ist eine gute Wahl f\u00fcr Damen, die Wasserunterhaltung m\u00f6gen.<\/p>\n","protected":false},"featured_media":192396,"comment_status":"open","ping_status":"closed","template":"","meta":[],"product_brand":[],"product_cat":[2858,7575],"product_tag":[],"class_list":{"0":"post-192395","1":"product","2":"type-product","3":"status-publish","4":"has-post-thumbnail","6":"product_cat-beauty","7":"product_cat-make-up","8":"pa_brand-dsqsasahip","9":"pa_manufacturer-dsqsasahip","10":"pa_size-1-stueck-1er-pack","12":"first","13":"instock","14":"shipping-taxable","15":"purchasable","16":"product-type-simple","17":"customify-col","18":"product-has-gallery"},"yoast_head":"<!-- This site is optimized with the Yoast SEO plugin v27.4 - https:\/\/yoast.com\/product\/yoast-seo-wordpress\/ -->\n<title>Mascara Damen Schwarze Wimperntusche Extra Lange Wimpern langlebig Wasserdicht Verl\u00e4ngerung Verdickung Mascara Kein\u2026 - Markt-XXL<\/title>\n<meta name=\"description\" content=\"Markt-XXL Mascara Damen Schwarze Wimperntusche Extra Lange Wimpern langlebig Wasserdicht Verl\u00e4ngerung Verdickung Mascara Kein\u2026\" \/>\n<meta name=\"robots\" content=\"index, follow, max-snippet:-1, max-image-preview:large, max-video-preview:-1\" \/>\n<link rel=\"canonical\" href=\"https:\/\/marktxxl.de\/markt\/produkt\/mascara-damen-schwarze-wimperntusche-extra-lange-wimpern-langlebig-wasserdicht-verlaengerung-verdickung-mascara-kein-verschmieren-natuerlich-wimperntusche-mascara\/\" \/>\n<meta property=\"og:locale\" content=\"de_DE\" \/>\n<meta property=\"og:type\" content=\"article\" \/>\n<meta property=\"og:title\" content=\"Mascara Damen Schwarze Wimperntusche Extra Lange Wimpern langlebig Wasserdicht Verl\u00e4ngerung Verdickung Mascara Kein\u2026 - Markt-XXL\" \/>\n<meta property=\"og:description\" content=\"Markt-XXL Mascara Damen Schwarze Wimperntusche Extra Lange Wimpern langlebig Wasserdicht Verl\u00e4ngerung Verdickung Mascara Kein\u2026\" \/>\n<meta property=\"og:url\" content=\"https:\/\/marktxxl.de\/markt\/produkt\/mascara-damen-schwarze-wimperntusche-extra-lange-wimpern-langlebig-wasserdicht-verlaengerung-verdickung-mascara-kein-verschmieren-natuerlich-wimperntusche-mascara\/\" \/>\n<meta property=\"og:site_name\" content=\"Markt-XXL\" \/>\n<meta property=\"article:modified_time\" content=\"2023-04-11T03:26:34+00:00\" \/>\n<meta property=\"og:image\" content=\"https:\/\/m.media-amazon.com\/images\/I\/41otJhRK+yS._SL500_.jpg\" \/>\n\t<meta property=\"og:image:width\" content=\"500\" \/>\n\t<meta property=\"og:image:height\" content=\"500\" \/>\n\t<meta property=\"og:image:type\" content=\"image\/jpeg\" \/>\n<meta name=\"twitter:card\" content=\"summary_large_image\" \/>\n<meta name=\"twitter:label1\" content=\"Gesch\u00e4tzte Lesezeit\" \/>\n\t<meta name=\"twitter:data1\" content=\"1\u00a0Minute\" \/>\n<script type=\"application\/ld+json\" class=\"yoast-schema-graph\">{\"@context\":\"https:\\\/\\\/schema.org\",\"@graph\":[{\"@type\":\"WebPage\",\"@id\":\"https:\\\/\\\/marktxxl.de\\\/markt\\\/produkt\\\/mascara-damen-schwarze-wimperntusche-extra-lange-wimpern-langlebig-wasserdicht-verlaengerung-verdickung-mascara-kein-verschmieren-natuerlich-wimperntusche-mascara\\\/\",\"url\":\"https:\\\/\\\/marktxxl.de\\\/markt\\\/produkt\\\/mascara-damen-schwarze-wimperntusche-extra-lange-wimpern-langlebig-wasserdicht-verlaengerung-verdickung-mascara-kein-verschmieren-natuerlich-wimperntusche-mascara\\\/\",\"name\":\"Mascara Damen Schwarze Wimperntusche Extra Lange Wimpern langlebig Wasserdicht Verl\u00e4ngerung Verdickung Mascara Kein\u2026 - Markt-XXL\",\"isPartOf\":{\"@id\":\"https:\\\/\\\/marktxxl.de\\\/markt\\\/#website\"},\"primaryImageOfPage\":{\"@id\":\"https:\\\/\\\/marktxxl.de\\\/markt\\\/produkt\\\/mascara-damen-schwarze-wimperntusche-extra-lange-wimpern-langlebig-wasserdicht-verlaengerung-verdickung-mascara-kein-verschmieren-natuerlich-wimperntusche-mascara\\\/#primaryimage\"},\"image\":{\"@id\":\"https:\\\/\\\/marktxxl.de\\\/markt\\\/produkt\\\/mascara-damen-schwarze-wimperntusche-extra-lange-wimpern-langlebig-wasserdicht-verlaengerung-verdickung-mascara-kein-verschmieren-natuerlich-wimperntusche-mascara\\\/#primaryimage\"},\"thumbnailUrl\":\"https:\\\/\\\/m.media-amazon.com\\\/images\\\/I\\\/41otJhRK+yS._SL500_.jpg\",\"datePublished\":\"2023-03-11T01:05:11+00:00\",\"dateModified\":\"2023-04-11T03:26:34+00:00\",\"description\":\"Markt-XXL Mascara Damen Schwarze Wimperntusche Extra Lange Wimpern langlebig Wasserdicht Verl\u00e4ngerung Verdickung Mascara Kein\u2026\",\"breadcrumb\":{\"@id\":\"https:\\\/\\\/marktxxl.de\\\/markt\\\/produkt\\\/mascara-damen-schwarze-wimperntusche-extra-lange-wimpern-langlebig-wasserdicht-verlaengerung-verdickung-mascara-kein-verschmieren-natuerlich-wimperntusche-mascara\\\/#breadcrumb\"},\"inLanguage\":\"de\",\"potentialAction\":[{\"@type\":\"ReadAction\",\"target\":[\"https:\\\/\\\/marktxxl.de\\\/markt\\\/produkt\\\/mascara-damen-schwarze-wimperntusche-extra-lange-wimpern-langlebig-wasserdicht-verlaengerung-verdickung-mascara-kein-verschmieren-natuerlich-wimperntusche-mascara\\\/\"]}]},{\"@type\":\"ImageObject\",\"inLanguage\":\"de\",\"@id\":\"https:\\\/\\\/marktxxl.de\\\/markt\\\/produkt\\\/mascara-damen-schwarze-wimperntusche-extra-lange-wimpern-langlebig-wasserdicht-verlaengerung-verdickung-mascara-kein-verschmieren-natuerlich-wimperntusche-mascara\\\/#primaryimage\",\"url\":\"https:\\\/\\\/m.media-amazon.com\\\/images\\\/I\\\/41otJhRK+yS._SL500_.jpg\",\"contentUrl\":\"https:\\\/\\\/m.media-amazon.com\\\/images\\\/I\\\/41otJhRK+yS._SL500_.jpg\",\"width\":500,\"height\":500},{\"@type\":\"BreadcrumbList\",\"@id\":\"https:\\\/\\\/marktxxl.de\\\/markt\\\/produkt\\\/mascara-damen-schwarze-wimperntusche-extra-lange-wimpern-langlebig-wasserdicht-verlaengerung-verdickung-mascara-kein-verschmieren-natuerlich-wimperntusche-mascara\\\/#breadcrumb\",\"itemListElement\":[{\"@type\":\"ListItem\",\"position\":1,\"name\":\"Startseite\",\"item\":\"https:\\\/\\\/marktxxl.de\\\/markt\\\/\"},{\"@type\":\"ListItem\",\"position\":2,\"name\":\"Markt\",\"item\":\"https:\\\/\\\/marktxxl.de\\\/markt\\\/\"},{\"@type\":\"ListItem\",\"position\":3,\"name\":\"Mascara Damen Schwarze Wimperntusche Extra Lange Wimpern langlebig Wasserdicht Verl\u00e4ngerung Verdickung Mascara Kein\u2026\"}]},{\"@type\":\"WebSite\",\"@id\":\"https:\\\/\\\/marktxxl.de\\\/markt\\\/#website\",\"url\":\"https:\\\/\\\/marktxxl.de\\\/markt\\\/\",\"name\":\"Markt-XXL\",\"description\":\"Ihr Markt Online\",\"publisher\":{\"@id\":\"https:\\\/\\\/marktxxl.de\\\/markt\\\/#organization\"},\"potentialAction\":[{\"@type\":\"SearchAction\",\"target\":{\"@type\":\"EntryPoint\",\"urlTemplate\":\"https:\\\/\\\/marktxxl.de\\\/markt\\\/?s={search_term_string}\"},\"query-input\":{\"@type\":\"PropertyValueSpecification\",\"valueRequired\":true,\"valueName\":\"search_term_string\"}}],\"inLanguage\":\"de\"},{\"@type\":\"Organization\",\"@id\":\"https:\\\/\\\/marktxxl.de\\\/markt\\\/#organization\",\"name\":\"Markt-XXL\",\"url\":\"https:\\\/\\\/marktxxl.de\\\/markt\\\/\",\"logo\":{\"@type\":\"ImageObject\",\"inLanguage\":\"de\",\"@id\":\"https:\\\/\\\/marktxxl.de\\\/markt\\\/#\\\/schema\\\/logo\\\/image\\\/\",\"url\":\"https:\\\/\\\/marktxxl.de\\\/markt\\\/wp-content\\\/uploads\\\/sites\\\/3\\\/2020\\\/12\\\/logo.png\",\"contentUrl\":\"https:\\\/\\\/marktxxl.de\\\/markt\\\/wp-content\\\/uploads\\\/sites\\\/3\\\/2020\\\/12\\\/logo.png\",\"width\":200,\"height\":70,\"caption\":\"Markt-XXL\"},\"image\":{\"@id\":\"https:\\\/\\\/marktxxl.de\\\/markt\\\/#\\\/schema\\\/logo\\\/image\\\/\"}}]}<\/script>\n<!-- \/ Yoast SEO plugin. -->","yoast_head_json":{"title":"Mascara Damen Schwarze Wimperntusche Extra Lange Wimpern langlebig Wasserdicht Verl\u00e4ngerung Verdickung Mascara Kein\u2026 - Markt-XXL","description":"Markt-XXL Mascara Damen Schwarze Wimperntusche Extra Lange Wimpern langlebig Wasserdicht Verl\u00e4ngerung Verdickung Mascara Kein\u2026","robots":{"index":"index","follow":"follow","max-snippet":"max-snippet:-1","max-image-preview":"max-image-preview:large","max-video-preview":"max-video-preview:-1"},"canonical":"https:\/\/marktxxl.de\/markt\/produkt\/mascara-damen-schwarze-wimperntusche-extra-lange-wimpern-langlebig-wasserdicht-verlaengerung-verdickung-mascara-kein-verschmieren-natuerlich-wimperntusche-mascara\/","og_locale":"de_DE","og_type":"article","og_title":"Mascara Damen Schwarze Wimperntusche Extra Lange Wimpern langlebig Wasserdicht Verl\u00e4ngerung Verdickung Mascara Kein\u2026 - Markt-XXL","og_description":"Markt-XXL Mascara Damen Schwarze Wimperntusche Extra Lange Wimpern langlebig Wasserdicht Verl\u00e4ngerung Verdickung Mascara Kein\u2026","og_url":"https:\/\/marktxxl.de\/markt\/produkt\/mascara-damen-schwarze-wimperntusche-extra-lange-wimpern-langlebig-wasserdicht-verlaengerung-verdickung-mascara-kein-verschmieren-natuerlich-wimperntusche-mascara\/","og_site_name":"Markt-XXL","article_modified_time":"2023-04-11T03:26:34+00:00","og_image":[{"width":500,"height":500,"url":"https:\/\/m.media-amazon.com\/images\/I\/41otJhRK+yS._SL500_.jpg","type":"image\/jpeg"}],"twitter_card":"summary_large_image","twitter_misc":{"Gesch\u00e4tzte Lesezeit":"1\u00a0Minute"},"schema":{"@context":"https:\/\/schema.org","@graph":[{"@type":"WebPage","@id":"https:\/\/marktxxl.de\/markt\/produkt\/mascara-damen-schwarze-wimperntusche-extra-lange-wimpern-langlebig-wasserdicht-verlaengerung-verdickung-mascara-kein-verschmieren-natuerlich-wimperntusche-mascara\/","url":"https:\/\/marktxxl.de\/markt\/produkt\/mascara-damen-schwarze-wimperntusche-extra-lange-wimpern-langlebig-wasserdicht-verlaengerung-verdickung-mascara-kein-verschmieren-natuerlich-wimperntusche-mascara\/","name":"Mascara Damen Schwarze Wimperntusche Extra Lange Wimpern langlebig Wasserdicht Verl\u00e4ngerung Verdickung Mascara Kein\u2026 - Markt-XXL","isPartOf":{"@id":"https:\/\/marktxxl.de\/markt\/#website"},"primaryImageOfPage":{"@id":"https:\/\/marktxxl.de\/markt\/produkt\/mascara-damen-schwarze-wimperntusche-extra-lange-wimpern-langlebig-wasserdicht-verlaengerung-verdickung-mascara-kein-verschmieren-natuerlich-wimperntusche-mascara\/#primaryimage"},"image":{"@id":"https:\/\/marktxxl.de\/markt\/produkt\/mascara-damen-schwarze-wimperntusche-extra-lange-wimpern-langlebig-wasserdicht-verlaengerung-verdickung-mascara-kein-verschmieren-natuerlich-wimperntusche-mascara\/#primaryimage"},"thumbnailUrl":"https:\/\/m.media-amazon.com\/images\/I\/41otJhRK+yS._SL500_.jpg","datePublished":"2023-03-11T01:05:11+00:00","dateModified":"2023-04-11T03:26:34+00:00","description":"Markt-XXL Mascara Damen Schwarze Wimperntusche Extra Lange Wimpern langlebig Wasserdicht Verl\u00e4ngerung Verdickung Mascara Kein\u2026","breadcrumb":{"@id":"https:\/\/marktxxl.de\/markt\/produkt\/mascara-damen-schwarze-wimperntusche-extra-lange-wimpern-langlebig-wasserdicht-verlaengerung-verdickung-mascara-kein-verschmieren-natuerlich-wimperntusche-mascara\/#breadcrumb"},"inLanguage":"de","potentialAction":[{"@type":"ReadAction","target":["https:\/\/marktxxl.de\/markt\/produkt\/mascara-damen-schwarze-wimperntusche-extra-lange-wimpern-langlebig-wasserdicht-verlaengerung-verdickung-mascara-kein-verschmieren-natuerlich-wimperntusche-mascara\/"]}]},{"@type":"ImageObject","inLanguage":"de","@id":"https:\/\/marktxxl.de\/markt\/produkt\/mascara-damen-schwarze-wimperntusche-extra-lange-wimpern-langlebig-wasserdicht-verlaengerung-verdickung-mascara-kein-verschmieren-natuerlich-wimperntusche-mascara\/#primaryimage","url":"https:\/\/m.media-amazon.com\/images\/I\/41otJhRK+yS._SL500_.jpg","contentUrl":"https:\/\/m.media-amazon.com\/images\/I\/41otJhRK+yS._SL500_.jpg","width":500,"height":500},{"@type":"BreadcrumbList","@id":"https:\/\/marktxxl.de\/markt\/produkt\/mascara-damen-schwarze-wimperntusche-extra-lange-wimpern-langlebig-wasserdicht-verlaengerung-verdickung-mascara-kein-verschmieren-natuerlich-wimperntusche-mascara\/#breadcrumb","itemListElement":[{"@type":"ListItem","position":1,"name":"Startseite","item":"https:\/\/marktxxl.de\/markt\/"},{"@type":"ListItem","position":2,"name":"Markt","item":"https:\/\/marktxxl.de\/markt\/"},{"@type":"ListItem","position":3,"name":"Mascara Damen Schwarze Wimperntusche Extra Lange Wimpern langlebig Wasserdicht Verl\u00e4ngerung Verdickung Mascara Kein\u2026"}]},{"@type":"WebSite","@id":"https:\/\/marktxxl.de\/markt\/#website","url":"https:\/\/marktxxl.de\/markt\/","name":"Markt-XXL","description":"Ihr Markt Online","publisher":{"@id":"https:\/\/marktxxl.de\/markt\/#organization"},"potentialAction":[{"@type":"SearchAction","target":{"@type":"EntryPoint","urlTemplate":"https:\/\/marktxxl.de\/markt\/?s={search_term_string}"},"query-input":{"@type":"PropertyValueSpecification","valueRequired":true,"valueName":"search_term_string"}}],"inLanguage":"de"},{"@type":"Organization","@id":"https:\/\/marktxxl.de\/markt\/#organization","name":"Markt-XXL","url":"https:\/\/marktxxl.de\/markt\/","logo":{"@type":"ImageObject","inLanguage":"de","@id":"https:\/\/marktxxl.de\/markt\/#\/schema\/logo\/image\/","url":"https:\/\/marktxxl.de\/markt\/wp-content\/uploads\/sites\/3\/2020\/12\/logo.png","contentUrl":"https:\/\/marktxxl.de\/markt\/wp-content\/uploads\/sites\/3\/2020\/12\/logo.png","width":200,"height":70,"caption":"Markt-XXL"},"image":{"@id":"https:\/\/marktxxl.de\/markt\/#\/schema\/logo\/image\/"}}]}},"_links":{"self":[{"href":"https:\/\/marktxxl.de\/markt\/wp-json\/wp\/v2\/product\/192395","targetHints":{"allow":["GET"]}}],"collection":[{"href":"https:\/\/marktxxl.de\/markt\/wp-json\/wp\/v2\/product"}],"about":[{"href":"https:\/\/marktxxl.de\/markt\/wp-json\/wp\/v2\/types\/product"}],"replies":[{"embeddable":true,"href":"https:\/\/marktxxl.de\/markt\/wp-json\/wp\/v2\/comments?post=192395"}],"wp:featuredmedia":[{"embeddable":true,"href":"https:\/\/marktxxl.de\/markt\/wp-json\/wp\/v2\/media\/192396"}],"wp:attachment":[{"href":"https:\/\/marktxxl.de\/markt\/wp-json\/wp\/v2\/media?parent=192395"}],"wp:term":[{"taxonomy":"product_brand","embeddable":true,"href":"https:\/\/marktxxl.de\/markt\/wp-json\/wp\/v2\/product_brand?post=192395"},{"taxonomy":"product_cat","embeddable":true,"href":"https:\/\/marktxxl.de\/markt\/wp-json\/wp\/v2\/product_cat?post=192395"},{"taxonomy":"product_tag","embeddable":true,"href":"https:\/\/marktxxl.de\/markt\/wp-json\/wp\/v2\/product_tag?post=192395"}],"curies":[{"name":"wp","href":"https:\/\/api.w.org\/{rel}","templated":true}]}}